024
CDUS45 KVEF 190826
CLIBIH


CLIMATE REPORT
NATIONAL WEATHER SERVICE LAS VEGAS, NV
126 AM PDT SAT AUG 19 2017


...................................

...THE BISHOP CA CLIMATE SUMMARY FOR AUGUST 18 2017...

CLIMATE NORMAL PERIOD 1981 TO 2010
CLIMATE RECORD PERIOD 1943 TO 2017


WEATHER ITEM   OBSERVED TIME   RECORD YEAR NORMAL DEPARTURE LAST
                VALUE   (LST)  VALUE       VALUE  FROM      YEAR
                                                  NORMAL
..................................................................
TEMPERATURE (F)
 YESTERDAY
  MAXIMUM        100    127 PM 105    2001  96      4       98
                                      1950
  MINIMUM         60    521 AM  43    1954  54      6       50
  AVERAGE         80                        75      5       74

PRECIPITATION (IN)
  YESTERDAY        0.00          0.16 2013   0.00   0.00     0.00
  MONTH TO DATE    0.02                      0.07  -0.05     0.00
  SINCE OCT 1      9.18                      4.92   4.26     3.88
  SINCE JAN 1      8.82                      3.30   5.52     3.07

SNOWFALL (IN)
  YESTERDAY        0.0          MM      MM   0.0    0.0      0.0
  MONTH TO DATE    0.0                       0.0    0.0      0.0
  SINCE JUN 1      0.0                       0.0    0.0      0.0
  SINCE JUL 1      0.0                       0.0    0.0      0.0
  SNOW DEPTH       0

DEGREE DAYS
 HEATING
  YESTERDAY        0                         0      0        0
  MONTH TO DATE    0                         0      0        0
  SINCE JUN 1     14                        20     -6        3
  SINCE JUL 1      0                         1     -1        0

 COOLING
  YESTERDAY       15                        10      5        9
  MONTH TO DATE  231                       201     30      217
  SINCE JUN 1   1062                       797    265     1036
  SINCE JAN 1   1119                       865    254     1083
..................................................................


WIND (MPH)
  RESULTANT WIND SPEED   1   RESULTANT WIND DIRECTION   S (200)
  HIGHEST WIND SPEED    16   HIGHEST WIND DIRECTION     S (180)
  HIGHEST GUST SPEED    22   HIGHEST GUST DIRECTION    SE (150)
  AVERAGE WIND SPEED     4.8


SKY COVER
  POSSIBLE SUNSHINE  MM
  AVERAGE SKY COVER 0.0


WEATHER CONDITIONS
 THE FOLLOWING WEATHER WAS RECORDED YESTERDAY.
  NO SIGNIFICANT WEATHER WAS OBSERVED.


RELATIVE HUMIDITY (PERCENT)
 HIGHEST    52           400 AM
 LOWEST     10           400 PM
 AVERAGE    31

..........................................................


THE BISHOP CA CLIMATE NORMALS FOR TODAY
                         NORMAL    RECORD    YEAR
 MAXIMUM TEMPERATURE (F)   96       106      1950
 MINIMUM TEMPERATURE (F)   53        42      1990


SUNRISE AND SUNSET
AUGUST 19 2017........SUNRISE   613 AM PDT   SUNSET   740 PM PDT
AUGUST 20 2017........SUNRISE   614 AM PDT   SUNSET   739 PM PDT


-  INDICATES NEGATIVE NUMBERS.
R  INDICATES RECORD WAS SET OR TIED.
MM INDICATES DATA IS MISSING.
T  INDICATES TRACE AMOUNT.




$$
