000
CDUS45 KVEF 250826
CLIBIH


CLIMATE REPORT
NATIONAL WEATHER SERVICE LAS VEGAS, NV
1226 AM PST SAT FEB 25 2017


...................................

...THE BISHOP CA CLIMATE SUMMARY FOR FEBRUARY 24 2017...

CLIMATE NORMAL PERIOD 1981 TO 2010
CLIMATE RECORD PERIOD 1943 TO 2017


WEATHER ITEM   OBSERVED TIME   RECORD YEAR NORMAL DEPARTURE LAST
                VALUE   (LST)  VALUE       VALUE  FROM      YEAR
                                                  NORMAL
..................................................................
TEMPERATURE (F)
 YESTERDAY
  MAXIMUM         46    312 PM  76    1989  60    -14       66
                                      1986
  MINIMUM         20    616 AM  10    1944  28     -8       26
  AVERAGE         33                        44    -11       46

PRECIPITATION (IN)
  YESTERDAY        0.00          3.50 1969   0.03  -0.03     0.00
  MONTH TO DATE    2.21                      0.73   1.48     0.06
  SINCE OCT 1      7.80                      3.40   4.40     1.93
  SINCE JAN 1      7.44                      1.78   5.66     1.12

SNOWFALL (IN)
  YESTERDAY        0.0           8.5  1969   0.1   -0.1      0.0
  MONTH TO DATE    0.0                       0.7   -0.7      0.0
  SINCE DEC 1      8.6                       7.1    1.5      2.0
  SINCE JUL 1      8.6                       7.4    1.2      2.0
  SNOW DEPTH       0

DEGREE DAYS
 HEATING
  YESTERDAY       32                        21     11       19
  MONTH TO DATE  489                       557    -68      459
  SINCE DEC 1   2153                      2225    -72     2185
  SINCE JUL 1   2896                      3126   -230     2999

 COOLING
  YESTERDAY        0                         0      0        0
  MONTH TO DATE    0                         0      0        0
  SINCE DEC 1      0                         0      0        0
  SINCE JAN 1      0                         0      0        0
..................................................................


WIND (MPH)
  RESULTANT WIND SPEED   1   RESULTANT WIND DIRECTION   N (0)
  HIGHEST WIND SPEED    14   HIGHEST WIND DIRECTION     S (160)
  HIGHEST GUST SPEED    19   HIGHEST GUST DIRECTION     S (180)
  AVERAGE WIND SPEED     4.7


SKY COVER
  POSSIBLE SUNSHINE  MM
  AVERAGE SKY COVER 0.0


WEATHER CONDITIONS
 THE FOLLOWING WEATHER WAS RECORDED YESTERDAY.
  NO SIGNIFICANT WEATHER WAS OBSERVED.


RELATIVE HUMIDITY (PERCENT)
 HIGHEST    81          1100 PM
 LOWEST     25           200 PM
 AVERAGE    53

..........................................................


THE BISHOP CA CLIMATE NORMALS FOR TODAY
                         NORMAL    RECORD    YEAR
 MAXIMUM TEMPERATURE (F)   61        79      1986
 MINIMUM TEMPERATURE (F)   28        13      1956
                                             1955
                                             1944


SUNRISE AND SUNSET
FEBRUARY 25 2017......SUNRISE   630 AM PST   SUNSET   544 PM PST
FEBRUARY 26 2017......SUNRISE   628 AM PST   SUNSET   545 PM PST


-  INDICATES NEGATIVE NUMBERS.
R  INDICATES RECORD WAS SET OR TIED.
MM INDICATES DATA IS MISSING.
T  INDICATES TRACE AMOUNT.




$$
