000
CDUS45 KVEF 180828
CLIBIH


CLIMATE REPORT
NATIONAL WEATHER SERVICE LAS VEGAS, NV
128 AM PDT THU SEP 18 2014


...................................

...THE BISHOP CA CLIMATE SUMMARY FOR SEPTEMBER 17 2014...

CLIMATE NORMAL PERIOD 1981 TO 2010
CLIMATE RECORD PERIOD 1943 TO 2014


WEATHER ITEM   OBSERVED TIME   RECORD YEAR NORMAL DEPARTURE LAST
                VALUE   (LST)  VALUE       VALUE  FROM      YEAR
                                                  NORMAL
..................................................................
TEMPERATURE (F)
 YESTERDAY
  MAXIMUM         96    229 PM  97    2000  88      8       93
                                      1983
                                      1943
  MINIMUM         56    537 AM  36    2006  47      9       46
                                      1996
                                      1977
  AVERAGE         76                        67      9       70

PRECIPITATION (IN)
  YESTERDAY        0.00          0.06 1999   0.00   0.00     0.00
  MONTH TO DATE    T                         0.08  -0.08      T
  SINCE OCT 1      2.83                      5.07  -2.24     2.34
  SINCE JAN 1      2.61                      3.45  -0.84     1.11

SNOWFALL (IN)
  YESTERDAY        0.0          MM      MM   0.0    0.0      0.0
  MONTH TO DATE    0.0                       0.0    0.0      0.0
  SINCE SEP 1      0.0                       0.0    0.0      0.0
  SINCE JUL 1      0.0                       0.0    0.0      0.0
  SNOW DEPTH       0

DEGREE DAYS
 HEATING
  YESTERDAY        0                         1     -1        0
  MONTH TO DATE    0                        10    -10        0
  SINCE SEP 1      0                        10    -10        0
  SINCE JUL 1      0                        12    -12        0

 COOLING
  YESTERDAY       11                         4      7        5
  MONTH TO DATE  162                        91     71      165
  SINCE SEP 1    162                        91     71      165
  SINCE JAN 1   1309                      1068    241     1330
..................................................................


WIND (MPH)
  RESULTANT WIND SPEED   3   RESULTANT WIND DIRECTION   S (160)
  HIGHEST WIND SPEED    23   HIGHEST WIND DIRECTION     S (160)
  HIGHEST GUST SPEED    30   HIGHEST GUST DIRECTION     S (170)
  AVERAGE WIND SPEED     7.4


SKY COVER
  POSSIBLE SUNSHINE  MM
  AVERAGE SKY COVER 0.0


WEATHER CONDITIONS
 THE FOLLOWING WEATHER WAS RECORDED YESTERDAY.
  NO SIGNIFICANT WEATHER WAS OBSERVED.


RELATIVE HUMIDITY (PERCENT)
 HIGHEST    57           600 AM
 LOWEST     15           100 PM
 AVERAGE    36

..........................................................


THE BISHOP CA CLIMATE NORMALS FOR TODAY
                         NORMAL    RECORD    YEAR
 MAXIMUM TEMPERATURE (F)   88        97      1962
 MINIMUM TEMPERATURE (F)   46        30      1946


SUNRISE AND SUNSET
SEPTEMBER 18 2014.....SUNRISE   638 AM PDT   SUNSET   656 PM PDT
SEPTEMBER 19 2014.....SUNRISE   639 AM PDT   SUNSET   655 PM PDT


-  INDICATES NEGATIVE NUMBERS.
R  INDICATES RECORD WAS SET OR TIED.
MM INDICATES DATA IS MISSING.
T  INDICATES TRACE AMOUNT.




$$
