000
CDUS45 KVEF 270827
CLIBIH


CLIMATE REPORT
NATIONAL WEATHER SERVICE LAS VEGAS, NV
1227 AM PST SAT DEC 27 2014


...................................

...THE BISHOP CA CLIMATE SUMMARY FOR DECEMBER 26 2014...

CLIMATE NORMAL PERIOD 1981 TO 2010
CLIMATE RECORD PERIOD 1943 TO 2014


WEATHER ITEM   OBSERVED TIME   RECORD YEAR NORMAL DEPARTURE LAST
                VALUE   (LST)  VALUE       VALUE  FROM      YEAR
                                                  NORMAL
..................................................................
TEMPERATURE (F)
 YESTERDAY
  MAXIMUM         46    203 PM  68    1985  53     -7       67
                                      1980
                                      1947
  MINIMUM         23   1156 PM   3    1962  22      1       20
  AVERAGE         35                        37     -2       44

PRECIPITATION (IN)
  YESTERDAY        0.00          0.21 2005   0.04  -0.04     0.00
                                      1955
  MONTH TO DATE    0.46                      0.62  -0.16     0.03
  SINCE OCT 1      0.46                      1.44  -0.98     0.22
  SINCE JAN 1      3.23                      5.00  -1.77     1.33

SNOWFALL (IN)
  YESTERDAY        0.0           1.8  2012   0.1   -0.1      0.0
                                      1968
  MONTH TO DATE    0.0                       1.0   -1.0      0.5
  SINCE DEC 1      0.0                       1.0   -1.0      0.5
  SINCE JUL 1      0.0                       1.4   -1.4      0.5
  SNOW DEPTH       0

DEGREE DAYS
 HEATING
  YESTERDAY       30                        28      2       21
  MONTH TO DATE  585                       709   -124      687
  SINCE DEC 1    585                       709   -124      687
  SINCE JUL 1   1236                      1610   -374     1690

 COOLING
  YESTERDAY        0                         0      0        0
  MONTH TO DATE    0                         0      0        0
  SINCE DEC 1      0                         0      0        0
  SINCE JAN 1   1384                      1104    280     1337
..................................................................


WIND (MPH)
  RESULTANT WIND SPEED  16   RESULTANT WIND DIRECTION   N (0)
  HIGHEST WIND SPEED    32   HIGHEST WIND DIRECTION     N (10)
  HIGHEST GUST SPEED    43   HIGHEST GUST DIRECTION     N (10)
  AVERAGE WIND SPEED    16.8


SKY COVER
  POSSIBLE SUNSHINE  MM
  AVERAGE SKY COVER 0.0


WEATHER CONDITIONS
 THE FOLLOWING WEATHER WAS RECORDED YESTERDAY.
  NO SIGNIFICANT WEATHER WAS OBSERVED.


RELATIVE HUMIDITY (PERCENT)
 HIGHEST    55           500 AM
 LOWEST     20           100 PM
 AVERAGE    38

..........................................................


THE BISHOP CA CLIMATE NORMALS FOR TODAY
                         NORMAL    RECORD    YEAR
 MAXIMUM TEMPERATURE (F)   53        70      1956
 MINIMUM TEMPERATURE (F)   22        -8      1988


SUNRISE AND SUNSET
DECEMBER 27 2014......SUNRISE   707 AM PST   SUNSET   443 PM PST
DECEMBER 28 2014......SUNRISE   707 AM PST   SUNSET   443 PM PST


-  INDICATES NEGATIVE NUMBERS.
R  INDICATES RECORD WAS SET OR TIED.
MM INDICATES DATA IS MISSING.
T  INDICATES TRACE AMOUNT.




$$
