000
CDUS45 KVEF 290827
CLIBIH


CLIMATE REPORT
NATIONAL WEATHER SERVICE LAS VEGAS, NV
1226 AM PST THU JAN 29 2015


...................................

...THE BISHOP CA CLIMATE SUMMARY FOR JANUARY 28 2015...

CLIMATE NORMAL PERIOD 1981 TO 2010
CLIMATE RECORD PERIOD 1943 TO 2015


WEATHER ITEM   OBSERVED TIME   RECORD YEAR NORMAL DEPARTURE LAST
                VALUE   (LST)  VALUE       VALUE  FROM      YEAR
                                                  NORMAL
..................................................................
TEMPERATURE (F)
 YESTERDAY
  MAXIMUM         61    243 PM  72    1976  55      6       69
  MINIMUM         32    743 AM   4    1957  24      8       34
  AVERAGE         47                        39      8       52

PRECIPITATION (IN)
  YESTERDAY        0.00          0.33 2007   0.02  -0.02     0.00
  MONTH TO DATE    0.09                      0.97  -0.88     0.00
  SINCE OCT 1      0.55                      2.59  -2.04     0.22
  SINCE JAN 1      0.09                      0.97  -0.88     0.00

SNOWFALL (IN)
  YESTERDAY        0.0           1.7  1950   0.1   -0.1      0.0
  MONTH TO DATE    0.0                       3.8   -3.8      0.0
  SINCE DEC 1      0.0                       5.1   -5.1      0.5
  SINCE JUL 1      0.0                       5.5   -5.5      0.5
  SNOW DEPTH       0

DEGREE DAYS
 HEATING
  YESTERDAY       18                        26     -8       13
  MONTH TO DATE  578                       746   -168      561
  SINCE DEC 1   1339                      1592   -253     1366
  SINCE JUL 1   1990                      2493   -503     2369

 COOLING
  YESTERDAY        0                         0      0        0
  MONTH TO DATE    0                         0      0        0
  SINCE DEC 1      0                         0      0        0
  SINCE JAN 1      0                         0      0        0
..................................................................


WIND (MPH)
  RESULTANT WIND SPEED   1   RESULTANT WIND DIRECTION  NW (330)
  HIGHEST WIND SPEED    13   HIGHEST WIND DIRECTION     S (160)
  HIGHEST GUST SPEED    15   HIGHEST GUST DIRECTION     S (180)
  AVERAGE WIND SPEED     5.3


SKY COVER
  POSSIBLE SUNSHINE  MM
  AVERAGE SKY COVER 0.2


WEATHER CONDITIONS
 THE FOLLOWING WEATHER WAS RECORDED YESTERDAY.
  NO SIGNIFICANT WEATHER WAS OBSERVED.


RELATIVE HUMIDITY (PERCENT)
 HIGHEST    92           200 AM
 LOWEST     27           300 PM
 AVERAGE    60

..........................................................


THE BISHOP CA CLIMATE NORMALS FOR TODAY
                         NORMAL    RECORD    YEAR
 MAXIMUM TEMPERATURE (F)   55        73      1971
 MINIMUM TEMPERATURE (F)   24         4      1949


SUNRISE AND SUNSET
JANUARY 29 2015.......SUNRISE   659 AM PST   SUNSET   514 PM PST
JANUARY 30 2015.......SUNRISE   658 AM PST   SUNSET   516 PM PST


-  INDICATES NEGATIVE NUMBERS.
R  INDICATES RECORD WAS SET OR TIED.
MM INDICATES DATA IS MISSING.
T  INDICATES TRACE AMOUNT.




$$
