000
CDUS45 KVEF 210826
CLIBIH


CLIMATE REPORT
NATIONAL WEATHER SERVICE LAS VEGAS, NV
126 AM PDT SAT OCT 21 2017


...................................

...THE BISHOP CA CLIMATE SUMMARY FOR OCTOBER 20 2017...

CLIMATE NORMAL PERIOD 1981 TO 2010
CLIMATE RECORD PERIOD 1943 TO 2017


WEATHER ITEM   OBSERVED TIME   RECORD YEAR NORMAL DEPARTURE LAST
                VALUE   (LST)  VALUE       VALUE  FROM      YEAR
                                                  NORMAL
..................................................................
TEMPERATURE (F)
 YESTERDAY
  MAXIMUM         71   1206 PM  86    2003  75     -4       80
  MINIMUM         45   1150 PM  25    1971  36      9       39
                                      1946
  AVERAGE         58                        55      3       60

PRECIPITATION (IN)
  YESTERDAY        0.00          0.88 1957   0.01  -0.01     0.00
  MONTH TO DATE    0.00                      0.18  -0.18     0.00
  SINCE OCT 1      0.00                      0.18  -0.18     0.00
  SINCE JAN 1      8.82                      3.73   5.09     3.07

SNOWFALL (IN)
  YESTERDAY        0.0           0.2  1957   0.0    0.0      0.0
  MONTH TO DATE    0.0                       0.0    0.0      0.0
  SINCE SEP 1      0.0                       0.0    0.0      0.0
  SINCE JUL 1      0.0                       0.0    0.0      0.0
  SNOW DEPTH       0

DEGREE DAYS
 HEATING
  YESTERDAY        7                        10     -3        5
  MONTH TO DATE  178                       132     46      105
  SINCE SEP 1    250                       173     77      122
  SINCE JUL 1    250                       175     75      122

 COOLING
  YESTERDAY        0                         0      0        0
  MONTH TO DATE    0                         7     -7       10
  SINCE SEP 1    134                       126      8      138
  SINCE JAN 1   1407                      1103    304     1361
..................................................................


WIND (MPH)
  RESULTANT WIND SPEED  14   RESULTANT WIND DIRECTION   N (340)
  HIGHEST WIND SPEED    30   HIGHEST WIND DIRECTION     N (360)
  HIGHEST GUST SPEED    42   HIGHEST GUST DIRECTION    NW (320)
  AVERAGE WIND SPEED    17.3


SKY COVER
  POSSIBLE SUNSHINE  MM
  AVERAGE SKY COVER 0.0


WEATHER CONDITIONS
 THE FOLLOWING WEATHER WAS RECORDED YESTERDAY.
  NO SIGNIFICANT WEATHER WAS OBSERVED.


RELATIVE HUMIDITY (PERCENT)
 HIGHEST    35          1200 AM
 LOWEST      8           100 PM
 AVERAGE    22

..........................................................


THE BISHOP CA CLIMATE NORMALS FOR TODAY
                         NORMAL    RECORD    YEAR
 MAXIMUM TEMPERATURE (F)   74        89      2003
 MINIMUM TEMPERATURE (F)   36        24      1996


SUNRISE AND SUNSET
OCTOBER 21 2017.......SUNRISE   707 AM PDT   SUNSET   608 PM PDT
OCTOBER 22 2017.......SUNRISE   708 AM PDT   SUNSET   607 PM PDT


-  INDICATES NEGATIVE NUMBERS.
R  INDICATES RECORD WAS SET OR TIED.
MM INDICATES DATA IS MISSING.
T  INDICATES TRACE AMOUNT.




$$
