000
CDUS45 KVEF 290027
CLIBIH


CLIMATE REPORT
NATIONAL WEATHER SERVICE LAS VEGAS, NV
527 PM PDT WED JUN 28 2017


...................................

...THE BISHOP CA CLIMATE SUMMARY FOR JUNE 28 2017...
VALID TODAY AS OF 0500 PM LOCAL TIME.

CLIMATE NORMAL PERIOD 1981 TO 2010
CLIMATE RECORD PERIOD 1943 TO 2017


WEATHER ITEM   OBSERVED RECORD YEAR NORMAL DEPARTURE LAST
                VALUE   VALUE       VALUE  FROM      YEAR
                                           NORMAL
...........................................................
TEMPERATURE (F)
 TODAY
  MAXIMUM         98    107    2013  96      2      106
  MINIMUM         51     43    1989  54     -3       67
  AVERAGE         75

PRECIPITATION (IN)
  TODAY            0.00   0.12 1995   0.00   0.00      T
  MONTH TO DATE    T                  0.18  -0.18     0.50
  SINCE OCT 1      9.16               4.68   4.48     3.88
  SINCE JAN 1      8.80               3.06   5.74     3.07

SNOWFALL (IN)
  TODAY            0.0   MM      MM   0.0    0.0      0.0
  MONTH TO DATE    0.0                0.0    0.0      0.0
  SINCE JUN 1      0.0                0.0    0.0      0.0
  SINCE JUL 1      8.6                8.0    0.6      2.0
  SNOW DEPTH       0

DEGREE DAYS
 HEATING
  TODAY            0                  0      0        0
  MONTH TO DATE   14                 17     -3        3
  SINCE JUN 1     14                 17     -3        3
  SINCE JUL 1   3797               4175   -378     3757

 COOLING
  TODAY           10                 10      0       22
  MONTH TO DATE  305                192    113      327
  SINCE JUN 1    305                192    113      327
  SINCE JAN 1    362                260    102      374
...........................................................


WIND (MPH)
  RESULTANT WIND SPEED   4   RESULTANT WIND DIRECTION  NW (310)
  HIGHEST WIND SPEED    15   HIGHEST WIND DIRECTION    NE (40)
  HIGHEST GUST SPEED    19   HIGHEST GUST DIRECTION    NE (50)
  AVERAGE WIND SPEED     6.9


SKY COVER
  POSSIBLE SUNSHINE  MM
  AVERAGE SKY COVER 0.0


WEATHER CONDITIONS
 THE FOLLOWING WEATHER WAS RECORDED TODAY.
  NO SIGNIFICANT WEATHER WAS OBSERVED.


RELATIVE HUMIDITY (PERCENT)
 HIGHEST    32           500 AM
 LOWEST      3          1200 PM
 AVERAGE    18

..........................................................


THE BISHOP CA CLIMATE NORMALS FOR TOMORROW
                         NORMAL    RECORD    YEAR
 MAXIMUM TEMPERATURE (F)   96       108      2013
 MINIMUM TEMPERATURE (F)   54        42      1963


SUNRISE AND SUNSET
JUNE 28 2017..........SUNRISE   535 AM PDT   SUNSET   818 PM PDT
JUNE 29 2017..........SUNRISE   536 AM PDT   SUNSET   818 PM PDT


-  INDICATES NEGATIVE NUMBERS.
R  INDICATES RECORD WAS SET OR TIED.
MM INDICATES DATA IS MISSING.
T  INDICATES TRACE AMOUNT.




$$
