000
CDUS45 KBYZ 252235
CLIBIL


CLIMATE REPORT
NATIONAL WEATHER SERVICE BILLINGS MT
433 PM MDT SAT MAR 25 2017


...................................

...THE BILLINGS MT CLIMATE SUMMARY FOR MARCH 25 2017...
VALID TODAY AS OF 0400 PM LOCAL TIME.

CLIMATE NORMAL PERIOD 1981 TO 2010
CLIMATE RECORD PERIOD 1934 TO 2017


WEATHER ITEM   OBSERVED TIME   RECORD YEAR NORMAL DEPARTURE LAST
                VALUE   (LST)  VALUE       VALUE  FROM      YEAR
                                                  NORMAL
..................................................................
TEMPERATURE (F)
 TODAY
  MAXIMUM         54   1245 PM  74    1999  51      3       39
  MINIMUM         46    840 AM -12    1955  29     17       31
  AVERAGE         50                        40     10       35

PRECIPITATION (IN)
  TODAY            0.00          0.40 1961   0.04  -0.04     0.03
  MONTH TO DATE    1.23                      0.79   0.44     0.47
  SINCE OCT 1      8.25                      4.06   4.19     3.85
  SINCE JAN 1      2.69                      1.75   0.94     1.00

SNOWFALL (IN)
  TODAY            0.0           3.5  2009   0.3   -0.3       T
  MONTH TO DATE   10.4                       8.1    2.3      1.5
  SINCE MAR 1     10.4                       8.1    2.3      1.5
  SINCE JUL 1     70.7                      42.6   28.1     25.9
  SNOW DEPTH       0

DEGREE DAYS
 HEATING
  TODAY           15                        25    -10       30
  MONTH TO DATE  616                       701    -85      529
  SINCE MAR 1    616                       701    -85      529
  SINCE JUL 1   5701                      5666     35     4790

 COOLING
  TODAY            0                         0      0        0
  MONTH TO DATE    0                         0      0        0
  SINCE MAR 1      0                         0      0        0
  SINCE JAN 1      0                         0      0        0
..................................................................


WIND (MPH)
  HIGHEST WIND SPEED    16   HIGHEST WIND DIRECTION     W (250)
  HIGHEST GUST SPEED    19   HIGHEST GUST DIRECTION     W (250)
  AVERAGE WIND SPEED     9.7


SKY COVER
  POSSIBLE SUNSHINE  MM
  AVERAGE SKY COVER 0.8


WEATHER CONDITIONS
 THE FOLLOWING WEATHER WAS RECORDED TODAY.
  NO SIGNIFICANT WEATHER WAS OBSERVED.


RELATIVE HUMIDITY (PERCENT)
 HIGHEST    60           900 AM
 LOWEST     28           300 PM
 AVERAGE    44

..........................................................


THE BILLINGS MT CLIMATE NORMALS FOR TOMORROW
                         NORMAL    RECORD    YEAR
 MAXIMUM TEMPERATURE (F)   51        77      1960
 MINIMUM TEMPERATURE (F)   30         0      1965


SUNRISE AND SUNSET
MARCH 25 2017.........SUNRISE   707 AM MDT   SUNSET   734 PM MDT
MARCH 26 2017.........SUNRISE   705 AM MDT   SUNSET   735 PM MDT


-  INDICATES NEGATIVE NUMBERS.
R  INDICATES RECORD WAS SET OR TIED.
MM INDICATES DATA IS MISSING.
T  INDICATES TRACE AMOUNT.




$$
