000
CDUS45 KBYZ 030951
CLIBIL


CLIMATE REPORT
NATIONAL WEATHER SERVICE BILLINGS MT
345 AM MDT THU SEP 3 2015


...................................

...THE BILLINGS MT CLIMATE SUMMARY FOR SEPTEMBER 2 2015...

CLIMATE NORMAL PERIOD 1981 TO 2010
CLIMATE RECORD PERIOD 1934 TO 2015


WEATHER ITEM   OBSERVED TIME   RECORD YEAR NORMAL DEPARTURE LAST
                VALUE   (LST)  VALUE       VALUE  FROM      YEAR
                                                  NORMAL
..................................................................
TEMPERATURE (F)
 YESTERDAY
  MAXIMUM         95    359 PM  99    1998  80     15       81
  MINIMUM         58    505 AM  35    1974  52      6       52
  AVERAGE         77                        66     11       67

PRECIPITATION (IN)
  YESTERDAY        0.00          0.90 1944   0.04  -0.04     0.00
  MONTH TO DATE    0.00                      0.07  -0.07      T
  SINCE OCT 1     11.41                     12.43  -1.02    16.78
  SINCE JAN 1      9.84                     10.12  -0.28    11.89

SNOWFALL (IN)
  YESTERDAY        0.0           T    1989   0.0    0.0      0.0
  MONTH TO DATE    0.0                       0.0    0.0      0.0
  SINCE SEP 1      0.0                       0.0    0.0      0.0
  SINCE JUL 1      T                         0.0    0.0      0.0
  SNOW DEPTH       0

DEGREE DAYS
 HEATING
  YESTERDAY        0                         3     -3        0
  MONTH TO DATE    0                         5     -5        2
  SINCE SEP 1      0                         5     -5        2
  SINCE JUL 1     43                        42      1       50

 COOLING
  YESTERDAY       12                         4      8        2
  MONTH TO DATE   19                         8     11        2
  SINCE SEP 1     19                         8     11        2
  SINCE JAN 1    671                       590     81      554
..................................................................


WIND (MPH)
  HIGHEST WIND SPEED    22   HIGHEST WIND DIRECTION    SW (220)
  HIGHEST GUST SPEED    27   HIGHEST GUST DIRECTION    SW (220)
  AVERAGE WIND SPEED    10.4


SKY COVER
  POSSIBLE SUNSHINE  MM
  AVERAGE SKY COVER 0.5


WEATHER CONDITIONS
 THE FOLLOWING WEATHER WAS RECORDED YESTERDAY.
  NO SIGNIFICANT WEATHER WAS OBSERVED.


RELATIVE HUMIDITY (PERCENT)
 HIGHEST    47           500 AM
 LOWEST     10           400 PM
 AVERAGE    29

..........................................................


THE BILLINGS MT CLIMATE NORMALS FOR TODAY
                         NORMAL    RECORD    YEAR
 MAXIMUM TEMPERATURE (F)   80        97      1978
                                             1950
 MINIMUM TEMPERATURE (F)   52        39      1956
                                             1951


SUNRISE AND SUNSET
SEPTEMBER  3 2015.....SUNRISE   637 AM MDT   SUNSET   749 PM MDT
SEPTEMBER  4 2015.....SUNRISE   639 AM MDT   SUNSET   747 PM MDT


-  INDICATES NEGATIVE NUMBERS.
R  INDICATES RECORD WAS SET OR TIED.
MM INDICATES DATA IS MISSING.
T  INDICATES TRACE AMOUNT.





&&

...THE CLIMATE SUMMARY FOR SOUTHWEST BILLINGS FOR 02 SEPTEMBER 2015...

HIGH TEMPERATURE........................96
LOW TEMPERATURE.........................54

PRECIPITATION...........................0.00
MONTHLY PRECIPITATION TOTAL.............0.00
YEARLY PRECIPITATION TOTAL..............11.56

SNOWFALL................................0.0
MONTHLY SNOWFALL TOTAL..................0.0
TOTAL SNOWFALL SINCE JULY 1.............0.0

SNOW DEPTH AT MIDNIGHT..................0

$$
