000
CDUS45 KBYZ 012228
CLIBIL


CLIMATE REPORT
NATIONAL WEATHER SERVICE BILLINGS MT
426 PM MDT SUN MAY 1 2016


...................................

...THE BILLINGS MT CLIMATE SUMMARY FOR MAY 1 2016...
VALID TODAY AS OF 0400 PM LOCAL TIME.

CLIMATE NORMAL PERIOD 1981 TO 2010
CLIMATE RECORD PERIOD 1934 TO 2016


WEATHER ITEM   OBSERVED TIME   RECORD YEAR NORMAL DEPARTURE LAST
                VALUE   (LST)  VALUE       VALUE  FROM      YEAR
                                                  NORMAL
..................................................................
TEMPERATURE (F)
 TODAY
  MAXIMUM         60    224 PM  88    1981  63     -3       76
  MINIMUM         38    231 AM  17    1954  39     -1       49
  AVERAGE         49                        51     -2       63

PRECIPITATION (IN)
  TODAY            0.00          0.38 1997   0.06  -0.06     0.00
                                      1954
  MONTH TO DATE    0.00                      0.06  -0.06     0.00
  SINCE OCT 1      6.21                      6.05   0.16     4.81
  SINCE JAN 1      3.36                      3.74  -0.38     3.24

SNOWFALL (IN)
  TODAY            0.0           3.1  1954   0.1   -0.1      0.0
  MONTH TO DATE    0.0                       0.1   -0.1      0.0
  SINCE MAR 1      3.7                      18.6  -14.9     11.3
  SINCE JUL 1     28.1                      53.1  -25.0     55.4
  SNOW DEPTH       0

DEGREE DAYS
 HEATING
  TODAY           16                        14      2        2
  MONTH TO DATE   16                        14      2        2
  SINCE MAR 1   1149                      1426   -277     1068
  SINCE JUL 1   5410                      6391   -981     5709

 COOLING
  TODAY            0                         0      0        0
  MONTH TO DATE    0                         0      0        0
  SINCE MAR 1      3                         1      2        0
  SINCE JAN 1      3                         1      2        0
..................................................................


WIND (MPH)
  HIGHEST WIND SPEED    15   HIGHEST WIND DIRECTION    SE (130)
  HIGHEST GUST SPEED    15   HIGHEST GUST DIRECTION    SE (130)
  AVERAGE WIND SPEED     5.5


SKY COVER
  POSSIBLE SUNSHINE  MM
  AVERAGE SKY COVER 0.5


WEATHER CONDITIONS
 THE FOLLOWING WEATHER WAS RECORDED TODAY.
  NO SIGNIFICANT WEATHER WAS OBSERVED.


RELATIVE HUMIDITY (PERCENT)
 HIGHEST    85           500 AM
 LOWEST     31           300 PM
 AVERAGE    58

..........................................................


THE BILLINGS MT CLIMATE NORMALS FOR TOMORROW
                         NORMAL    RECORD    YEAR
 MAXIMUM TEMPERATURE (F)   63        90      1985
 MINIMUM TEMPERATURE (F)   39        14      1954


SUNRISE AND SUNSET
MAY  1 2016...........SUNRISE   601 AM MDT   SUNSET   822 PM MDT
MAY  2 2016...........SUNRISE   559 AM MDT   SUNSET   824 PM MDT


-  INDICATES NEGATIVE NUMBERS.
R  INDICATES RECORD WAS SET OR TIED.
MM INDICATES DATA IS MISSING.
T  INDICATES TRACE AMOUNT.




$$
