796
CDUS45 KBYZ 262229
CLIBIL


CLIMATE REPORT
NATIONAL WEATHER SERVICE BILLINGS MT
427 PM MDT THU MAY 26 2016


...................................

...THE BILLINGS MT CLIMATE SUMMARY FOR MAY 26 2016...
VALID TODAY AS OF 0400 PM LOCAL TIME.

CLIMATE NORMAL PERIOD 1981 TO 2010
CLIMATE RECORD PERIOD 1934 TO 2016


WEATHER ITEM   OBSERVED TIME   RECORD YEAR NORMAL DEPARTURE LAST
                VALUE   (LST)  VALUE       VALUE  FROM      YEAR
                                                  NORMAL
..................................................................
TEMPERATURE (F)
 TODAY
  MAXIMUM         68   1213 PM  95    1936  70     -2       73
  MINIMUM         48    446 AM  31    2012  47      1       47
  AVERAGE         58                        58      0       60

PRECIPITATION (IN)
  TODAY            0.00          0.88 1981   0.08  -0.08     0.40
  MONTH TO DATE    1.83                      1.81   0.02     1.96
  SINCE OCT 1      8.04                      7.80   0.24     6.77
  SINCE JAN 1      5.19                      5.49  -0.30     5.20

SNOWFALL (IN)
  TODAY            0.0           1.3  2012   0.0    0.0      0.0
  MONTH TO DATE    T                         2.0   -2.0       T
  SINCE MAR 1      3.7                      20.5  -16.8     11.3
  SINCE JUL 1     28.1                      55.0  -26.9     55.4
  SNOW DEPTH       0

DEGREE DAYS
 HEATING
  TODAY            7                         7      0        5
  MONTH TO DATE  248                       276    -28      318
  SINCE MAR 1   1381                      1688   -307     1384
  SINCE JUL 1   5642                      6653  -1011     6025

 COOLING
  TODAY            0                         1     -1        0
  MONTH TO DATE    8                         8      0        0
  SINCE MAR 1     11                         9      2        0
  SINCE JAN 1     11                         9      2        0
..................................................................


WIND (MPH)
  HIGHEST WIND SPEED    26   HIGHEST WIND DIRECTION    NW (300)
  HIGHEST GUST SPEED    34   HIGHEST GUST DIRECTION     N (350)
  AVERAGE WIND SPEED    13.4


SKY COVER
  POSSIBLE SUNSHINE  MM
  AVERAGE SKY COVER 0.7


WEATHER CONDITIONS
 THE FOLLOWING WEATHER WAS RECORDED TODAY.
  NO SIGNIFICANT WEATHER WAS OBSERVED.


RELATIVE HUMIDITY (PERCENT)
 HIGHEST    80           400 AM
 LOWEST     34          1100 AM
 AVERAGE    57

..........................................................


THE BILLINGS MT CLIMATE NORMALS FOR TOMORROW
                         NORMAL    RECORD    YEAR
 MAXIMUM TEMPERATURE (F)   71        91      1969
                                             1936
 MINIMUM TEMPERATURE (F)   47        35      1954


SUNRISE AND SUNSET
MAY 26 2016...........SUNRISE   531 AM MDT   SUNSET   852 PM MDT
MAY 27 2016...........SUNRISE   531 AM MDT   SUNSET   853 PM MDT


-  INDICATES NEGATIVE NUMBERS.
R  INDICATES RECORD WAS SET OR TIED.
MM INDICATES DATA IS MISSING.
T  INDICATES TRACE AMOUNT.




$$
