000
CDUS45 KBYZ 170938
CLIBIL


CLIMATE REPORT
NATIONAL WEATHER SERVICE BILLINGS MT
335 AM MDT THU APR 17 2014


...................................

...THE BILLINGS MT CLIMATE SUMMARY FOR APRIL 16 2014...

CLIMATE NORMAL PERIOD 1981 TO 2010
CLIMATE RECORD PERIOD 1934 TO 2014


WEATHER ITEM   OBSERVED TIME   RECORD YEAR NORMAL DEPARTURE LAST
                VALUE   (LST)  VALUE       VALUE  FROM      YEAR
                                                  NORMAL
..................................................................
TEMPERATURE (F)
 YESTERDAY
  MAXIMUM         46    337 PM  82    1994  58    -12       30
  MINIMUM         34   1159 PM  20    1970  35     -1       22
  AVERAGE         40                        46     -6       26

PRECIPITATION (IN)
  YESTERDAY        0.02          0.57 1976   0.06  -0.04     0.01
  MONTH TO DATE    0.09                      0.83  -0.74     0.74
  SINCE OCT 1      9.38                      5.16   4.22     3.93
  SINCE JAN 1      4.49                      2.85   1.64     1.88

SNOWFALL (IN)
  YESTERDAY        T             5.3  1959   0.3   -0.3      0.2
  MONTH TO DATE    0.6                       5.1   -4.5      3.6
  SINCE MAR 1     11.2                      15.3   -4.1      6.3
  SINCE JUL 1    101.4                      49.8   51.6     38.4
  SNOW DEPTH       0

DEGREE DAYS
 HEATING
  YESTERDAY       25                        19      6       39
  MONTH TO DATE  340                       335      5      412
  SINCE MAR 1   1307                      1180    127     1254
  SINCE JUL 1   6580                      6145    435     5815

 COOLING
  YESTERDAY        0                         0      0        0
  MONTH TO DATE    0                         0      0        0
  SINCE MAR 1      0                         0      0        0
  SINCE JAN 1      0                         0      0        0
..................................................................


WIND (MPH)
  HIGHEST WIND SPEED    28   HIGHEST WIND DIRECTION    NW (300)
  HIGHEST GUST SPEED    32   HIGHEST GUST DIRECTION    NW (310)
  AVERAGE WIND SPEED    10.6


SKY COVER
  POSSIBLE SUNSHINE  MM
  AVERAGE SKY COVER 0.8


WEATHER CONDITIONS
 THE FOLLOWING WEATHER WAS RECORDED YESTERDAY.
  LIGHT RAIN
  SNOW


RELATIVE HUMIDITY (PERCENT)
 HIGHEST    82           900 PM
 LOWEST     53           300 PM
 AVERAGE    68

..........................................................


THE BILLINGS MT CLIMATE NORMALS FOR TODAY
                         NORMAL    RECORD    YEAR
 MAXIMUM TEMPERATURE (F)   58        84      1994
                                             1987
 MINIMUM TEMPERATURE (F)   35        16      2013


SUNRISE AND SUNSET
APRIL 17 2014.........SUNRISE   625 AM MDT   SUNSET   804 PM MDT
APRIL 18 2014.........SUNRISE   623 AM MDT   SUNSET   805 PM MDT


-  INDICATES NEGATIVE NUMBERS.
R  INDICATES RECORD WAS SET OR TIED.
MM INDICATES DATA IS MISSING.
T  INDICATES TRACE AMOUNT.





&&

...THE CLIMATE SUMMARY FOR SOUTHWEST BILLINGS FOR 16 APRIL 2014...

HIGH TEMPERATURE........................49
LOW TEMPERATURE.........................38

PRECIPITATION...........................0.01
MONTHLY PRECIPITATION TOTAL.............0.08
YEARLY PRECIPITATION TOTAL..............4.44

SNOWFALL................................0.0
MONTHLY SNOWFALL TOTAL..................0.8
TOTAL SNOWFALL SINCE JULY 1.............93.8

SNOW DEPTH AT MIDNIGHT..................0

$$
