000
CDUS45 KBYZ 302226
CLIBIL


CLIMATE REPORT
NATIONAL WEATHER SERVICE BILLINGS MT
424 PM MDT SAT JUL 30 2016


...................................

...THE BILLINGS MT CLIMATE SUMMARY FOR JULY 30 2016...
VALID TODAY AS OF 0400 PM LOCAL TIME.

CLIMATE NORMAL PERIOD 1981 TO 2010
CLIMATE RECORD PERIOD 1934 TO 2016


WEATHER ITEM   OBSERVED TIME   RECORD YEAR NORMAL DEPARTURE LAST
                VALUE   (LST)  VALUE       VALUE  FROM      YEAR
                                                  NORMAL
..................................................................
TEMPERATURE (F)
 TODAY
  MAXIMUM         95    307 PM 102    2000  89      6       90
  MINIMUM         62    446 AM  46    1971  60      2       57
  AVERAGE         79                        74      5       74

PRECIPITATION (IN)
  TODAY            0.00          0.45 1998   0.03  -0.03     0.00
  MONTH TO DATE    0.45                      1.28  -0.83     1.66
  SINCE OCT 1      8.93                     11.57  -2.64    10.50
  SINCE JAN 1      6.08                      9.26  -3.18     8.93

SNOWFALL (IN)
  TODAY            0.0           0.0  2002   0.0    0.0      0.0
                                      2001
                                      2000
  MONTH TO DATE    0.0                       0.0    0.0       T
  SINCE JUN 1      T                         0.0    0.0       T
  SINCE JUL 1      0.0                       0.0    0.0       T
  SNOW DEPTH       0

DEGREE DAYS
 HEATING
  TODAY            0                         0      0        0
  MONTH TO DATE    4                        12     -8        1
  SINCE JUN 1     15                       108    -93       19
  SINCE JUL 1      4                        12     -8        1

 COOLING
  TODAY           14                         9      5        9
  MONTH TO DATE  264                       247     17      229
  SINCE JUN 1    452                       332    120      402
  SINCE JAN 1    463                       349    114      405
..................................................................


WIND (MPH)
  HIGHEST WIND SPEED    13   HIGHEST WIND DIRECTION    SW (210)
  HIGHEST GUST SPEED    17   HIGHEST GUST DIRECTION    SW (230)
  AVERAGE WIND SPEED     4.1


SKY COVER
  POSSIBLE SUNSHINE  MM
  AVERAGE SKY COVER 0.2


WEATHER CONDITIONS
 THE FOLLOWING WEATHER WAS RECORDED TODAY.
  NO SIGNIFICANT WEATHER WAS OBSERVED.


RELATIVE HUMIDITY (PERCENT)
 HIGHEST    67           500 AM
 LOWEST     17           300 PM
 AVERAGE    42

..........................................................


THE BILLINGS MT CLIMATE NORMALS FOR TOMORROW
                         NORMAL    RECORD    YEAR
 MAXIMUM TEMPERATURE (F)   89       104      1989
 MINIMUM TEMPERATURE (F)   60        47      1995
                                             1968


SUNRISE AND SUNSET
JULY 30 2016..........SUNRISE   556 AM MDT   SUNSET   845 PM MDT
JULY 31 2016..........SUNRISE   557 AM MDT   SUNSET   844 PM MDT


-  INDICATES NEGATIVE NUMBERS.
R  INDICATES RECORD WAS SET OR TIED.
MM INDICATES DATA IS MISSING.
T  INDICATES TRACE AMOUNT.




$$
