000
CDUS45 KBYZ 162328
CLIBIL


CLIMATE REPORT
NATIONAL WEATHER SERVICE BILLINGS MT
426 PM MST MON JAN 16 2017


...................................

...THE BILLINGS MT CLIMATE SUMMARY FOR JANUARY 16 2017...
VALID TODAY AS OF 0400 PM LOCAL TIME.

CLIMATE NORMAL PERIOD 1981 TO 2010
CLIMATE RECORD PERIOD 1934 TO 2017


WEATHER ITEM   OBSERVED TIME   RECORD YEAR NORMAL DEPARTURE LAST
                VALUE   (LST)  VALUE       VALUE  FROM      YEAR
                                                  NORMAL
..................................................................
TEMPERATURE (F)
 TODAY
  MAXIMUM         27    327 PM  59    1974  37    -10       21
  MINIMUM         13    448 AM -18    1954  18     -5        7
  AVERAGE         20                        27     -7       14

PRECIPITATION (IN)
  TODAY            0.00          0.29 1984   0.02  -0.02     0.06
  MONTH TO DATE    0.30                      0.25   0.05     0.15
  SINCE OCT 1      5.86                      2.56   3.30     3.00
  SINCE JAN 1      0.30                      0.25   0.05     0.15

SNOWFALL (IN)
  TODAY            0.0           3.1  2012   0.2   -0.2      1.2
  MONTH TO DATE    6.2                       4.5    1.7      3.7
  SINCE DEC 1     36.6                      12.7   23.9     17.4
  SINCE JUL 1     41.9                      24.4   17.5     21.5
  SNOW DEPTH       7

DEGREE DAYS
 HEATING
  TODAY           45                        38      7       51
  MONTH TO DATE  896                       615    281      633
  SINCE DEC 1   2323                      1808    515     1736
  SINCE JUL 1   3582                      3436    146     3124

 COOLING
  TODAY            0                         0      0        0
  MONTH TO DATE    0                         0      0        0
  SINCE DEC 1      0                         0      0        0
  SINCE JAN 1      0                         0      0        0
..................................................................


WIND (MPH)
  HIGHEST WIND SPEED    25   HIGHEST WIND DIRECTION    SW (230)
  HIGHEST GUST SPEED    30   HIGHEST GUST DIRECTION    SW (240)
  AVERAGE WIND SPEED    19.8


SKY COVER
  POSSIBLE SUNSHINE  MM
  AVERAGE SKY COVER 0.0


WEATHER CONDITIONS
 THE FOLLOWING WEATHER WAS RECORDED TODAY.
  NO SIGNIFICANT WEATHER WAS OBSERVED.


RELATIVE HUMIDITY (PERCENT)
 HIGHEST    64           500 AM
 LOWEST     50           200 PM
 AVERAGE    57

..........................................................


THE BILLINGS MT CLIMATE NORMALS FOR TOMORROW
                         NORMAL    RECORD    YEAR
 MAXIMUM TEMPERATURE (F)   37        60      1958
 MINIMUM TEMPERATURE (F)   18       -24      1943


SUNRISE AND SUNSET
JANUARY 16 2017.......SUNRISE   751 AM MST   SUNSET   458 PM MST
JANUARY 17 2017.......SUNRISE   750 AM MST   SUNSET   459 PM MST


-  INDICATES NEGATIVE NUMBERS.
R  INDICATES RECORD WAS SET OR TIED.
MM INDICATES DATA IS MISSING.
T  INDICATES TRACE AMOUNT.




$$
