000
CDUS43 KBIS 300724
CLIBIS


CLIMATE REPORT
NATIONAL WEATHER SERVICE BISMARCK ND
223 AM CDT SAT AUG 30 2014


...................................

...THE BISMARCK ND CLIMATE SUMMARY FOR AUGUST 29 2014...

CLIMATE NORMAL PERIOD 1981 TO 2010
CLIMATE RECORD PERIOD 1875 TO 2014


WEATHER ITEM   OBSERVED TIME   RECORD YEAR NORMAL DEPARTURE LAST
                VALUE   (LST)  VALUE       VALUE  FROM      YEAR
                                                  NORMAL
..................................................................
TEMPERATURE (F)
 YESTERDAY
  MAXIMUM         75    955 AM 104    1961  80     -5       89
  MINIMUM         53   1159 PM  33    1988  52      1       67
  AVERAGE         64                        66     -2       78

PRECIPITATION (IN)
  YESTERDAY        T             1.32 1880   0.06  -0.06     0.82
  MONTH TO DATE    4.22                      2.15   2.07     1.25
  SINCE JUN 1      7.97                      8.21  -0.24     5.59
  SINCE JAN 1     12.16                     13.68  -1.52    16.19

SNOWFALL (IN)
  YESTERDAY        0.0           0.0  2002   0.0    0.0      0.0
                                      2001
  MONTH TO DATE    0.0                       0.0    0.0      0.0
  SINCE JUN 1      0.0                       0.0    0.0      0.0
  SINCE JUL 1      0.0                       0.0    0.0      0.0
  SNOW DEPTH       0

DEGREE DAYS
 HEATING
  YESTERDAY        1                         3     -2        0
  MONTH TO DATE   30                        34     -4        6
  SINCE JUN 1    152                       144      8      114
  SINCE JUL 1     58                        51      7       28

 COOLING
  YESTERDAY        0                         4     -4       13
  MONTH TO DATE  151                       170    -19      180
  SINCE JUN 1    352                       457   -105      449
  SINCE JAN 1    403                       474    -71      461
..................................................................


WIND (MPH)
  HIGHEST WIND SPEED    23   HIGHEST WIND DIRECTION    NW (320)
  HIGHEST GUST SPEED    30   HIGHEST GUST DIRECTION    NW (310)
  AVERAGE WIND SPEED     8.4


SKY COVER
  POSSIBLE SUNSHINE  MM
  AVERAGE SKY COVER 0.7


WEATHER CONDITIONS
 THE FOLLOWING WEATHER WAS RECORDED YESTERDAY.
  LIGHT RAIN
  FOG
  FOG W/VISIBILITY <= 1/4 MILE


RELATIVE HUMIDITY (PERCENT)
 HIGHEST   100          1200 AM
 LOWEST     60          1000 AM
 AVERAGE    80

..........................................................


THE BISMARCK ND CLIMATE NORMALS FOR TODAY
                         NORMAL    RECORD    YEAR
 MAXIMUM TEMPERATURE (F)   79       100      2008
 MINIMUM TEMPERATURE (F)   52        37      1965


SUNRISE AND SUNSET
AUGUST 30 2014........SUNRISE   700 AM CDT   SUNSET   826 PM CDT
AUGUST 31 2014........SUNRISE   701 AM CDT   SUNSET   824 PM CDT


-  INDICATES NEGATIVE NUMBERS.
R  INDICATES RECORD WAS SET OR TIED.
MM INDICATES DATA IS MISSING.
T  INDICATES TRACE AMOUNT.




$$
