000
CDUS43 KBIS 300757
CLIBIS


CLIMATE REPORT
NATIONAL WEATHER SERVICE BISMARCK ND
256 AM CDT THU MAR 30 2017


...................................

...THE BISMARCK ND CLIMATE SUMMARY FOR MARCH 29 2017...

CLIMATE NORMAL PERIOD 1981 TO 2010
CLIMATE RECORD PERIOD 1875 TO 2017


WEATHER ITEM   OBSERVED TIME   RECORD YEAR NORMAL DEPARTURE LAST
                VALUE   (LST)  VALUE       VALUE  FROM      YEAR
                                                  NORMAL
..................................................................
TEMPERATURE (F)
 YESTERDAY
  MAXIMUM         65    324 PM  80    1967  48     17       64
  MINIMUM         33    627 AM  -7    1964  24      9       39
  AVERAGE         49                        36     13       52

PRECIPITATION (IN)
  YESTERDAY        0.00          0.60 1916   0.03  -0.03      T
  MONTH TO DATE    0.52                      0.80  -0.28     0.22
  SINCE MAR 1      0.52                      0.80  -0.28     0.22
  SINCE JAN 1      1.92                      1.74   0.18     0.86

SNOWFALL (IN)
  YESTERDAY        0.0           8.8  1916   0.3   -0.3      0.0
  MONTH TO DATE    8.7                       8.6    0.1      2.8
  SINCE MAR 1      8.7                       8.6    0.1      2.8
  SINCE JUL 1     71.6                      46.1   25.5     23.4
  SNOW DEPTH       0

DEGREE DAYS
 HEATING
  YESTERDAY       16                        29    -13       13
  MONTH TO DATE 1009                      1032    -23      755
  SINCE MAR 1   1009                      1032    -23      755
  SINCE JUL 1   7011                      7463   -452     6075

 COOLING
  YESTERDAY        0                         0      0        0
  MONTH TO DATE    0                         0      0        0
  SINCE MAR 1      0                         0      0        0
  SINCE JAN 1      0                         0      0        0
..................................................................


WIND (MPH)
  HIGHEST WIND SPEED    24   HIGHEST WIND DIRECTION     S (180)
  HIGHEST GUST SPEED    33   HIGHEST GUST DIRECTION     S (190)
  AVERAGE WIND SPEED     9.8


SKY COVER
  POSSIBLE SUNSHINE  MM
  AVERAGE SKY COVER 0.6


WEATHER CONDITIONS
 THE FOLLOWING WEATHER WAS RECORDED YESTERDAY.
  FOG


RELATIVE HUMIDITY (PERCENT)
 HIGHEST   100           700 AM
 LOWEST     39           400 PM
 AVERAGE    70

..........................................................


THE BISMARCK ND CLIMATE NORMALS FOR TODAY
                         NORMAL    RECORD    YEAR
 MAXIMUM TEMPERATURE (F)   48        75      1966
 MINIMUM TEMPERATURE (F)   25        -9      1969


SUNRISE AND SUNSET
MARCH 30 2017.........SUNRISE   726 AM CDT   SUNSET   810 PM CDT
MARCH 31 2017.........SUNRISE   724 AM CDT   SUNSET   811 PM CDT


-  INDICATES NEGATIVE NUMBERS.
R  INDICATES RECORD WAS SET OR TIED.
MM INDICATES DATA IS MISSING.
T  INDICATES TRACE AMOUNT.




$$
