000
CDUS43 KBIS 020725
CLIBIS


CLIMATE REPORT
NATIONAL WEATHER SERVICE BISMARCK ND
224 AM CDT TUE JUN 2 2015


...................................

...THE BISMARCK ND CLIMATE SUMMARY FOR JUNE 1 2015...

CLIMATE NORMAL PERIOD 1981 TO 2010
CLIMATE RECORD PERIOD 1875 TO 2015


WEATHER ITEM   OBSERVED TIME   RECORD YEAR NORMAL DEPARTURE LAST
                VALUE   (LST)  VALUE       VALUE  FROM      YEAR
                                                  NORMAL
..................................................................
TEMPERATURE (F)
 YESTERDAY
  MAXIMUM         84    340 PM  92    1933  73     11       76
  MINIMUM         49    415 AM  33    1962  48      1       58
  AVERAGE         67                        60      7       67

PRECIPITATION (IN)
  YESTERDAY        0.00          1.92 1890   0.10  -0.10     0.01
  MONTH TO DATE    0.00                      0.10  -0.10     0.01
  SINCE JUN 1      0.00                      0.10  -0.10     0.01
  SINCE JAN 1      7.27                      5.57   1.70     4.20

SNOWFALL (IN)
  YESTERDAY        0.0           0.0  2002   0.0    0.0      0.0
                                      2001
  MONTH TO DATE    0.0                       0.0    0.0      0.0
  SINCE JUN 1      0.0                       0.0    0.0      0.0
  SINCE JUL 1     24.1                      51.2  -27.1     40.5
  SNOW DEPTH       0

DEGREE DAYS
 HEATING
  YESTERDAY        0                         6     -6        0
  MONTH TO DATE    0                         6     -6        0
  SINCE JUN 1      0                         6     -6        0
  SINCE JUL 1   8171                      8471   -300     9056

 COOLING
  YESTERDAY        2                         1      1        2
  MONTH TO DATE    2                         1      1        2
  SINCE JUN 1      2                         1      1        2
  SINCE JAN 1      8                        18    -10       53
..................................................................


WIND (MPH)
  HIGHEST WIND SPEED    20   HIGHEST WIND DIRECTION     S (170)
  HIGHEST GUST SPEED    25   HIGHEST GUST DIRECTION     S (180)
  AVERAGE WIND SPEED    10.4


SKY COVER
  POSSIBLE SUNSHINE  MM
  AVERAGE SKY COVER 0.1


WEATHER CONDITIONS
 THE FOLLOWING WEATHER WAS RECORDED YESTERDAY.
  NO SIGNIFICANT WEATHER WAS OBSERVED.


RELATIVE HUMIDITY (PERCENT)
 HIGHEST    93           300 AM
 LOWEST     43           400 PM
 AVERAGE    68

..........................................................


THE BISMARCK ND CLIMATE NORMALS FOR TODAY
                         NORMAL    RECORD    YEAR
 MAXIMUM TEMPERATURE (F)   73        92      1948
 MINIMUM TEMPERATURE (F)   48        30      1969


SUNRISE AND SUNSET
JUNE  2 2015..........SUNRISE   552 AM CDT   SUNSET   930 PM CDT
JUNE  3 2015..........SUNRISE   552 AM CDT   SUNSET   931 PM CDT


-  INDICATES NEGATIVE NUMBERS.
R  INDICATES RECORD WAS SET OR TIED.
MM INDICATES DATA IS MISSING.
T  INDICATES TRACE AMOUNT.




$$
