000
CDUS43 KBIS 200728
CLIBIS


CLIMATE REPORT
NATIONAL WEATHER SERVICE BISMARCK ND
128 AM CST MON FEB 20 2017


...................................

...THE BISMARCK ND CLIMATE SUMMARY FOR FEBRUARY 19 2017...

CLIMATE NORMAL PERIOD 1981 TO 2010
CLIMATE RECORD PERIOD 1875 TO 2017


WEATHER ITEM   OBSERVED TIME   RECORD YEAR NORMAL DEPARTURE LAST
                VALUE   (LST)  VALUE       VALUE  FROM      YEAR
                                                  NORMAL
..................................................................
TEMPERATURE (F)
 YESTERDAY
  MAXIMUM         43    156 PM  60    2016  29     14       60
  MINIMUM         34    647 AM -43    1929   9     25       36
  AVERAGE         39                        19     20       48

PRECIPITATION (IN)
  YESTERDAY        0.00          0.26 1952   0.02  -0.02     0.02
  MONTH TO DATE    0.17                      0.30  -0.13     0.37
  SINCE DEC 1      2.86                      1.22   1.64     1.49
  SINCE JAN 1      0.81                      0.73   0.08     0.58

SNOWFALL (IN)
  YESTERDAY        0.0           2.9  1952   0.3   -0.3      0.0
  MONTH TO DATE    2.7                       5.1   -2.4      2.7
  SINCE DEC 1     42.4                      23.3   19.1     18.5
  SINCE JUL 1     61.4                      34.5   26.9     20.3
  SNOW DEPTH       8

DEGREE DAYS
 HEATING
  YESTERDAY       26                        46    -20       17
  MONTH TO DATE  838                       920    -82      657
  SINCE DEC 1   4181                      4052    129     3457
  SINCE JUL 1   5661                      6038   -377     5042

 COOLING
  YESTERDAY        0                         0      0        0
  MONTH TO DATE    0                         0      0        0
  SINCE DEC 1      0                         0      0        0
  SINCE JAN 1      0                         0      0        0
..................................................................


WIND (MPH)
  HIGHEST WIND SPEED    16   HIGHEST WIND DIRECTION    SE (130)
  HIGHEST GUST SPEED    18   HIGHEST GUST DIRECTION    SE (130)
  AVERAGE WIND SPEED     7.7


SKY COVER
  POSSIBLE SUNSHINE  MM
  AVERAGE SKY COVER 0.0


WEATHER CONDITIONS
 THE FOLLOWING WEATHER WAS RECORDED YESTERDAY.
  NO SIGNIFICANT WEATHER WAS OBSERVED.


RELATIVE HUMIDITY (PERCENT)
 HIGHEST    96          1200 AM
 LOWEST     76           100 PM
 AVERAGE    86

..........................................................


THE BISMARCK ND CLIMATE NORMALS FOR TODAY
                         NORMAL    RECORD    YEAR
 MAXIMUM TEMPERATURE (F)   30        60      1877
 MINIMUM TEMPERATURE (F)   10       -28      1949
                                             1918
                                             1885


SUNRISE AND SUNSET
FEBRUARY 20 2017......SUNRISE   738 AM CST   SUNSET   616 PM CST
FEBRUARY 21 2017......SUNRISE   736 AM CST   SUNSET   617 PM CST


-  INDICATES NEGATIVE NUMBERS.
R  INDICATES RECORD WAS SET OR TIED.
MM INDICATES DATA IS MISSING.
T  INDICATES TRACE AMOUNT.




$$
