000
CDUS43 KBIS 020741
CLIBIS


CLIMATE REPORT
NATIONAL WEATHER SERVICE BISMARCK ND
141 AM CST MON MAR 2 2015


...................................

...THE BISMARCK ND CLIMATE SUMMARY FOR MARCH 1 2015...

CLIMATE NORMAL PERIOD 1981 TO 2010
CLIMATE RECORD PERIOD 1875 TO 2015


WEATHER ITEM   OBSERVED TIME   RECORD YEAR NORMAL DEPARTURE LAST
                VALUE   (LST)  VALUE       VALUE  FROM      YEAR
                                                  NORMAL
..................................................................
TEMPERATURE (F)
 YESTERDAY
  MAXIMUM         27    319 PM  70    1992  33     -6       -6
  MINIMUM          2   1050 PM -28    1962  13    -11      -14
  AVERAGE         15                        23     -8      -10

PRECIPITATION (IN)
  YESTERDAY        T             0.33 1932   0.02  -0.02     0.00
  MONTH TO DATE    T                         0.02  -0.02     0.00
  SINCE MAR 1      T                         0.02  -0.02     0.00
  SINCE JAN 1      1.14                      0.96   0.18     0.57

SNOWFALL (IN)
  YESTERDAY       MM             3.5  1932   0.3   MM        0.0
  MONTH TO DATE   MM                         0.3   MM        0.0
  SINCE MAR 1     MM                         0.3   MM        0.0
  SINCE JUL 1     22.9                      37.8  -14.9     25.2
  SNOW DEPTH       1

DEGREE DAYS
 HEATING
  YESTERDAY       50                        42      8       75
  MONTH TO DATE   50                        42      8       75
  SINCE MAR 1     50                        42      8       75
  SINCE JUL 1   6411                      6473    -62     6927

 COOLING
  YESTERDAY        0                         0      0        0
  MONTH TO DATE    0                         0      0        0
  SINCE MAR 1      0                         0      0        0
  SINCE JAN 1      0                         0      0        0
..................................................................


WIND (MPH)
  HIGHEST WIND SPEED    23   HIGHEST WIND DIRECTION    NW (320)
  HIGHEST GUST SPEED    28   HIGHEST GUST DIRECTION    NW (320)
  AVERAGE WIND SPEED     8.1


SKY COVER
  POSSIBLE SUNSHINE  MM
  AVERAGE SKY COVER 0.5


WEATHER CONDITIONS
 THE FOLLOWING WEATHER WAS RECORDED YESTERDAY.
  LIGHT SNOW
  HAZE


RELATIVE HUMIDITY (PERCENT)
 HIGHEST    86           100 AM
 LOWEST     42           400 PM
 AVERAGE    64

..........................................................


THE BISMARCK ND CLIMATE NORMALS FOR TODAY
                         NORMAL    RECORD    YEAR
 MAXIMUM TEMPERATURE (F)   33        67      1905
 MINIMUM TEMPERATURE (F)   14       -23      1972
                                             1916


SUNRISE AND SUNSET
MARCH  2 2015.........SUNRISE   721 AM CST   SUNSET   630 PM CST
MARCH  3 2015.........SUNRISE   719 AM CST   SUNSET   631 PM CST


-  INDICATES NEGATIVE NUMBERS.
R  INDICATES RECORD WAS SET OR TIED.
MM INDICATES DATA IS MISSING.
T  INDICATES TRACE AMOUNT.




$$
