000
CDUS43 KBIS 221245
CLIBIS


CLIMATE REPORT
NATIONAL WEATHER SERVICE BISMARCK ND
745 AM CDT FRI SEP 22 2017


...................................

...THE BISMARCK ND CLIMATE SUMMARY FOR SEPTEMBER 21 2017...

CLIMATE NORMAL PERIOD 1981 TO 2010
CLIMATE RECORD PERIOD 1875 TO 2017


WEATHER ITEM   OBSERVED TIME   RECORD YEAR NORMAL DEPARTURE LAST
                VALUE   (LST)  VALUE       VALUE  FROM      YEAR
                                                  NORMAL
..................................................................
TEMPERATURE (F)
 YESTERDAY
  MAXIMUM         82    252 PM  93    1937  70     12       72
                                      1922
  MINIMUM         52    103 AM  20    1878  43      9       53
  AVERAGE         67                        56     11       63

PRECIPITATION (IN)
  YESTERDAY        0.00          0.63 2000   0.05  -0.05     0.00
  MONTH TO DATE    0.75                      1.17  -0.42     1.12
  SINCE SEP 1      0.75                      1.17  -0.42     1.12
  SINCE JAN 1     12.39                     14.98  -2.59    19.66

DEGREE DAYS
 HEATING
  YESTERDAY        0                         9     -9        2
  MONTH TO DATE   81                       127    -46      103
  SINCE SEP 1     81                       127    -46      103
  SINCE JUL 1     93                       182    -89      136

 COOLING
  YESTERDAY        2                         1      1        0
  MONTH TO DATE   49                        36     13       27
  SINCE SEP 1     49                        36     13       27
  SINCE JAN 1    615                       517     98      544
..................................................................


WIND (MPH)
  HIGHEST WIND SPEED    25   HIGHEST WIND DIRECTION     S (170)
  HIGHEST GUST SPEED    33   HIGHEST GUST DIRECTION     S (190)
  AVERAGE WIND SPEED    12.8


SKY COVER
  POSSIBLE SUNSHINE  MM
  AVERAGE SKY COVER 0.1


WEATHER CONDITIONS
 THE FOLLOWING WEATHER WAS RECORDED YESTERDAY.
  NO SIGNIFICANT WEATHER WAS OBSERVED.


RELATIVE HUMIDITY (PERCENT)
 HIGHEST    64          1100 PM
 LOWEST     37           300 PM
 AVERAGE    51

..........................................................


THE BISMARCK ND CLIMATE NORMALS FOR TODAY
                         NORMAL    RECORD    YEAR
 MAXIMUM TEMPERATURE (F)   69        95      1936
 MINIMUM TEMPERATURE (F)   42        20      1995


SUNRISE AND SUNSET
SEPTEMBER 22 2017.....SUNRISE   730 AM CDT   SUNSET   740 PM CDT
SEPTEMBER 23 2017.....SUNRISE   732 AM CDT   SUNSET   738 PM CDT


-  INDICATES NEGATIVE NUMBERS.
R  INDICATES RECORD WAS SET OR TIED.
MM INDICATES DATA IS MISSING.
T  INDICATES TRACE AMOUNT.




$$
