000
CDUS43 KBIS 290028
CLIBIS


CLIMATE REPORT
NATIONAL WEATHER SERVICE BISMARCK ND
728 PM CDT FRI AUG 28 2015


...................................

...THE BISMARCK ND CLIMATE SUMMARY FOR AUGUST 28 2015...
VALID TODAY AS OF 0700 PM LOCAL TIME.

CLIMATE NORMAL PERIOD 1981 TO 2010
CLIMATE RECORD PERIOD 1875 TO 2015


WEATHER ITEM   OBSERVED TIME   RECORD YEAR NORMAL DEPARTURE LAST
                VALUE   (LST)  VALUE       VALUE  FROM      YEAR
                                                  NORMAL
..................................................................
TEMPERATURE (F)
 TODAY
  MAXIMUM         89    507 PM 101    1991  80      9       76
                                      1969
                                      1905
  MINIMUM         58    559 AM  32    1911  53      5       58
  AVERAGE         74                        66      8       67

PRECIPITATION (IN)
  TODAY            0.00          0.52 1907   0.06  -0.06     0.00
  MONTH TO DATE    1.41                      2.09  -0.68     4.22
  SINCE JUN 1      7.90                      8.15  -0.25     7.97
  SINCE JAN 1     15.17                     13.62   1.55    12.16

SNOWFALL (IN)
  TODAY            0.0           0.0  2002   0.0    0.0      0.0
                                      2001
  MONTH TO DATE    0.0                       0.0    0.0      0.0
  SINCE JUN 1      0.0                       0.0    0.0      0.0
  SINCE JUL 1      0.0                       0.0    0.0      0.0
  SNOW DEPTH       0

DEGREE DAYS
 HEATING
  TODAY            0                         2     -2        0
  MONTH TO DATE   29                        31     -2       29
  SINCE JUN 1     79                       141    -62      151
  SINCE JUL 1     36                        48    -12       57

 COOLING
  TODAY            9                         4      5        2
  MONTH TO DATE  167                       166      1      151
  SINCE JUN 1    486                       453     33      352
  SINCE JAN 1    492                       470     22      403
..................................................................


WIND (MPH)
  RESULTANT WIND SPEED   5   RESULTANT WIND DIRECTION  SW (210)
  HIGHEST WIND SPEED    13   HIGHEST WIND DIRECTION    SW (210)
  HIGHEST GUST SPEED    16   HIGHEST GUST DIRECTION     S (200)
  AVERAGE WIND SPEED     5.6


SKY COVER
  POSSIBLE SUNSHINE  MM
  AVERAGE SKY COVER 0.0


WEATHER CONDITIONS
 THE FOLLOWING WEATHER WAS RECORDED TODAY.
  NO SIGNIFICANT WEATHER WAS OBSERVED.


RELATIVE HUMIDITY (PERCENT)
 HIGHEST    97           400 AM
 LOWEST     41           500 PM
 AVERAGE    69

..........................................................


THE BISMARCK ND CLIMATE NORMALS FOR TOMORROW
                         NORMAL    RECORD    YEAR
 MAXIMUM TEMPERATURE (F)   80       104      1961
 MINIMUM TEMPERATURE (F)   52        33      1988


SUNRISE AND SUNSET
AUGUST 28 2015........SUNRISE   657 AM CDT   SUNSET   830 PM CDT
AUGUST 29 2015........SUNRISE   659 AM CDT   SUNSET   828 PM CDT


-  INDICATES NEGATIVE NUMBERS.
R  INDICATES RECORD WAS SET OR TIED.
MM INDICATES DATA IS MISSING.
T  INDICATES TRACE AMOUNT.




$$
