000
CDUS43 KGRR 300524
CLIBIV


CLIMATE REPORT
NATIONAL WEATHER SERVICE GRAND RAPIDS, MI
124 AM EDT TUE AUG 30 2016


...................................

...THE HOLLAND/TULIP CITY MI CLIMATE SUMMARY FOR AUGUST 29 2016...

CLIMATE NORMAL PERIOD 1981 TO 2010
CLIMATE RECORD PERIOD 1996 TO 2016


WEATHER ITEM   OBSERVED TIME   NORMAL DEPARTURE LAST
                VALUE   (LST)  VALUE  FROM      YEAR
                                      NORMAL
......................................................
TEMPERATURE (F)
 YESTERDAY
  MAXIMUM         85    333 PM  79      6       69
  MINIMUM         63    413 AM  59      4       63
  AVERAGE         74            69      5       66

PRECIPITATION (IN)
  YESTERDAY        0.00          0.12  -0.12     0.13
  MONTH TO DATE    5.09          3.34   1.75     2.72
  SINCE JUN 1      8.75         10.39  -1.64     6.45
  SINCE JAN 1     21.88         22.98  -1.10    17.26

DEGREE DAYS
 HEATING
  YESTERDAY        0             1     -1        0
  MONTH TO DATE    0             2     -2       12
  SINCE JUN 1     43            56    -13       46
  SINCE JUL 1      7             8     -1       22

 COOLING
  YESTERDAY        9             5      4        1
  MONTH TO DATE  227           184     43      150
  SINCE JUN 1    603           565     38      417
  SINCE JAN 1    662           607     55      466
......................................................


WIND (MPH)
  RESULTANT WIND SPEED   1   RESULTANT WIND DIRECTION   E (70)
  HIGHEST WIND SPEED     9   HIGHEST WIND DIRECTION    SE (140)
  HIGHEST GUST SPEED    12   HIGHEST GUST DIRECTION    SE (140)
  AVERAGE WIND SPEED     2.8


SKY COVER
  AVERAGE SKY COVER 0.1


WEATHER CONDITIONS
 THE FOLLOWING WEATHER WAS RECORDED YESTERDAY.
  NO SIGNIFICANT WEATHER WAS OBSERVED.


RELATIVE HUMIDITY (PERCENT)
 HIGHEST   100          1100 PM
 LOWEST     61           100 PM
 AVERAGE    81

..........................................................


THE HOLLAND/TULIP CITY MI CLIMATE NORMALS FOR TODAY
                         NORMAL
 MAXIMUM TEMPERATURE (F)   79
 MINIMUM TEMPERATURE (F)   59


SUNRISE AND SUNSET
AUGUST 30 2016........SUNRISE   708 AM EDT   SUNSET   822 PM EDT
AUGUST 31 2016........SUNRISE   709 AM EDT   SUNSET   820 PM EDT


-  INDICATES NEGATIVE NUMBERS.
R  INDICATES RECORD WAS SET OR TIED.
MM INDICATES DATA IS MISSING.
T  INDICATES TRACE AMOUNT.




$$
