000
CDUS43 KGRR 272127
CLIBIV


CLIMATE REPORT
NATIONAL WEATHER SERVICE GRAND RAPIDS, MI
527 PM EDT FRI MAY 27 2016


...................................

...THE HOLLAND/TULIP CITY MI CLIMATE SUMMARY FOR MAY 27 2016...
VALID TODAY AS OF 0500 PM LOCAL TIME.

CLIMATE NORMAL PERIOD 1981 TO 2010
CLIMATE RECORD PERIOD 1996 TO 2016


WEATHER ITEM   OBSERVED TIME   NORMAL DEPARTURE LAST
                VALUE   (LST)  VALUE  FROM      YEAR
                                      NORMAL
......................................................
TEMPERATURE (F)
 TODAY
  MAXIMUM         81    259 PM  72      9       72
  MINIMUM         63    538 AM  52     11       54
  AVERAGE         72            62     10       63

PRECIPITATION (IN)
  TODAY            T             0.09  -0.09      T
  MONTH TO DATE    2.32          2.85  -0.53     4.06
  SINCE MAR 1      9.24          8.37   0.87     8.60
  SINCE JAN 1     13.10         12.26   0.84    10.08

DEGREE DAYS
 HEATING
  TODAY            0             5     -5        2
  MONTH TO DATE  209           215     -6      184
  SINCE MAR 1   1512          1594    -82     1654
  SINCE JUL 1   5502          6094   -592     6621

 COOLING
  TODAY            7             2      5        0
  MONTH TO DATE   29            28      1       39
  SINCE MAR 1     30            32     -2       39
  SINCE JAN 1     30            32     -2       39
......................................................


WIND (MPH)
  RESULTANT WIND SPEED   4   RESULTANT WIND DIRECTION   S (180)
  HIGHEST WIND SPEED    17   HIGHEST WIND DIRECTION     W (250)
  HIGHEST GUST SPEED    21   HIGHEST GUST DIRECTION     W (250)
  AVERAGE WIND SPEED     5.4


SKY COVER
  AVERAGE SKY COVER 0.2


WEATHER CONDITIONS
 THE FOLLOWING WEATHER WAS RECORDED TODAY.
  LIGHT RAIN
  FOG


RELATIVE HUMIDITY (PERCENT)
 HIGHEST    93           400 AM
 LOWEST     58           400 PM
 AVERAGE    76

..........................................................


THE HOLLAND/TULIP CITY MI CLIMATE NORMALS FOR TOMORROW
                         NORMAL
 MAXIMUM TEMPERATURE (F)   73
 MINIMUM TEMPERATURE (F)   53


SUNRISE AND SUNSET
MAY 27 2016...........SUNRISE   611 AM EDT   SUNSET   913 PM EDT
MAY 28 2016...........SUNRISE   611 AM EDT   SUNSET   914 PM EDT


-  INDICATES NEGATIVE NUMBERS.
R  INDICATES RECORD WAS SET OR TIED.
MM INDICATES DATA IS MISSING.
T  INDICATES TRACE AMOUNT.




$$
