000
CDUS43 KGRR 202129
CLIBIV


CLIMATE REPORT
NATIONAL WEATHER SERVICE GRAND RAPIDS, MI
528 PM EDT SAT SEP 20 2014


...................................

...THE HOLLAND/TULIP CITY MI CLIMATE SUMMARY FOR SEPTEMBER 20 2014...
VALID TODAY AS OF 0500 PM LOCAL TIME.

CLIMATE NORMAL PERIOD 1981 TO 2010
CLIMATE RECORD PERIOD 1996 TO 2014


WEATHER ITEM   OBSERVED TIME   RECORD YEAR NORMAL DEPARTURE LAST
                VALUE   (LST)  VALUE       VALUE  FROM      YEAR
                                                  NORMAL
..................................................................
TEMPERATURE (F)
 TODAY
  MAXIMUM         75    306 PM  MM      MM  72      3       78
  MINIMUM         59    304 AM  MM      MM  52      7       64
  AVERAGE         67                        62      5       71

PRECIPITATION (IN)
  TODAY            0.13         MM      MM   0.15  -0.02     0.00
  MONTH TO DATE    3.01                      2.31   0.70     0.88
  SINCE SEP 1      3.01                      2.31   0.70     0.88
  SINCE JAN 1     24.04                     25.52  -1.48    28.89

DEGREE DAYS
 HEATING
  TODAY            0                         5     -5        0
  MONTH TO DATE   91                        51     40       54
  SINCE SEP 1     91                        51     40       54
  SINCE JUL 1    127                        66     61       73

 COOLING
  TODAY            2                         1      1        6
  MONTH TO DATE   51                        53     -2       87
  SINCE SEP 1     51                        53     -2       87
  SINCE JAN 1    568                       671   -103      794
..................................................................


WIND (MPH)
  RESULTANT WIND SPEED  14   RESULTANT WIND DIRECTION  SW (210)
  HIGHEST WIND SPEED    25   HIGHEST WIND DIRECTION    SW (230)
  HIGHEST GUST SPEED    35   HIGHEST GUST DIRECTION    SW (210)
  AVERAGE WIND SPEED    14.7



WEATHER CONDITIONS
 THE FOLLOWING WEATHER WAS RECORDED TODAY.
  THUNDERSTORM
  LIGHT RAIN
  FOG


RELATIVE HUMIDITY (PERCENT)
 HIGHEST    78           700 AM
 LOWEST     63           400 AM
 AVERAGE    71

..........................................................




SUNRISE AND SUNSET
SEPTEMBER 20 2014.....SUNRISE   730 AM EDT   SUNSET   746 PM EDT
SEPTEMBER 21 2014.....SUNRISE   731 AM EDT   SUNSET   744 PM EDT


-  INDICATES NEGATIVE NUMBERS.
R  INDICATES RECORD WAS SET OR TIED.
MM INDICATES DATA IS MISSING.
T  INDICATES TRACE AMOUNT.




$$

JAM
