000
CDUS43 KGRR 250530
CLIBIV


CLIMATE REPORT
NATIONAL WEATHER SERVICE GRAND RAPIDS, MI
129 AM EDT MON MAY 25 2015


...................................

...THE HOLLAND/TULIP CITY MI CLIMATE SUMMARY FOR MAY 24 2015...

CLIMATE NORMAL PERIOD 1981 TO 2010
CLIMATE RECORD PERIOD 1996 TO 2015


WEATHER ITEM   OBSERVED TIME   NORMAL DEPARTURE LAST
                VALUE   (LST)  VALUE  FROM      YEAR
                                      NORMAL
......................................................
TEMPERATURE (F)
 YESTERDAY
  MAXIMUM         73    134 PM  71      2       74
  MINIMUM         53    507 AM  51      2       43
  AVERAGE         63            61      2       59

PRECIPITATION (IN)
  YESTERDAY        T             0.10  -0.10     0.00
  MONTH TO DATE    3.45          2.57   0.88     2.02
  SINCE MAR 1      7.99          8.09  -0.10     5.56
  SINCE JAN 1      9.47         11.98  -2.51     9.52

DEGREE DAYS
 HEATING
  YESTERDAY        2             6     -4        6
  MONTH TO DATE  182           200    -18      228
  SINCE MAR 1   1652          1579     73     1867
  SINCE JUL 1   6619          6079    540     7025

 COOLING
  YESTERDAY        0             2     -2        0
  MONTH TO DATE   27            22      5       17
  SINCE MAR 1     27            26      1       17
  SINCE JAN 1     27            26      1       17
......................................................


WIND (MPH)
  RESULTANT WIND SPEED   4   RESULTANT WIND DIRECTION  SE (130)
  HIGHEST WIND SPEED    12   HIGHEST WIND DIRECTION     E (90)
  HIGHEST GUST SPEED    17   HIGHEST GUST DIRECTION     E (90)
  AVERAGE WIND SPEED     5.5


SKY COVER
  AVERAGE SKY COVER 0.7


WEATHER CONDITIONS
 THE FOLLOWING WEATHER WAS RECORDED YESTERDAY.
  LIGHT RAIN


RELATIVE HUMIDITY (PERCENT)
 HIGHEST    80           700 AM
 LOWEST     49           100 PM
 AVERAGE    65

..........................................................


THE HOLLAND/TULIP CITY MI CLIMATE NORMALS FOR TODAY
                         NORMAL
 MAXIMUM TEMPERATURE (F)   72
 MINIMUM TEMPERATURE (F)   52


SUNRISE AND SUNSET
MAY 25 2015...........SUNRISE   613 AM EDT   SUNSET   910 PM EDT
MAY 26 2015...........SUNRISE   613 AM EDT   SUNSET   911 PM EDT


-  INDICATES NEGATIVE NUMBERS.
R  INDICATES RECORD WAS SET OR TIED.
MM INDICATES DATA IS MISSING.
T  INDICATES TRACE AMOUNT.




$$
