000
CDUS43 KGRR 301331
CLIBIV


CLIMATE REPORT
NATIONAL WEATHER SERVICE GRAND RAPIDS, MI
930 AM EDT FRI SEP 30 2016


...................................

...THE HOLLAND/TULIP CITY MI CLIMATE SUMMARY FOR SEPTEMBER 30 2016...
VALID AS OF 0900 AM LOCAL TIME.

CLIMATE NORMAL PERIOD 1981 TO 2010
CLIMATE RECORD PERIOD 1996 TO 2016


WEATHER ITEM   OBSERVED TIME   NORMAL DEPARTURE LAST
                VALUE   (LST)  VALUE  FROM      YEAR
                                      NORMAL
......................................................
TEMPERATURE (F)
 TODAY
  MAXIMUM         60    759 AM  68     -8       64
  MINIMUM         59    743 AM  48     11       43
  AVERAGE         60            58      2       54

PRECIPITATION (IN)
  TODAY            0.12          0.19  -0.07     0.00
  MONTH TO DATE    1.42          3.90  -2.48     2.07
  SINCE SEP 1      1.42          3.90  -2.48     2.07
  SINCE JAN 1     23.30         27.11  -3.81    19.33

DEGREE DAYS
 HEATING
  TODAY            5             8     -3       11
  MONTH TO DATE   30           116    -86       63
  SINCE SEP 1     30           115    -85       63
  SINCE JUL 1     37           130    -93       85

 COOLING
  TODAY            0             1     -1        0
  MONTH TO DATE   93            64     29      125
  SINCE SEP 1     93            64     29      125
  SINCE JAN 1    772           682     90      601
......................................................


WIND (MPH)
  RESULTANT WIND SPEED   9   RESULTANT WIND DIRECTION  NE (50)
  HIGHEST WIND SPEED    14   HIGHEST WIND DIRECTION    NE (60)
  HIGHEST GUST SPEED    20   HIGHEST GUST DIRECTION    NE (60)
  AVERAGE WIND SPEED     8.9


SKY COVER
  AVERAGE SKY COVER 1.0


WEATHER CONDITIONS
 THE FOLLOWING WEATHER WAS RECORDED TODAY.
  RAIN
  LIGHT RAIN
  FOG


RELATIVE HUMIDITY (PERCENT)
 HIGHEST    90           800 AM
 LOWEST     84          1200 AM
 AVERAGE    87

..........................................................


THE HOLLAND/TULIP CITY MI CLIMATE NORMALS FOR TOMORROW
                         NORMAL
 MAXIMUM TEMPERATURE (F)   67
 MINIMUM TEMPERATURE (F)   48


SUNRISE AND SUNSET
SEPTEMBER 30 2016.....SUNRISE   741 AM EDT   SUNSET   727 PM EDT
OCTOBER  1 2016.......SUNRISE   742 AM EDT   SUNSET   725 PM EDT


-  INDICATES NEGATIVE NUMBERS.
R  INDICATES RECORD WAS SET OR TIED.
MM INDICATES DATA IS MISSING.
T  INDICATES TRACE AMOUNT.




$$
