775
CDUS46 KBOI 170931
CLIBKE


CLIMATE REPORT
NATIONAL WEATHER SERVICE BOISE ID
231 AM MST TUE JAN 17 2017


...................................

...THE BAKER OR CLIMATE SUMMARY FOR JANUARY 16 2017...

CLIMATE NORMAL PERIOD 1981 TO 2010
CLIMATE RECORD PERIOD 1948 TO 2017


WEATHER ITEM   OBSERVED TIME   RECORD YEAR NORMAL DEPARTURE LAST
                VALUE   (LST)  VALUE       VALUE  FROM      YEAR
                                                  NORMAL
..................................................................
TEMPERATURE (F)
 YESTERDAY
  MAXIMUM          7    204 PM  52    1974  34    -27       35
  MINIMUM        -18R   203 AM -10    1949  16    -34       22
  AVERAGE         -5                        25    -30       29

PRECIPITATION (IN)
  YESTERDAY        T             0.45 1971   0.02  -0.02     0.07
  MONTH TO DATE    0.38                      0.45  -0.07     0.09
  SINCE OCT 1      3.12                      2.96   0.16     2.63
  SINCE JAN 1      0.38                      0.45  -0.07     0.09

DEGREE DAYS
 HEATING
  YESTERDAY       70                        40     30       36
  MONTH TO DATE  935                       649    286      637
  SINCE DEC 1   2488                      1897    591     1783
  SINCE JUL 1   4262                      3934    328     3634

 COOLING
  YESTERDAY        0                         0      0        0
  MONTH TO DATE    0                         0      0        0
  SINCE DEC 1      0                         0      0        0
  SINCE JAN 1      0                         0      0        0
..................................................................


WIND (MPH)
  RESULTANT WIND SPEED   0   RESULTANT WIND DIRECTION  NW (320)
  HIGHEST WIND SPEED     8   HIGHEST WIND DIRECTION     S (190)
  HIGHEST GUST SPEED     9   HIGHEST GUST DIRECTION     W (290)
  AVERAGE WIND SPEED     1.7


SKY COVER
  AVERAGE SKY COVER 0.1


WEATHER CONDITIONS
 THE FOLLOWING WEATHER WAS RECORDED YESTERDAY.
  FOG
  HAZE


RELATIVE HUMIDITY (PERCENT)
 HIGHEST    91           500 PM
 LOWEST     66           400 AM
 AVERAGE    79

..........................................................


THE BAKER OR CLIMATE NORMALS FOR TODAY
                         NORMAL    RECORD    YEAR
 MAXIMUM TEMPERATURE (F)   34        51      1998
 MINIMUM TEMPERATURE (F)   16       -11      1952


SUNRISE AND SUNSET
JANUARY 17 2017.......SUNRISE   724 AM PST   SUNSET   439 PM PST
JANUARY 18 2017.......SUNRISE   723 AM PST   SUNSET   441 PM PST


-  INDICATES NEGATIVE NUMBERS.
R  INDICATES RECORD WAS SET OR TIED.
MM INDICATES DATA IS MISSING.
T  INDICATES TRACE AMOUNT.




$$
