000
CDUS46 KBOI 280930
CLIBKE


CLIMATE REPORT
NATIONAL WEATHER SERVICE BOISE ID
330 AM MDT THU AUG 28 2014


...................................

...THE BAKER OR CLIMATE SUMMARY FOR AUGUST 27 2014...

CLIMATE NORMAL PERIOD 1981 TO 2010
CLIMATE RECORD PERIOD 1948 TO 2014


WEATHER ITEM   OBSERVED TIME   RECORD YEAR NORMAL DEPARTURE LAST
                VALUE   (LST)  VALUE       VALUE  FROM      YEAR
                                                  NORMAL
..................................................................
TEMPERATURE (F)
 YESTERDAY
  MAXIMUM         89    246 PM  96    1999  82      7       91
  MINIMUM         41    527 AM  33    1992  43     -2       41
  AVERAGE         65                        62      3       66

PRECIPITATION (IN)
  YESTERDAY        0.00          0.31 1996   0.03  -0.03     0.00
  MONTH TO DATE    0.51                      0.61  -0.10     0.47
  SINCE OCT 1      6.60                      9.48  -2.88     8.33
  SINCE JAN 1      5.43                      6.97  -1.54     6.15

DEGREE DAYS
 HEATING
  YESTERDAY        0                         4     -4        0
  MONTH TO DATE   46                        62    -16       11
  SINCE JUN 1    292                       358    -66      228
  SINCE JUL 1     59                       132    -73       32

 COOLING
  YESTERDAY        0                         1     -1        1
  MONTH TO DATE   68                        62      6       82
  SINCE JUN 1    233                       153     80      211
  SINCE JAN 1    233                       155     78      215
..................................................................


WIND (MPH)
  RESULTANT WIND SPEED   1   RESULTANT WIND DIRECTION   W (260)
  HIGHEST WIND SPEED     9   HIGHEST WIND DIRECTION     W (250)
  HIGHEST GUST SPEED    11   HIGHEST GUST DIRECTION     W (270)
  AVERAGE WIND SPEED     2.7


SKY COVER
  AVERAGE SKY COVER 0.0


WEATHER CONDITIONS
 THE FOLLOWING WEATHER WAS RECORDED YESTERDAY.
  NO SIGNIFICANT WEATHER WAS OBSERVED.


RELATIVE HUMIDITY (PERCENT)
 HIGHEST    96           300 AM
 LOWEST     18           300 PM
 AVERAGE    57

..........................................................


THE BAKER OR CLIMATE NORMALS FOR TODAY
                         NORMAL    RECORD    YEAR
 MAXIMUM TEMPERATURE (F)   81        98      1998
 MINIMUM TEMPERATURE (F)   43        28      1960


SUNRISE AND SUNSET
AUGUST 28 2014........SUNRISE   609 AM PDT   SUNSET   735 PM PDT
AUGUST 29 2014........SUNRISE   610 AM PDT   SUNSET   733 PM PDT


-  INDICATES NEGATIVE NUMBERS.
R  INDICATES RECORD WAS SET OR TIED.
MM INDICATES DATA IS MISSING.
T  INDICATES TRACE AMOUNT.




$$
