000
CDUS46 KBOI 300931
CLIBKE


CLIMATE REPORT
NATIONAL WEATHER SERVICE BOISE ID
331 AM MDT SAT JUL 30 2016


...................................

...THE BAKER OR CLIMATE SUMMARY FOR JULY 29 2016...

CLIMATE NORMAL PERIOD 1981 TO 2010
CLIMATE RECORD PERIOD 1948 TO 2016


WEATHER ITEM   OBSERVED TIME   RECORD YEAR NORMAL DEPARTURE LAST
                VALUE   (LST)  VALUE       VALUE  FROM      YEAR
                                                  NORMAL
..................................................................
TEMPERATURE (F)
 YESTERDAY
  MAXIMUM         95    401 PM  98    2003  87      8       87
  MINIMUM         49    416 AM  35    1959  47      2       38
  AVERAGE         72                        67      5       63

PRECIPITATION (IN)
  YESTERDAY        0.00          0.45 1997   0.02  -0.02     0.00
  MONTH TO DATE    0.80                      0.61   0.19     2.72
  SINCE OCT 1      6.05                      8.83  -2.78     9.46
  SINCE JAN 1      3.51                      6.32  -2.81     7.26

DEGREE DAYS
 HEATING
  YESTERDAY        0                         1     -1        2
  MONTH TO DATE   83                        65     18       40
  SINCE JUN 1    275                       291    -16      124
  SINCE JUL 1     83                        65     18       40

 COOLING
  YESTERDAY        7                         3      4        0
  MONTH TO DATE   36                        68    -32       71
  SINCE JUN 1     82                        84     -2      139
  SINCE JAN 1     82                        86     -4      140
..................................................................


WIND (MPH)
  RESULTANT WIND SPEED   2   RESULTANT WIND DIRECTION  NW (300)
  HIGHEST WIND SPEED    13   HIGHEST WIND DIRECTION    NW (320)
  HIGHEST GUST SPEED    16   HIGHEST GUST DIRECTION    NW (320)
  AVERAGE WIND SPEED     4.8


SKY COVER
  AVERAGE SKY COVER 0.0


WEATHER CONDITIONS
 THE FOLLOWING WEATHER WAS RECORDED YESTERDAY.
  NO SIGNIFICANT WEATHER WAS OBSERVED.


RELATIVE HUMIDITY (PERCENT)
 HIGHEST    83           300 AM
 LOWEST     18          1200 PM
 AVERAGE    51

..........................................................


THE BAKER OR CLIMATE NORMALS FOR TODAY
                         NORMAL    RECORD    YEAR
 MAXIMUM TEMPERATURE (F)   87       101      2003
 MINIMUM TEMPERATURE (F)   47        38      1950
                                             1945


SUNRISE AND SUNSET
JULY 30 2016..........SUNRISE   535 AM PDT   SUNSET   819 PM PDT
JULY 31 2016..........SUNRISE   537 AM PDT   SUNSET   818 PM PDT


-  INDICATES NEGATIVE NUMBERS.
R  INDICATES RECORD WAS SET OR TIED.
MM INDICATES DATA IS MISSING.
T  INDICATES TRACE AMOUNT.




$$
