000
CDUS46 KBOI 240930
CLIBKE


CLIMATE REPORT
NATIONAL WEATHER SERVICE BOISE ID
330 AM MDT WED AUG 24 2016


...................................

...THE BAKER OR CLIMATE SUMMARY FOR AUGUST 23 2016...

CLIMATE NORMAL PERIOD 1981 TO 2010
CLIMATE RECORD PERIOD 1948 TO 2016


WEATHER ITEM   OBSERVED TIME   RECORD YEAR NORMAL DEPARTURE LAST
                VALUE   (LST)  VALUE       VALUE  FROM      YEAR
                                                  NORMAL
..................................................................
TEMPERATURE (F)
 YESTERDAY
  MAXIMUM         79    241 PM  98    2000  83     -4       86
  MINIMUM         36    504 AM  33    2008  44     -8       37
  AVERAGE         58                        63     -5       62

PRECIPITATION (IN)
  YESTERDAY        0.00          0.48 1989   0.02  -0.02     0.00
  MONTH TO DATE    0.12                      0.51  -0.39     0.02
  SINCE OCT 1      6.17                      9.38  -3.21     9.48
  SINCE JAN 1      3.63                      6.87  -3.24     7.28

DEGREE DAYS
 HEATING
  YESTERDAY        7                         3      4        3
  MONTH TO DATE   46                        47     -1       38
  SINCE JUN 1    323                       343    -20      162
  SINCE JUL 1    131                       117     14       78

 COOLING
  YESTERDAY        0                         1     -1        0
  MONTH TO DATE   35                        58    -23       59
  SINCE JUN 1    125                       149    -24      210
  SINCE JAN 1    125                       151    -26      211
..................................................................


WIND (MPH)
  RESULTANT WIND SPEED   6   RESULTANT WIND DIRECTION  NW (310)
  HIGHEST WIND SPEED    21   HIGHEST WIND DIRECTION    NW (310)
  HIGHEST GUST SPEED    27   HIGHEST GUST DIRECTION    NW (320)
  AVERAGE WIND SPEED     8.2


SKY COVER
  AVERAGE SKY COVER 0.0


WEATHER CONDITIONS
 THE FOLLOWING WEATHER WAS RECORDED YESTERDAY.
  HAZE


RELATIVE HUMIDITY (PERCENT)
 HIGHEST    70           400 AM
 LOWEST     17           200 PM
 AVERAGE    44

..........................................................


THE BAKER OR CLIMATE NORMALS FOR TODAY
                         NORMAL    RECORD    YEAR
 MAXIMUM TEMPERATURE (F)   82       101      1988
 MINIMUM TEMPERATURE (F)   44        27      1992


SUNRISE AND SUNSET
AUGUST 24 2016........SUNRISE   605 AM PDT   SUNSET   741 PM PDT
AUGUST 25 2016........SUNRISE   606 AM PDT   SUNSET   740 PM PDT


-  INDICATES NEGATIVE NUMBERS.
R  INDICATES RECORD WAS SET OR TIED.
MM INDICATES DATA IS MISSING.
T  INDICATES TRACE AMOUNT.




$$
