000
CDUS46 KBOI 180931
CLIBKE


CLIMATE REPORT
NATIONAL WEATHER SERVICE BOISE ID
331 AM MDT FRI APR 18 2014


...................................

...THE BAKER OR CLIMATE SUMMARY FOR APRIL 17 2014...

CLIMATE NORMAL PERIOD 1981 TO 2010
CLIMATE RECORD PERIOD 1948 TO 2014


WEATHER ITEM   OBSERVED TIME   RECORD YEAR NORMAL DEPARTURE LAST
                VALUE   (LST)  VALUE       VALUE  FROM      YEAR
                                                  NORMAL
..................................................................
TEMPERATURE (F)
 YESTERDAY
  MAXIMUM         62    208 PM  84    1994  58      4       49
  MINIMUM         33   1222 AM  18    1972  29      4       20
  AVERAGE         48                        44      4       35

PRECIPITATION (IN)
  YESTERDAY        0.10          0.57 1967   0.02   0.08     0.00
  MONTH TO DATE    0.15                      0.43  -0.28     0.31
  SINCE OCT 1      4.05                      5.14  -1.09     4.07
  SINCE JAN 1      2.88                      2.63   0.25     1.89

DEGREE DAYS
 HEATING
  YESTERDAY       17                        21     -4       30
  MONTH TO DATE  351                       388    -37      402
  SINCE MAR 1   1106                      1236   -130     1231
  SINCE JUL 1   6632                      6756   -124     6623

 COOLING
  YESTERDAY        0                         0      0        0
  MONTH TO DATE    0                         0      0        0
  SINCE MAR 1      0                         0      0        0
  SINCE JAN 1      0                         0      0        0
..................................................................


WIND (MPH)
  RESULTANT WIND SPEED   4   RESULTANT WIND DIRECTION   E (80)
  HIGHEST WIND SPEED    25   HIGHEST WIND DIRECTION    NW (330)
  HIGHEST GUST SPEED    32   HIGHEST GUST DIRECTION    NW (330)
  AVERAGE WIND SPEED     8.0


SKY COVER
  AVERAGE SKY COVER 0.7


WEATHER CONDITIONS
 THE FOLLOWING WEATHER WAS RECORDED YESTERDAY.
  RAIN
  LIGHT RAIN
  FOG


RELATIVE HUMIDITY (PERCENT)
 HIGHEST    92           900 PM
 LOWEST     32          1200 PM
 AVERAGE    62

..........................................................


THE BAKER OR CLIMATE NORMALS FOR TODAY
                         NORMAL    RECORD    YEAR
 MAXIMUM TEMPERATURE (F)   58        85      1962
 MINIMUM TEMPERATURE (F)   29        15      1977


SUNRISE AND SUNSET
APRIL 18 2014.........SUNRISE   602 AM PDT   SUNSET   740 PM PDT
APRIL 19 2014.........SUNRISE   600 AM PDT   SUNSET   742 PM PDT


-  INDICATES NEGATIVE NUMBERS.
R  INDICATES RECORD WAS SET OR TIED.
MM INDICATES DATA IS MISSING.
T  INDICATES TRACE AMOUNT.




$$
