000
CDUS46 KBOI 100932
CLIBKE


CLIMATE REPORT
NATIONAL WEATHER SERVICE BOISE ID
232 AM MST WED FEB 10 2016


...................................

...THE BAKER OR CLIMATE SUMMARY FOR FEBRUARY 9 2016...

CLIMATE NORMAL PERIOD 1981 TO 2010
CLIMATE RECORD PERIOD 1948 TO 2016


WEATHER ITEM   OBSERVED TIME   RECORD YEAR NORMAL DEPARTURE LAST
                VALUE   (LST)  VALUE       VALUE  FROM      YEAR
                                                  NORMAL
..................................................................
TEMPERATURE (F)
 YESTERDAY
  MAXIMUM         41    255 PM  57    1970  38      3       54
  MINIMUM         21    243 AM -22    1989  18      3       40
  AVERAGE         31                        28      3       47

PRECIPITATION (IN)
  YESTERDAY        0.00          0.31 1988   0.02  -0.02     0.11
  MONTH TO DATE    0.07                      0.19  -0.12     0.60
  SINCE OCT 1      3.00                      3.50  -0.50     3.19
  SINCE JAN 1      0.46                      0.99  -0.53     0.99

DEGREE DAYS
 HEATING
  YESTERDAY       34                        37     -3       18
  MONTH TO DATE  339                       340     -1      197
  SINCE DEC 1   2634                      2826   -192     2339
  SINCE JUL 1   4485                      4863   -378     4142

 COOLING
  YESTERDAY        0                         0      0        0
  MONTH TO DATE    0                         0      0        0
  SINCE DEC 1      0                         0      0        0
  SINCE JAN 1      0                         0      0        0
..................................................................


WIND (MPH)
  RESULTANT WIND SPEED   1   RESULTANT WIND DIRECTION   E (100)
  HIGHEST WIND SPEED    15   HIGHEST WIND DIRECTION     E (80)
  HIGHEST GUST SPEED    19   HIGHEST GUST DIRECTION     E (100)
  AVERAGE WIND SPEED     3.3


SKY COVER
  AVERAGE SKY COVER 0.3


WEATHER CONDITIONS
 THE FOLLOWING WEATHER WAS RECORDED YESTERDAY.
  FOG
  FOG W/VISIBILITY <= 1/4 MILE


RELATIVE HUMIDITY (PERCENT)
 HIGHEST   100           100 AM
 LOWEST     76           300 PM
 AVERAGE    88

..........................................................


THE BAKER OR CLIMATE NORMALS FOR TODAY
                         NORMAL    RECORD    YEAR
 MAXIMUM TEMPERATURE (F)   38        61      1961
 MINIMUM TEMPERATURE (F)   18        -6      1982


SUNRISE AND SUNSET
FEBRUARY 10 2016......SUNRISE   700 AM PST   SUNSET   512 PM PST
FEBRUARY 11 2016......SUNRISE   658 AM PST   SUNSET   513 PM PST


-  INDICATES NEGATIVE NUMBERS.
R  INDICATES RECORD WAS SET OR TIED.
MM INDICATES DATA IS MISSING.
T  INDICATES TRACE AMOUNT.




$$
