158
CDUS46 KBOI 250931
CLIBKE


CLIMATE REPORT
NATIONAL WEATHER SERVICE BOISE ID
231 AM MST SAT FEB 25 2017


...................................

...THE BAKER OR CLIMATE SUMMARY FOR FEBRUARY 24 2017...

CLIMATE NORMAL PERIOD 1981 TO 2010
CLIMATE RECORD PERIOD 1948 TO 2017


WEATHER ITEM   OBSERVED TIME   RECORD YEAR NORMAL DEPARTURE LAST
                VALUE   (LST)  VALUE       VALUE  FROM      YEAR
                                                  NORMAL
..................................................................
TEMPERATURE (F)
 YESTERDAY
  MAXIMUM         36    213 PM  66    1986  43     -7       51
  MINIMUM         15    718 AM  10    1975  21     -6       23
  AVERAGE         26                        32     -6       37

PRECIPITATION (IN)
  YESTERDAY        0.00          0.24 1994   0.02  -0.02     0.00
  MONTH TO DATE    0.89                      0.49   0.40     0.21
  SINCE OCT 1      4.31                      3.80   0.51     3.14
  SINCE JAN 1      1.57                      1.29   0.28     0.60

DEGREE DAYS
 HEATING
  YESTERDAY       39                        33      6       28
  MONTH TO DATE  751                       866   -115      762
  SINCE DEC 1   3905                      3352    553     3057
  SINCE JUL 1   5679                      5389    290     4908

 COOLING
  YESTERDAY        0                         0      0        0
  MONTH TO DATE    0                         0      0        0
  SINCE DEC 1      0                         0      0        0
  SINCE JAN 1      0                         0      0        0
..................................................................


WIND (MPH)
  RESULTANT WIND SPEED   1   RESULTANT WIND DIRECTION  SW (240)
  HIGHEST WIND SPEED    10   HIGHEST WIND DIRECTION     W (260)
  HIGHEST GUST SPEED    15   HIGHEST GUST DIRECTION     W (260)
  AVERAGE WIND SPEED     3.0


SKY COVER
  AVERAGE SKY COVER 0.2


WEATHER CONDITIONS
 THE FOLLOWING WEATHER WAS RECORDED YESTERDAY.
  NO SIGNIFICANT WEATHER WAS OBSERVED.


RELATIVE HUMIDITY (PERCENT)
 HIGHEST    92           200 AM
 LOWEST     35           200 PM
 AVERAGE    64

..........................................................


THE BAKER OR CLIMATE NORMALS FOR TODAY
                         NORMAL    RECORD    YEAR
 MAXIMUM TEMPERATURE (F)   44        65      1986
 MINIMUM TEMPERATURE (F)   21        -3      1955


SUNRISE AND SUNSET
FEBRUARY 25 2017......SUNRISE   635 AM PST   SUNSET   534 PM PST
FEBRUARY 26 2017......SUNRISE   633 AM PST   SUNSET   535 PM PST


-  INDICATES NEGATIVE NUMBERS.
R  INDICATES RECORD WAS SET OR TIED.
MM INDICATES DATA IS MISSING.
T  INDICATES TRACE AMOUNT.




$$
