000
CDUS46 KBOI 020934
CLIBKE


CLIMATE REPORT
NATIONAL WEATHER SERVICE BOISE ID
332 AM MDT SUN AUG 2 2015


...................................

...THE BAKER OR CLIMATE SUMMARY FOR AUGUST 1 2015...

CLIMATE NORMAL PERIOD 1981 TO 2010
CLIMATE RECORD PERIOD 1948 TO 2015


WEATHER ITEM   OBSERVED TIME   RECORD YEAR NORMAL DEPARTURE LAST
                VALUE   (LST)  VALUE       VALUE  FROM      YEAR
                                                  NORMAL
..................................................................
TEMPERATURE (F)
 YESTERDAY
  MAXIMUM         99    234 PM 102    1961  87     12       91
  MINIMUM         47    450 AM  32    2002  47      0       51
  AVERAGE         73                        67      6       71

PRECIPITATION (IN)
  YESTERDAY        0.00          0.66 1976   0.02  -0.02      T
  MONTH TO DATE    0.00                      0.02  -0.02      T
  SINCE OCT 1      9.46                      8.89   0.57     6.09
  SINCE JAN 1      7.26                      6.38   0.88     4.92

DEGREE DAYS
 HEATING
  YESTERDAY        0                         1     -1        0
  MONTH TO DATE    0                         1     -1        0
  SINCE JUN 1    124                       297   -173      246
  SINCE JUL 1     40                        71    -31       13

 COOLING
  YESTERDAY        8                         3      5        6
  MONTH TO DATE    8                         3      5        6
  SINCE JUN 1    159                        94     65      171
  SINCE JAN 1    160                        96     64      171
..................................................................


WIND (MPH)
  RESULTANT WIND SPEED   4   RESULTANT WIND DIRECTION  NW (300)
  HIGHEST WIND SPEED    18   HIGHEST WIND DIRECTION    NW (330)
  HIGHEST GUST SPEED    23   HIGHEST GUST DIRECTION    NW (320)
  AVERAGE WIND SPEED     4.8


SKY COVER
  AVERAGE SKY COVER 0.0


WEATHER CONDITIONS
 THE FOLLOWING WEATHER WAS RECORDED YESTERDAY.
  NO SIGNIFICANT WEATHER WAS OBSERVED.


RELATIVE HUMIDITY (PERCENT)
 HIGHEST    86           500 AM
 LOWEST     13           200 PM
 AVERAGE    50

..........................................................


THE BAKER OR CLIMATE NORMALS FOR TODAY
                         NORMAL    RECORD    YEAR
 MAXIMUM TEMPERATURE (F)   87       103      1961
 MINIMUM TEMPERATURE (F)   47        35      1957


SUNRISE AND SUNSET
AUGUST  2 2015........SUNRISE   538 AM PDT   SUNSET   816 PM PDT
AUGUST  3 2015........SUNRISE   539 AM PDT   SUNSET   815 PM PDT


-  INDICATES NEGATIVE NUMBERS.
R  INDICATES RECORD WAS SET OR TIED.
MM INDICATES DATA IS MISSING.
T  INDICATES TRACE AMOUNT.




$$
