000
CDUS46 KBOI 010931
CLIBKE


CLIMATE REPORT
NATIONAL WEATHER SERVICE BOISE ID
330 AM MDT SAT OCT 1 2016


...................................

...THE BAKER OR CLIMATE SUMMARY FOR SEPTEMBER 30 2016...

CLIMATE NORMAL PERIOD 1981 TO 2010
CLIMATE RECORD PERIOD 1948 TO 2016


WEATHER ITEM   OBSERVED TIME   RECORD YEAR NORMAL DEPARTURE LAST
                VALUE   (LST)  VALUE       VALUE  FROM      YEAR
                                                  NORMAL
..................................................................
TEMPERATURE (F)
 YESTERDAY
  MAXIMUM         81    143 PM  90    1992  69     12       78
  MINIMUM         37    611 AM  17    1954  32      5       33
  AVERAGE         59                        50      9       56

PRECIPITATION (IN)
  YESTERDAY        0.00          0.36 1957   0.02  -0.02     0.00
  MONTH TO DATE    0.07                      0.55  -0.48     0.68
  SINCE OCT 1      6.24                     10.13  -3.89    10.16
  SINCE JAN 1      3.70                      7.62  -3.92     7.96

DEGREE DAYS
 HEATING
  YESTERDAY        6                        15     -9        9
  MONTH TO DATE  308                       290     18      279
  SINCE SEP 1    308                       291     17      279
  SINCE JUL 1    454                       442     12      375

 COOLING
  YESTERDAY        0                         0      0        0
  MONTH TO DATE    0                         9     -9        2
  SINCE SEP 1      0                         9     -9        2
  SINCE JAN 1    132                       169    -37      225
..................................................................


WIND (MPH)
  RESULTANT WIND SPEED   4   RESULTANT WIND DIRECTION   S (180)
  HIGHEST WIND SPEED    30   HIGHEST WIND DIRECTION    NW (330)
  HIGHEST GUST SPEED    40   HIGHEST GUST DIRECTION    NW (330)
  AVERAGE WIND SPEED     8.4


SKY COVER
  AVERAGE SKY COVER 0.1


WEATHER CONDITIONS
 THE FOLLOWING WEATHER WAS RECORDED YESTERDAY.
  NO SIGNIFICANT WEATHER WAS OBSERVED.


RELATIVE HUMIDITY (PERCENT)
 HIGHEST    89           700 AM
 LOWEST     16          1200 PM
 AVERAGE    53

..........................................................


THE BAKER OR CLIMATE NORMALS FOR TODAY
                         NORMAL    RECORD    YEAR
 MAXIMUM TEMPERATURE (F)   68        90      2010
 MINIMUM TEMPERATURE (F)   31        13      1950


SUNRISE AND SUNSET
OCTOBER  1 2016.......SUNRISE   650 AM PDT   SUNSET   631 PM PDT
OCTOBER  2 2016.......SUNRISE   651 AM PDT   SUNSET   629 PM PDT


-  INDICATES NEGATIVE NUMBERS.
R  INDICATES RECORD WAS SET OR TIED.
MM INDICATES DATA IS MISSING.
T  INDICATES TRACE AMOUNT.




$$
