000
CDUS46 KBOI 210932
CLIBKE


CLIMATE REPORT
NATIONAL WEATHER SERVICE BOISE ID
231 AM MST SUN DEC 21 2014


...................................

...THE BAKER OR CLIMATE SUMMARY FOR DECEMBER 20 2014...

CLIMATE NORMAL PERIOD 1981 TO 2010
CLIMATE RECORD PERIOD 1948 TO 2014


WEATHER ITEM   OBSERVED TIME   RECORD YEAR NORMAL DEPARTURE LAST
                VALUE   (LST)  VALUE       VALUE  FROM      YEAR
                                                  NORMAL
..................................................................
TEMPERATURE (F)
 YESTERDAY
  MAXIMUM         41    123 PM  47    1979  33      8       24
  MINIMUM         31   1210 AM -16    1990  15     16        6
  AVERAGE         36                        24     12       15

PRECIPITATION (IN)
  YESTERDAY        0.04          0.41 2013   0.03   0.01     0.41
  MONTH TO DATE    0.62                      0.63  -0.01     0.51
  SINCE OCT 1      1.34                      2.16  -0.82     1.05
  SINCE JAN 1      7.34                      9.78  -2.44     8.82

DEGREE DAYS
 HEATING
  YESTERDAY       29                        41    -12       50
  MONTH TO DATE  578                       795   -217      939
  SINCE DEC 1    578                       795   -217      939
  SINCE JUL 1   2381                      2832   -451     2864

 COOLING
  YESTERDAY        0                         0      0        0
  MONTH TO DATE    0                         0      0        0
  SINCE DEC 1      0                         0      0        0
  SINCE JAN 1    250                       169     81      258
..................................................................


WIND (MPH)
  RESULTANT WIND SPEED  11   RESULTANT WIND DIRECTION  SE (120)
  HIGHEST WIND SPEED    22   HIGHEST WIND DIRECTION    SE (140)
  HIGHEST GUST SPEED    26   HIGHEST GUST DIRECTION    SE (140)
  AVERAGE WIND SPEED    11.1


SKY COVER
  AVERAGE SKY COVER 0.9


WEATHER CONDITIONS
 THE FOLLOWING WEATHER WAS RECORDED YESTERDAY.
  LIGHT RAIN


RELATIVE HUMIDITY (PERCENT)
 HIGHEST    92           600 AM
 LOWEST     85          1000 AM
 AVERAGE    89

..........................................................


THE BAKER OR CLIMATE NORMALS FOR TODAY
                         NORMAL    RECORD    YEAR
 MAXIMUM TEMPERATURE (F)   33        55      1972
 MINIMUM TEMPERATURE (F)   15       -22      1990


SUNRISE AND SUNSET
DECEMBER 21 2014......SUNRISE   726 AM PST   SUNSET   413 PM PST
DECEMBER 22 2014......SUNRISE   726 AM PST   SUNSET   414 PM PST


-  INDICATES NEGATIVE NUMBERS.
R  INDICATES RECORD WAS SET OR TIED.
MM INDICATES DATA IS MISSING.
T  INDICATES TRACE AMOUNT.




$$
