000
CDUS46 KBOI 270932
CLIBKE


CLIMATE REPORT
NATIONAL WEATHER SERVICE BOISE ID
331 AM MDT THU JUL 27 2017


...................................

...THE BAKER OR CLIMATE SUMMARY FOR JULY 26 2017...

CLIMATE NORMAL PERIOD 1981 TO 2010
CLIMATE RECORD PERIOD 1928 TO 2017


WEATHER ITEM   OBSERVED TIME   RECORD YEAR NORMAL DEPARTURE LAST
                VALUE   (LST)  VALUE       VALUE  FROM      YEAR
                                                  NORMAL
..................................................................
TEMPERATURE (F)
 YESTERDAY
  MAXIMUM         88    206 PM 101    1928  87      1       93
  MINIMUM         49    250 AM  37    1966  47      2       56
  AVERAGE         69                        67      2       75

PRECIPITATION (IN)
  YESTERDAY        T             0.49 1984   0.02  -0.02     0.00
  MONTH TO DATE    T                         0.56  -0.56     0.80
  SINCE OCT 1      7.53                      8.78  -1.25     6.05
  SINCE JAN 1      4.79                      6.27  -1.48     3.51

DEGREE DAYS
 HEATING
  YESTERDAY        0                         1     -1        0
  MONTH TO DATE    6                        62    -56       83
  SINCE JUN 1    182                       288   -106      275
  SINCE JUL 1      6                        62    -56       83

 COOLING
  YESTERDAY        4                         3      1       10
  MONTH TO DATE  106                        59     47       16
  SINCE JUN 1    127                        75     52       62
  SINCE JAN 1    127                        77     50       62
..................................................................


WIND (MPH)
  RESULTANT WIND SPEED   3   RESULTANT WIND DIRECTION   S (200)
  HIGHEST WIND SPEED    28   HIGHEST WIND DIRECTION     S (180)
  HIGHEST GUST SPEED    35   HIGHEST GUST DIRECTION     S (190)
  AVERAGE WIND SPEED     6.3


SKY COVER
  AVERAGE SKY COVER 0.2


WEATHER CONDITIONS
 THE FOLLOWING WEATHER WAS RECORDED YESTERDAY.
  LIGHT RAIN
  HAZE


RELATIVE HUMIDITY (PERCENT)
 HIGHEST    77           300 AM
 LOWEST     23           100 PM
 AVERAGE    50

..........................................................


THE BAKER OR CLIMATE NORMALS FOR TODAY
                         NORMAL    RECORD    YEAR
 MAXIMUM TEMPERATURE (F)   87       103      1939
 MINIMUM TEMPERATURE (F)   47        39      2005


SUNRISE AND SUNSET
JULY 27 2017..........SUNRISE   532 AM PDT   SUNSET   823 PM PDT
JULY 28 2017..........SUNRISE   533 AM PDT   SUNSET   822 PM PDT


-  INDICATES NEGATIVE NUMBERS.
R  INDICATES RECORD WAS SET OR TIED.
MM INDICATES DATA IS MISSING.
T  INDICATES TRACE AMOUNT.




$$
