000
CDUS46 KBOI 260931
CLIBKE


CLIMATE REPORT
NATIONAL WEATHER SERVICE BOISE ID
230 AM MST THU FEB 26 2015


...................................

...THE BAKER OR CLIMATE SUMMARY FOR FEBRUARY 25 2015...

CLIMATE NORMAL PERIOD 1981 TO 2010
CLIMATE RECORD PERIOD 1948 TO 2015


WEATHER ITEM   OBSERVED TIME   RECORD YEAR NORMAL DEPARTURE LAST
                VALUE   (LST)  VALUE       VALUE  FROM      YEAR
                                                  NORMAL
..................................................................
TEMPERATURE (F)
 YESTERDAY
  MAXIMUM         51    150 PM  65    1986  44      7       44
  MINIMUM         26    713 AM  -3    1955  21      5       31
  AVERAGE         39                        32      7       38

PRECIPITATION (IN)
  YESTERDAY        T             0.16 1999   0.03  -0.03      T
  MONTH TO DATE    0.70                      0.52   0.18     1.10
  SINCE OCT 1      3.29                      3.83  -0.54     2.77
  SINCE JAN 1      1.09                      1.32  -0.23     1.60

DEGREE DAYS
 HEATING
  YESTERDAY       26                        33     -7       27
  MONTH TO DATE  643                       899   -256      909
  SINCE DEC 1   2785                      3385   -600     3530
  SINCE JUL 1   4588                      5422   -834     5455

 COOLING
  YESTERDAY        0                         0      0        0
  MONTH TO DATE    0                         0      0        0
  SINCE DEC 1      0                         0      0        0
  SINCE JAN 1      0                         0      0        0
..................................................................


WIND (MPH)
  RESULTANT WIND SPEED   6   RESULTANT WIND DIRECTION  NW (300)
  HIGHEST WIND SPEED    22   HIGHEST WIND DIRECTION    NW (330)
  HIGHEST GUST SPEED    28   HIGHEST GUST DIRECTION     N (340)
  AVERAGE WIND SPEED     9.2


SKY COVER
  AVERAGE SKY COVER 0.2


WEATHER CONDITIONS
 THE FOLLOWING WEATHER WAS RECORDED YESTERDAY.
  LIGHT RAIN


RELATIVE HUMIDITY (PERCENT)
 HIGHEST    82          1100 PM
 LOWEST     36           200 PM
 AVERAGE    59

..........................................................


THE BAKER OR CLIMATE NORMALS FOR TODAY
                         NORMAL    RECORD    YEAR
 MAXIMUM TEMPERATURE (F)   44        62      1986
 MINIMUM TEMPERATURE (F)   21        -3      1993


SUNRISE AND SUNSET
FEBRUARY 26 2015......SUNRISE   634 AM PST   SUNSET   535 PM PST
FEBRUARY 27 2015......SUNRISE   633 AM PST   SUNSET   536 PM PST


-  INDICATES NEGATIVE NUMBERS.
R  INDICATES RECORD WAS SET OR TIED.
MM INDICATES DATA IS MISSING.
T  INDICATES TRACE AMOUNT.




$$
