000
CDUS41 KRLX 250716
CLIBKW


CLIMATE REPORT
NATIONAL WEATHER SERVICE CHARLESTON WV
316 AM EDT THU MAY 25 2017


...................................

...THE BECKLEY WV CLIMATE SUMMARY FOR MAY 24 2017...

CLIMATE NORMAL PERIOD 1981 TO 2010
CLIMATE RECORD PERIOD 1963 TO 2017


WEATHER ITEM   OBSERVED TIME   RECORD YEAR NORMAL DEPARTURE LAST
                VALUE   (LST)  VALUE       VALUE  FROM      YEAR
                                                  NORMAL
..................................................................
TEMPERATURE (F)
 YESTERDAY
  MAXIMUM         62   1208 PM  90    1939  72    -10       76
  MINIMUM         54    145 AM  31    1961  51      3       45
  AVERAGE         58                        62     -4       61

PRECIPITATION (IN)
  YESTERDAY        0.82          1.60 1996   0.15   0.67     0.00
  MONTH TO DATE    6.06                      3.57   2.49     6.52
  SINCE JAN 1     19.82                     16.07   3.75    17.04

SNOWFALL (IN)
  YESTERDAY        0.0
  MONTH TO DATE    0.0
  SINCE SEP 1     26.0
  SNOW DEPTH       0

DEGREE DAYS
 HEATING
  YESTERDAY        7                         5      2        4
  MONTH TO DATE  153                       165    -12      200
  SINCE MAR 1   1069                      1273   -204     1004
  SINCE JUL 1   4203                      5274  -1071     4379

 COOLING
  YESTERDAY        0                         1     -1        0
  MONTH TO DATE   29                        18     11        7
  SINCE MAR 1     60                        28     32       15
  SINCE JAN 1     60                        28     32       15
..................................................................


WIND (MPH)
  HIGHEST WIND SPEED    22   HIGHEST WIND DIRECTION    SE (130)
  HIGHEST GUST SPEED    28   HIGHEST GUST DIRECTION    SE (120)
  AVERAGE WIND SPEED    11.6


SKY COVER
  POSSIBLE SUNSHINE  MM
  AVERAGE SKY COVER 0.9


WEATHER CONDITIONS
 THE FOLLOWING WEATHER WAS RECORDED YESTERDAY.
  HEAVY RAIN
  RAIN
  LIGHT RAIN
  FOG


RELATIVE HUMIDITY (PERCENT)
 HIGHEST    93           500 AM
 LOWEST     80           900 AM
 AVERAGE    87

..........................................................


THE BECKLEY WV CLIMATE NORMALS FOR TODAY
                         NORMAL    RECORD    YEAR
 MAXIMUM TEMPERATURE (F)   72        86      1953
                                             1914
                                             1911
 MINIMUM TEMPERATURE (F)   52        28      1956


SUNRISE AND SUNSET
MAY 25 2017...........SUNRISE   607 AM EDT   SUNSET   836 PM EDT
MAY 26 2017...........SUNRISE   607 AM EDT   SUNSET   837 PM EDT


-  INDICATES NEGATIVE NUMBERS.
R  INDICATES RECORD WAS SET OR TIED.
MM INDICATES DATA IS MISSING.
T  INDICATES TRACE AMOUNT.




$$
