000
CDUS41 KRLX 180844
CLIBKW


CLIMATE REPORT
NATIONAL WEATHER SERVICE CHARLESTON WV
341 AM EST SAT NOV 18 2017


...................................

...THE BECKLEY WV CLIMATE SUMMARY FOR NOVEMBER 17 2017...

CLIMATE NORMAL PERIOD 1981 TO 2010
CLIMATE RECORD PERIOD 1963 TO 2017


WEATHER ITEM   OBSERVED TIME   RECORD YEAR NORMAL DEPARTURE LAST
                VALUE   (LST)  VALUE       VALUE  FROM      YEAR
                                                  NORMAL
..................................................................
TEMPERATURE (F)
 YESTERDAY
  MAXIMUM         55    349 PM  79    1958  53      2       65
  MINIMUM         27    726 AM   7    1933  35     -8       36
  AVERAGE         41                        44     -3       51

PRECIPITATION (IN)
  YESTERDAY        0.00          0.68 1959   0.10  -0.10     0.00
  MONTH TO DATE    0.70                      1.64  -0.94     0.72
  SINCE JAN 1     40.44                     36.88   3.56    41.13

SNOWFALL (IN)
  YESTERDAY        0.0           3.0  1924   0.0    0.0      0.0
  MONTH TO DATE    0.0                       0.9   -0.9      0.0
  SINCE SEP 1      T                         1.3   -1.3      0.0
  SNOW DEPTH       0.0

DEGREE DAYS
 HEATING
  YESTERDAY       24                        22      2       14
  MONTH TO DATE  319                       319      0      253
  SINCE SEP 1    688                       804   -116      498
  SINCE JUL 1    705                       825   -120      498

 COOLING
  YESTERDAY        0                         0      0        0
  MONTH TO DATE    0                         0      0        1
  SINCE SEP 1     81                        63     18      143
  SINCE JAN 1    594                       556     38      844
..................................................................


WIND (MPH)
  HIGHEST WIND SPEED    14   HIGHEST WIND DIRECTION    SE (150)
  HIGHEST GUST SPEED    20   HIGHEST GUST DIRECTION     S (170)
  AVERAGE WIND SPEED     5.3


SKY COVER
  POSSIBLE SUNSHINE  MM
  AVERAGE SKY COVER 0.2


WEATHER CONDITIONS
 THE FOLLOWING WEATHER WAS RECORDED YESTERDAY.
  NO SIGNIFICANT WEATHER WAS OBSERVED.


RELATIVE HUMIDITY (PERCENT)
 HIGHEST    85           200 AM
 LOWEST     24           400 PM
 AVERAGE    55

..........................................................


THE BECKLEY WV CLIMATE NORMALS FOR TODAY
                         NORMAL    RECORD    YEAR
 MAXIMUM TEMPERATURE (F)   52        76      1921
 MINIMUM TEMPERATURE (F)   34        10      1959


SUNRISE AND SUNSET
NOVEMBER 18 2017......SUNRISE   708 AM EST   SUNSET   511 PM EST
NOVEMBER 19 2017......SUNRISE   709 AM EST   SUNSET   510 PM EST


-  INDICATES NEGATIVE NUMBERS.
R  INDICATES RECORD WAS SET OR TIED.
MM INDICATES DATA IS MISSING.
T  INDICATES TRACE AMOUNT.




$$
