000
CDUS41 KRLX 242116
CLIBKW


CLIMATE REPORT
NATIONAL WEATHER SERVICE CHARLESTON WV
516 PM EDT SUN SEP 24 2017


...................................

...THE BECKLEY WV CLIMATE SUMMARY FOR SEPTEMBER 24 2017...
VALID TODAY AS OF 0500 PM LOCAL TIME.

CLIMATE NORMAL PERIOD 1981 TO 2010
CLIMATE RECORD PERIOD 1963 TO 2017


WEATHER ITEM   OBSERVED TIME   RECORD YEAR NORMAL DEPARTURE LAST
                VALUE   (LST)  VALUE       VALUE  FROM      YEAR
                                                  NORMAL
..................................................................
TEMPERATURE (F)
 TODAY
  MAXIMUM         83    330 PM  89    1930  70     13       83
                                      1908
  MINIMUM         54    438 AM  29    1952  50      4       59
  AVERAGE         69                        60      9       71

PRECIPITATION (IN)
  TODAY            0.00          1.34 1988   0.09  -0.09     0.00
  MONTH TO DATE    1.85                      2.44  -0.59     1.58
  SINCE SEP 1      1.85                      2.44  -0.59     1.58
  SINCE JAN 1     35.19                     32.10   3.09    36.71

DEGREE DAYS
 HEATING
  TODAY            0                         6     -6        0
  MONTH TO DATE   77                        72      5        6
  SINCE SEP 1     77                        72      5        6
  SINCE JUL 1     94                        93      1        6

 COOLING
  TODAY            4                         1      3        6
  MONTH TO DATE   35                        53    -18      118
  SINCE SEP 1     35                        53    -18      118
  SINCE JAN 1    548                       546      2      819
..................................................................


WIND (MPH)
  HIGHEST WIND SPEED    15   HIGHEST WIND DIRECTION    SE (120)
  HIGHEST GUST SPEED    18   HIGHEST GUST DIRECTION     E (110)
  AVERAGE WIND SPEED     3.9


SKY COVER
  POSSIBLE SUNSHINE  MM
  AVERAGE SKY COVER 0.0


WEATHER CONDITIONS
 THE FOLLOWING WEATHER WAS RECORDED TODAY.
  NO SIGNIFICANT WEATHER WAS OBSERVED.


RELATIVE HUMIDITY (PERCENT)
 HIGHEST    83           600 AM
 LOWEST     33           300 PM
 AVERAGE    58

..........................................................


THE BECKLEY WV CLIMATE NORMALS FOR TOMORROW
                         NORMAL    RECORD    YEAR
 MAXIMUM TEMPERATURE (F)   70        90      1933
 MINIMUM TEMPERATURE (F)   50        30      1949
                                             1942


SUNRISE AND SUNSET
SEPTEMBER 24 2017.....SUNRISE   714 AM EDT   SUNSET   718 PM EDT
SEPTEMBER 25 2017.....SUNRISE   715 AM EDT   SUNSET   716 PM EDT


-  INDICATES NEGATIVE NUMBERS.
R  INDICATES RECORD WAS SET OR TIED.
MM INDICATES DATA IS MISSING.
T  INDICATES TRACE AMOUNT.




$$
