000
CDUS41 KRLX 240722
CLIBKW


CLIMATE REPORT
NATIONAL WEATHER SERVICE CHARLESTON WV
321 AM EDT THU APR 24 2014


...................................

...THE BECKLEY WV CLIMATE SUMMARY FOR APRIL 23 2014...

CLIMATE NORMAL PERIOD 1981 TO 2010
CLIMATE RECORD PERIOD 1963 TO 2014


WEATHER ITEM   OBSERVED TIME   RECORD YEAR NORMAL DEPARTURE LAST
                VALUE   (LST)  VALUE       VALUE  FROM      YEAR
                                                  NORMAL
..................................................................
TEMPERATURE (F)
 YESTERDAY
  MAXIMUM         57    435 PM  86    1960  65     -8       71
  MINIMUM         39    700 AM  23    1936  44     -5       40
  AVERAGE         48                        54     -6       56

PRECIPITATION (IN)
  YESTERDAY        0.00          1.67 1987   0.11  -0.11     0.00
  MONTH TO DATE    1.52                      2.52  -1.00     2.38
  SINCE JAN 1      9.09                     11.66  -2.57    10.72

SNOWFALL (IN)
  YESTERDAY        0.0
  MONTH TO DATE    0.6
  SINCE SEP 1     76.3
  SNOW DEPTH       0

DEGREE DAYS
 HEATING
  YESTERDAY       17                        11      6        9
  MONTH TO DATE  255                       325    -70      284
  SINCE MAR 1   1073                      1037     36     1198
  SINCE JUL 1   5281                      5038    243     5012

 COOLING
  YESTERDAY        0                         0      0        0
  MONTH TO DATE    5                         0      5       16
  SINCE MAR 1      5                         1      4       16
  SINCE JAN 1      5                         1      4       16
..................................................................


WIND (MPH)
  HIGHEST WIND SPEED    21   HIGHEST WIND DIRECTION     N (340)
  HIGHEST GUST SPEED    29   HIGHEST GUST DIRECTION     N (340)
  AVERAGE WIND SPEED    11.3


SKY COVER
  POSSIBLE SUNSHINE  MM
  AVERAGE SKY COVER 0.2


WEATHER CONDITIONS
 THE FOLLOWING WEATHER WAS RECORDED YESTERDAY.
  NO SIGNIFICANT WEATHER WAS OBSERVED.


RELATIVE HUMIDITY (PERCENT)
 HIGHEST    70           500 AM
 LOWEST     32           400 PM
 AVERAGE    51

..........................................................


THE BECKLEY WV CLIMATE NORMALS FOR TODAY
                         NORMAL    RECORD    YEAR
 MAXIMUM TEMPERATURE (F)   66        87      1925
 MINIMUM TEMPERATURE (F)   44        24      1927
                                             1911


SUNRISE AND SUNSET
APRIL 24 2014.........SUNRISE   637 AM EDT   SUNSET   808 PM EDT
APRIL 25 2014.........SUNRISE   636 AM EDT   SUNSET   809 PM EDT


-  INDICATES NEGATIVE NUMBERS.
R  INDICATES RECORD WAS SET OR TIED.
MM INDICATES DATA IS MISSING.
T  INDICATES TRACE AMOUNT.




$$
