000
CDUS41 KRLX 060716
CLIBKW


CLIMATE REPORT
NATIONAL WEATHER SERVICE CHARLESTON WV
316 AM EDT FRI MAY 6 2016


...................................

...THE BECKLEY WV CLIMATE SUMMARY FOR MAY 5 2016...

CLIMATE NORMAL PERIOD 1981 TO 2010
CLIMATE RECORD PERIOD 1963 TO 2016


WEATHER ITEM   OBSERVED TIME   RECORD YEAR NORMAL DEPARTURE LAST
                VALUE   (LST)  VALUE       VALUE  FROM      YEAR
                                                  NORMAL
..................................................................
TEMPERATURE (F)
 YESTERDAY
  MAXIMUM         46   1159 PM  88    1950  68    -22       77
                                      1949
  MINIMUM         40    217 PM  24    1940  47     -7       54
  AVERAGE         43                        57    -14       66

PRECIPITATION (IN)
  YESTERDAY        0.76          1.47 1989   0.15   0.61     0.00
  MONTH TO DATE    2.60                      0.70   1.90     0.17
  SINCE JAN 1     13.12                     13.20  -0.08    18.97

SNOWFALL (IN)
  YESTERDAY        0.0
  MONTH TO DATE    0.0
  SINCE SEP 1     45.5
  SNOW DEPTH       0

DEGREE DAYS
 HEATING
  YESTERDAY       22                         8     14        0
  MONTH TO DATE   42                        43     -1       37
  SINCE MAR 1    846                      1151   -305     1060
  SINCE JUL 1   4221                      5152   -931     5393

 COOLING
  YESTERDAY        0                         0      0        1
  MONTH TO DATE    0                         0      0        1
  SINCE MAR 1      8                        10     -2        4
  SINCE JAN 1      8                        10     -2        4
..................................................................


WIND (MPH)
  HIGHEST WIND SPEED    15   HIGHEST WIND DIRECTION    NW (330)
  HIGHEST GUST SPEED    19   HIGHEST GUST DIRECTION    NW (310)
  AVERAGE WIND SPEED     7.5


SKY COVER
  POSSIBLE SUNSHINE  MM
  AVERAGE SKY COVER 1.0


WEATHER CONDITIONS
 THE FOLLOWING WEATHER WAS RECORDED YESTERDAY.
  HEAVY RAIN
  RAIN
  LIGHT RAIN
  FOG


RELATIVE HUMIDITY (PERCENT)
 HIGHEST   100           800 PM
 LOWEST     86          1000 AM
 AVERAGE    93

..........................................................


THE BECKLEY WV CLIMATE NORMALS FOR TODAY
                         NORMAL    RECORD    YEAR
 MAXIMUM TEMPERATURE (F)   68        88      1950
 MINIMUM TEMPERATURE (F)   47        29      1957


SUNRISE AND SUNSET
MAY  6 2016...........SUNRISE   623 AM EDT   SUNSET   820 PM EDT
MAY  7 2016...........SUNRISE   622 AM EDT   SUNSET   821 PM EDT


-  INDICATES NEGATIVE NUMBERS.
R  INDICATES RECORD WAS SET OR TIED.
MM INDICATES DATA IS MISSING.
T  INDICATES TRACE AMOUNT.




$$
