000
CDUS41 KRLX 190832
CLIBKW


CLIMATE REPORT
NATIONAL WEATHER SERVICE CHARLESTON WV
331 AM EST FRI JAN 19 2018


...................................

...THE BECKLEY WV CLIMATE SUMMARY FOR JANUARY 18 2018...

CLIMATE NORMAL PERIOD 1981 TO 2010
CLIMATE RECORD PERIOD 1963 TO 2018


WEATHER ITEM   OBSERVED TIME   RECORD YEAR NORMAL DEPARTURE LAST
                VALUE   (LST)  VALUE       VALUE  FROM      YEAR
                                                  NORMAL
..................................................................
TEMPERATURE (F)
 YESTERDAY
  MAXIMUM         27    458 PM  67    1943  39    -12       55
  MINIMUM          5    816 AM -13    1994  23    -18       38
  AVERAGE         16                        31    -15       47

PRECIPITATION (IN)
  YESTERDAY        T             0.76 1980   0.09  -0.09      T
  MONTH TO DATE    1.63                      1.65  -0.02     2.52
  SINCE JAN 1      1.63                      1.65  -0.02     2.52

SNOWFALL (IN)
  YESTERDAY        0.0           4.3  1984   0.6   -0.6      0.0
  MONTH TO DATE    7.7                      10.0   -2.3      7.6
  SINCE SEP 1     17.6                      25.9   -8.3     12.6
  SNOW DEPTH       3

DEGREE DAYS
 HEATING
  YESTERDAY       49                        34     15       18
  MONTH TO DATE  767                       612    155      494
  SINCE DEC 1   1763                      1565    198     1414
  SINCE JUL 1   2746                      2705     41     2189

 COOLING
  YESTERDAY        0                         0      0        0
  MONTH TO DATE    0                         0      0        0
  SINCE DEC 1      0                         0      0        0
  SINCE JAN 1      0                         0      0        0
..................................................................


WIND (MPH)
  HIGHEST WIND SPEED    16   HIGHEST WIND DIRECTION     W (280)
  HIGHEST GUST SPEED    22   HIGHEST GUST DIRECTION     W (270)
  AVERAGE WIND SPEED     8.3


SKY COVER
  POSSIBLE SUNSHINE  MM
  AVERAGE SKY COVER 0.4


WEATHER CONDITIONS
 THE FOLLOWING WEATHER WAS RECORDED YESTERDAY.
  LIGHT SNOW
  FOG
  HAZE


RELATIVE HUMIDITY (PERCENT)
 HIGHEST    88          1200 AM
 LOWEST     42           300 PM
 AVERAGE    65

..........................................................


THE BECKLEY WV CLIMATE NORMALS FOR TODAY
                         NORMAL    RECORD    YEAR
 MAXIMUM TEMPERATURE (F)   39        65      1932
 MINIMUM TEMPERATURE (F)   23       -19      1994


SUNRISE AND SUNSET
JANUARY 19 2018.......SUNRISE   737 AM EST   SUNSET   534 PM EST
JANUARY 20 2018.......SUNRISE   737 AM EST   SUNSET   535 PM EST


-  INDICATES NEGATIVE NUMBERS.
R  INDICATES RECORD WAS SET OR TIED.
MM INDICATES DATA IS MISSING.
T  INDICATES TRACE AMOUNT.




$$
