000
CDUS41 KRNK 062112
CLIBLF


CLIMATE REPORT
NATIONAL WEATHER SERVICE BLACKSBURG VA
512 PM EDT FRI MAY 6 2016


...................................

...THE BLUEFIELD WV CLIMATE SUMMARY FOR MAY 6 2016...
VALID TODAY AS OF 0500 PM LOCAL TIME.

CLIMATE NORMAL PERIOD 1981 TO 2010
CLIMATE RECORD PERIOD 1959 TO 2016


WEATHER ITEM   OBSERVED TIME   RECORD YEAR NORMAL DEPARTURE LAST
                VALUE   (LST)  VALUE       VALUE  FROM      YEAR
                                                  NORMAL
..................................................................
TEMPERATURE (F)
 TODAY
  MAXIMUM         55    119 PM  84    2014  70    -15       82
  MINIMUM         42   1218 AM  32    1989  51     -9       60
  AVERAGE         49                        60    -11       71

PRECIPITATION (IN)
  TODAY            0.16          1.69 1971   0.13   0.03     0.02
  MONTH TO DATE    2.93                      0.78   2.15     0.53
  SINCE MAR 1      6.61                      7.63  -1.02    10.94
  SINCE JAN 1     11.43                     13.29  -1.86    14.50

SNOWFALL (IN)
  TODAY           MM                                         0.0
  MONTH TO DATE    0.0                                       0.0
  SINCE MAR 1      2.6                                       3.1
  SINCE JUL 1     34.8                                      39.7
  SNOW DEPTH       0

DEGREE DAYS
 HEATING
  TODAY           16                         6     10        0
  MONTH TO DATE   67                        38     29       30
  SINCE MAR 1    889                       975    -86      882
  SINCE JUL 1   3702                      4468   -766     4802

 COOLING
  TODAY            0                         1     -1        6
  MONTH TO DATE    0                         6     -6       14
  SINCE MAR 1      5                        34    -29       25
  SINCE JAN 1      5                        34    -29       25
..................................................................


WIND (MPH)
  HIGHEST WIND SPEED    18   HIGHEST WIND DIRECTION    NW (330)
  HIGHEST GUST SPEED    28   HIGHEST GUST DIRECTION     N (340)
  AVERAGE WIND SPEED     9.9


SKY COVER
  AVERAGE SKY COVER 0.9


WEATHER CONDITIONS
 THE FOLLOWING WEATHER WAS RECORDED TODAY.
  THUNDERSTORM
  LIGHT RAIN
  FOG


RELATIVE HUMIDITY (PERCENT)
 HIGHEST   100           100 AM
 LOWEST     54           100 PM
 AVERAGE    77

..........................................................


THE BLUEFIELD WV CLIMATE NORMALS FOR TOMORROW
                         NORMAL    RECORD    YEAR
 MAXIMUM TEMPERATURE (F)   70        86      2014
 MINIMUM TEMPERATURE (F)   51        28      1989


SUNRISE AND SUNSET
MAY  6 2016...........SUNRISE   624 AM EDT   SUNSET   819 PM EDT
MAY  7 2016...........SUNRISE   623 AM EDT   SUNSET   820 PM EDT


-  INDICATES NEGATIVE NUMBERS.
R  INDICATES RECORD WAS SET OR TIED.
MM INDICATES DATA IS MISSING.
T  INDICATES TRACE AMOUNT.

REMARKS:
DUE TO A SENSOR FAILURE CAUSING MISSING TEMPERATURES ON DECEMBER 20-
21...JANUARY 19-20...AND JANUARY 22-25...THE SEASONAL HEATING DEGREE
DAY TOTAL AND DEPARTURE FROM NORMAL WILL BE CALCULATED WITHOUT DATA
FROM THESE DATES.

$$
