000
CDUS41 KRNK 230858
CLIBLF


CLIMATE REPORT
NATIONAL WEATHER SERVICE BLACKSBURG VA
451 AM EDT THU MAR 23 2017


...................................

...THE BLUEFIELD WV CLIMATE SUMMARY FOR MARCH 22 2017...

CLIMATE NORMAL PERIOD 1981 TO 2010
CLIMATE RECORD PERIOD 1959 TO 2017


WEATHER ITEM   OBSERVED TIME   RECORD YEAR NORMAL DEPARTURE LAST
                VALUE   (LST)  VALUE       VALUE  FROM      YEAR
                                                  NORMAL
..................................................................
TEMPERATURE (F)
 YESTERDAY
  MAXIMUM         44    431 PM  81    2012  56    -12       59
  MINIMUM         29   1159 PM  12    2002  38     -9       31
  AVERAGE         37                        47    -10       45

PRECIPITATION (IN)
  YESTERDAY        0.00          0.77 2010   0.12  -0.12     0.00
  MONTH TO DATE    2.24                      2.48  -0.24     0.97
  SINCE MAR 1      2.24                      2.48  -0.24     0.97
  SINCE JAN 1      8.05                      8.14  -0.09     5.79

SNOWFALL (IN)
  YESTERDAY        0.0                                       0.0
  MONTH TO DATE    3.2                                       0.9
  SINCE MAR 1      3.2                                       0.9
  SINCE JUL 1     20.4                                      33.1
  SNOW DEPTH       0

DEGREE DAYS
 HEATING
  YESTERDAY       28                        18     10       20
  MONTH TO DATE  616                       468    148      361
  SINCE MAR 1    616                       468    148      361
  SINCE JUL 1   3748                      3961   -213     3174

 COOLING
  YESTERDAY        0                         0      0        0
  MONTH TO DATE    0                         0      0        1
  SINCE MAR 1      0                         0      0        1
  SINCE JAN 1      0                         0      0        1
..................................................................


WIND (MPH)
  HIGHEST WIND SPEED    16   HIGHEST WIND DIRECTION     N (10)
  HIGHEST GUST SPEED    24   HIGHEST GUST DIRECTION     N (10)
  AVERAGE WIND SPEED     8.4


SKY COVER
  AVERAGE SKY COVER 0.2


WEATHER CONDITIONS
 THE FOLLOWING WEATHER WAS RECORDED YESTERDAY.
  NO SIGNIFICANT WEATHER WAS OBSERVED.


RELATIVE HUMIDITY (PERCENT)
 HIGHEST    92           200 AM
 LOWEST     30           400 PM
 AVERAGE    61

..........................................................


THE BLUEFIELD WV CLIMATE NORMALS FOR TODAY
                         NORMAL    RECORD    YEAR
 MAXIMUM TEMPERATURE (F)   57        79      2012
 MINIMUM TEMPERATURE (F)   38        18      2002


SUNRISE AND SUNSET
MARCH 23 2017.........SUNRISE   723 AM EDT   SUNSET   740 PM EDT
MARCH 24 2017.........SUNRISE   722 AM EDT   SUNSET   741 PM EDT


-  INDICATES NEGATIVE NUMBERS.
R  INDICATES RECORD WAS SET OR TIED.
MM INDICATES DATA IS MISSING.
T  INDICATES TRACE AMOUNT.

REMARKS:
DUE TO A POWER OUTAGE CAUSING A MISSING HIGH TEMPERATURE ON NOVEMBER 10,,,
THE SEASONAL HEATING DEGREE DAY TOTAL AND DEPARTURE FROM NORMAL WILL BE
CALCULATED WITHOUT DATA FROM THIS DATE.

$$

RAB
