000
CDUS41 KRNK 222114
CLIBLF


CLIMATE REPORT
NATIONAL WEATHER SERVICE BLACKSBURG VA
513 PM EDT FRI MAY 22 2015


...................................

...THE BLUEFIELD WV CLIMATE SUMMARY FOR MAY 22 2015...
VALID TODAY AS OF 0500 PM LOCAL TIME.

CLIMATE NORMAL PERIOD 1981 TO 2010
CLIMATE RECORD PERIOD 1959 TO 2015


WEATHER ITEM   OBSERVED TIME   RECORD YEAR NORMAL DEPARTURE LAST
                VALUE   (LST)  VALUE       VALUE  FROM      YEAR
                                                  NORMAL
..................................................................
TEMPERATURE (F)
 TODAY
  MAXIMUM         66    400 PM  85    2013  73     -7       76
  MINIMUM         43    534 AM  30    2002  55    -12       60
  AVERAGE         55                        64     -9

PRECIPITATION (IN)
  TODAY            0.00          0.83 1990   0.14  -0.14     0.05
  MONTH TO DATE    1.70                      2.96  -1.26     2.52
  SINCE MAR 1     12.11                      9.81   2.30     7.25
  SINCE JAN 1     15.67                     15.47   0.20    11.38

SNOWFALL (IN)
  TODAY            0.0
  MONTH TO DATE    0.0
  SINCE MAR 1      3.1
  SINCE JUL 1     39.7
  SNOW DEPTH       0

DEGREE DAYS
 HEATING
  TODAY           10                         4      6
  MONTH TO DATE   62                       112    -50
  SINCE MAR 1    914                      1049   -135
  SINCE JUL 1   4834                      4542    292

 COOLING
  TODAY            0                         2     -2
  MONTH TO DATE   82                        35     47
  SINCE MAR 1     93                        63     30
  SINCE JAN 1     93                        63     30
..................................................................


WIND (MPH)
  HIGHEST WIND SPEED    13   HIGHEST WIND DIRECTION     W (280)
  HIGHEST GUST SPEED    19   HIGHEST GUST DIRECTION    NW (310)
  AVERAGE WIND SPEED     7.1


SKY COVER
  POSSIBLE SUNSHINE  MM
  AVERAGE SKY COVER 0.8


WEATHER CONDITIONS
 THE FOLLOWING WEATHER WAS RECORDED TODAY.
  FOG
  HAZE


RELATIVE HUMIDITY (PERCENT)
 HIGHEST    89           400 AM
 LOWEST     44           300 PM
 AVERAGE    67

..........................................................


THE BLUEFIELD WV CLIMATE NORMALS FOR TOMORROW
                         NORMAL    RECORD    YEAR
 MAXIMUM TEMPERATURE (F)   73        83      2004
                                             1988
 MINIMUM TEMPERATURE (F)   55        35      1963


SUNRISE AND SUNSET
MAY 22 2015...........SUNRISE   611 AM EDT   SUNSET   832 PM EDT
MAY 23 2015...........SUNRISE   610 AM EDT   SUNSET   833 PM EDT


-  INDICATES NEGATIVE NUMBERS.
R  INDICATES RECORD WAS SET OR TIED.
MM INDICATES DATA IS MISSING.
T  INDICATES TRACE AMOUNT.




$$
