000
CDUS41 KRNK 021041
CLIBLF


CLIMATE REPORT
NATIONAL WEATHER SERVICE BLACKSBURG VA
539 AM EST MON MAR 2 2015


...................................

...THE BLUEFIELD WV CLIMATE SUMMARY FOR MARCH 1 2015...

CLIMATE NORMAL PERIOD 1981 TO 2010
CLIMATE RECORD PERIOD 1959 TO 2015


WEATHER ITEM   OBSERVED TIME   RECORD YEAR NORMAL DEPARTURE LAST
                VALUE   (LST)  VALUE       VALUE  FROM      YEAR
                                                  NORMAL
..................................................................
TEMPERATURE (F)
 YESTERDAY
  MAXIMUM         54    146 PM  78    1997  49      5       54
  MINIMUM         31    133 AM   7    1980  32     -1       29
  AVERAGE         43                        41      2

PRECIPITATION (IN)
  YESTERDAY        0.06          0.69 2007   0.11  -0.05     0.00
  MONTH TO DATE    0.06                      0.11  -0.05     0.00
  SINCE MAR 1      0.06                      0.11  -0.05     0.00
  SINCE JAN 1      3.62                      5.77  -2.15     4.13

SNOWFALL (IN)
  YESTERDAY        0.0
  MONTH TO DATE    0.0
  SINCE MAR 1      0.0
  SINCE JUL 1     36.6
  SNOW DEPTH       8

DEGREE DAYS
 HEATING
  YESTERDAY       22                        24     -2
  MONTH TO DATE   22                        24     -2
  SINCE MAR 1     22                        24     -2
  SINCE JUL 1   3942                      3517    425

 COOLING
  YESTERDAY        0                         0      0
  MONTH TO DATE    0                         0      0
  SINCE MAR 1      0                         0      0
  SINCE JAN 1      0                         0      0
..................................................................


WIND (MPH)
  HIGHEST WIND SPEED    21   HIGHEST WIND DIRECTION     W (250)
  HIGHEST GUST SPEED    27   HIGHEST GUST DIRECTION    SW (240)
  AVERAGE WIND SPEED     9.8


SKY COVER
  POSSIBLE SUNSHINE  MM
  AVERAGE SKY COVER 1.0


WEATHER CONDITIONS
 THE FOLLOWING WEATHER WAS RECORDED YESTERDAY.
  LIGHT RAIN
  FOG
  FOG W/VISIBILITY <= 1/4 MILE


RELATIVE HUMIDITY (PERCENT)
 HIGHEST    92          1100 PM
 LOWEST     51           300 AM
 AVERAGE    72

..........................................................


THE BLUEFIELD WV CLIMATE NORMALS FOR TODAY
                         NORMAL    RECORD    YEAR
 MAXIMUM TEMPERATURE (F)   50        71      1992
 MINIMUM TEMPERATURE (F)   32         3      1980


SUNRISE AND SUNSET
MARCH  2 2015.........SUNRISE   655 AM EST   SUNSET   620 PM EST
MARCH  3 2015.........SUNRISE   654 AM EST   SUNSET   621 PM EST


-  INDICATES NEGATIVE NUMBERS.
R  INDICATES RECORD WAS SET OR TIED.
MM INDICATES DATA IS MISSING.
T  INDICATES TRACE AMOUNT.




$$
