000
CDUS41 KRNK 292105
CLIBLF


CLIMATE REPORT
NATIONAL WEATHER SERVICE BLACKSBURG VA
505 PM EDT SAT AUG 29 2015


...................................

...THE BLUEFIELD WV CLIMATE SUMMARY FOR AUGUST 29 2015...
VALID TODAY AS OF 0500 PM LOCAL TIME.

CLIMATE NORMAL PERIOD 1981 TO 2010
CLIMATE RECORD PERIOD 1959 TO 2015


WEATHER ITEM   OBSERVED TIME   RECORD YEAR NORMAL DEPARTURE LAST
                VALUE   (LST)  VALUE       VALUE  FROM      YEAR
                                                  NORMAL
..................................................................
TEMPERATURE (F)
 TODAY
  MAXIMUM         81    139 PM  91    1991  80      1       82
  MINIMUM         65    635 AM  39    1986  62      3       64
  AVERAGE         73                        71      2       73

PRECIPITATION (IN)
  TODAY            0.00          0.59 2006   0.09  -0.09     0.00
  MONTH TO DATE    2.39                      3.07  -0.68     6.35
  SINCE JUN 1     10.76                     11.38  -0.62    12.90
  SINCE JAN 1     26.55                     28.20  -1.65    24.56

SNOWFALL (IN)
  TODAY            0.0                                       0.0
  MONTH TO DATE    0.0                                       0.0
  SINCE JUN 1      0.0                                       0.0
  SINCE JUL 1      0.0                                       0.0
  SNOW DEPTH       0

DEGREE DAYS
 HEATING
  TODAY            0                         0      0        0
  MONTH TO DATE    1                         0      1        2
  SINCE JUN 1      4                        24    -20       12
  SINCE JUL 1      1                         2     -1       10

 COOLING
  TODAY            8                         6      2        8
  MONTH TO DATE  210                       218     -8      146
  SINCE JUN 1    730                       632     98      561
  SINCE JAN 1    887                       723    164      690
..................................................................


WIND (MPH)
  HIGHEST WIND SPEED    10   HIGHEST WIND DIRECTION     W (250)
  HIGHEST GUST SPEED    15   HIGHEST GUST DIRECTION     W (270)
  AVERAGE WIND SPEED     3.8


SKY COVER
  AVERAGE SKY COVER 0.2


WEATHER CONDITIONS
 THE FOLLOWING WEATHER WAS RECORDED TODAY.
  NO SIGNIFICANT WEATHER WAS OBSERVED.


RELATIVE HUMIDITY (PERCENT)
 HIGHEST    73           600 AM
 LOWEST     45           200 PM
 AVERAGE    59

..........................................................


THE BLUEFIELD WV CLIMATE NORMALS FOR TOMORROW
                         NORMAL    RECORD    YEAR
 MAXIMUM TEMPERATURE (F)   79        90      1993
 MINIMUM TEMPERATURE (F)   62        48      1987


SUNRISE AND SUNSET
AUGUST 29 2015........SUNRISE   653 AM EDT   SUNSET   758 PM EDT
AUGUST 30 2015........SUNRISE   653 AM EDT   SUNSET   757 PM EDT


-  INDICATES NEGATIVE NUMBERS.
R  INDICATES RECORD WAS SET OR TIED.
MM INDICATES DATA IS MISSING.
T  INDICATES TRACE AMOUNT.

REMARKS:
DUE TO A TIPPING BUCKET FAILURE CAUSING MISSING PRECIPITATION ON
JUNE 1...THE SEASONAL AND ANNUAL PRECIPITATION TOTALS AND DEPARTURES
FROM NORMAL WILL BE CALCULATED WITHOUT DATA FROM THIS DATE.

ALSO...DUE TO A POWER OUTAGE CAUSING A MISSING LOW TEMPERATURE ON
JUNE 7...THE SEASONAL COOLING DEGREE DAY TOTAL AND DEPARTURE FROM
NORMAL WILL BE CALCULATED WITHOUT DATA FROM THIS DATE.

$$
