000
CDUS41 KRNK 240636
CLIBLF


CLIMATE REPORT
NATIONAL WEATHER SERVICE BLACKSBURG VA
134 AM EST FRI NOV 24 2017


...................................

...THE BLUEFIELD WV CLIMATE SUMMARY FOR NOVEMBER 23 2017...

CLIMATE NORMAL PERIOD 1981 TO 2010
CLIMATE RECORD PERIOD 1959 TO 2017


WEATHER ITEM   OBSERVED TIME   RECORD YEAR NORMAL DEPARTURE LAST
                VALUE   (LST)  VALUE       VALUE  FROM      YEAR
                                                  NORMAL
..................................................................
TEMPERATURE (F)
 YESTERDAY
  MAXIMUM         49    309 PM  67    2003  53     -4       55
  MINIMUM         20    705 AM   9    1970  36    -16       30
  AVERAGE         35                        44     -9       43

PRECIPITATION (IN)
  YESTERDAY        0.00          1.32 1961   0.09  -0.09     0.00
  MONTH TO DATE    1.31                      2.03  -0.72     0.41
  SINCE SEP 1      7.21                      7.67  -0.46     2.83
  SINCE JAN 1     39.27                     36.06   3.21    29.72

SNOWFALL (IN)
  YESTERDAY        0.0                                       0.0
  MONTH TO DATE    T                                          T
  SINCE SEP 1      0.3                                        T
  SINCE JUL 1      0.3                                        T
  SNOW DEPTH       0

DEGREE DAYS
 HEATING
  YESTERDAY       30                        21      9       22
  MONTH TO DATE  466                       385     81      381
  SINCE SEP 1    865                       743    122      647
  SINCE JUL 1    891                       749    142      647

 COOLING
  YESTERDAY        0                         0      0        0
  MONTH TO DATE    0                         0      0        1
  SINCE SEP 1     64                       117    -53      129
  SINCE JAN 1    488                       851   -363      737
..................................................................


WIND (MPH)
  HIGHEST WIND SPEED    10   HIGHEST WIND DIRECTION    NW (300)
  HIGHEST GUST SPEED    14   HIGHEST GUST DIRECTION     W (290)
  AVERAGE WIND SPEED     2.2


SKY COVER
  AVERAGE SKY COVER 0.0


WEATHER CONDITIONS
 THE FOLLOWING WEATHER WAS RECORDED YESTERDAY.
  NO SIGNIFICANT WEATHER WAS OBSERVED.


RELATIVE HUMIDITY (PERCENT)
 HIGHEST    88           500 AM
 LOWEST     18           300 PM
 AVERAGE    53

..........................................................


THE BLUEFIELD WV CLIMATE NORMALS FOR TODAY
                         NORMAL    RECORD    YEAR
 MAXIMUM TEMPERATURE (F)   52        72      1973
 MINIMUM TEMPERATURE (F)   36         7      1970


SUNRISE AND SUNSET
NOVEMBER 24 2017......SUNRISE   714 AM EST   SUNSET   509 PM EST
NOVEMBER 25 2017......SUNRISE   715 AM EST   SUNSET   509 PM EST


-  INDICATES NEGATIVE NUMBERS.
R  INDICATES RECORD WAS SET OR TIED.
MM INDICATES DATA IS MISSING.
T  INDICATES TRACE AMOUNT.

$$
RCS
