000
CDUS41 KRNK 270841
CLIBLF


CLIMATE REPORT
NATIONAL WEATHER SERVICE BLACKSBURG VA
440 AM EDT FRI MAY 27 2016


...................................

...THE BLUEFIELD WV CLIMATE SUMMARY FOR MAY 26 2016...

CLIMATE NORMAL PERIOD 1981 TO 2010
CLIMATE RECORD PERIOD 1959 TO 2016


WEATHER ITEM   OBSERVED TIME   RECORD YEAR NORMAL DEPARTURE LAST
                VALUE   (LST)  VALUE       VALUE  FROM      YEAR
                                                  NORMAL
..................................................................
TEMPERATURE (F)
 YESTERDAY
  MAXIMUM         73    438 PM  86    2012  74     -1       81
                                      1991
  MINIMUM         61    633 AM  35    1988  56      5       66
  AVERAGE         67                        65      2       74

PRECIPITATION (IN)
  YESTERDAY        0.01          0.89 2004   0.15  -0.14     0.02
  MONTH TO DATE    6.23                      3.55   2.68     1.72
  SINCE MAR 1      9.91                     10.40  -0.49    12.13
  SINCE JAN 1     14.73                     16.06  -1.33    15.69

SNOWFALL (IN)
  YESTERDAY        0.0                                       0.0
  MONTH TO DATE    0.0                                       0.0
  SINCE MAR 1      2.6                                       3.1
  SINCE JUL 1     34.8                                      39.7
  SNOW DEPTH       0

DEGREE DAYS
 HEATING
  YESTERDAY        0                         3     -3        0
  MONTH TO DATE  231                       124    107       63
  SINCE MAR 1   1053                      1061     -8      915
  SINCE JUL 1   3866                      4554   -688     4835

 COOLING
  YESTERDAY        2                         3     -1        9
  MONTH TO DATE    7                        47    -40      104
  SINCE MAR 1     12                        75    -63      115
  SINCE JAN 1     12                        75    -63      115
..................................................................


WIND (MPH)
  HIGHEST WIND SPEED    16   HIGHEST WIND DIRECTION     W (260)
  HIGHEST GUST SPEED    21   HIGHEST GUST DIRECTION    NW (310)
  AVERAGE WIND SPEED     5.6


SKY COVER
  AVERAGE SKY COVER 0.6


WEATHER CONDITIONS
 THE FOLLOWING WEATHER WAS RECORDED YESTERDAY.
  LIGHT RAIN


RELATIVE HUMIDITY (PERCENT)
 HIGHEST    84           800 PM
 LOWEST     61          1100 AM
 AVERAGE    73

..........................................................


THE BLUEFIELD WV CLIMATE NORMALS FOR TODAY
                         NORMAL    RECORD    YEAR
 MAXIMUM TEMPERATURE (F)   74        86      2012
 MINIMUM TEMPERATURE (F)   56        31      1961


SUNRISE AND SUNSET
MAY 27 2016...........SUNRISE   608 AM EDT   SUNSET   837 PM EDT
MAY 28 2016...........SUNRISE   607 AM EDT   SUNSET   837 PM EDT


-  INDICATES NEGATIVE NUMBERS.
R  INDICATES RECORD WAS SET OR TIED.
MM INDICATES DATA IS MISSING.
T  INDICATES TRACE AMOUNT.

REMARKS:

DUE TO A SENSOR FAILURE CAUSING MISSING TEMPERATURES ON DECEMBER 20-
21...JANUARY 19-20...AND JANUARY 22-25...THE SEASONAL HEATING DEGREE
DAY TOTAL AND DEPARTURE FROM NORMAL WILL BE CALCULATED WITHOUT DATA
FROM THESE DATES.

$$

RAB
