000
CDUS46 KSEW 250829
CLIBLI


CLIMATE REPORT
NATIONAL WEATHER SERVICE SEATTLE WA
129 AM PDT THU AUG 25 2016


...................................

...THE BELLINGHAM WA AIRPORT CLIMATE SUMMARY FOR AUGUST 24 2016...

CLIMATE NORMAL PERIOD 1981 TO 2010
CLIMATE RECORD PERIOD 1949 TO 2016


WEATHER ITEM   OBSERVED TIME   RECORD YEAR NORMAL DEPARTURE LAST
                VALUE   (LST)  VALUE       VALUE  FROM      YEAR
                                                  NORMAL
..................................................................
TEMPERATURE (F)
 YESTERDAY
  MAXIMUM         83   1230 PM  85    1958  71     12       69
  MINIMUM         51    444 AM  41    2003  52     -1       57
  AVERAGE         67                        62      5       63

PRECIPITATION (IN)
  YESTERDAY        0.00          1.12 2004   0.05  -0.05     0.00
  MONTH TO DATE    0.02                      0.89  -0.87     0.22
  SINCE OCT 1     31.66                     33.71  -2.05    30.52
  SINCE JAN 1     17.59                     20.01  -2.42    15.79

DEGREE DAYS
 HEATING
  YESTERDAY        0                         3     -3        2
  MONTH TO DATE   30                        53    -23       17
  SINCE JUN 1    217                       355   -138       99

 COOLING
  YESTERDAY        2                         0      2        0
  MONTH TO DATE   42                         0     42       51
  SINCE JUN 1     88                        23     65      189
  SINCE JAN 1     89                        23     66      189
..................................................................


WIND (MPH)
  RESULTANT WIND SPEED   2   RESULTANT WIND DIRECTION   W (290)
  HIGHEST WIND SPEED    13   HIGHEST WIND DIRECTION     W (270)
  HIGHEST GUST SPEED    16   HIGHEST GUST DIRECTION     W (290)
  AVERAGE WIND SPEED     3.1


SKY COVER
  AVERAGE SKY COVER 0.0


WEATHER CONDITIONS
 THE FOLLOWING WEATHER WAS RECORDED YESTERDAY.
  FOG


RELATIVE HUMIDITY (PERCENT)
 HIGHEST   100           600 AM
 LOWEST     43          1000 AM
 AVERAGE    72

..........................................................


THE BELLINGHAM WA AIRPORT CLIMATE NORMALS FOR TODAY
                         NORMAL    RECORD    YEAR
 MAXIMUM TEMPERATURE (F)   71        83      1958
 MINIMUM TEMPERATURE (F)   52        40      1954


SUNRISE AND SUNSET
AUGUST 25 2016........SUNRISE   618 AM PDT   SUNSET   805 PM PDT
AUGUST 26 2016........SUNRISE   619 AM PDT   SUNSET   803 PM PDT


-  INDICATES NEGATIVE NUMBERS.
R  INDICATES RECORD WAS SET OR TIED.
MM INDICATES DATA IS MISSING.
T  INDICATES TRACE AMOUNT.




$$
