000
CDUS46 KSEW 220119
CLIBLI


CLIMATE REPORT
NATIONAL WEATHER SERVICE SEATTLE WA
518 PM PST WED FEB 21 2018


...................................

...THE BELLINGHAM WA AIRPORT CLIMATE SUMMARY FOR FEBRUARY 21 2018...
VALID TODAY AS OF 0500 PM LOCAL TIME.

CLIMATE NORMAL PERIOD 1981 TO 2010
CLIMATE RECORD PERIOD 1949 TO 2018


WEATHER ITEM   OBSERVED TIME   RECORD YEAR NORMAL DEPARTURE LAST
                VALUE   (LST)  VALUE       VALUE  FROM      YEAR
                                                  NORMAL
..................................................................
TEMPERATURE (F)
 TODAY
  MAXIMUM         34    133 PM  61    1958  49    -15       48
  MINIMUM         21R   525 AM  23    1952  33    -12       36
  AVERAGE         28                        41    -13       42

PRECIPITATION (IN)
  TODAY            T             1.65 2002   0.10  -0.10     0.01
  MONTH TO DATE    3.81                      2.30   1.51     3.70
  SINCE OCT 1     26.43                     20.67   5.76    24.49
  SINCE JAN 1      8.81                      6.97   1.84     5.37

DEGREE DAYS
 HEATING
  TODAY           37                        24     13       23
  MONTH TO DATE  522                       515      7      537
  SINCE DEC 1   2067                      2149    -82     2394

 COOLING
  TODAY            0                         0      0        0
  MONTH TO DATE    0                         0      0        0
  SINCE DEC 1      0                         0      0        0
  SINCE JAN 1      0                         0      0        0
..................................................................


WIND (MPH)
  RESULTANT WIND SPEED   4   RESULTANT WIND DIRECTION  NE (50)
  HIGHEST WIND SPEED    18   HIGHEST WIND DIRECTION     N (20)
  HIGHEST GUST SPEED    26   HIGHEST GUST DIRECTION     N (10)
  AVERAGE WIND SPEED     6.1


SKY COVER
  AVERAGE SKY COVER 0.5


WEATHER CONDITIONS
 THE FOLLOWING WEATHER WAS RECORDED TODAY.
  LIGHT SNOW
  HAZE


RELATIVE HUMIDITY (PERCENT)
 HIGHEST    68           700 AM
 LOWEST     42          1200 AM
 AVERAGE    55

..........................................................


THE BELLINGHAM WA AIRPORT CLIMATE NORMALS FOR TOMORROW
                         NORMAL    RECORD    YEAR
 MAXIMUM TEMPERATURE (F)   49        59      2004
                                             1966
 MINIMUM TEMPERATURE (F)   33        23      1957


SUNRISE AND SUNSET
FEBRUARY 21 2018......SUNRISE   707 AM PST   SUNSET   541 PM PST
FEBRUARY 22 2018......SUNRISE   705 AM PST   SUNSET   543 PM PST


-  INDICATES NEGATIVE NUMBERS.
R  INDICATES RECORD WAS SET OR TIED.
MM INDICATES DATA IS MISSING.
T  INDICATES TRACE AMOUNT.




$$
