000
CDUS46 KSEW 310826
CLIBLI


CLIMATE REPORT
NATIONAL WEATHER SERVICE SEATTLE WA
1226 AM PST SAT JAN 31 2015


...................................

...THE BELLINGHAM WA AIRPORT CLIMATE SUMMARY FOR JANUARY 30 2015...

CLIMATE NORMAL PERIOD 1981 TO 2010
CLIMATE RECORD PERIOD 1949 TO 2015


WEATHER ITEM   OBSERVED TIME   RECORD YEAR NORMAL DEPARTURE LAST
                VALUE   (LST)  VALUE       VALUE  FROM      YEAR
                                                  NORMAL
..................................................................
TEMPERATURE (F)
 YESTERDAY
  MAXIMUM         52    236 PM  60    1992  47      5       45
  MINIMUM         31    825 AM   9    1950  33     -2       37
  AVERAGE         42                        40      2       41

PRECIPITATION (IN)
  YESTERDAY        0.00          1.74 1971   0.14  -0.14     0.18
  MONTH TO DATE    5.47                      4.53   0.94     2.91
  SINCE OCT 1     20.20                     18.23   1.97    13.22
  SINCE JAN 1      5.47                      4.53   0.94     2.91

DEGREE DAYS
 HEATING
  YESTERDAY       23                        25     -2       24
  MONTH TO DATE  668                       773   -105      712
  SINCE DEC 1   1363                      1607   -244     1604

 COOLING
  YESTERDAY        0                         0      0        0
  MONTH TO DATE    0                         0      0        0
  SINCE DEC 1      0                         0      0        0
  SINCE JAN 1      0                         0      0        0
..................................................................


WIND (MPH)
  RESULTANT WIND SPEED   0   RESULTANT WIND DIRECTION   W (290)
  HIGHEST WIND SPEED     6   HIGHEST WIND DIRECTION     W (270)
  HIGHEST GUST SPEED     8   HIGHEST GUST DIRECTION     W (280)
  AVERAGE WIND SPEED     0.7


SKY COVER
  AVERAGE SKY COVER 0.2


WEATHER CONDITIONS
 THE FOLLOWING WEATHER WAS RECORDED YESTERDAY.
  FOG
  FOG W/VISIBILITY <= 1/4 MILE


RELATIVE HUMIDITY (PERCENT)
 HIGHEST    96          1200 AM
 LOWEST     56           200 PM
 AVERAGE    76

..........................................................


THE BELLINGHAM WA AIRPORT CLIMATE NORMALS FOR TODAY
                         NORMAL    RECORD    YEAR
 MAXIMUM TEMPERATURE (F)   47        60      1992
 MINIMUM TEMPERATURE (F)   33         0      1950


SUNRISE AND SUNSET
JANUARY 31 2015.......SUNRISE   741 AM PST   SUNSET   506 PM PST
FEBRUARY  1 2015......SUNRISE   740 AM PST   SUNSET   508 PM PST


-  INDICATES NEGATIVE NUMBERS.
R  INDICATES RECORD WAS SET OR TIED.
MM INDICATES DATA IS MISSING.
T  INDICATES TRACE AMOUNT.




$$
