000
CDUS46 KSEW 210829
CLIBLI


CLIMATE REPORT
NATIONAL WEATHER SERVICE SEATTLE WA
1229 AM PST TUE FEB 21 2017


...................................

...THE BELLINGHAM WA AIRPORT CLIMATE SUMMARY FOR FEBRUARY 20 2017...

CLIMATE NORMAL PERIOD 1981 TO 2010
CLIMATE RECORD PERIOD 1949 TO 2017


WEATHER ITEM   OBSERVED TIME   RECORD YEAR NORMAL DEPARTURE LAST
                VALUE   (LST)  VALUE       VALUE  FROM      YEAR
                                                  NORMAL
..................................................................
TEMPERATURE (F)
 YESTERDAY
  MAXIMUM         49   1246 PM  61    1995  49      0       49
  MINIMUM         40    735 AM  15    1986  33      7       37
  AVERAGE         45                        41      4       43

PRECIPITATION (IN)
  YESTERDAY        0.03          1.31 1984   0.11  -0.08     0.10
  MONTH TO DATE    3.69                      2.20   1.49     5.29
  SINCE OCT 1     24.48                     20.57   3.91    22.47
  SINCE JAN 1      5.36                      6.87  -1.51     8.40

DEGREE DAYS
 HEATING
  YESTERDAY       20                        24     -4       22
  MONTH TO DATE  514                       491     23      376
  SINCE DEC 1   2371                      2125    246     1814

 COOLING
  YESTERDAY        0                         0      0        0
  MONTH TO DATE    0                         0      0        0
  SINCE DEC 1      0                         0      0        0
  SINCE JAN 1      0                         0      0        0
..................................................................


WIND (MPH)
  RESULTANT WIND SPEED   1   RESULTANT WIND DIRECTION  NE (40)
  HIGHEST WIND SPEED    22   HIGHEST WIND DIRECTION    SE (150)
  HIGHEST GUST SPEED    27   HIGHEST GUST DIRECTION    SE (150)
  AVERAGE WIND SPEED     5.1


SKY COVER
  AVERAGE SKY COVER 0.9


WEATHER CONDITIONS
 THE FOLLOWING WEATHER WAS RECORDED YESTERDAY.
  LIGHT RAIN
  FOG


RELATIVE HUMIDITY (PERCENT)
 HIGHEST   100           800 PM
 LOWEST     71          1200 AM
 AVERAGE    86

..........................................................


THE BELLINGHAM WA AIRPORT CLIMATE NORMALS FOR TODAY
                         NORMAL    RECORD    YEAR
 MAXIMUM TEMPERATURE (F)   49        61      1958
 MINIMUM TEMPERATURE (F)   33        23      1952


SUNRISE AND SUNSET
FEBRUARY 21 2017......SUNRISE   707 AM PST   SUNSET   542 PM PST
FEBRUARY 22 2017......SUNRISE   705 AM PST   SUNSET   543 PM PST


-  INDICATES NEGATIVE NUMBERS.
R  INDICATES RECORD WAS SET OR TIED.
MM INDICATES DATA IS MISSING.
T  INDICATES TRACE AMOUNT.




$$
