000
CDUS46 KSEW 210846
CLIBLI


CLIMATE REPORT
NATIONAL WEATHER SERVICE SEATTLE WA
1246 AM PST TUE NOV 21 2017


...................................

...THE BELLINGHAM WA AIRPORT CLIMATE SUMMARY FOR NOVEMBER 20 2017...

CLIMATE NORMAL PERIOD 1981 TO 2010
CLIMATE RECORD PERIOD 1949 TO 2017


WEATHER ITEM   OBSERVED TIME   RECORD YEAR NORMAL DEPARTURE LAST
                VALUE   (LST)  VALUE       VALUE  FROM      YEAR
                                                  NORMAL
..................................................................
TEMPERATURE (F)
 YESTERDAY
  MAXIMUM         48    111 AM  62    2002  49     -1       58
  MINIMUM         33   1121 PM  20    1977  36     -3       51
  AVERAGE         41                        42     -1       55

PRECIPITATION (IN)
  YESTERDAY        0.52          0.92 1998   0.19   0.33      T
  MONTH TO DATE    3.30                      3.94  -0.64     4.62
  SINCE OCT 1      8.63                      7.62   1.01    12.02
  SINCE JAN 1     27.30                     29.75  -2.45    31.43

DEGREE DAYS
 HEATING
  YESTERDAY       24                        23      1       10
  MONTH TO DATE  429                       413     16      250
  SINCE SEP 1   1024                      1120    -96      818

 COOLING
  YESTERDAY        0                         0      0        0
  MONTH TO DATE    0                         0      0        0
  SINCE SEP 1     31                         2     29        0
  SINCE JAN 1     97                        42     55      101
..................................................................


WIND (MPH)
  RESULTANT WIND SPEED   1   RESULTANT WIND DIRECTION  NE (30)
  HIGHEST WIND SPEED    13   HIGHEST WIND DIRECTION    SE (130)
  HIGHEST GUST SPEED    17   HIGHEST GUST DIRECTION    SE (130)
  AVERAGE WIND SPEED     3.7


SKY COVER
  AVERAGE SKY COVER 0.7


WEATHER CONDITIONS
 THE FOLLOWING WEATHER WAS RECORDED YESTERDAY.
  RAIN
  LIGHT RAIN
  FOG


RELATIVE HUMIDITY (PERCENT)
 HIGHEST   100           300 AM
 LOWEST     86          1200 AM
 AVERAGE    93

..........................................................


THE BELLINGHAM WA AIRPORT CLIMATE NORMALS FOR TODAY
                         NORMAL    RECORD    YEAR
 MAXIMUM TEMPERATURE (F)   48        58      1968
 MINIMUM TEMPERATURE (F)   36        19      1985


SUNRISE AND SUNSET
NOVEMBER 21 2017......SUNRISE   729 AM PST   SUNSET   423 PM PST
NOVEMBER 22 2017......SUNRISE   730 AM PST   SUNSET   422 PM PST


-  INDICATES NEGATIVE NUMBERS.
R  INDICATES RECORD WAS SET OR TIED.
MM INDICATES DATA IS MISSING.
T  INDICATES TRACE AMOUNT.




$$
