000
CDUS46 KSEW 010828
CLIBLI


CLIMATE REPORT
NATIONAL WEATHER SERVICE SEATTLE WA
128 AM PDT WED OCT 1 2014


...................................

...THE BELLINGHAM WA AIRPORT CLIMATE SUMMARY FOR SEPTEMBER 30 2014...

CLIMATE NORMAL PERIOD 1981 TO 2010
CLIMATE RECORD PERIOD 1949 TO 2014


WEATHER ITEM   OBSERVED TIME   RECORD YEAR NORMAL DEPARTURE LAST
                VALUE   (LST)  VALUE       VALUE  FROM      YEAR
                                                  NORMAL
..................................................................
TEMPERATURE (F)
 YESTERDAY
  MAXIMUM         64    352 PM  77    1987  63      1       55
  MINIMUM         53    609 AM  32    1950  44      9       50
  AVERAGE         59                        54      5       53

PRECIPITATION (IN)
  YESTERDAY        T             0.73 2007   0.08  -0.08     0.53
  MONTH TO DATE    1.87                      1.78   0.09     4.42
  SINCE OCT 1     31.95                     35.83  -3.88    22.28
  SINCE JAN 1     21.64                     22.13  -0.49    20.50

DEGREE DAYS
 HEATING
  YESTERDAY        6                        11     -5       12
  MONTH TO DATE  109                       229   -120      149
  SINCE SEP 1    109                       234   -125      149

 COOLING
  YESTERDAY        0                         0      0        0
  MONTH TO DATE    2                         2      0        6
  SINCE SEP 1      2                         2      0        6
  SINCE JAN 1    117                        42     75       95
..................................................................


WIND (MPH)
  RESULTANT WIND SPEED   5   RESULTANT WIND DIRECTION   S (170)
  HIGHEST WIND SPEED    12   HIGHEST WIND DIRECTION     S (170)
  HIGHEST GUST SPEED    16   HIGHEST GUST DIRECTION     S (160)
  AVERAGE WIND SPEED     4.7


SKY COVER
  AVERAGE SKY COVER 0.7


WEATHER CONDITIONS
 THE FOLLOWING WEATHER WAS RECORDED YESTERDAY.
  LIGHT RAIN


RELATIVE HUMIDITY (PERCENT)
 HIGHEST    93           500 AM
 LOWEST     56           300 PM
 AVERAGE    75

..........................................................


THE BELLINGHAM WA AIRPORT CLIMATE NORMALS FOR TODAY
                         NORMAL    RECORD    YEAR
 MAXIMUM TEMPERATURE (F)   63        78      1987
 MINIMUM TEMPERATURE (F)   44        30      1950


SUNRISE AND SUNSET
OCTOBER  1 2014.......SUNRISE   710 AM PDT   SUNSET   649 PM PDT
OCTOBER  2 2014.......SUNRISE   711 AM PDT   SUNSET   647 PM PDT


-  INDICATES NEGATIVE NUMBERS.
R  INDICATES RECORD WAS SET OR TIED.
MM INDICATES DATA IS MISSING.
T  INDICATES TRACE AMOUNT.




$$
