000
CDUS43 KIND 300533
CLIBMG


CLIMATE REPORT
NATIONAL WEATHER SERVICE INDIANAPOLIS IN
132 AM EDT SAT AUG 30 2014


...................................

...THE BLOOMINGTON IN CLIMATE SUMMARY FOR AUGUST 29 2014...

CLIMATE NORMAL PERIOD 1981 TO 2010
CLIMATE RECORD PERIOD 9999 TO 9999


WEATHER ITEM   OBSERVED TIME   NORMAL DEPARTURE LAST
                VALUE   (LST)  VALUE  FROM      YEAR
                                      NORMAL
......................................................
TEMPERATURE (F)
 YESTERDAY
  MAXIMUM         89    327 PM  84      5       91
  MINIMUM         71    718 AM  60     11       67
  AVERAGE         80            72      8       79

PRECIPITATION (IN)
  YESTERDAY        0.00          0.13  -0.13     0.00
  MONTH TO DATE    2.78          3.27  -0.49     0.26
  SINCE JUN 1     11.70         13.05  -1.35    10.09
  SINCE JAN 1     30.30         32.94  -2.64    29.10

DEGREE DAYS
 HEATING
  YESTERDAY        0             0      0        0
  MONTH TO DATE    1             0      1       10
  SINCE JUN 1      9            17     -8       21
  SINCE JUL 1      6             2      4       14

 COOLING
  YESTERDAY       15             7      8       14
  MONTH TO DATE  255           242     13      223
  SINCE JUN 1    684           726    -42      692
  SINCE JAN 1    810           808      2      811
......................................................


WIND (MPH)
  HIGHEST WIND SPEED    16   HIGHEST WIND DIRECTION    SE (150)
  HIGHEST GUST SPEED    26   HIGHEST GUST DIRECTION    SE (140)
  AVERAGE WIND SPEED     6.4


SKY COVER
  AVERAGE SKY COVER 0.2


WEATHER CONDITIONS
 THE FOLLOWING WEATHER WAS RECORDED YESTERDAY.
  NO SIGNIFICANT WEATHER WAS OBSERVED.


RELATIVE HUMIDITY (PERCENT)
 HIGHEST    84          1200 AM
 LOWEST     55           400 PM
 AVERAGE    70

..........................................................


THE BLOOMINGTON IN CLIMATE NORMALS FOR TODAY
                         NORMAL
 MAXIMUM TEMPERATURE (F)   84
 MINIMUM TEMPERATURE (F)   59


SUNRISE AND SUNSET
AUGUST 30 2014........SUNRISE   713 AM EDT   SUNSET   820 PM EDT
AUGUST 31 2014........SUNRISE   714 AM EDT   SUNSET   819 PM EDT


-  INDICATES NEGATIVE NUMBERS.
R  INDICATES RECORD WAS SET OR TIED.
MM INDICATES DATA IS MISSING.
T  INDICATES TRACE AMOUNT.




$$
