000
CDUS43 KIND 140534
CLIBMG


CLIMATE REPORT
NATIONAL WEATHER SERVICE INDIANAPOLIS IN
1232 AM EST THU DEC 14 2017


...................................

...THE BLOOMINGTON IN CLIMATE SUMMARY FOR DECEMBER 13 2017...

CLIMATE NORMAL PERIOD 1981 TO 2010
CLIMATE RECORD PERIOD 9999 TO 9999


WEATHER ITEM   OBSERVED TIME   NORMAL DEPARTURE LAST
                VALUE   (LST)  VALUE  FROM      YEAR
                                      NORMAL
......................................................
TEMPERATURE (F)
 YESTERDAY
  MAXIMUM         47    707 PM  41      6       34
  MINIMUM         16    513 AM  24     -8       15
  AVERAGE         32            32      0       25

PRECIPITATION (IN)
  YESTERDAY        T             0.09  -0.09     0.25
  MONTH TO DATE    0.45          1.37  -0.92     0.96
  SINCE DEC 1      0.45          1.37  -0.92     0.96
  SINCE JAN 1     39.41         45.38  -5.97    48.76

DEGREE DAYS
 HEATING
  YESTERDAY       33            33      0       40
  MONTH TO DATE  381           397    -16      420
  SINCE DEC 1    381           397    -16      420
  SINCE JUL 1   1298          1453   -155     1103

 COOLING
  YESTERDAY        0             0      0        0
  MONTH TO DATE    0             0      0        0
  SINCE DEC 1      0             0      0        0
  SINCE JAN 1   1088           927    161     1322
......................................................


WIND (MPH)
  HIGHEST WIND SPEED    29   HIGHEST WIND DIRECTION     W (280)
  HIGHEST GUST SPEED    43   HIGHEST GUST DIRECTION    NW (300)
  AVERAGE WIND SPEED    13.2


SKY COVER
  AVERAGE SKY COVER 0.7


WEATHER CONDITIONS
 THE FOLLOWING WEATHER WAS RECORDED YESTERDAY.
  LIGHT RAIN


RELATIVE HUMIDITY (PERCENT)
 HIGHEST    70          1100 PM
 LOWEST     38          1200 PM
 AVERAGE    54

..........................................................


THE BLOOMINGTON IN CLIMATE NORMALS FOR TODAY
                         NORMAL
 MAXIMUM TEMPERATURE (F)   40
 MINIMUM TEMPERATURE (F)   24


SUNRISE AND SUNSET
DECEMBER 14 2017......SUNRISE   758 AM EST   SUNSET   525 PM EST
DECEMBER 15 2017......SUNRISE   759 AM EST   SUNSET   525 PM EST


-  INDICATES NEGATIVE NUMBERS.
R  INDICATES RECORD WAS SET OR TIED.
MM INDICATES DATA IS MISSING.
T  INDICATES TRACE AMOUNT.




$$
