000
CDUS43 KIND 220547
CLIBMG


CLIMATE REPORT
NATIONAL WEATHER SERVICE INDIANAPOLIS IN
1246 AM EST WED FEB 22 2017


...................................

...THE BLOOMINGTON IN CLIMATE SUMMARY FOR FEBRUARY 21 2017...

CLIMATE NORMAL PERIOD 1981 TO 2010
CLIMATE RECORD PERIOD 9999 TO 9999


WEATHER ITEM   OBSERVED TIME   NORMAL DEPARTURE LAST
                VALUE   (LST)  VALUE  FROM      YEAR
                                      NORMAL
......................................................
TEMPERATURE (F)
 YESTERDAY
  MAXIMUM         64    132 PM  45     19       59
  MINIMUM         49    616 AM  24     25       38
  AVERAGE         57            35     22       49

PRECIPITATION (IN)
  YESTERDAY        0.03          0.09  -0.06     0.75
  MONTH TO DATE    0.67          2.19  -1.52     1.44
  SINCE DEC 1      7.05          9.04  -1.99     8.21
  SINCE JAN 1      4.57          5.50  -0.93     2.95

DEGREE DAYS
 HEATING
  YESTERDAY        8            30    -22       16
  MONTH TO DATE  487           690   -203      616
  SINCE DEC 1   2406          2809   -403     2340
  SINCE JUL 1   3089          3865   -776     3132

 COOLING
  YESTERDAY        0             0      0        0
  MONTH TO DATE    0             0      0        0
  SINCE DEC 1      0             0      0        0
  SINCE JAN 1      0             0      0        0
......................................................


WIND (MPH)
  HIGHEST WIND SPEED    10   HIGHEST WIND DIRECTION    SE (150)
  HIGHEST GUST SPEED    13   HIGHEST GUST DIRECTION     S (160)
  AVERAGE WIND SPEED     4.6


SKY COVER
  AVERAGE SKY COVER 0.5


WEATHER CONDITIONS
 THE FOLLOWING WEATHER WAS RECORDED YESTERDAY.
  LIGHT RAIN
  FOG


RELATIVE HUMIDITY (PERCENT)
 HIGHEST    93           700 PM
 LOWEST     56           100 PM
 AVERAGE    75

..........................................................


THE BLOOMINGTON IN CLIMATE NORMALS FOR TODAY
                         NORMAL
 MAXIMUM TEMPERATURE (F)   45
 MINIMUM TEMPERATURE (F)   25


SUNRISE AND SUNSET
FEBRUARY 22 2017......SUNRISE   729 AM EST   SUNSET   632 PM EST
FEBRUARY 23 2017......SUNRISE   727 AM EST   SUNSET   633 PM EST


-  INDICATES NEGATIVE NUMBERS.
R  INDICATES RECORD WAS SET OR TIED.
MM INDICATES DATA IS MISSING.
T  INDICATES TRACE AMOUNT.




$$
