000
CDUS43 KIND 220533
CLIBMG


CLIMATE REPORT
NATIONAL WEATHER SERVICE INDIANAPOLIS IN
133 AM EDT TUE JUL 22 2014


...................................

...THE BLOOMINGTON IN CLIMATE SUMMARY FOR JULY 21 2014...

CLIMATE NORMAL PERIOD 1981 TO 2010
CLIMATE RECORD PERIOD 9999 TO 9999


WEATHER ITEM   OBSERVED TIME   NORMAL DEPARTURE LAST
                VALUE   (LST)  VALUE  FROM      YEAR
                                      NORMAL
......................................................
TEMPERATURE (F)
 YESTERDAY
  MAXIMUM         86    448 PM  84      2       86
  MINIMUM         58    559 AM  64     -6       63
  AVERAGE         72            74     -2       75

PRECIPITATION (IN)
  YESTERDAY        0.00          0.17  -0.17     0.81
  MONTH TO DATE    2.05          3.73  -1.68     3.00
  SINCE JUN 1      7.22          8.62  -1.40     8.57
  SINCE JAN 1     25.82         28.51  -2.69    27.58

DEGREE DAYS
 HEATING
  YESTERDAY        0             0      0        0
  MONTH TO DATE    2             0      2        0
  SINCE JUN 1      5            15    -10        7
  SINCE JUL 1      2             0      2        0

 COOLING
  YESTERDAY        7             9     -2       10
  MONTH TO DATE  112           189    -77      207
  SINCE JUN 1    385           397    -12      431
  SINCE JAN 1    511           479     32      550
......................................................


WIND (MPH)
  HIGHEST WIND SPEED     8   HIGHEST WIND DIRECTION    SW (230)
  HIGHEST GUST SPEED    10   HIGHEST GUST DIRECTION     S (190)
  AVERAGE WIND SPEED     1.2


SKY COVER
  AVERAGE SKY COVER 0.2


WEATHER CONDITIONS
 THE FOLLOWING WEATHER WAS RECORDED YESTERDAY.
  FOG


RELATIVE HUMIDITY (PERCENT)
 HIGHEST   100           600 AM
 LOWEST     44           100 PM
 AVERAGE    72

..........................................................


THE BLOOMINGTON IN CLIMATE NORMALS FOR TODAY
                         NORMAL
 MAXIMUM TEMPERATURE (F)   84
 MINIMUM TEMPERATURE (F)   64


SUNRISE AND SUNSET
JULY 22 2014..........SUNRISE   638 AM EDT   SUNSET   907 PM EDT
JULY 23 2014..........SUNRISE   639 AM EDT   SUNSET   906 PM EDT


-  INDICATES NEGATIVE NUMBERS.
R  INDICATES RECORD WAS SET OR TIED.
MM INDICATES DATA IS MISSING.
T  INDICATES TRACE AMOUNT.




$$
