725
CDUS44 KOHX 100015
CLIBNA


CLIMATE REPORT
NATIONAL WEATHER SERVICE NASHVILLE TN
615 PM CST TUE FEB 9 2016


...................................

...THE NASHVILLE CLIMATE SUMMARY FOR FEBRUARY 9 2016...
VALID TODAY AS OF 0600 PM LOCAL TIME.

CLIMATE NORMAL PERIOD 1981 TO 2010
CLIMATE RECORD PERIOD 1871 TO 2016


WEATHER ITEM   OBSERVED TIME   RECORD YEAR NORMAL DEPARTURE
                VALUE   (LST)  VALUE       VALUE  FROM
                                                  NORMAL
...............................................................
TEMPERATURE (F)
 TODAY
  MAXIMUM         27        MM  73    1965  50    -23
  MINIMUM         24        MM  -5    1971  30     -6
  AVERAGE         26                        40    -14

PRECIPITATION (IN)
  TODAY            0.07          2.29 1950   0.14  -0.07
  MONTH TO DATE    1.34                      1.26   0.08
  SINCE JAN 1      3.51                      5.01  -1.50

SNOWFALL (IN)
  TODAY            2.2           4.1  2003
  MONTH TO DATE    2.9
  SINCE DEC 1     11.1
  SINCE JUL 1     11.1

DEGREE DAYS
 HEATING
  TODAY           39                               14
  MONTH TO DATE  196                              -34
  SINCE DEC 1   1416                             -425
  SINCE JUL 1   1839                             -676

 COOLING
  TODAY            0                                0
  MONTH TO DATE    0                                0
  SINCE DEC 1      8                                7
  SINCE JAN 1      0                                0
...............................................................


WIND (MPH)
  HIGHEST WIND SPEED    15   HIGHEST WIND DIRECTION    NW (310)
  HIGHEST GUST SPEED    25   HIGHEST GUST DIRECTION     W (290)
  AVERAGE WIND SPEED     8.4



WEATHER CONDITIONS
 THE FOLLOWING WEATHER WAS RECORDED TODAY.
  SNOW
  LIGHT SNOW


RELATIVE HUMIDITY (PERCENT)
 HIGHEST    81
 LOWEST     68
 AVERAGE    75

..........................................................


THE NASHVILLE CLIMATE NORMALS FOR TOMORROW
                         NORMAL    RECORD    YEAR
 MAXIMUM TEMPERATURE (F)   50        76      1932
 MINIMUM TEMPERATURE (F)   31        -7      1899


SUNRISE AND SUNSET
FEBRUARY  9 2016......SUNRISE   641 AM CST   SUNSET   521 PM CST
FEBRUARY 10 2016......SUNRISE   640 AM CST   SUNSET   522 PM CST


-  INDICATES NEGATIVE NUMBERS.
R  INDICATES RECORD WAS SET OR TIED.
MM INDICATES DATA IS MISSING.
T  INDICATES TRACE AMOUNT.




$$
