000
CDUS44 KOHX 240836
CLIBNA

CLIMATE REPORT
NATIONAL WEATHER SERVICE NASHVILLE TN
335 AM CDT TUE OCT 24 2017

...THE NASHVILLE CLIMATE SUMMARY FOR OCTOBER 23 2017...

CLIMATE NORMAL PERIOD 1981 TO 2010
CLIMATE RECORD PERIOD 1871 TO 2017


WEATHER ITEM   OBSERVED TIME   RECORD YEAR NORMAL DEPARTURE
                VALUE   (LST)  VALUE       VALUE  FROM
                                                  NORMAL
...............................................................
TEMPERATURE (F)
 YESTERDAY
  MAXIMUM         72   1237 AM  87    1939  69      3
  MINIMUM         50   1009 PM  30    1952  47      3
  AVERAGE         61                        58      3

PRECIPITATION (IN)
  YESTERDAY        1.33          2.18 2007   0.10   1.23
  MONTH TO DATE    2.01                      2.21  -0.20
  SINCE JAN 1     42.43                     37.87   4.56

SNOWFALL (IN)
  YESTERDAY        0.0           0.0  2002
                                      2001
                                      2000
  MONTH TO DATE    0.0
  SINCE SEP 1      0.0
  SINCE JUL 1      0.0

DEGREE DAYS
 HEATING
  YESTERDAY        4                               -4
  MONTH TO DATE   45                              -75
  SINCE SEP 1     57                              -87
  SINCE JUL 1     57                              -87

 COOLING
  YESTERDAY        0                               -1
  MONTH TO DATE   97                               56
  SINCE SEP 1    320                               59
  SINCE JAN 1   1900                              265
...............................................................

WIND (MPH)
  HIGHEST WIND SPEED    21   HIGHEST WIND DIRECTION     S (160)
  HIGHEST GUST SPEED    29   HIGHEST GUST DIRECTION     W (290)
  AVERAGE WIND SPEED     8.4


RELATIVE HUMIDITY (PERCENT)
 HIGHEST    93
 LOWEST     62

..........................................................

THE NASHVILLE CLIMATE NORMALS FOR TODAY
                         NORMAL    RECORD    YEAR
 MAXIMUM TEMPERATURE (F)   69        85      2000
                                             1927
 MINIMUM TEMPERATURE (F)   46        28      1981


SUNRISE AND SUNSET
OCTOBER 24 2017.......SUNRISE   702 AM CDT   SUNSET   559 PM CDT
OCTOBER 25 2017.......SUNRISE   703 AM CDT   SUNSET   558 PM CDT


-  INDICATES NEGATIVE NUMBERS.
R  INDICATES RECORD WAS SET OR TIED.
MM INDICATES DATA IS MISSING.
T  INDICATES TRACE AMOUNT.
$$
31
