306
CDUS44 KOHX 221345
CLIBNA


CLIMATE REPORT
NATIONAL WEATHER SERVICE NASHVILLE TN
845 AM CDT MON MAY 22 2017


...................................

...THE NASHVILLE CLIMATE SUMMARY FOR MAY 22 2017...
VALID AS OF 0800 AM LOCAL TIME.

CLIMATE NORMAL PERIOD 1981 TO 2010
CLIMATE RECORD PERIOD 1871 TO 2017


WEATHER ITEM   OBSERVED TIME   RECORD YEAR NORMAL DEPARTURE
                VALUE   (LST)  VALUE       VALUE  FROM
                                                  NORMAL
...............................................................
TEMPERATURE (F)
 TODAY
  MINIMUM         60        MM  41    2002  59      1

PRECIPITATION (IN)
  TODAY            0.00          2.56 1974   0.16  -0.16
  MONTH TO DATE    2.88                      4.04  -1.16
  SINCE JAN 1     19.20                     19.84  -0.64

SNOWFALL (IN)
  TODAY            0.0           0.0  2002
                                      2001
  MONTH TO DATE    0.0
  SINCE MAR 1      1.5
  SINCE JUL 1      2.2

DEGREE DAYS
 HEATING
  TODAY            1                                0
  MONTH TO DATE   39                              -10
  SINCE MAR 1    480                             -259
  SINCE JUL 1   2448                            -1229

 COOLING
  TODAY            0                               -5
  MONTH TO DATE  126                               49
  SINCE MAR 1    251                              129
  SINCE JAN 1    258                              136
...............................................................


WIND (MPH)
  HIGHEST WIND SPEED    14   HIGHEST WIND DIRECTION    NE (50)
  HIGHEST GUST SPEED    MM   HIGHEST GUST DIRECTION    MM
  AVERAGE WIND SPEED     8.5




RELATIVE HUMIDITY (PERCENT)
 HIGHEST    78
 LOWEST     63
 AVERAGE    71

..........................................................


THE NASHVILLE CLIMATE NORMALS FOR TOMORROW
                         NORMAL    RECORD    YEAR
 MAXIMUM TEMPERATURE (F)   80        91      2010
                                             1970
                                             1921
 MINIMUM TEMPERATURE (F)   59        42      1917


SUNRISE AND SUNSET
MAY 22 2017...........SUNRISE   536 AM CDT   SUNSET   752 PM CDT
MAY 23 2017...........SUNRISE   535 AM CDT   SUNSET   752 PM CDT


-  INDICATES NEGATIVE NUMBERS.
R  INDICATES RECORD WAS SET OR TIED.
MM INDICATES DATA IS MISSING.
T  INDICATES TRACE AMOUNT.




$$
