000
CDUS44 KOHX 200639
CLIBNA


CLIMATE REPORT
NATIONAL WEATHER SERVICE NASHVILLE TN
139 AM CDT MON OCT 20 2014


...................................

...THE NASHVILLE CLIMATE SUMMARY FOR OCTOBER 19 2014...

CLIMATE NORMAL PERIOD 1981 TO 2010
CLIMATE RECORD PERIOD 1871 TO 2014


WEATHER ITEM   OBSERVED TIME   RECORD YEAR NORMAL DEPARTURE
                VALUE   (LST)  VALUE       VALUE  FROM
                                                  NORMAL
...............................................................
TEMPERATURE (F)
 YESTERDAY
  MAXIMUM         66    320 PM  89    2005  71     -5
  MINIMUM         44    613 AM  29    1948  48     -4
  AVERAGE         55                        59     -4

PRECIPITATION (IN)
  YESTERDAY        0.00          0.87 1885   0.09  -0.09
  MONTH TO DATE    7.60                      1.83   5.77
  SINCE SEP 1      7.81                      5.24   2.57
  SINCE JAN 1     43.21                     37.49   5.72

SNOWFALL (IN)
  YESTERDAY        0.0           0.0  2002   0.0    0.0
                                      2001
                                      2000
  MONTH TO DATE    0.0                       0.0    0.0
  SINCE SEP 1      0.0                       0.0    0.0
  SINCE JUL 1      0.0                       0.0    0.0
  SNOW DEPTH       0

DEGREE DAYS
 HEATING
  YESTERDAY       10                                3
  MONTH TO DATE   67                              -23
  SINCE SEP 1     70                              -44
  SINCE JUL 1     70                              -44

 COOLING
  YESTERDAY        0                               -1
  MONTH TO DATE   53                               16
  SINCE SEP 1    305                               48
  SINCE JAN 1   1794                              163
...............................................................


WIND (MPH)
  HIGHEST WIND SPEED    10   HIGHEST WIND DIRECTION     E (90)
  HIGHEST GUST SPEED    13   HIGHEST GUST DIRECTION     E (70)
  AVERAGE WIND SPEED     3.5




RELATIVE HUMIDITY (PERCENT)
 HIGHEST    93
 LOWEST     48
 AVERAGE    71

..........................................................


THE NASHVILLE CLIMATE NORMALS FOR TODAY
                         NORMAL    RECORD    YEAR
 MAXIMUM TEMPERATURE (F)   70        87      1953
                                             1947
                                             1941
 MINIMUM TEMPERATURE (F)   48        30      1917
                                             1913


SUNRISE AND SUNSET
OCTOBER 20 2014.......SUNRISE   658 AM CDT   SUNSET   604 PM CDT
OCTOBER 21 2014.......SUNRISE   659 AM CDT   SUNSET   603 PM CDT


-  INDICATES NEGATIVE NUMBERS.
R  INDICATES RECORD WAS SET OR TIED.
MM INDICATES DATA IS MISSING.
T  INDICATES TRACE AMOUNT.




$$
