000
CDUS44 KOHX 010707 RRA
CLIBNA

CLIMATE REPORT
NATIONAL WEATHER SERVICE NASHVILLE TN
201 AM CDT SAT AUG 1 2015


...................................

...THE NASHVILLE CLIMATE SUMMARY FOR JULY 31 2015...

CLIMATE NORMAL PERIOD 1981 TO 2010
CLIMATE RECORD PERIOD 1871 TO 2015


WEATHER ITEM   OBSERVED TIME   RECORD YEAR NORMAL DEPARTURE
                VALUE   (LST)  VALUE       VALUE  FROM
                                                  NORMAL
...............................................................
TEMPERATURE (F)
 YESTERDAY
  MAXIMUM         91    250 PM  99    1999  90      1
                                      1954
                                      1915
  MINIMUM         65    536 AM  54    1965  70     -5
  AVERAGE         78                        80     -2

PRECIPITATION (IN)
  YESTERDAY        0.00          2.16 1929   0.11  -0.11
  MONTH TO DATE    7.07                      3.64   3.43
  SINCE JUN 1     10.45                      7.78   2.67
  SINCE JAN 1     31.45                     29.08   2.37

SNOWFALL (IN)
  YESTERDAY        0.0           0.0  2002   0.0    0.0
                                      2001
  MONTH TO DATE    0.0                       0.0    0.0
  SINCE JUN 1      0.0                       0.0    0.0
  SINCE JUL 1      0.0                       0.0    0.0
  SNOW DEPTH       0

DEGREE DAYS
 HEATING
  YESTERDAY        0                                0
  MONTH TO DATE    0                                0
  SINCE JUN 1      0                               -3
  SINCE JUL 1      0                                0

 COOLING
  YESTERDAY       13                               -1
  MONTH TO DATE  499                               53
  SINCE JUN 1    892                              122
  SINCE JAN 1   1148                              199
...............................................................


WIND (MPH)
  HIGHEST WIND SPEED    15   HIGHEST WIND DIRECTION     N (10)
  HIGHEST GUST SPEED    22   HIGHEST GUST DIRECTION    NW (310)
  AVERAGE WIND SPEED     5.6




RELATIVE HUMIDITY (PERCENT)
 HIGHEST    93
 LOWEST     37
 AVERAGE    65

..........................................................


THE NASHVILLE CLIMATE NORMALS FOR TODAY
                         NORMAL    RECORD    YEAR
 MAXIMUM TEMPERATURE (F)   90        99      1942
 MINIMUM TEMPERATURE (F)   70        58      1918
                                             1895


SUNRISE AND SUNSET
AUGUST  1 2015........SUNRISE   554 AM CDT   SUNSET   752 PM CDT
AUGUST  2 2015........SUNRISE   554 AM CDT   SUNSET   751 PM CDT


-  INDICATES NEGATIVE NUMBERS.
R  INDICATES RECORD WAS SET OR TIED.
MM INDICATES DATA IS MISSING.
T  INDICATES TRACE AMOUNT.




$$
