000
CDUS44 KOHX 240638
CLIBNA


CLIMATE REPORT
NATIONAL WEATHER SERVICE NASHVILLE TN
138 AM CDT SAT JUN 24 2017


...................................

...THE NASHVILLE CLIMATE SUMMARY FOR JUNE 23 2017...

CLIMATE NORMAL PERIOD 1981 TO 2010
CLIMATE RECORD PERIOD 1871 TO 2017


WEATHER ITEM   OBSERVED TIME   RECORD YEAR NORMAL DEPARTURE
                VALUE   (LST)  VALUE       VALUE  FROM
                                                  NORMAL
...............................................................
TEMPERATURE (F)
 YESTERDAY
  MAXIMUM         87   1017 AM 101    1988  88     -1
  MINIMUM         76    109 PM  53    1992  67      9
                                      1972
                                      1902
  AVERAGE         82                        78      4

PRECIPITATION (IN)
  YESTERDAY        0.28          1.38 1969   0.14   0.14
  MONTH TO DATE    3.97                      3.26   0.71
  SINCE JAN 1     24.23                     24.56  -0.33

SNOWFALL (IN)
  YESTERDAY        0.0           0.0  2002
                                      2001
  MONTH TO DATE    0.0
  SINCE JUN 1      0.0
  SINCE JUL 1      2.2

DEGREE DAYS
 HEATING
  YESTERDAY        0                                0
  MONTH TO DATE    0                                0
  SINCE JUN 1      0                                0
  SINCE JUL 1   2450                            -1235

 COOLING
  YESTERDAY       17                                4
  MONTH TO DATE  265                               33
  SINCE JUN 1    265                               33
  SINCE JAN 1    584                              173
...............................................................


WIND (MPH)
  HIGHEST WIND SPEED    28   HIGHEST WIND DIRECTION     S (180)
  HIGHEST GUST SPEED    40   HIGHEST GUST DIRECTION    SW (240)
  AVERAGE WIND SPEED    12.1




RELATIVE HUMIDITY (PERCENT)
 HIGHEST    88
 LOWEST     65

..........................................................


THE NASHVILLE CLIMATE NORMALS FOR TODAY
                         NORMAL    RECORD    YEAR
 MAXIMUM TEMPERATURE (F)   88       102      1988
                                             1952
 MINIMUM TEMPERATURE (F)   68        48      1972


SUNRISE AND SUNSET
JUNE 24 2017..........SUNRISE   531 AM CDT   SUNSET   808 PM CDT
JUNE 25 2017..........SUNRISE   531 AM CDT   SUNSET   808 PM CDT


-  INDICATES NEGATIVE NUMBERS.
R  INDICATES RECORD WAS SET OR TIED.
MM INDICATES DATA IS MISSING.
T  INDICATES TRACE AMOUNT.




$$
