000
CDUS44 KOHX 260648
CLIBNA


CLIMATE REPORT
NATIONAL WEATHER SERVICE NASHVILLE TN
148 AM CDT THU MAY 26 2016


...................................

...THE NASHVILLE CLIMATE SUMMARY FOR MAY 25 2016...

CLIMATE NORMAL PERIOD 1981 TO 2010
CLIMATE RECORD PERIOD 1871 TO 2016


WEATHER ITEM   OBSERVED TIME   RECORD YEAR NORMAL DEPARTURE
                VALUE   (LST)  VALUE       VALUE  FROM
                                                  NORMAL
...............................................................
TEMPERATURE (F)
 YESTERDAY
  MAXIMUM         88    117 PM  93    1926  80      8
  MINIMUM         65    936 PM  43    1925  59      6
  AVERAGE         77                        70      7

PRECIPITATION (IN)
  YESTERDAY        0.29          1.89 1889   0.16   0.13
  MONTH TO DATE    2.37                      4.52  -2.15
  SINCE JAN 1     14.45                     20.32  -5.87

SNOWFALL (IN)
  YESTERDAY        0.0           0.0  2002
                                      2001
  MONTH TO DATE    0.0
  SINCE MAR 1      0.0
  SINCE JUL 1     11.3

DEGREE DAYS
 HEATING
  YESTERDAY        0                               -1
  MONTH TO DATE   67                               15
  SINCE MAR 1    493                             -249
  SINCE JUL 1   2736                             -944

 COOLING
  YESTERDAY       12                                6
  MONTH TO DATE   83                              -11
  SINCE MAR 1    162                               23
  SINCE JAN 1    162                               23
...............................................................


WIND (MPH)
  HIGHEST WIND SPEED    23   HIGHEST WIND DIRECTION     W (290)
  HIGHEST GUST SPEED    28   HIGHEST GUST DIRECTION     W (280)
  AVERAGE WIND SPEED     5.4



WEATHER CONDITIONS
 THE FOLLOWING WEATHER WAS RECORDED YESTERDAY.
  THUNDERSTORM
  HEAVY RAIN
  RAIN
  LIGHT RAIN
  FOG


RELATIVE HUMIDITY (PERCENT)
 HIGHEST    93
 LOWEST     44

..........................................................


THE NASHVILLE CLIMATE NORMALS FOR TODAY
                         NORMAL    RECORD    YEAR
 MAXIMUM TEMPERATURE (F)   81        95      2012
 MINIMUM TEMPERATURE (F)   60        44      1961


SUNRISE AND SUNSET
MAY 26 2016...........SUNRISE   533 AM CDT   SUNSET   755 PM CDT
MAY 27 2016...........SUNRISE   533 AM CDT   SUNSET   755 PM CDT


-  INDICATES NEGATIVE NUMBERS.
R  INDICATES RECORD WAS SET OR TIED.
MM INDICATES DATA IS MISSING.
T  INDICATES TRACE AMOUNT.




$$
