000
CDUS44 KOHX 270821
CLIBNA

CLIMATE REPORT
NATIONAL WEATHER SERVICE NASHVILLE TN
222 AM CST MON FEB 27 2017

...THE NASHVILLE CLIMATE SUMMARY FOR FEBRUARY 26 2017...

CLIMATE NORMAL PERIOD 1981 TO 2010
CLIMATE RECORD PERIOD 1871 TO 2017


WEATHER ITEM   OBSERVED TIME   RECORD YEAR NORMAL DEPARTURE
                VALUE   (LST)  VALUE       VALUE  FROM
                                                  NORMAL
...............................................................
TEMPERATURE (F)
 YESTERDAY
  MAXIMUM         57    343 PM  79    1917  55      2
  MINIMUM         27    622 AM   8    1967  34     -7
  AVERAGE         42                        45     -3

PRECIPITATION (IN)
  YESTERDAY        0.00          2.86 1962   0.14  -0.14
  MONTH TO DATE    1.42                      3.66  -2.24
  SINCE JAN 1      4.76                      7.41  -2.65

SNOWFALL (IN)
  YESTERDAY        0.0           2.0  1982
  MONTH TO DATE    0.0
  SINCE DEC 1      0.7
  SINCE JUL 1      0.7

DEGREE DAYS
 HEATING
  YESTERDAY       23                                3
  MONTH TO DATE  369                             -244
  SINCE DEC 1   1598                             -626
  SINCE JUL 1   1952                             -946

 COOLING
  YESTERDAY        0                                0
  MONTH TO DATE    7                                7
  SINCE DEC 1     11                               10
  SINCE JAN 1      7                                7
...............................................................


WIND (MPH)
  HIGHEST WIND SPEED    14   HIGHEST WIND DIRECTION    SE (120)
  HIGHEST GUST SPEED    17   HIGHEST GUST DIRECTION    SE (120)
  AVERAGE WIND SPEED     4.9




RELATIVE HUMIDITY (PERCENT)
 HIGHEST    75
 LOWEST     22

..........................................................


THE NASHVILLE CLIMATE NORMALS FOR TODAY
                         NORMAL    RECORD    YEAR
 MAXIMUM TEMPERATURE (F)   55        78      1981
 MINIMUM TEMPERATURE (F)   35         6      1934


SUNRISE AND SUNSET
FEBRUARY 27 2017......SUNRISE   619 AM CST   SUNSET   540 PM CST
FEBRUARY 28 2017......SUNRISE   618 AM CST   SUNSET   541 PM CST


-  INDICATES NEGATIVE NUMBERS.
R  INDICATES RECORD WAS SET OR TIED.
MM INDICATES DATA IS MISSING.
T  INDICATES TRACE AMOUNT.

$$

21
