000
CDUS44 KOHX 191326
CLIBNA

CLIMATE REPORT
NATIONAL WEATHER SERVICE NASHVILLE TN
725 AM CST FRI DEC 19 2014


...................................

...THE NASHVILLE CLIMATE SUMMARY FOR DECEMBER 18 2014...
VALID AS OF 0400 PM LOCAL TIME.

CLIMATE NORMAL PERIOD 1981 TO 2010
CLIMATE RECORD PERIOD 1871 TO 2014


WEATHER ITEM   OBSERVED TIME   RECORD YEAR NORMAL DEPARTURE
                VALUE   (LST)  VALUE       VALUE  FROM
                                                  NORMAL
...............................................................
TEMPERATURE (F)
 TODAY
  MAXIMUM         39    323 PM  72    2006  49    -10
  MINIMUM         33    732 AM   4    1884  31      2
  AVERAGE         36                        40     -4

PRECIPITATION (IN)
  TODAY            0.14          1.61 1990   0.13   0.01
  MONTH TO DATE    1.63                      2.68  -1.05
  SINCE DEC 1      1.63                      2.68  -1.05
  SINCE JAN 1     49.01                     45.69   3.32

SNOWFALL (IN)
  TODAY            0.0           6.0  1916   0.0    0.0
  MONTH TO DATE    0.0                       0.2   -0.2
  SINCE DEC 1      0.0                       0.2   -0.2
  SINCE JUL 1      0.2                       0.2    0.0
  SNOW DEPTH       0

DEGREE DAYS
 HEATING
  TODAY           29                                4
  MONTH TO DATE  381                              -39
  SINCE DEC 1    381                              -39
  SINCE JUL 1   1155                               61

 COOLING
  TODAY            0                                0
  MONTH TO DATE    0                                0
  SINCE DEC 1      0                                0
  SINCE JAN 1   1803                              158
...............................................................


WIND (MPH)
  HIGHEST WIND SPEED     8   HIGHEST WIND DIRECTION    NW (310)
  HIGHEST GUST SPEED    12   HIGHEST GUST DIRECTION     N (340)
  AVERAGE WIND SPEED     3.4




RELATIVE HUMIDITY (PERCENT)
 HIGHEST    96
 LOWEST     70

..........................................................
LOW SINCE MIDNIGHT......................................35
PRECIPITATION SINCE MIDNIGHT..........................0.00

THE NASHVILLE CLIMATE NORMALS FOR TOMORROW
                         NORMAL    RECORD    YEAR
 MAXIMUM TEMPERATURE (F)   48        73      2008
                                             1889
 MINIMUM TEMPERATURE (F)   31         1      1884


SUNRISE AND SUNSET
DECEMBER 18 2014......SUNRISE   652 AM CST   SUNSET   435 PM CST
DECEMBER 19 2014......SUNRISE   653 AM CST   SUNSET   435 PM CST


-  INDICATES NEGATIVE NUMBERS.
R  INDICATES RECORD WAS SET OR TIED.
MM INDICATES DATA IS MISSING.
T  INDICATES TRACE AMOUNT.




$$
