000
CDUS45 KBOI 300930
CLIBNO


CLIMATE REPORT
NATIONAL WEATHER SERVICE BOISE ID
330 AM MDT TUE JUN 30 2015


...................................

...THE BURNS OR CLIMATE SUMMARY FOR JUNE 29 2015...

CLIMATE NORMAL PERIOD 1981 TO 2010
CLIMATE RECORD PERIOD 1938 TO 2015


WEATHER ITEM   OBSERVED TIME   RECORD YEAR NORMAL DEPARTURE LAST
                VALUE   (LST)  VALUE       VALUE  FROM      YEAR
                                                  NORMAL
..................................................................
TEMPERATURE (F)
 YESTERDAY
  MAXIMUM         96    428 PM 100    2008  80     16       79
  MINIMUM         65    443 AM  31    1988  45     20       41
                                      1947
  AVERAGE         81                        62     19       60

PRECIPITATION (IN)
  YESTERDAY        0.00          0.10 1992   0.02  -0.02     0.00
                                      1991
  MONTH TO DATE    T                         0.75  -0.75     0.44
  SINCE OCT 1      8.56                      9.71  -1.15     6.37
  SINCE JAN 1      4.06                      6.21  -2.15     5.40

DEGREE DAYS
 HEATING
  YESTERDAY        0                         4     -4        5
  MONTH TO DATE   49                       215   -166      180
  SINCE JUN 1     49                       215   -166      180
  SINCE JUL 1   6217                      7685  -1468     7288

 COOLING
  YESTERDAY       16                         2     14        0
  MONTH TO DATE   98                        17     81        8
  SINCE JUN 1     98                        17     81        8
  SINCE JAN 1    101                        20     81        8
..................................................................


WIND (MPH)
  HIGHEST WIND SPEED    14   HIGHEST WIND DIRECTION     W (270)
  HIGHEST GUST SPEED    17   HIGHEST GUST DIRECTION     S (170)
  AVERAGE WIND SPEED     7.2


SKY COVER
  POSSIBLE SUNSHINE  MM
  AVERAGE SKY COVER 0.0


WEATHER CONDITIONS
 THE FOLLOWING WEATHER WAS RECORDED YESTERDAY.
  NO SIGNIFICANT WEATHER WAS OBSERVED.


RELATIVE HUMIDITY (PERCENT)
 HIGHEST    63           100 AM
 LOWEST     14           400 PM
 AVERAGE    39

..........................................................


THE BURNS OR CLIMATE NORMALS FOR TODAY
                         NORMAL    RECORD    YEAR
 MAXIMUM TEMPERATURE (F)   81       100      2013
 MINIMUM TEMPERATURE (F)   45        32      1988
                                             1949


SUNRISE AND SUNSET
JUNE 30 2015..........SUNRISE   518 AM PDT   SUNSET   841 PM PDT
JULY  1 2015..........SUNRISE   518 AM PDT   SUNSET   841 PM PDT


-  INDICATES NEGATIVE NUMBERS.
R  INDICATES RECORD WAS SET OR TIED.
MM INDICATES DATA IS MISSING.
T  INDICATES TRACE AMOUNT.




$$
