000
CDUS45 KBOI 220121
CLIBNO


CLIMATE REPORT
NATIONAL WEATHER SERVICE BOISE ID
721 PM MDT SAT OCT 21 2017


...................................

...THE BURNS OR CLIMATE SUMMARY FOR OCTOBER 21 2017...
VALID TODAY AS OF 0600 PM LOCAL TIME.

CLIMATE NORMAL PERIOD 1981 TO 2010
CLIMATE RECORD PERIOD 1938 TO 2017


WEATHER ITEM   OBSERVED TIME   RECORD YEAR NORMAL DEPARTURE LAST
                VALUE   (LST)  VALUE       VALUE  FROM      YEAR
                                                  NORMAL
..................................................................
TEMPERATURE (F)
 TODAY
  MAXIMUM         37    450 PM  82    2003  59    -22       60
  MINIMUM         20   1234 AM  14    2012  26     -6       28
  AVERAGE         29                        43    -14       44

PRECIPITATION (IN)
  TODAY            0.35R         0.16 1989   0.03   0.32      T
  MONTH TO DATE    0.61                      0.47   0.14     0.76
  SINCE OCT 1      0.61                      0.47   0.14     0.76
  SINCE JAN 1      9.25                      7.89   1.36     5.28

DEGREE DAYS
 HEATING
  TODAY           36                        22     14       21
  MONTH TO DATE  550                       390    160      415
  SINCE SEP 1    849                       672    177      721
  SINCE JUL 1    864                       809     55      837

 COOLING
  TODAY            0                         0      0        0
  MONTH TO DATE    0                         0      0        0
  SINCE SEP 1     50                         9     41        0
  SINCE JAN 1    343                       215    128      226
..................................................................


WIND (MPH)
  HIGHEST WIND SPEED     8   HIGHEST WIND DIRECTION     N (20)
  HIGHEST GUST SPEED    10   HIGHEST GUST DIRECTION    NE (30)
  AVERAGE WIND SPEED     3.8



WEATHER CONDITIONS
 THE FOLLOWING WEATHER WAS RECORDED TODAY.
  SNOW
  LIGHT SNOW
  FOG


RELATIVE HUMIDITY (PERCENT)
 HIGHEST   100          1200 AM
 LOWEST    100          1200 AM
 AVERAGE   100

..........................................................


THE BURNS OR CLIMATE NORMALS FOR TOMORROW
                         NORMAL    RECORD    YEAR
 MAXIMUM TEMPERATURE (F)   59        80      2003
 MINIMUM TEMPERATURE (F)   26         7      1980


SUNRISE AND SUNSET
OCTOBER 21 2017.......SUNRISE   718 AM PDT   SUNSET   602 PM PDT
OCTOBER 22 2017.......SUNRISE   719 AM PDT   SUNSET   601 PM PDT


-  INDICATES NEGATIVE NUMBERS.
R  INDICATES RECORD WAS SET OR TIED.
MM INDICATES DATA IS MISSING.
T  INDICATES TRACE AMOUNT.




$$
