000
CDUS45 KBOI 290931
CLIBNO


CLIMATE REPORT
NATIONAL WEATHER SERVICE BOISE ID
331 AM MDT SUN MAY 29 2016


...................................

...THE BURNS OR CLIMATE SUMMARY FOR MAY 28 2016...

CLIMATE NORMAL PERIOD 1981 TO 2010
CLIMATE RECORD PERIOD 1938 TO 2016


WEATHER ITEM   OBSERVED TIME   RECORD YEAR NORMAL DEPARTURE LAST
                VALUE   (LST)  VALUE       VALUE  FROM      YEAR
                                                  NORMAL
..................................................................
TEMPERATURE (F)
 YESTERDAY
  MAXIMUM         68    521 PM  92    2003  69     -1       77
  MINIMUM         29    347 AM  26    2007  39    -10       40
  AVERAGE         49                        54     -5       59

PRECIPITATION (IN)
  YESTERDAY        0.00          0.47 1988   0.04  -0.04     0.00
  MONTH TO DATE    0.69                      1.10  -0.41     1.68
  SINCE OCT 1      8.72                      8.83  -0.11     8.43
  SINCE JAN 1      3.85                      5.33  -1.48     3.93

DEGREE DAYS
 HEATING
  YESTERDAY       16                        11      5        6
  MONTH TO DATE  374                       397    -23      332
  SINCE MAR 1   1590                      1909   -319     1693
  SINCE JUL 1   6751                      7437   -686     6167

 COOLING
  YESTERDAY        0                         0      0        0
  MONTH TO DATE    0                         0      0        0
  SINCE MAR 1      0                         0      0        0
  SINCE JAN 1      0                         0      0        0
..................................................................


WIND (MPH)
  HIGHEST WIND SPEED    12   HIGHEST WIND DIRECTION    SE (150)
  HIGHEST GUST SPEED    14   HIGHEST GUST DIRECTION    SE (140)
  AVERAGE WIND SPEED     5.6


SKY COVER
  POSSIBLE SUNSHINE  MM
  AVERAGE SKY COVER 0.0


WEATHER CONDITIONS
 THE FOLLOWING WEATHER WAS RECORDED YESTERDAY.
  NO SIGNIFICANT WEATHER WAS OBSERVED.


RELATIVE HUMIDITY (PERCENT)
 HIGHEST    82           500 AM
 LOWEST     22           200 PM
 AVERAGE    52

..........................................................


THE BURNS OR CLIMATE NORMALS FOR TODAY
                         NORMAL    RECORD    YEAR
 MAXIMUM TEMPERATURE (F)   70        92      1986
 MINIMUM TEMPERATURE (F)   39        23      2014


SUNRISE AND SUNSET
MAY 29 2016...........SUNRISE   519 AM PDT   SUNSET   828 PM PDT
MAY 30 2016...........SUNRISE   518 AM PDT   SUNSET   829 PM PDT


-  INDICATES NEGATIVE NUMBERS.
R  INDICATES RECORD WAS SET OR TIED.
MM INDICATES DATA IS MISSING.
T  INDICATES TRACE AMOUNT.




$$
