000
CDUS45 KBOI 280122
CLIBNO


CLIMATE REPORT
NATIONAL WEATHER SERVICE BOISE ID
722 PM MDT FRI MAR 27 2015


...................................

...THE BURNS OR CLIMATE SUMMARY FOR MARCH 27 2015...
VALID TODAY AS OF 0600 PM LOCAL TIME.

CLIMATE NORMAL PERIOD 1981 TO 2010
CLIMATE RECORD PERIOD 1939 TO 2015


WEATHER ITEM   OBSERVED TIME   RECORD YEAR NORMAL DEPARTURE LAST
                VALUE   (LST)  VALUE       VALUE  FROM      YEAR
                                                  NORMAL
..................................................................
TEMPERATURE (F)
 TODAY
  MAXIMUM         76R   404 PM  72    1966  53     23       46
  MINIMUM         33    559 AM  10    1975  27      6       29
  AVERAGE         55                        40     15       38

PRECIPITATION (IN)
  TODAY            0.00          0.40 1996   0.03  -0.03     0.15
  MONTH TO DATE    0.95                      0.96  -0.01     1.06
  SINCE OCT 1      6.60                      6.67  -0.07     4.15
  SINCE JAN 1      2.10                      3.17  -1.07     3.18

DEGREE DAYS
 HEATING
  TODAY           10                        25    -15       27
  MONTH TO DATE  607                       759   -152      688
  SINCE MAR 1    607                       759   -152      688
  SINCE JUL 1   5081                      6287  -1206     5971

 COOLING
  TODAY            0                         0      0        0
  MONTH TO DATE    0                         0      0        0
  SINCE MAR 1      0                         0      0        0
  SINCE JAN 1      0                         0      0        0
..................................................................


WIND (MPH)
  HIGHEST WIND SPEED    17   HIGHEST WIND DIRECTION     S (180)
  HIGHEST GUST SPEED    21   HIGHEST GUST DIRECTION     S (190)
  AVERAGE WIND SPEED     4.5



WEATHER CONDITIONS
 THE FOLLOWING WEATHER WAS RECORDED TODAY.
  NO SIGNIFICANT WEATHER WAS OBSERVED.


RELATIVE HUMIDITY (PERCENT)
 HIGHEST    92           300 AM
 LOWEST     19           400 PM
 AVERAGE    56

..........................................................


THE BURNS OR CLIMATE NORMALS FOR TOMORROW
                         NORMAL    RECORD    YEAR
 MAXIMUM TEMPERATURE (F)   53        73      1978
                                             1966
 MINIMUM TEMPERATURE (F)   27         8      1975


SUNRISE AND SUNSET
MARCH 27 2015.........SUNRISE   647 AM PDT   SUNSET   716 PM PDT
MARCH 28 2015.........SUNRISE   645 AM PDT   SUNSET   718 PM PDT


-  INDICATES NEGATIVE NUMBERS.
R  INDICATES RECORD WAS SET OR TIED.
MM INDICATES DATA IS MISSING.
T  INDICATES TRACE AMOUNT.




$$
