000
CDUS45 KBOI 280932
CLIBNO


CLIMATE REPORT
NATIONAL WEATHER SERVICE BOISE ID
332 AM MDT FRI AUG 28 2015


...................................

...THE BURNS OR CLIMATE SUMMARY FOR AUGUST 27 2015...

CLIMATE NORMAL PERIOD 1981 TO 2010
CLIMATE RECORD PERIOD 1938 TO 2015


WEATHER ITEM   OBSERVED TIME   RECORD YEAR NORMAL DEPARTURE LAST
                VALUE   (LST)  VALUE       VALUE  FROM      YEAR
                                                  NORMAL
..................................................................
TEMPERATURE (F)
 YESTERDAY
  MAXIMUM         90    234 PM  95    1986  82      8       91
                                      1974
  MINIMUM         43    518 AM  32    1995  42      1       41
                                      1960
  AVERAGE         67                        62      5       66

PRECIPITATION (IN)
  YESTERDAY        0.00          0.11 1996   0.01  -0.01     0.00
  MONTH TO DATE    0.21                      0.31  -0.10     0.19
  SINCE OCT 1      9.28                     10.43  -1.15     6.94
  SINCE JAN 1      4.78                      6.93  -2.15     5.97

DEGREE DAYS
 HEATING
  YESTERDAY        0                         4     -4        0
  MONTH TO DATE   16                        60    -44       37
  SINCE JUN 1     93                       336   -243      234
  SINCE JUL 1     44                       118    -74       49

 COOLING
  YESTERDAY        2                         1      1        1
  MONTH TO DATE   87                        69     18       95
  SINCE JUN 1    309                       198    111      309
  SINCE JAN 1    312                       201    111      309
..................................................................


WIND (MPH)
  HIGHEST WIND SPEED    16   HIGHEST WIND DIRECTION     S (200)
  HIGHEST GUST SPEED    25   HIGHEST GUST DIRECTION    SW (220)
  AVERAGE WIND SPEED     4.9


SKY COVER
  POSSIBLE SUNSHINE  MM
  AVERAGE SKY COVER 0.0


WEATHER CONDITIONS
 THE FOLLOWING WEATHER WAS RECORDED YESTERDAY.
  NO SIGNIFICANT WEATHER WAS OBSERVED.


RELATIVE HUMIDITY (PERCENT)
 HIGHEST    53           600 AM
 LOWEST     10           300 PM
 AVERAGE    32

..........................................................


THE BURNS OR CLIMATE NORMALS FOR TODAY
                         NORMAL    RECORD    YEAR
 MAXIMUM TEMPERATURE (F)   82        96      1998
 MINIMUM TEMPERATURE (F)   42        31      1995


SUNRISE AND SUNSET
AUGUST 28 2015........SUNRISE   615 AM PDT   SUNSET   738 PM PDT
AUGUST 29 2015........SUNRISE   616 AM PDT   SUNSET   737 PM PDT


-  INDICATES NEGATIVE NUMBERS.
R  INDICATES RECORD WAS SET OR TIED.
MM INDICATES DATA IS MISSING.
T  INDICATES TRACE AMOUNT.




$$
