983
CDUS45 KBOI 280121
CLIBNO


CLIMATE REPORT
NATIONAL WEATHER SERVICE BOISE ID
620 PM MST MON FEB 27 2017


...................................

...THE BURNS OR CLIMATE SUMMARY FOR FEBRUARY 27 2017...
VALID TODAY AS OF 0600 PM LOCAL TIME.

CLIMATE NORMAL PERIOD 1981 TO 2010
CLIMATE RECORD PERIOD 1938 TO 2017


WEATHER ITEM   OBSERVED TIME   RECORD YEAR NORMAL DEPARTURE LAST
                VALUE   (LST)  VALUE       VALUE  FROM      YEAR
                                                  NORMAL
..................................................................
TEMPERATURE (F)
 TODAY
  MAXIMUM         32    152 PM  63    1992  43    -11       50
  MINIMUM          3    619 AM -15    1993  21    -18       28
  AVERAGE         18                        32    -14       39

PRECIPITATION (IN)
  TODAY            T             0.82 1940   0.04  -0.04     0.03
  MONTH TO DATE    1.74                      0.98   0.76     0.24
  SINCE OCT 1      8.49                      5.67   2.82     6.59
  SINCE JAN 1      4.98                      2.17   2.81     1.72

DEGREE DAYS
 HEATING
  TODAY           47                        33     14       26
  MONTH TO DATE 1007                       982     25      846
  SINCE DEC 1   4021                      3494    527     3245
  SINCE JUL 1   5834                      5495    339     5106

 COOLING
  TODAY            0                         0      0        0
  MONTH TO DATE    0                         0      0        0
  SINCE DEC 1      0                         0      0        0
  SINCE JAN 1      0                         0      0        0
..................................................................


WIND (MPH)
  HIGHEST WIND SPEED    21   HIGHEST WIND DIRECTION     S (200)
  HIGHEST GUST SPEED    25   HIGHEST GUST DIRECTION     S (200)
  AVERAGE WIND SPEED     6.0



WEATHER CONDITIONS
 THE FOLLOWING WEATHER WAS RECORDED TODAY.
  LIGHT SNOW


RELATIVE HUMIDITY (PERCENT)
 HIGHEST    96           900 AM
 LOWEST     53           200 PM
 AVERAGE    75

..........................................................


THE BURNS OR CLIMATE NORMALS FOR TOMORROW
                         NORMAL    RECORD    YEAR
 MAXIMUM TEMPERATURE (F)   44        64      1992
 MINIMUM TEMPERATURE (F)   22       -22      1993


SUNRISE AND SUNSET
FEBRUARY 27 2017......SUNRISE   635 AM PST   SUNSET   542 PM PST
FEBRUARY 28 2017......SUNRISE   633 AM PST   SUNSET   544 PM PST


-  INDICATES NEGATIVE NUMBERS.
R  INDICATES RECORD WAS SET OR TIED.
MM INDICATES DATA IS MISSING.
T  INDICATES TRACE AMOUNT.




$$
