000
CDUS45 KBOI 290932
CLIBNO


CLIMATE REPORT
NATIONAL WEATHER SERVICE BOISE ID
332 AM MDT FRI AUG 29 2014


...................................

...THE BURNS OR CLIMATE SUMMARY FOR AUGUST 28 2014...

CLIMATE NORMAL PERIOD 1981 TO 2010
CLIMATE RECORD PERIOD 1939 TO 2014


WEATHER ITEM   OBSERVED TIME   RECORD YEAR NORMAL DEPARTURE LAST
                VALUE   (LST)  VALUE       VALUE  FROM      YEAR
                                                  NORMAL
..................................................................
TEMPERATURE (F)
 YESTERDAY
  MAXIMUM         91    208 PM  96    1998  82      9       90
  MINIMUM         47    535 AM  31    1995  42      5       46
  AVERAGE         69                        62      7       68

PRECIPITATION (IN)
  YESTERDAY        0.00          0.21 1979   0.01  -0.01     0.00
  MONTH TO DATE    0.19                      0.32  -0.13     0.51
  SINCE OCT 1      6.94                     10.44  -3.50     7.82
  SINCE JAN 1      5.97                      6.94  -0.97     3.92

DEGREE DAYS
 HEATING
  YESTERDAY        0                         4     -4        0
  MONTH TO DATE   37                        64    -27       31
  SINCE JUN 1    234                       340   -106      223
  SINCE JUL 1     49                       122    -73       35

 COOLING
  YESTERDAY        4                         1      3        3
  MONTH TO DATE   99                        70     29       73
  SINCE JUN 1    313                       199    114      347
  SINCE JAN 1    313                       202    111      348
..................................................................


WIND (MPH)
  HIGHEST WIND SPEED    22   HIGHEST WIND DIRECTION     W (260)
  HIGHEST GUST SPEED    29   HIGHEST GUST DIRECTION    SW (240)
  AVERAGE WIND SPEED     9.2


SKY COVER
  POSSIBLE SUNSHINE  MM
  AVERAGE SKY COVER 0.0


WEATHER CONDITIONS
 THE FOLLOWING WEATHER WAS RECORDED YESTERDAY.
  NO SIGNIFICANT WEATHER WAS OBSERVED.


RELATIVE HUMIDITY (PERCENT)
 HIGHEST    61           400 AM
 LOWEST     15           400 PM
 AVERAGE    38

..........................................................


THE BURNS OR CLIMATE NORMALS FOR TODAY
                         NORMAL    RECORD    YEAR
 MAXIMUM TEMPERATURE (F)   81        94      2007
                                             1988
 MINIMUM TEMPERATURE (F)   42        28      1980


SUNRISE AND SUNSET
AUGUST 29 2014........SUNRISE   616 AM PDT   SUNSET   736 PM PDT
AUGUST 30 2014........SUNRISE   617 AM PDT   SUNSET   735 PM PDT


-  INDICATES NEGATIVE NUMBERS.
R  INDICATES RECORD WAS SET OR TIED.
MM INDICATES DATA IS MISSING.
T  INDICATES TRACE AMOUNT.




$$
