000
CDUS45 KBOI 010121
CLIBNO


CLIMATE REPORT
NATIONAL WEATHER SERVICE BOISE ID
721 PM MDT FRI SEP 30 2016


...................................

...THE BURNS OR CLIMATE SUMMARY FOR SEPTEMBER 30 2016...
VALID TODAY AS OF 0600 PM LOCAL TIME.

CLIMATE NORMAL PERIOD 1981 TO 2010
CLIMATE RECORD PERIOD 1938 TO 2016


WEATHER ITEM   OBSERVED TIME   RECORD YEAR NORMAL DEPARTURE LAST
                VALUE   (LST)  VALUE       VALUE  FROM      YEAR
                                                  NORMAL
..................................................................
TEMPERATURE (F)
 TODAY
  MAXIMUM         77    125 PM  89    2011  70      7       73
  MINIMUM         32    608 AM  23    1981  31      1       30
  AVERAGE         55                        50      5       52

PRECIPITATION (IN)
  TODAY            0.00          0.57 1957   0.02  -0.02     0.00
  MONTH TO DATE    0.13                      0.44  -0.31     0.59
  SINCE OCT 1      9.39                     10.92  -1.53     9.87
  SINCE JAN 1      4.52                      7.42  -2.90     5.37

DEGREE DAYS
 HEATING
  TODAY           10                        14     -4       13
  MONTH TO DATE  306                       281     25      263
  SINCE SEP 1    306                       282     24      263
  SINCE JUL 1    422                       419      3      324

 COOLING
  TODAY            0                         0      0        0
  MONTH TO DATE    0                         9     -9       17
  SINCE SEP 1      0                         9     -9       17
  SINCE JAN 1    226                       215     11      330
..................................................................


WIND (MPH)
  HIGHEST WIND SPEED    24   HIGHEST WIND DIRECTION     S (170)
  HIGHEST GUST SPEED    32   HIGHEST GUST DIRECTION     S (170)
  AVERAGE WIND SPEED     7.4



WEATHER CONDITIONS
 THE FOLLOWING WEATHER WAS RECORDED TODAY.
  NO SIGNIFICANT WEATHER WAS OBSERVED.


RELATIVE HUMIDITY (PERCENT)
 HIGHEST    64           500 AM
 LOWEST     14           200 PM
 AVERAGE    39

..........................................................


THE BURNS OR CLIMATE NORMALS FOR TOMORROW
                         NORMAL    RECORD    YEAR
 MAXIMUM TEMPERATURE (F)   69        91      2010
 MINIMUM TEMPERATURE (F)   31        16      2009


SUNRISE AND SUNSET
SEPTEMBER 30 2016.....SUNRISE   653 AM PDT   SUNSET   638 PM PDT
OCTOBER  1 2016.......SUNRISE   654 AM PDT   SUNSET   636 PM PDT


-  INDICATES NEGATIVE NUMBERS.
R  INDICATES RECORD WAS SET OR TIED.
MM INDICATES DATA IS MISSING.
T  INDICATES TRACE AMOUNT.




$$
