000
CDUS45 KBOI 290936
CLIBNO


CLIMATE REPORT
NATIONAL WEATHER SERVICE BOISE ID
335 AM MDT THU JUN 29 2017


...................................

...THE BURNS OR CLIMATE SUMMARY FOR JUNE 28 2017...

CLIMATE NORMAL PERIOD 1981 TO 2010
CLIMATE RECORD PERIOD 1938 TO 2017


WEATHER ITEM   OBSERVED TIME   RECORD YEAR NORMAL DEPARTURE LAST
                VALUE   (LST)  VALUE       VALUE  FROM      YEAR
                                                  NORMAL
..................................................................
TEMPERATURE (F)
 YESTERDAY
  MAXIMUM         81    323 PM  99    2015  80      1       93
  MINIMUM         42    441 AM  33    1947  44     -2       48
  AVERAGE         62                        62      0       71

PRECIPITATION (IN)
  YESTERDAY        0.00          0.64 1955   0.02  -0.02     0.00
  MONTH TO DATE    0.10                      0.73  -0.63     0.40
  SINCE OCT 1     11.85                      9.69   2.16     9.12
  SINCE JAN 1      8.34                      6.19   2.15     4.25

DEGREE DAYS
 HEATING
  YESTERDAY        3                         4     -1        0
  MONTH TO DATE  174                       211    -37      180
  SINCE JUN 1    174                       211    -37      180
  SINCE JUL 1   7956                      7681    275     6959

 COOLING
  YESTERDAY        0                         2     -2        6
  MONTH TO DATE   27                        15     12       39
  SINCE JUN 1     27                        15     12       39
  SINCE JAN 1     28                        18     10       39
..................................................................


WIND (MPH)
  HIGHEST WIND SPEED    21   HIGHEST WIND DIRECTION     W (270)
  HIGHEST GUST SPEED    27   HIGHEST GUST DIRECTION     W (270)
  AVERAGE WIND SPEED     9.4


SKY COVER
  POSSIBLE SUNSHINE  MM
  AVERAGE SKY COVER 0.0


WEATHER CONDITIONS
 THE FOLLOWING WEATHER WAS RECORDED YESTERDAY.
  NO SIGNIFICANT WEATHER WAS OBSERVED.


RELATIVE HUMIDITY (PERCENT)
 HIGHEST    62           400 AM
 LOWEST      7           100 PM
 AVERAGE    35

..........................................................


THE BURNS OR CLIMATE NORMALS FOR TODAY
                         NORMAL    RECORD    YEAR
 MAXIMUM TEMPERATURE (F)   80       100      2008
 MINIMUM TEMPERATURE (F)   45        31      1988
                                             1947


SUNRISE AND SUNSET
JUNE 29 2017..........SUNRISE   518 AM PDT   SUNSET   841 PM PDT
JUNE 30 2017..........SUNRISE   518 AM PDT   SUNSET   841 PM PDT


-  INDICATES NEGATIVE NUMBERS.
R  INDICATES RECORD WAS SET OR TIED.
MM INDICATES DATA IS MISSING.
T  INDICATES TRACE AMOUNT.




$$
