000
CDUS45 KBOI 050932
CLIBNO


CLIMATE REPORT
NATIONAL WEATHER SERVICE BOISE ID
331 AM MDT WED AUG 5 2015


...................................

...THE BURNS OR CLIMATE SUMMARY FOR AUGUST 4 2015...

CLIMATE NORMAL PERIOD 1981 TO 2010
CLIMATE RECORD PERIOD 1938 TO 2015


WEATHER ITEM   OBSERVED TIME   RECORD YEAR NORMAL DEPARTURE LAST
                VALUE   (LST)  VALUE       VALUE  FROM      YEAR
                                                  NORMAL
..................................................................
TEMPERATURE (F)
 YESTERDAY
  MAXIMUM         88    417 PM 103    1961  88      0       93
  MINIMUM         48    542 AM  32    1980  47      1       56
  AVERAGE         68                        68      0       75

PRECIPITATION (IN)
  YESTERDAY        T             0.30 1976   0.01  -0.01     0.00
  MONTH TO DATE    0.21                      0.05   0.16     0.00
  SINCE OCT 1      9.28                     10.17  -0.89     6.75
  SINCE JAN 1      4.78                      6.67  -1.89     5.78

DEGREE DAYS
 HEATING
  YESTERDAY        0                         1     -1        0
  MONTH TO DATE    0                         4     -4        0
  SINCE JUN 1     77                       280   -203      197
  SINCE JUL 1     28                        62    -34       12

 COOLING
  YESTERDAY        3                         4     -1       10
  MONTH TO DATE   34                        16     18       34
  SINCE JUN 1    256                       145    111      248
  SINCE JAN 1    259                       148    111      248
..................................................................


WIND (MPH)
  HIGHEST WIND SPEED    14   HIGHEST WIND DIRECTION     W (280)
  HIGHEST GUST SPEED    21   HIGHEST GUST DIRECTION     S (180)
  AVERAGE WIND SPEED     5.7


SKY COVER
  POSSIBLE SUNSHINE  MM
  AVERAGE SKY COVER 0.1


WEATHER CONDITIONS
 THE FOLLOWING WEATHER WAS RECORDED YESTERDAY.
  LIGHT RAIN


RELATIVE HUMIDITY (PERCENT)
 HIGHEST    93           100 AM
 LOWEST     16           500 PM
 AVERAGE    55

..........................................................


THE BURNS OR CLIMATE NORMALS FOR TODAY
                         NORMAL    RECORD    YEAR
 MAXIMUM TEMPERATURE (F)   87       100      1990
 MINIMUM TEMPERATURE (F)   47        31      2002


SUNRISE AND SUNSET
AUGUST  5 2015........SUNRISE   549 AM PDT   SUNSET   814 PM PDT
AUGUST  6 2015........SUNRISE   550 AM PDT   SUNSET   812 PM PDT


-  INDICATES NEGATIVE NUMBERS.
R  INDICATES RECORD WAS SET OR TIED.
MM INDICATES DATA IS MISSING.
T  INDICATES TRACE AMOUNT.




$$
