000
CDUS45 KBOI 210948
CLIBOI


CLIMATE REPORT
NATIONAL WEATHER SERVICE BOISE ID
348 AM MDT TUE OCT 21 2014


...................................

...THE BOISE ID CLIMATE SUMMARY FOR OCTOBER 20 2014...

CLIMATE NORMAL PERIOD 1981 TO 2010
CLIMATE RECORD PERIOD 1878 TO 2014


WEATHER ITEM   OBSERVED TIME   RECORD YEAR NORMAL DEPARTURE LAST
                VALUE   (LST)  VALUE       VALUE  FROM      YEAR
                                                  NORMAL
..................................................................
TEMPERATURE (F)
 YESTERDAY
  MAXIMUM         77    425 PM  84    2003  63     14       69
  MINIMUM         47    602 AM  20    1990  40      7       34
  AVERAGE         62                        51     11       52

PRECIPITATION (IN)
  YESTERDAY        0.02          0.37 1881   0.02   0.00     0.00
  MONTH TO DATE    0.02                      0.43  -0.41     0.02
  SINCE OCT 1      0.02                      0.43  -0.41     0.02
  SINCE JAN 1      9.55                      8.51   1.04     6.68

SNOWFALL (IN)
  YESTERDAY       MM             0.0  2006   0.0   MM        0.0
  MONTH TO DATE    0.0                       0.0    0.0      0.0
  SINCE OCT 1      0.0                       0.0    0.0      0.0
  SINCE JUL 1      0.0                       0.0    0.0      0.0
  SNOW DEPTH       0

DEGREE DAYS
 HEATING
  YESTERDAY        3                        14    -11       13
  MONTH TO DATE   92                       206   -114      300
  SINCE SEP 1    144                       309   -165      391
  SINCE JUL 1    148                       327   -179      391

 COOLING
  YESTERDAY        0                         0      0        0
  MONTH TO DATE   10                         7      3        0
  SINCE SEP 1    146                       107     39      148
  SINCE JAN 1   1129                       941    188     1320
..................................................................


WIND (MPH)
  HIGHEST WIND SPEED    18   HIGHEST WIND DIRECTION    NW (330)
  HIGHEST GUST SPEED    24   HIGHEST GUST DIRECTION    NW (320)
  AVERAGE WIND SPEED     5.7


SKY COVER
  POSSIBLE SUNSHINE  MM
  AVERAGE SKY COVER 0.0


WEATHER CONDITIONS
 THE FOLLOWING WEATHER WAS RECORDED YESTERDAY.
  LIGHT RAIN


RELATIVE HUMIDITY (PERCENT)
 HIGHEST    56           700 AM
 LOWEST     23           100 PM
 AVERAGE    40

..........................................................


THE BOISE ID CLIMATE NORMALS FOR TODAY
                         NORMAL    RECORD    YEAR
 MAXIMUM TEMPERATURE (F)   62        84      2003
 MINIMUM TEMPERATURE (F)   39        23      1996


SUNRISE AND SUNSET
OCTOBER 21 2014.......SUNRISE   806 AM MDT   SUNSET   652 PM MDT
OCTOBER 22 2014.......SUNRISE   808 AM MDT   SUNSET   650 PM MDT


-  INDICATES NEGATIVE NUMBERS.
R  INDICATES RECORD WAS SET OR TIED.
MM INDICATES DATA IS MISSING.
T  INDICATES TRACE AMOUNT.




$$
