000
CDUS45 KBOI 270140
CLIBOI


CLIMATE REPORT
NATIONAL WEATHER SERVICE BOISE ID
740 PM MDT MON JUN 26 2017


...................................

...THE BOISE ID CLIMATE SUMMARY FOR JUNE 26 2017...
VALID TODAY AS OF 0600 PM LOCAL TIME.

CLIMATE NORMAL PERIOD 1981 TO 2010
CLIMATE RECORD PERIOD 1875 TO 2017


WEATHER ITEM   OBSERVED TIME   RECORD YEAR NORMAL DEPARTURE LAST
                VALUE   (LST)  VALUE       VALUE  FROM      YEAR
                                                  NORMAL
..................................................................
TEMPERATURE (F)
 TODAY
  MAXIMUM         96    331 PM 105    1926  85     11       93
  MINIMUM         65    444 AM  34    1976  56      9       57
  AVERAGE         81                        71     10       75

PRECIPITATION (IN)
  TODAY            0.12          0.61 1971   0.02   0.10     0.00
  MONTH TO DATE    1.39                      0.64   0.75     0.18
  SINCE OCT 1     14.68                     10.53   4.15     9.04
  SINCE JAN 1     11.18                      6.88   4.30     4.70

DEGREE DAYS
 HEATING
  TODAY            0                         1     -1        0
  MONTH TO DATE   45                        60    -15       37
  SINCE JUN 1     45                        60    -15       37
  SINCE JUL 1   5499                      5510    -11     4713

 COOLING
  TODAY           16                         7      9       10
  MONTH TO DATE  139                       109     30      175
  SINCE JUN 1    139                       109     30      175
  SINCE JAN 1    201                       153     48      206
..................................................................


WIND (MPH)
  HIGHEST WIND SPEED    25   HIGHEST WIND DIRECTION     S (160)
  HIGHEST GUST SPEED    29   HIGHEST GUST DIRECTION    SE (150)
  AVERAGE WIND SPEED     9.4



WEATHER CONDITIONS
 THE FOLLOWING WEATHER WAS RECORDED TODAY.
  THUNDERSTORM
  HEAVY RAIN
  RAIN
  HAZE


RELATIVE HUMIDITY (PERCENT)
 HIGHEST    52           400 AM
 LOWEST     20          1200 PM
 AVERAGE    36

..........................................................


THE BOISE ID CLIMATE NORMALS FOR TOMORROW
                         NORMAL    RECORD    YEAR
 MAXIMUM TEMPERATURE (F)   86       106      2015
 MINIMUM TEMPERATURE (F)   56        41      1980
                                             1965
                                             1887


SUNRISE AND SUNSET
JUNE 26 2017..........SUNRISE   605 AM MDT   SUNSET   930 PM MDT
JUNE 27 2017..........SUNRISE   606 AM MDT   SUNSET   930 PM MDT


-  INDICATES NEGATIVE NUMBERS.
R  INDICATES RECORD WAS SET OR TIED.
MM INDICATES DATA IS MISSING.
T  INDICATES TRACE AMOUNT.




$$
