000
CDUS45 KBOI 200125
CLIBOI


CLIMATE REPORT
NATIONAL WEATHER SERVICE BOISE ID
725 PM MDT THU OCT 19 2017


...................................

...THE BOISE ID CLIMATE SUMMARY FOR OCTOBER 19 2017...
VALID TODAY AS OF 0600 PM LOCAL TIME.

CLIMATE NORMAL PERIOD 1981 TO 2010
CLIMATE RECORD PERIOD 1875 TO 2017


WEATHER ITEM   OBSERVED TIME   RECORD YEAR NORMAL DEPARTURE LAST
                VALUE   (LST)  VALUE       VALUE  FROM      YEAR
                                                  NORMAL
..................................................................
TEMPERATURE (F)
 TODAY
  MAXIMUM         78    340 PM  83    1927  63     15       57
  MINIMUM         47    737 AM  23    1905  40      7       37
  AVERAGE         63                        52     11       47

PRECIPITATION (IN)
  TODAY            0.00          1.08 1894   0.02  -0.02     0.00
  MONTH TO DATE    0.23                      0.41  -0.18     0.68
  SINCE OCT 1      0.23                      0.41  -0.18     0.68
  SINCE JAN 1     12.21                      8.49   3.72     5.86

DEGREE DAYS
 HEATING
  TODAY            2                        13    -11       18
  MONTH TO DATE  283                       192     91      165
  SINCE SEP 1    414                       295    119      254
  SINCE JUL 1    414                       313    101      262

 COOLING
  TODAY            0                         0      0        0
  MONTH TO DATE    0                         7     -7        1
  SINCE SEP 1    175                       107     68       64
  SINCE JAN 1   1341                       941    400     1001
..................................................................


WIND (MPH)
  HIGHEST WIND SPEED    16   HIGHEST WIND DIRECTION    SE (120)
  HIGHEST GUST SPEED    20   HIGHEST GUST DIRECTION    SE (150)
  AVERAGE WIND SPEED    10.4



WEATHER CONDITIONS
 THE FOLLOWING WEATHER WAS RECORDED TODAY.
  NO SIGNIFICANT WEATHER WAS OBSERVED.


RELATIVE HUMIDITY (PERCENT)
 HIGHEST    42           500 AM
 LOWEST      7           500 PM
 AVERAGE    25

..........................................................


THE BOISE ID CLIMATE NORMALS FOR TOMORROW
                         NORMAL    RECORD    YEAR
 MAXIMUM TEMPERATURE (F)   63        84      2003
 MINIMUM TEMPERATURE (F)   40        20      1990


SUNRISE AND SUNSET
OCTOBER 19 2017.......SUNRISE   804 AM MDT   SUNSET   655 PM MDT
OCTOBER 20 2017.......SUNRISE   806 AM MDT   SUNSET   653 PM MDT


-  INDICATES NEGATIVE NUMBERS.
R  INDICATES RECORD WAS SET OR TIED.
MM INDICATES DATA IS MISSING.
T  INDICATES TRACE AMOUNT.




$$
