000
CDUS45 KBOI 290949
CLIBOI


CLIMATE REPORT
NATIONAL WEATHER SERVICE BOISE ID
249 AM MST MON DEC 29 2014


...................................

...THE BOISE ID CLIMATE SUMMARY FOR DECEMBER 28 2014...

CLIMATE NORMAL PERIOD 1981 TO 2010
CLIMATE RECORD PERIOD 1878 TO 2014


WEATHER ITEM   OBSERVED TIME   RECORD YEAR NORMAL DEPARTURE LAST
                VALUE   (LST)  VALUE       VALUE  FROM      YEAR
                                                  NORMAL
..................................................................
TEMPERATURE (F)
 YESTERDAY
  MAXIMUM         37    326 PM  59    1945  36      1       36
                                      1917
  MINIMUM         25    623 AM  -9    1985  23      2       15
  AVERAGE         31                        30      1       26

PRECIPITATION (IN)
  YESTERDAY        0.07          0.54 2005   0.04   0.03     0.00
  MONTH TO DATE    3.28                      1.40   1.88     0.66
  SINCE OCT 1      5.85                      3.50   2.35     2.91
  SINCE JAN 1     15.38                     11.58   3.80     9.57

SNOWFALL (IN)
  YESTERDAY        0.7           3.9  1924   0.2    0.5      0.0
  MONTH TO DATE    3.1                       6.2   -3.1      4.9
  SINCE OCT 1     10.7                       8.9    1.8      6.9
  SINCE JUL 1     10.7                       8.9    1.8      6.9
  SNOW DEPTH       0

DEGREE DAYS
 HEATING
  YESTERDAY       34                        35     -1       39
  MONTH TO DATE  718                       953   -235     1155
  SINCE DEC 1    718                       953   -235     1155
  SINCE JUL 1   1857                      2207   -350     2449

 COOLING
  YESTERDAY        0                         0      0        0
  MONTH TO DATE    0                         0      0        0
  SINCE DEC 1      0                         0      0        0
  SINCE JAN 1   1129                       942    187     1320
..................................................................


WIND (MPH)
  HIGHEST WIND SPEED    16   HIGHEST WIND DIRECTION    SE (120)
  HIGHEST GUST SPEED    21   HIGHEST GUST DIRECTION    SE (130)
  AVERAGE WIND SPEED     2.8


SKY COVER
  POSSIBLE SUNSHINE  MM
  AVERAGE SKY COVER 0.8


WEATHER CONDITIONS
 THE FOLLOWING WEATHER WAS RECORDED YESTERDAY.
  LIGHT SNOW
  FOG
  FOG W/VISIBILITY <= 1/4 MILE


RELATIVE HUMIDITY (PERCENT)
 HIGHEST   100           400 AM
 LOWEST     82           400 PM
 AVERAGE    91

..........................................................


THE BOISE ID CLIMATE NORMALS FOR TODAY
                         NORMAL    RECORD    YEAR
 MAXIMUM TEMPERATURE (F)   36        64      1917
 MINIMUM TEMPERATURE (F)   23       -17      1990


SUNRISE AND SUNSET
DECEMBER 29 2014......SUNRISE   818 AM MST   SUNSET   516 PM MST
DECEMBER 30 2014......SUNRISE   818 AM MST   SUNSET   517 PM MST


-  INDICATES NEGATIVE NUMBERS.
R  INDICATES RECORD WAS SET OR TIED.
MM INDICATES DATA IS MISSING.
T  INDICATES TRACE AMOUNT.




$$
