000
CDUS45 KBOI 240133
CLIBOI


CLIMATE REPORT
NATIONAL WEATHER SERVICE BOISE ID
733 PM MDT TUE MAY 23 2017


...................................

...THE BOISE ID CLIMATE SUMMARY FOR MAY 23 2017...
VALID TODAY AS OF 0600 PM LOCAL TIME.

CLIMATE NORMAL PERIOD 1981 TO 2010
CLIMATE RECORD PERIOD 1875 TO 2017


WEATHER ITEM   OBSERVED TIME   RECORD YEAR NORMAL DEPARTURE LAST
                VALUE   (LST)  VALUE       VALUE  FROM      YEAR
                                                  NORMAL
..................................................................
TEMPERATURE (F)
 TODAY
  MAXIMUM         87    509 PM  95    2001  74     13       70
  MINIMUM         56    556 AM  32    1966  48      8       55
                                      1964
                                      1944
  AVERAGE         72                        61     11       63

PRECIPITATION (IN)
  TODAY            0.00          1.13 1942   0.05  -0.05     0.00
  MONTH TO DATE    0.74                      1.05  -0.31     0.87
  SINCE OCT 1     13.29                      9.55   3.74     8.86
  SINCE JAN 1      9.79                      5.90   3.89     4.52

DEGREE DAYS
 HEATING
  TODAY            0                         6     -6        2
  MONTH TO DATE  199                       188     11      109
  SINCE MAR 1   1151                      1253   -102      898
  SINCE JUL 1   5438                      5412     26     4647

 COOLING
  TODAY            7                         2      5        0
  MONTH TO DATE   26                        25      1       25
  SINCE MAR 1     26                        28     -2       30
  SINCE JAN 1     26                        28     -2       30
..................................................................


WIND (MPH)
  HIGHEST WIND SPEED    13   HIGHEST WIND DIRECTION    SE (140)
  HIGHEST GUST SPEED    16   HIGHEST GUST DIRECTION    SE (120)
  AVERAGE WIND SPEED     7.3



WEATHER CONDITIONS
 THE FOLLOWING WEATHER WAS RECORDED TODAY.
  NO SIGNIFICANT WEATHER WAS OBSERVED.


RELATIVE HUMIDITY (PERCENT)
 HIGHEST    59           300 AM
 LOWEST     19           400 PM
 AVERAGE    39

..........................................................


THE BOISE ID CLIMATE NORMALS FOR TOMORROW
                         NORMAL    RECORD    YEAR
 MAXIMUM TEMPERATURE (F)   74        97      2003
                                             2001
 MINIMUM TEMPERATURE (F)   49        33      1975
                                             1893


SUNRISE AND SUNSET
MAY 23 2017...........SUNRISE   612 AM MDT   SUNSET   912 PM MDT
MAY 24 2017...........SUNRISE   611 AM MDT   SUNSET   913 PM MDT


-  INDICATES NEGATIVE NUMBERS.
R  INDICATES RECORD WAS SET OR TIED.
MM INDICATES DATA IS MISSING.
T  INDICATES TRACE AMOUNT.




$$
