000
CDUS45 KBOI 250932
CLIBOI


CLIMATE REPORT
NATIONAL WEATHER SERVICE BOISE ID
331 AM MDT FRI JUL 25 2014


...................................

...THE BOISE ID CLIMATE SUMMARY FOR JULY 24 2014...

CLIMATE NORMAL PERIOD 1981 TO 2010
CLIMATE RECORD PERIOD 1878 TO 2014


WEATHER ITEM   OBSERVED TIME   RECORD YEAR NORMAL DEPARTURE LAST
                VALUE   (LST)  VALUE       VALUE  FROM      YEAR
                                                  NORMAL
..................................................................
TEMPERATURE (F)
 YESTERDAY
  MAXIMUM         77    509 PM 108    1933  93    -16       99
  MINIMUM         58    603 AM  42    1883  62     -4       71
  AVERAGE         68                        77     -9       85

PRECIPITATION (IN)
  YESTERDAY        0.00          0.69 1913   0.00   0.00     0.00
  MONTH TO DATE    0.08                      0.26  -0.18     0.13
  SINCE OCT 1     11.36                     10.84   0.52     7.11
  SINCE JAN 1      8.45                      7.19   1.26     4.46

SNOWFALL (IN)
  YESTERDAY        0.0           0.0  2006   0.0    0.0      0.0
  MONTH TO DATE    0.0                       0.0    0.0      0.0
  SINCE OCT 1     14.4                      19.2   -4.8     16.0
  SINCE JUL 1      0.0                       0.0    0.0      0.0
  SNOW DEPTH       0

DEGREE DAYS
 HEATING
  YESTERDAY        0                         0      0        0
  MONTH TO DATE    0                         4     -4        0
  SINCE JUN 1     36                        68    -32       35
  SINCE JUL 1      0                         4     -4        0

 COOLING
  YESTERDAY        3                        12     -9       20
  MONTH TO DATE  395                       252    143      406
  SINCE JUN 1    507                       391    116      597
  SINCE JAN 1    531                       435     96      644
..................................................................


WIND (MPH)
  HIGHEST WIND SPEED    21   HIGHEST WIND DIRECTION    NW (300)
  HIGHEST GUST SPEED    25   HIGHEST GUST DIRECTION    NW (300)
  AVERAGE WIND SPEED     9.9


SKY COVER
  POSSIBLE SUNSHINE  MM
  AVERAGE SKY COVER 0.0


WEATHER CONDITIONS
 THE FOLLOWING WEATHER WAS RECORDED YESTERDAY.
  NO SIGNIFICANT WEATHER WAS OBSERVED.


RELATIVE HUMIDITY (PERCENT)
 HIGHEST    62           500 AM
 LOWEST     14           700 PM
 AVERAGE    38

..........................................................


THE BOISE ID CLIMATE NORMALS FOR TODAY
                         NORMAL    RECORD    YEAR
 MAXIMUM TEMPERATURE (F)   93       109      1891
 MINIMUM TEMPERATURE (F)   62        46      1993


SUNRISE AND SUNSET
JULY 25 2014..........SUNRISE   627 AM MDT   SUNSET   915 PM MDT
JULY 26 2014..........SUNRISE   628 AM MDT   SUNSET   914 PM MDT


-  INDICATES NEGATIVE NUMBERS.
R  INDICATES RECORD WAS SET OR TIED.
MM INDICATES DATA IS MISSING.
T  INDICATES TRACE AMOUNT.




$$
