000
CDUS45 KBOI 080123
CLIBOI


CLIMATE REPORT
NATIONAL WEATHER SERVICE BOISE ID
722 PM MDT TUE JUL 7 2015


...................................

...THE BOISE ID CLIMATE SUMMARY FOR JULY 7 2015...
VALID TODAY AS OF 0600 PM LOCAL TIME.

CLIMATE NORMAL PERIOD 1981 TO 2010
CLIMATE RECORD PERIOD 1878 TO 2015


WEATHER ITEM   OBSERVED TIME   RECORD YEAR NORMAL DEPARTURE LAST
                VALUE   (LST)  VALUE       VALUE  FROM      YEAR
                                                  NORMAL
..................................................................
TEMPERATURE (F)
 TODAY
  MAXIMUM         96    534 PM 108    1989  89      7       97
  MINIMUM         73    530 AM  41    1955  59     14       64
                                      1902
  AVERAGE         85                        74     11       81

PRECIPITATION (IN)
  TODAY            0.00          0.38 1982   0.01  -0.01     0.00
  MONTH TO DATE    T                         0.09  -0.09     0.00
  SINCE OCT 1     10.87                     10.67   0.20    11.28
  SINCE JAN 1      4.96                      7.02  -2.06     8.37

DEGREE DAYS
 HEATING
  TODAY            0                         0      0        0
  MONTH TO DATE    0                         4     -4        0
  SINCE JUN 1      2                        68    -66       36
  SINCE JUL 1      0                         4     -4        0

 COOLING
  TODAY           20                         9     11       16
  MONTH TO DATE  134                        60     74      116
  SINCE JUN 1    472                       199    273      228
  SINCE JAN 1    507                       243    264      252
..................................................................


WIND (MPH)
  HIGHEST WIND SPEED    17   HIGHEST WIND DIRECTION    NW (300)
  HIGHEST GUST SPEED    21   HIGHEST GUST DIRECTION     W (280)
  AVERAGE WIND SPEED     8.1



WEATHER CONDITIONS
 THE FOLLOWING WEATHER WAS RECORDED TODAY.
  NO SIGNIFICANT WEATHER WAS OBSERVED.


RELATIVE HUMIDITY (PERCENT)
 HIGHEST    41           500 AM
 LOWEST     15           500 PM
 AVERAGE    28

..........................................................


THE BOISE ID CLIMATE NORMALS FOR TOMORROW
                         NORMAL    RECORD    YEAR
 MAXIMUM TEMPERATURE (F)   90       103      1968
                                             1917
 MINIMUM TEMPERATURE (F)   59        40      1981
                                             1897


SUNRISE AND SUNSET
JULY  7 2015..........SUNRISE   611 AM MDT   SUNSET   928 PM MDT
JULY  8 2015..........SUNRISE   612 AM MDT   SUNSET   928 PM MDT


-  INDICATES NEGATIVE NUMBERS.
R  INDICATES RECORD WAS SET OR TIED.
MM INDICATES DATA IS MISSING.
T  INDICATES TRACE AMOUNT.




$$
