000
CDUS45 KBOI 290942
CLIBOI


CLIMATE REPORT
NATIONAL WEATHER SERVICE BOISE ID
337 AM MDT FRI APR 29 2016


...................................

...THE BOISE ID CLIMATE SUMMARY FOR APRIL 28 2016...

CLIMATE NORMAL PERIOD 1981 TO 2010
CLIMATE RECORD PERIOD 1875 TO 2016


WEATHER ITEM   OBSERVED TIME   RECORD YEAR NORMAL DEPARTURE LAST
                VALUE   (LST)  VALUE       VALUE  FROM      YEAR
                                                  NORMAL
..................................................................
TEMPERATURE (F)
 YESTERDAY
  MAXIMUM         69    249 PM  88    1987  66      3       81
                                      1939
                                      1890
  MINIMUM         42    604 AM  29    1996  42      0       49
                                      1984
                                      1914
  AVERAGE         56                        54      2       65

PRECIPITATION (IN)
  YESTERDAY        0.00          0.96 1917   0.05  -0.05     0.00
  MONTH TO DATE    0.69                      1.15  -0.46     0.60
  SINCE OCT 1      7.99                      8.42  -0.43     9.20
  SINCE JAN 1      3.65                      4.77  -1.12     3.29

SNOWFALL (IN)
  YESTERDAY        0.0           0.9  1899   0.0    0.0      0.0
  MONTH TO DATE    0.0                       0.3   -0.3       T
  SINCE OCT 1     10.9                      19.2   -8.3     13.3
  SINCE JUL 1     10.9                      19.2   -8.3     13.3
  SNOW DEPTH       0

DEGREE DAYS
 HEATING
  YESTERDAY        9                        12     -3        0
  MONTH TO DATE  235                       408   -173      394
  SINCE MAR 1    770                      1044   -274      861
  SINCE JUL 1   4519                      5203   -684     4456

 COOLING
  YESTERDAY        0                         0      0        0
  MONTH TO DATE    5                         0      5        0
  SINCE MAR 1      5                         0      5        0
  SINCE JAN 1      5                         0      5        0
..................................................................


WIND (MPH)
  HIGHEST WIND SPEED    29   HIGHEST WIND DIRECTION    NW (320)
  HIGHEST GUST SPEED    38   HIGHEST GUST DIRECTION    NW (320)
  AVERAGE WIND SPEED    11.0


SKY COVER
  POSSIBLE SUNSHINE  MM
  AVERAGE SKY COVER 0.1


WEATHER CONDITIONS
 THE FOLLOWING WEATHER WAS RECORDED YESTERDAY.
  NO SIGNIFICANT WEATHER WAS OBSERVED.


RELATIVE HUMIDITY (PERCENT)
 HIGHEST    83           400 AM
 LOWEST     26           500 PM
 AVERAGE    55

..........................................................


THE BOISE ID CLIMATE NORMALS FOR TODAY
                         NORMAL    RECORD    YEAR
 MAXIMUM TEMPERATURE (F)   66        89      1992
 MINIMUM TEMPERATURE (F)   42        27      1975
                                             1962
                                             1954


SUNRISE AND SUNSET
APRIL 29 2016.........SUNRISE   639 AM MDT   SUNSET   845 PM MDT
APRIL 30 2016.........SUNRISE   638 AM MDT   SUNSET   847 PM MDT


-  INDICATES NEGATIVE NUMBERS.
R  INDICATES RECORD WAS SET OR TIED.
MM INDICATES DATA IS MISSING.
T  INDICATES TRACE AMOUNT.




$$
