000
CDUS45 KBOI 230123
CLIBOI


CLIMATE REPORT
NATIONAL WEATHER SERVICE BOISE ID
723 PM MDT FRI MAY 22 2015


...................................

...THE BOISE ID CLIMATE SUMMARY FOR MAY 22 2015...
VALID TODAY AS OF 0600 PM LOCAL TIME.

CLIMATE NORMAL PERIOD 1981 TO 2010
CLIMATE RECORD PERIOD 1878 TO 2015


WEATHER ITEM   OBSERVED TIME   RECORD YEAR NORMAL DEPARTURE LAST
                VALUE   (LST)  VALUE       VALUE  FROM      YEAR
                                                  NORMAL
..................................................................
TEMPERATURE (F)
 TODAY
  MAXIMUM         75    344 PM  93    1988  74      1       84
  MINIMUM         51    526 AM  28    1960  48      3       48
  AVERAGE         63                        61      2       66

PRECIPITATION (IN)
  TODAY            T             1.41 2010   0.04  -0.04     0.00
  MONTH TO DATE    1.30                      1.00   0.30     0.60
  SINCE OCT 1     10.50                      9.50   1.00    11.01
  SINCE JAN 1      4.59                      5.85  -1.26     8.10

DEGREE DAYS
 HEATING
  TODAY            2                         6     -4        0
  MONTH TO DATE  116                       182    -66      134
  SINCE MAR 1    990                      1247   -257     1153
  SINCE JUL 1   4585                      5406   -821     5493

 COOLING
  TODAY            0                         2     -2        1
  MONTH TO DATE    2                        23    -21       11
  SINCE MAR 1      2                        26    -24       11
  SINCE JAN 1      2                        26    -24       11
..................................................................


WIND (MPH)
  HIGHEST WIND SPEED    10   HIGHEST WIND DIRECTION    SE (140)
  HIGHEST GUST SPEED    15   HIGHEST GUST DIRECTION    SE (140)
  AVERAGE WIND SPEED     4.1



WEATHER CONDITIONS
 THE FOLLOWING WEATHER WAS RECORDED TODAY.
  LIGHT RAIN


RELATIVE HUMIDITY (PERCENT)
 HIGHEST    83           500 AM
 LOWEST     31           400 PM
 AVERAGE    57

..........................................................


THE BOISE ID CLIMATE NORMALS FOR TOMORROW
                         NORMAL    RECORD    YEAR
 MAXIMUM TEMPERATURE (F)   74        95      2001
 MINIMUM TEMPERATURE (F)   48        32      1966
                                             1964
                                             1944


SUNRISE AND SUNSET
MAY 22 2015...........SUNRISE   614 AM MDT   SUNSET   910 PM MDT
MAY 23 2015...........SUNRISE   613 AM MDT   SUNSET   911 PM MDT


-  INDICATES NEGATIVE NUMBERS.
R  INDICATES RECORD WAS SET OR TIED.
MM INDICATES DATA IS MISSING.
T  INDICATES TRACE AMOUNT.




$$
