000
CDUS45 KBOI 270945
CLIBOI


CLIMATE REPORT
NATIONAL WEATHER SERVICE BOISE ID
245 AM MST THU NOV 27 2014


...................................

...THE BOISE ID CLIMATE SUMMARY FOR NOVEMBER 26 2014...

CLIMATE NORMAL PERIOD 1981 TO 2010
CLIMATE RECORD PERIOD 1878 TO 2014


WEATHER ITEM   OBSERVED TIME   RECORD YEAR NORMAL DEPARTURE LAST
                VALUE   (LST)  VALUE       VALUE  FROM      YEAR
                                                  NORMAL
..................................................................
TEMPERATURE (F)
 YESTERDAY
  MAXIMUM         60    243 PM  65    1998  43     17       46
  MINIMUM         37    745 AM  -3    1985  29      8       27
  AVERAGE         49                        36     13       37

PRECIPITATION (IN)
  YESTERDAY        0.00          0.78 1971   0.05  -0.05     0.00
  MONTH TO DATE    2.15                      1.16   0.99     1.49
  SINCE OCT 1      2.55                      1.91   0.64     2.25
  SINCE JAN 1     12.08                      9.99   2.09     8.91

SNOWFALL (IN)
  YESTERDAY        0.0           4.5  1964   0.2   -0.2      0.0
  MONTH TO DATE    7.6                       2.0    5.6      2.0
  SINCE OCT 1      7.6                       2.1    5.5      2.0
  SINCE JUL 1      7.6                       2.1    5.5      2.0
  SNOW DEPTH       0

DEGREE DAYS
 HEATING
  YESTERDAY       16                        29    -13       28
  MONTH TO DATE  781                       627    154      642
  SINCE SEP 1   1046                      1115    -69     1185
  SINCE JUL 1   1050                      1133    -83     1185

 COOLING
  YESTERDAY        0                         0      0        0
  MONTH TO DATE    0                         0      0        0
  SINCE SEP 1    146                       108     38      148
  SINCE JAN 1   1129                       942    187     1320
..................................................................


WIND (MPH)
  HIGHEST WIND SPEED    15   HIGHEST WIND DIRECTION    SE (120)
  HIGHEST GUST SPEED    20   HIGHEST GUST DIRECTION    SE (120)
  AVERAGE WIND SPEED     5.3


SKY COVER
  POSSIBLE SUNSHINE  MM
  AVERAGE SKY COVER 0.0


WEATHER CONDITIONS
 THE FOLLOWING WEATHER WAS RECORDED YESTERDAY.
  NO SIGNIFICANT WEATHER WAS OBSERVED.


RELATIVE HUMIDITY (PERCENT)
 HIGHEST    92           800 AM
 LOWEST     44           300 PM
 AVERAGE    68

..........................................................


THE BOISE ID CLIMATE NORMALS FOR TODAY
                         NORMAL    RECORD    YEAR
 MAXIMUM TEMPERATURE (F)   42        70      1949
 MINIMUM TEMPERATURE (F)   28        -7      1896


SUNRISE AND SUNSET
NOVEMBER 27 2014......SUNRISE   754 AM MST   SUNSET   511 PM MST
NOVEMBER 28 2014......SUNRISE   755 AM MST   SUNSET   511 PM MST


-  INDICATES NEGATIVE NUMBERS.
R  INDICATES RECORD WAS SET OR TIED.
MM INDICATES DATA IS MISSING.
T  INDICATES TRACE AMOUNT.




$$
