000
CDUS41 KBOX 200556
CLIBOS


CLIMATE REPORT
NATIONAL WEATHER SERVICE TAUNTON MA
153 AM EDT MON OCT 20 2014


...................................

...THE BOSTON MA CLIMATE SUMMARY FOR OCTOBER 19 2014...

CLIMATE NORMAL PERIOD 1981 TO 2010
CLIMATE RECORD PERIOD 1872 TO 2014


WEATHER ITEM   OBSERVED TIME   RECORD YEAR NORMAL DEPARTURE LAST
                VALUE   (LST)  VALUE       VALUE  FROM      YEAR
                                                  NORMAL
..................................................................
TEMPERATURE (F)
 YESTERDAY
  MAXIMUM         56    100 PM  84    1945  60     -4       67
  MINIMUM         43   1159 PM  28    1922  45     -2       50
  AVERAGE         50                        53     -3       59

PRECIPITATION (IN)
  YESTERDAY        0.00          2.06 1932   0.13  -0.13     0.00
  MONTH TO DATE    2.64                      2.42   0.22     0.50
  SINCE SEP 1      3.34                      5.86  -2.52     2.71
  SINCE JAN 1     30.23                     34.48  -4.25    32.91

SNOWFALL (IN)
  YESTERDAY        0.0           T    1972   0.0    0.0      0.0
  MONTH TO DATE    0.0                       0.0    0.0      0.0
  SINCE SEP 1      0.0                       0.0    0.0      0.0
  SINCE JUL 1      0.0                       0.0    0.0      0.0
  SNOW DEPTH       0

DEGREE DAYS
 HEATING
  YESTERDAY       15                        12      3        6
  MONTH TO DATE  131                       180    -49       95
  SINCE SEP 1    207                       264    -57      178
  SINCE JUL 1    207                       277    -70      180

 COOLING
  YESTERDAY        0                         0      0        0
  MONTH TO DATE   10                         6      4       16
  SINCE SEP 1    130                        87     43       98
  SINCE JAN 1    769                       746     23      919
..................................................................


WIND (MPH)
  RESULTANT WIND SPEED  13   RESULTANT WIND DIRECTION  NW (310)
  HIGHEST WIND SPEED    20   HIGHEST WIND DIRECTION    NW (330)
  HIGHEST GUST SPEED    29   HIGHEST GUST DIRECTION    NW (320)
  AVERAGE WIND SPEED    14.3


SKY COVER
  POSSIBLE SUNSHINE  MM
  AVERAGE SKY COVER 0.9


WEATHER CONDITIONS
 THE FOLLOWING WEATHER WAS RECORDED YESTERDAY.
  NO SIGNIFICANT WEATHER WAS OBSERVED.


RELATIVE HUMIDITY (PERCENT)
 HIGHEST    77           300 AM
 LOWEST     44           300 PM
 AVERAGE    61

..........................................................


THE BOSTON MA CLIMATE NORMALS FOR TODAY
                         NORMAL    RECORD    YEAR
 MAXIMUM TEMPERATURE (F)   60        79      1969
 MINIMUM TEMPERATURE (F)   45        32      1974
                                             1972
                                             1900


SUNRISE AND SUNSET
OCTOBER 20 2014.......SUNRISE   703 AM EDT   SUNSET   554 PM EDT
OCTOBER 21 2014.......SUNRISE   704 AM EDT   SUNSET   553 PM EDT


-  INDICATES NEGATIVE NUMBERS.
R  INDICATES RECORD WAS SET OR TIED.
MM INDICATES DATA IS MISSING.
T  INDICATES TRACE AMOUNT.




$$
