000
CDUS41 KBOX 280556
CLIBOS


CLIMATE REPORT
NATIONAL WEATHER SERVICE TAUNTON MA
155 AM EDT THU APR 28 2016


...................................

...THE BOSTON MA CLIMATE SUMMARY FOR APRIL 27 2016...

CLIMATE NORMAL PERIOD 1981 TO 2010
CLIMATE RECORD PERIOD 1872 TO 2016


WEATHER ITEM   OBSERVED TIME   RECORD YEAR NORMAL DEPARTURE LAST
                VALUE   (LST)  VALUE       VALUE  FROM      YEAR
                                                  NORMAL
..................................................................
TEMPERATURE (F)
 YESTERDAY
  MAXIMUM         62    454 PM  92    1990  60      2       57
  MINIMUM         37    259 AM  33    1993  44     -7       45
                                      1909
                                      1882
  AVERAGE         50                        52     -2       51

PRECIPITATION (IN)
  YESTERDAY        0.00          1.50 1882   0.12  -0.12     0.10
  MONTH TO DATE    2.91                      3.40  -0.49     2.21
  SINCE MAR 1      6.07                      7.72  -1.65     5.26
  SINCE JAN 1     13.51                     14.33  -0.82    12.20

SNOWFALL (IN)
  YESTERDAY        0.0           2.1  1993   0.0    0.0      0.0
  MONTH TO DATE    6.6                       1.9    4.7       T
  SINCE MAR 1     10.7                       9.7    1.0      8.6
  SINCE JUL 1     36.1                      43.8   -7.7    110.6
  SNOW DEPTH       0

DEGREE DAYS
 HEATING
  YESTERDAY       15                        13      2       14
  MONTH TO DATE  483                       472     11      461
  SINCE MAR 1   1171                      1301   -130     1438
  SINCE JUL 1   4501                      5343   -842     5753

 COOLING
  YESTERDAY        0                         0      0        0
  MONTH TO DATE    3                         0      3        0
  SINCE MAR 1      3                         0      3        0
  SINCE JAN 1      3                         0      3        0
..................................................................


WIND (MPH)
  RESULTANT WIND SPEED   4   RESULTANT WIND DIRECTION  SW (220)
  HIGHEST WIND SPEED    22   HIGHEST WIND DIRECTION     S (200)
  HIGHEST GUST SPEED    28   HIGHEST GUST DIRECTION     W (250)
  AVERAGE WIND SPEED     9.9


SKY COVER
  POSSIBLE SUNSHINE  MM
  AVERAGE SKY COVER 0.3


WEATHER CONDITIONS
 THE FOLLOWING WEATHER WAS RECORDED YESTERDAY.
  NO SIGNIFICANT WEATHER WAS OBSERVED.


RELATIVE HUMIDITY (PERCENT)
 HIGHEST    85          1200 AM
 LOWEST     23           500 PM
 AVERAGE    54

..........................................................


THE BOSTON MA CLIMATE NORMALS FOR TODAY
                         NORMAL    RECORD    YEAR
 MAXIMUM TEMPERATURE (F)   60        93      2009
 MINIMUM TEMPERATURE (F)   45        30      1947


SUNRISE AND SUNSET
APRIL 28 2016.........SUNRISE   543 AM EDT   SUNSET   741 PM EDT
APRIL 29 2016.........SUNRISE   541 AM EDT   SUNSET   742 PM EDT


-  INDICATES NEGATIVE NUMBERS.
R  INDICATES RECORD WAS SET OR TIED.
MM INDICATES DATA IS MISSING.
T  INDICATES TRACE AMOUNT.




$$
