000
CDUS41 KBOX 101112
CLIBOS


CLIMATE REPORT
NATIONAL WEATHER SERVICE TAUNTON MA
710 AM EDT THU JUL 10 2014


...................................

...THE BOSTON MA CLIMATE SUMMARY FOR JULY 9 2014...

CLIMATE NORMAL PERIOD 1981 TO 2010
CLIMATE RECORD PERIOD 1872 TO 2014


WEATHER ITEM   OBSERVED TIME   RECORD YEAR NORMAL DEPARTURE LAST
                VALUE   (LST)  VALUE       VALUE  FROM      YEAR
                                                  NORMAL
..................................................................
TEMPERATURE (F)
 YESTERDAY
  MAXIMUM         88    325 PM  99    1981  81      7       72
                                      1912
  MINIMUM         73    603 AM  53    1909  65      8       65
  AVERAGE         81                        73      8       69

PRECIPITATION (IN)
  YESTERDAY        0.00          6.04 1921   0.10  -0.10      T
  MONTH TO DATE    2.59                      0.83   1.76     0.04
  SINCE JUN 1      5.21                      4.51   0.70    10.54
  SINCE JAN 1     23.16                     22.67   0.49    24.79

SNOWFALL (IN)
  YESTERDAY        0.0           0.0  2002   0.0    0.0      0.0
                                      2001
                                      2000
  MONTH TO DATE    0.0                       0.0    0.0      0.0
  SINCE JUN 1      0.0                       0.0    0.0      0.0
  SINCE JUL 1      0.0                       0.0    0.0      0.0
  SNOW DEPTH       0

DEGREE DAYS
 HEATING
  YESTERDAY        0                         0      0        0
  MONTH TO DATE    0                         0      0        0
  SINCE JUN 1     28                        55    -27       25
  SINCE JUL 1      0                         0      0        0

 COOLING
  YESTERDAY       16                         8      8        4
  MONTH TO DATE  116                        71     45      129
  SINCE JUN 1    254                       207     47      300
  SINCE JAN 1    276                       237     39      338
..................................................................


WIND (MPH)
  RESULTANT WIND SPEED  13   RESULTANT WIND DIRECTION  SW (220)
  HIGHEST WIND SPEED    21   HIGHEST WIND DIRECTION     S (200)
  HIGHEST GUST SPEED    26   HIGHEST GUST DIRECTION    SW (220)
  AVERAGE WIND SPEED    13.8


SKY COVER
  POSSIBLE SUNSHINE  MM
  AVERAGE SKY COVER 0.6


WEATHER CONDITIONS
 THE FOLLOWING WEATHER WAS RECORDED YESTERDAY.
  NO SIGNIFICANT WEATHER WAS OBSERVED.


RELATIVE HUMIDITY (PERCENT)
 HIGHEST    87          1200 AM
 LOWEST     42          1200 PM
 AVERAGE    65

..........................................................


THE BOSTON MA CLIMATE NORMALS FOR TODAY
                         NORMAL    RECORD    YEAR
 MAXIMUM TEMPERATURE (F)   81       101      1880
 MINIMUM TEMPERATURE (F)   65        53      1890


SUNRISE AND SUNSET
JULY 10 2014..........SUNRISE   517 AM EDT   SUNSET   822 PM EDT
JULY 11 2014..........SUNRISE   517 AM EDT   SUNSET   821 PM EDT


-  INDICATES NEGATIVE NUMBERS.
R  INDICATES RECORD WAS SET OR TIED.
MM INDICATES DATA IS MISSING.
T  INDICATES TRACE AMOUNT.




$$
