000
CDUS41 KBOX 062130
CLIBOS


CLIMATE REPORT
NATIONAL WEATHER SERVICE TAUNTON MA
426 PM EST FRI MAR 6 2015


...................................

...THE BOSTON MA CLIMATE SUMMARY FOR MARCH 6 2015...
VALID AS OF 0400 PM LOCAL TIME.

CLIMATE NORMAL PERIOD 1981 TO 2010
CLIMATE RECORD PERIOD 1872 TO 2015


WEATHER ITEM   OBSERVED TIME   RECORD YEAR NORMAL DEPARTURE LAST
                VALUE   (LST)  VALUE       VALUE  FROM      YEAR
                                                  NORMAL
..................................................................
TEMPERATURE (F)
 TODAY
  MAXIMUM         23    259 PM  70    1894  43    -20       25
  MINIMUM          9    649 AM  -8    1872  28    -19       11
  AVERAGE         16                        36    -20       18

PRECIPITATION (IN)
  TODAY            0.00          2.15 1943   0.13  -0.13     0.00
  MONTH TO DATE    0.46                      0.79  -0.33      T
  SINCE MAR 1      0.46                      0.79  -0.33      T
  SINCE JAN 1      7.40                      7.40   0.00     7.37

SNOWFALL (IN)
  TODAY            0.0           6.2  2001   0.3   -0.3      0.0
  MONTH TO DATE    3.7                       2.0    1.7      0.1
  SINCE MAR 1      3.7                       2.0    1.7      0.1
  SINCE JUL 1    105.7                      36.1   69.6     56.5
  SNOW DEPTH      MM

DEGREE DAYS
 HEATING
  TODAY           49                        29     20       47
  MONTH TO DATE  227                       180     47      241
  SINCE MAR 1    227                       180     47      241
  SINCE JUL 1   4542                      4222    320     4389

 COOLING
  TODAY            0                         0      0        0
  MONTH TO DATE    0                         0      0        0
  SINCE MAR 1      0                         0      0        0
  SINCE JAN 1      0                         0      0        0
..................................................................


WIND (MPH)
  HIGHEST WIND SPEED    23   HIGHEST WIND DIRECTION    NW (320)
  HIGHEST GUST SPEED    29   HIGHEST GUST DIRECTION    NW (310)
  AVERAGE WIND SPEED     9.9


SKY COVER
  POSSIBLE SUNSHINE  MM
  AVERAGE SKY COVER 0.2


WEATHER CONDITIONS
 THE FOLLOWING WEATHER WAS RECORDED TODAY.
  NO SIGNIFICANT WEATHER WAS OBSERVED.


RELATIVE HUMIDITY (PERCENT)
 HIGHEST    54           400 PM
 LOWEST     34          1100 AM
 AVERAGE    44

..........................................................


THE BOSTON MA CLIMATE NORMALS FOR TOMORROW
                         NORMAL    RECORD    YEAR
 MAXIMUM TEMPERATURE (F)   43        69      1946
 MINIMUM TEMPERATURE (F)   29         2      1872


SUNRISE AND SUNSET
MARCH  6 2015.........SUNRISE   612 AM EST   SUNSET   540 PM EST
MARCH  7 2015.........SUNRISE   610 AM EST   SUNSET   541 PM EST


-  INDICATES NEGATIVE NUMBERS.
R  INDICATES RECORD WAS SET OR TIED.
MM INDICATES DATA IS MISSING.
T  INDICATES TRACE AMOUNT.




$$
