000
CDUS41 KBOX 302155
CLIBOS


CLIMATE REPORT
NATIONAL WEATHER SERVICE TAUNTON MA
545 PM EDT THU MAR 30 2017


...................................

...THE BOSTON MA CLIMATE SUMMARY FOR MARCH 30 2017...
VALID AS OF 0500 PM LOCAL TIME.

CLIMATE NORMAL PERIOD 1981 TO 2010
CLIMATE RECORD PERIOD 1872 TO 2017


WEATHER ITEM   OBSERVED TIME   RECORD YEAR NORMAL DEPARTURE LAST
                VALUE   (LST)  VALUE       VALUE  FROM      YEAR
                                                  NORMAL
..................................................................
TEMPERATURE (F)
 TODAY
  MAXIMUM         48    100 PM  81    1977  50     -2       59
  MINIMUM         34    551 AM  10    1884  35     -1       34
  AVERAGE         41                        42     -1       47

PRECIPITATION (IN)
  TODAY            0.00          2.93 2010   0.14  -0.14     0.00
  MONTH TO DATE    3.31                      4.18  -0.87     3.16
  SINCE MAR 1      3.31                      4.18  -0.87     3.16
  SINCE JAN 1     10.78                     10.79  -0.01    10.60

SNOWFALL (IN)
  TODAY            0.0           2.4  1922   0.2   -0.2      0.0
  MONTH TO DATE    9.5                       7.7    1.8      4.1
  SINCE MAR 1      9.5                       7.7    1.8      4.1
  SINCE JUL 1     45.8                      41.8    4.0     29.5
  SNOW DEPTH      MM

DEGREE DAYS
 HEATING
  TODAY           24                        23      1       18
  MONTH TO DATE  923                       807    116      680
  SINCE MAR 1    923                       807    116      680
  SINCE JUL 1   4462                      4849   -387     4010

 COOLING
  TODAY            0                         0      0        0
  MONTH TO DATE    0                         0      0        0
  SINCE MAR 1      0                         0      0        0
  SINCE JAN 1      0                         0      0        0
..................................................................


WIND (MPH)
  HIGHEST WIND SPEED    18   HIGHEST WIND DIRECTION    NW (330)
  HIGHEST GUST SPEED    23   HIGHEST GUST DIRECTION    NW (330)
  AVERAGE WIND SPEED    11.8


SKY COVER
  POSSIBLE SUNSHINE  MM
  AVERAGE SKY COVER 0.2


WEATHER CONDITIONS
 THE FOLLOWING WEATHER WAS RECORDED TODAY.
  NO SIGNIFICANT WEATHER WAS OBSERVED.


RELATIVE HUMIDITY (PERCENT)
 HIGHEST    64           100 AM
 LOWEST     34           100 PM
 AVERAGE    49

..........................................................


THE BOSTON MA CLIMATE NORMALS FOR TOMORROW
                         NORMAL    RECORD    YEAR
 MAXIMUM TEMPERATURE (F)   50        89      1998
 MINIMUM TEMPERATURE (F)   36        15      1923


SUNRISE AND SUNSET
MARCH 30 2017.........SUNRISE   630 AM EDT   SUNSET   708 PM EDT
MARCH 31 2017.........SUNRISE   628 AM EDT   SUNSET   709 PM EDT


-  INDICATES NEGATIVE NUMBERS.
R  INDICATES RECORD WAS SET OR TIED.
MM INDICATES DATA IS MISSING.
T  INDICATES TRACE AMOUNT.




$$
