000
CDUS41 KBOX 010557
CLIBOS


CLIMATE REPORT
NATIONAL WEATHER SERVICE TAUNTON MA
147 AM EDT MON SEP 1 2014


...................................

...THE BOSTON MA CLIMATE SUMMARY FOR AUGUST 31 2014...

CLIMATE NORMAL PERIOD 1981 TO 2010
CLIMATE RECORD PERIOD 1872 TO 2014


WEATHER ITEM   OBSERVED TIME   RECORD YEAR NORMAL DEPARTURE LAST
                VALUE   (LST)  VALUE       VALUE  FROM      YEAR
                                                  NORMAL
..................................................................
TEMPERATURE (F)
 YESTERDAY
  MAXIMUM         85    358 PM  97    1953  77      8       82
                                      1881
  MINIMUM         67    127 AM  47    1965  62      5       69
  AVERAGE         76                        70      6       76

PRECIPITATION (IN)
  YESTERDAY        0.54          2.58 1954   0.10   0.44      T
  MONTH TO DATE    1.75                      3.35  -1.60     1.84
  SINCE JUN 1      8.94                     10.46  -1.52    15.95
  SINCE JAN 1     26.89                     28.62  -1.73    30.20

SNOWFALL (IN)
  YESTERDAY        0.0           T    1954   0.0    0.0      0.0
  MONTH TO DATE    0.0                       0.0    0.0      0.0
  SINCE JUN 1      0.0                       0.0    0.0      0.0
  SINCE JUL 1      0.0                       0.0    0.0      0.0
  SNOW DEPTH       0

DEGREE DAYS
 HEATING
  YESTERDAY        0                         1     -1        0
  MONTH TO DATE    0                         3     -3        0
  SINCE JUN 1     28                        68    -40       27
  SINCE JUL 1      0                        13    -13        2

 COOLING
  YESTERDAY       11                         5      6       11
  MONTH TO DATE  188                       227    -39      229
  SINCE JUN 1    617                       629    -12      783
  SINCE JAN 1    639                       659    -20      821
..................................................................


WIND (MPH)
  RESULTANT WIND SPEED  13   RESULTANT WIND DIRECTION  SW (220)
  HIGHEST WIND SPEED    23   HIGHEST WIND DIRECTION    SW (230)
  HIGHEST GUST SPEED    30   HIGHEST GUST DIRECTION     W (250)
  AVERAGE WIND SPEED    13.3


SKY COVER
  POSSIBLE SUNSHINE  MM
  AVERAGE SKY COVER 0.9


WEATHER CONDITIONS
 THE FOLLOWING WEATHER WAS RECORDED YESTERDAY.
  HEAVY RAIN
  LIGHT RAIN
  FOG


RELATIVE HUMIDITY (PERCENT)
 HIGHEST   100          1100 PM
 LOWEST     61           300 PM
 AVERAGE    81

..........................................................


THE BOSTON MA CLIMATE NORMALS FOR TODAY
                         NORMAL    RECORD    YEAR
 MAXIMUM TEMPERATURE (F)   77        96      1881
 MINIMUM TEMPERATURE (F)   62        50      1887


SUNRISE AND SUNSET
SEPTEMBER  1 2014.....SUNRISE   609 AM EDT   SUNSET   718 PM EDT
SEPTEMBER  2 2014.....SUNRISE   610 AM EDT   SUNSET   716 PM EDT


-  INDICATES NEGATIVE NUMBERS.
R  INDICATES RECORD WAS SET OR TIED.
MM INDICATES DATA IS MISSING.
T  INDICATES TRACE AMOUNT.




$$
