000
CDUS41 KBOX 192128
CLIBOS


CLIMATE REPORT
NATIONAL WEATHER SERVICE TAUNTON MA
417 PM EST FRI JAN 19 2018


...................................

...THE BOSTON MA CLIMATE SUMMARY FOR JANUARY 19 2018...
VALID AS OF 0400 PM LOCAL TIME.

CLIMATE NORMAL PERIOD 1981 TO 2010
CLIMATE RECORD PERIOD 1872 TO 2018


WEATHER ITEM   OBSERVED TIME   RECORD YEAR NORMAL DEPARTURE LAST
                VALUE   (LST)  VALUE       VALUE  FROM      YEAR
                                                  NORMAL
..................................................................
TEMPERATURE (F)
 TODAY
  MAXIMUM         34    335 PM  61    1951  35     -1       46
                                      1915
  MINIMUM         23    330 AM  -6    1904  22      1       31
  AVERAGE         29                        29      0       39

PRECIPITATION (IN)
  TODAY            0.00          1.81 1942   0.11  -0.11     0.00
  MONTH TO DATE    3.42                      2.09   1.33     2.66
  SINCE DEC 1      5.91                      5.87   0.04     5.91
  SINCE JAN 1      3.42                      2.09   1.33     2.66

SNOWFALL (IN)
  TODAY            0.0          10.0  1936   0.4   -0.4      0.0
  MONTH TO DATE   15.4                       8.1    7.3      8.3
  SINCE DEC 1     24.6                      17.1    7.5     14.2
  SINCE JUL 1     24.6                      18.4    6.2     14.2
  SNOW DEPTH      MM

DEGREE DAYS
 HEATING
  TODAY           36                        36      0       26
  MONTH TO DATE  759                       680     79      594
  SINCE DEC 1   1816                      1619    197     1510
  SINCE JUL 1   2643                      2674    -31     2425

 COOLING
  TODAY            0                         0      0        0
  MONTH TO DATE    0                         0      0        0
  SINCE DEC 1      0                         0      0        0
  SINCE JAN 1      0                         0      0        0
..................................................................


WIND (MPH)
  HIGHEST WIND SPEED    16   HIGHEST WIND DIRECTION     W (270)
  HIGHEST GUST SPEED    20   HIGHEST GUST DIRECTION     W (270)
  AVERAGE WIND SPEED    10.4


SKY COVER
  POSSIBLE SUNSHINE  MM
  AVERAGE SKY COVER 0.7


WEATHER CONDITIONS
 THE FOLLOWING WEATHER WAS RECORDED TODAY.
  NO SIGNIFICANT WEATHER WAS OBSERVED.


RELATIVE HUMIDITY (PERCENT)
 HIGHEST    74           200 AM
 LOWEST     56           200 PM
 AVERAGE    65

..........................................................


THE BOSTON MA CLIMATE NORMALS FOR TOMORROW
                         NORMAL    RECORD    YEAR
 MAXIMUM TEMPERATURE (F)   35        60      1951
 MINIMUM TEMPERATURE (F)   22        -3      1946
                                             1901


SUNRISE AND SUNSET
JANUARY 19 2018.......SUNRISE   709 AM EST   SUNSET   442 PM EST
JANUARY 20 2018.......SUNRISE   708 AM EST   SUNSET   443 PM EST


-  INDICATES NEGATIVE NUMBERS.
R  INDICATES RECORD WAS SET OR TIED.
MM INDICATES DATA IS MISSING.
T  INDICATES TRACE AMOUNT.




$$
