000
CDUS41 KBOX 080542
CLIBOS


CLIMATE REPORT
NATIONAL WEATHER SERVICE TAUNTON MA
1235 AM EST MON FEB 8 2016


...................................

...THE BOSTON MA CLIMATE SUMMARY FOR FEBRUARY 7 2016...

CLIMATE NORMAL PERIOD 1981 TO 2010
CLIMATE RECORD PERIOD 1872 TO 2016


WEATHER ITEM   OBSERVED TIME   RECORD YEAR NORMAL DEPARTURE LAST
                VALUE   (LST)  VALUE       VALUE  FROM      YEAR
                                                  NORMAL
..................................................................
TEMPERATURE (F)
 YESTERDAY
  MAXIMUM         44   1254 PM  56    1925  37      7       29
                                      1878
  MINIMUM         29   1203 AM  -5    1875  23      6       16
  AVERAGE         37                        30      7       23

PRECIPITATION (IN)
  YESTERDAY        0.00          1.93 1978   0.11  -0.11     0.07
  MONTH TO DATE    1.30                      0.76   0.54     0.95
  SINCE DEC 1      8.85                      7.90   0.95    11.08
  SINCE JAN 1      4.57                      4.12   0.45     4.52

SNOWFALL (IN)
  YESTERDAY        0.0          19.0  1978   0.4   -0.4      0.9
  MONTH TO DATE    6.8                       2.7    4.1     17.9
  SINCE DEC 1     17.2                      24.6   -7.4     52.5
  SINCE JUL 1     17.2                      25.9   -8.7     55.1
  SNOW DEPTH      MM

DEGREE DAYS
 HEATING
  YESTERDAY       28                        35     -7       42
  MONTH TO DATE  163                       245    -82      315
  SINCE DEC 1   1767                      2300   -533     2336
  SINCE JUL 1   2622                      3355   -733     3349

 COOLING
  YESTERDAY        0                         0      0        0
  MONTH TO DATE    0                         0      0        0
  SINCE DEC 1      0                         0      0        0
  SINCE JAN 1      0                         0      0        0
..................................................................


WIND (MPH)
  RESULTANT WIND SPEED   1   RESULTANT WIND DIRECTION  SE (140)
  HIGHEST WIND SPEED    26   HIGHEST WIND DIRECTION    NE (60)
  HIGHEST GUST SPEED    31   HIGHEST GUST DIRECTION    NE (60)
  AVERAGE WIND SPEED     9.9


SKY COVER
  POSSIBLE SUNSHINE  MM
  AVERAGE SKY COVER 0.3


WEATHER CONDITIONS
 THE FOLLOWING WEATHER WAS RECORDED YESTERDAY.
  NO SIGNIFICANT WEATHER WAS OBSERVED.


RELATIVE HUMIDITY (PERCENT)
 HIGHEST    78          1200 AM
 LOWEST     40           100 PM
 AVERAGE    59

..........................................................


THE BOSTON MA CLIMATE NORMALS FOR TODAY
                         NORMAL    RECORD    YEAR
 MAXIMUM TEMPERATURE (F)   38        66      1933
 MINIMUM TEMPERATURE (F)   24       -12      1934


SUNRISE AND SUNSET
FEBRUARY  8 2016......SUNRISE   650 AM EST   SUNSET   507 PM EST
FEBRUARY  9 2016......SUNRISE   649 AM EST   SUNSET   508 PM EST


-  INDICATES NEGATIVE NUMBERS.
R  INDICATES RECORD WAS SET OR TIED.
MM INDICATES DATA IS MISSING.
T  INDICATES TRACE AMOUNT.




$$
