000
CDUS45 KRIW 220730
CLIBPI


CLIMATE REPORT
NATIONAL WEATHER SERVICE RIVERTON WY
129 AM MDT THU JUN 22 2017


...................................

...THE BIG PINEY WY CLIMATE SUMMARY FOR JUNE 21 2017...

CLIMATE NORMAL PERIOD 1981 TO 2010
CLIMATE RECORD PERIOD 1976 TO 2017


WEATHER ITEM   OBSERVED TIME   RECORD YEAR NORMAL DEPARTURE LAST
                VALUE   (LST)  VALUE       VALUE  FROM      YEAR
                                                  NORMAL
..................................................................
TEMPERATURE (F)
 YESTERDAY
  MAXIMUM         86    220 PM  87    2016  74     12       87
                                      2005
  MINIMUM         46    615 AM  30    2012  39      7       43
  AVERAGE         66                        57      9       65

PRECIPITATION (IN)
  YESTERDAY        0.00          0.28 2003   0.03  -0.03     0.00
  MONTH TO DATE    0.14                      0.60  -0.46     0.51
  SINCE JUN 1      0.14                      0.60  -0.46     0.51
  SINCE JAN 1      5.60                      3.07   2.53     6.56

DEGREE DAYS
 HEATING
  YESTERDAY        0                         8     -8        0
  MONTH TO DATE  190                       240    -50      138
  SINCE JUN 1    190                       240    -50      138
  SINCE JUL 1  10153                     10366   -213     9403

 COOLING
  YESTERDAY        1                         0      1        0
  MONTH TO DATE    1                         0      1        0
  SINCE JUN 1      1                         0      1        0
  SINCE JAN 1      1                         0      1        0
..................................................................


WIND (MPH)
  HIGHEST WIND SPEED    28   HIGHEST WIND DIRECTION    NW (320)
  HIGHEST GUST SPEED    37   HIGHEST GUST DIRECTION    NW (300)
  AVERAGE WIND SPEED    10.6


SKY COVER
  POSSIBLE SUNSHINE  MM
  AVERAGE SKY COVER 0.0


WEATHER CONDITIONS
 THE FOLLOWING WEATHER WAS RECORDED YESTERDAY.
  NO SIGNIFICANT WEATHER WAS OBSERVED.


RELATIVE HUMIDITY (PERCENT)
 HIGHEST    77           600 AM
 LOWEST     22          1200 PM
 AVERAGE    50

..........................................................


THE BIG PINEY WY CLIMATE NORMALS FOR TODAY
                         NORMAL    RECORD    YEAR
 MAXIMUM TEMPERATURE (F)   75        87      2001
 MINIMUM TEMPERATURE (F)   39        28      1989


SUNRISE AND SUNSET
JUNE 22 2017..........SUNRISE   543 AM MDT   SUNSET   902 PM MDT
JUNE 23 2017..........SUNRISE   544 AM MDT   SUNSET   902 PM MDT


-  INDICATES NEGATIVE NUMBERS.
R  INDICATES RECORD WAS SET OR TIED.
MM INDICATES DATA IS MISSING.
T  INDICATES TRACE AMOUNT.




$$
