000
CDUS45 KRIW 280743
CLIBPI


CLIMATE REPORT
NATIONAL WEATHER SERVICE RIVERTON WY
131 AM MDT FRI APR 28 2017


...................................

...THE BIG PINEY WY CLIMATE SUMMARY FOR APRIL 27 2017...

CLIMATE NORMAL PERIOD 1981 TO 2010
CLIMATE RECORD PERIOD 1976 TO 2017


WEATHER ITEM   OBSERVED TIME   RECORD YEAR NORMAL DEPARTURE LAST
                VALUE   (LST)  VALUE       VALUE  FROM      YEAR
                                                  NORMAL
..................................................................
TEMPERATURE (F)
 YESTERDAY
  MAXIMUM         44    312 PM  73    2001  56    -12       49
                                      2000
  MINIMUM         28   1001 PM  10    1984  25      3       24
  AVERAGE         36                        40     -4       37

PRECIPITATION (IN)
  YESTERDAY        0.00          0.20 1989   0.03  -0.03      T
  MONTH TO DATE    1.16                      0.46   0.70     1.06
  SINCE MAR 1      2.61                      0.90   1.71     1.88
  SINCE JAN 1      4.35                      1.56   2.79     2.05

DEGREE DAYS
 HEATING
  YESTERDAY       29                        25      4       28
  MONTH TO DATE  755                       763     -8      663
  SINCE MAR 1   1866                      1935    -69     1727
  SINCE JUL 1   9296                      9458   -162     8581

 COOLING
  YESTERDAY        0                         0      0        0
  MONTH TO DATE    0                         0      0        0
  SINCE MAR 1      0                         0      0        0
  SINCE JAN 1      0                         0      0        0
..................................................................


WIND (MPH)
  HIGHEST WIND SPEED    30   HIGHEST WIND DIRECTION    NW (300)
  HIGHEST GUST SPEED    37   HIGHEST GUST DIRECTION    NW (310)
  AVERAGE WIND SPEED    13.6


SKY COVER
  POSSIBLE SUNSHINE  MM
  AVERAGE SKY COVER 0.6


WEATHER CONDITIONS
 THE FOLLOWING WEATHER WAS RECORDED YESTERDAY.
  FOG
  FOG W/VISIBILITY <= 1/4 MILE


RELATIVE HUMIDITY (PERCENT)
 HIGHEST   100           200 AM
 LOWEST     31           300 PM
 AVERAGE    66

..........................................................


THE BIG PINEY WY CLIMATE NORMALS FOR TODAY
                         NORMAL    RECORD    YEAR
 MAXIMUM TEMPERATURE (F)   56        75      2007
 MINIMUM TEMPERATURE (F)   25        12      2011


SUNRISE AND SUNSET
APRIL 28 2017.........SUNRISE   619 AM MDT   SUNSET   817 PM MDT
APRIL 29 2017.........SUNRISE   617 AM MDT   SUNSET   819 PM MDT


-  INDICATES NEGATIVE NUMBERS.
R  INDICATES RECORD WAS SET OR TIED.
MM INDICATES DATA IS MISSING.
T  INDICATES TRACE AMOUNT.




$$
