000
CDUS45 KRIW 190749
CLIBPI


CLIMATE REPORT
NATIONAL WEATHER SERVICE RIVERTON WY
143 AM MDT SAT APR 19 2014


...................................

...THE BIG PINEY WY CLIMATE SUMMARY FOR APRIL 18 2014...

CLIMATE NORMAL PERIOD 1981 TO 2010
CLIMATE RECORD PERIOD 1976 TO 2014


WEATHER ITEM   OBSERVED TIME   RECORD YEAR NORMAL DEPARTURE LAST
                VALUE   (LST)  VALUE       VALUE  FROM      YEAR
                                                  NORMAL
..................................................................
TEMPERATURE (F)
 YESTERDAY
  MAXIMUM         62   1113 AM  73    1994  53      9       39
  MINIMUM         22   1149 PM   2    2013  22      0        2
  AVERAGE         42                        38      4       21

PRECIPITATION (IN)
  YESTERDAY        T             0.34 2000   0.01  -0.01      T
  MONTH TO DATE    0.02                      0.28  -0.26     0.16
  SINCE MAR 1      0.14                      0.72  -0.58     0.19
  SINCE JAN 1      0.18                      1.38  -1.20     0.35

DEGREE DAYS
 HEATING
  YESTERDAY       23                        27     -4       44
  MONTH TO DATE  541                       530     11      584
  SINCE MAR 1   1600                      1702   -102     1702
  SINCE JUL 1   8544                      9225   -681     8566

 COOLING
  YESTERDAY        0                         0      0        0
  MONTH TO DATE    0                         0      0        0
  SINCE MAR 1      0                         0      0        0
  SINCE JAN 1      0                         0      0        0
..................................................................


WIND (MPH)
  HIGHEST WIND SPEED    36   HIGHEST WIND DIRECTION     W (270)
  HIGHEST GUST SPEED    43   HIGHEST GUST DIRECTION     W (260)
  AVERAGE WIND SPEED    10.9


SKY COVER
  POSSIBLE SUNSHINE  MM
  AVERAGE SKY COVER 0.3


WEATHER CONDITIONS
 THE FOLLOWING WEATHER WAS RECORDED YESTERDAY.
  LIGHT RAIN


RELATIVE HUMIDITY (PERCENT)
 HIGHEST    69          1200 AM
 LOWEST     25          1100 AM
 AVERAGE    47

..........................................................


THE BIG PINEY WY CLIMATE NORMALS FOR TODAY
                         NORMAL    RECORD    YEAR
 MAXIMUM TEMPERATURE (F)   54        70      1994
 MINIMUM TEMPERATURE (F)   23        12      2006
                                             1996
                                             1991


SUNRISE AND SUNSET
APRIL 19 2014.........SUNRISE   633 AM MDT   SUNSET   807 PM MDT
APRIL 20 2014.........SUNRISE   631 AM MDT   SUNSET   808 PM MDT


-  INDICATES NEGATIVE NUMBERS.
R  INDICATES RECORD WAS SET OR TIED.
MM INDICATES DATA IS MISSING.
T  INDICATES TRACE AMOUNT.




$$
