000
CDUS45 KRIW 230736
CLIBPI


CLIMATE REPORT
NATIONAL WEATHER SERVICE RIVERTON WY
134 AM MDT THU MAR 23 2017


...................................

...THE BIG PINEY WY CLIMATE SUMMARY FOR MARCH 22 2017...

CLIMATE NORMAL PERIOD 1981 TO 2010
CLIMATE RECORD PERIOD 1976 TO 2017


WEATHER ITEM   OBSERVED TIME   RECORD YEAR NORMAL DEPARTURE LAST
                VALUE   (LST)  VALUE       VALUE  FROM      YEAR
                                                  NORMAL
..................................................................
TEMPERATURE (F)
 YESTERDAY
  MAXIMUM         46    414 PM  62    2012  44      2       42
  MINIMUM         31    146 AM   0    1985  16     15       25
  AVERAGE         39                        30      9       34

PRECIPITATION (IN)
  YESTERDAY        0.43R         0.11 1994   0.02   0.41     0.07
  MONTH TO DATE    0.44                      0.28   0.16     0.36
  SINCE MAR 1      0.44                      0.28   0.16     0.36
  SINCE JAN 1      2.18                      0.94   1.24     0.53

DEGREE DAYS
 HEATING
  YESTERDAY       26                        35     -9       31
  MONTH TO DATE  849                       872    -23      768
  SINCE MAR 1    849                       872    -23      768
  SINCE JUL 1   8279                      8395   -116     7622

 COOLING
  YESTERDAY        0                         0      0        0
  MONTH TO DATE    0                         0      0        0
  SINCE MAR 1      0                         0      0        0
  SINCE JAN 1      0                         0      0        0
..................................................................


WIND (MPH)
  HIGHEST WIND SPEED    15   HIGHEST WIND DIRECTION     N (10)
  HIGHEST GUST SPEED    18   HIGHEST GUST DIRECTION     N (10)
  AVERAGE WIND SPEED     5.3


SKY COVER
  POSSIBLE SUNSHINE  MM
  AVERAGE SKY COVER 0.7


WEATHER CONDITIONS
 THE FOLLOWING WEATHER WAS RECORDED YESTERDAY.
  RAIN
  LIGHT RAIN
  FOG


RELATIVE HUMIDITY (PERCENT)
 HIGHEST   100           800 PM
 LOWEST     71           300 PM
 AVERAGE    86

..........................................................


THE BIG PINEY WY CLIMATE NORMALS FOR TODAY
                         NORMAL    RECORD    YEAR
 MAXIMUM TEMPERATURE (F)   45        67      2012
 MINIMUM TEMPERATURE (F)   16         1      2013


SUNRISE AND SUNSET
MARCH 23 2017.........SUNRISE   718 AM MDT   SUNSET   737 PM MDT
MARCH 24 2017.........SUNRISE   716 AM MDT   SUNSET   738 PM MDT


-  INDICATES NEGATIVE NUMBERS.
R  INDICATES RECORD WAS SET OR TIED.
MM INDICATES DATA IS MISSING.
T  INDICATES TRACE AMOUNT.




$$
