000
CDUS45 KRIW 270739
CLIBPI


CLIMATE REPORT
NATIONAL WEATHER SERVICE RIVERTON WY
1239 AM MST SAT DEC 27 2014


...................................

...THE BIG PINEY WY CLIMATE SUMMARY FOR DECEMBER 26 2014...

CLIMATE NORMAL PERIOD 1981 TO 2010
CLIMATE RECORD PERIOD 1976 TO 2014


WEATHER ITEM   OBSERVED TIME   RECORD YEAR NORMAL DEPARTURE LAST
                VALUE   (LST)  VALUE       VALUE  FROM      YEAR
                                                  NORMAL
..................................................................
TEMPERATURE (F)
 YESTERDAY
  MAXIMUM         17    251 PM  48    1999  26     -9       26
  MINIMUM          1    542 AM -25    1997  -3      4       -4
  AVERAGE          9                        11     -2       11

PRECIPITATION (IN)
  YESTERDAY        T   R         T    2007   0.01  -0.01     0.00
                                      2007
                                      2012
  MONTH TO DATE    0.12                      0.23  -0.11     0.19
  SINCE DEC 1      0.12                      0.23  -0.11     0.19
  SINCE JAN 1      4.79                      6.41  -1.62     4.70

DEGREE DAYS
 HEATING
  YESTERDAY       56                        54      2       54
  MONTH TO DATE 1022                      1356   -334     1399
  SINCE DEC 1   1022                      1356   -334     1399
  SINCE JUL 1   3250                      4171   -921     3864

 COOLING
  YESTERDAY        0                         0      0        0
  MONTH TO DATE    0                         0      0        0
  SINCE DEC 1      0                         0      0        0
  SINCE JAN 1     26                        35     -9       89
..................................................................


WIND (MPH)
  HIGHEST WIND SPEED     7   HIGHEST WIND DIRECTION    NW (310)
  HIGHEST GUST SPEED     8   HIGHEST GUST DIRECTION    NW (320)
  AVERAGE WIND SPEED     1.6


SKY COVER
  POSSIBLE SUNSHINE  MM
  AVERAGE SKY COVER 0.8


WEATHER CONDITIONS
 THE FOLLOWING WEATHER WAS RECORDED YESTERDAY.
  LIGHT SNOW
  FOG
  HAZE


RELATIVE HUMIDITY (PERCENT)
 HIGHEST    91           600 AM
 LOWEST     67           200 PM
 AVERAGE    79

..........................................................


THE BIG PINEY WY CLIMATE NORMALS FOR TODAY
                         NORMAL    RECORD    YEAR
 MAXIMUM TEMPERATURE (F)   26        49      2005
 MINIMUM TEMPERATURE (F)   -3       -27      1988


SUNRISE AND SUNSET
DECEMBER 27 2014......SUNRISE   749 AM MST   SUNSET   454 PM MST
DECEMBER 28 2014......SUNRISE   750 AM MST   SUNSET   455 PM MST


-  INDICATES NEGATIVE NUMBERS.
R  INDICATES RECORD WAS SET OR TIED.
MM INDICATES DATA IS MISSING.
T  INDICATES TRACE AMOUNT.




$$
