000
CDUS45 KRIW 200733
CLIBPI


CLIMATE REPORT
NATIONAL WEATHER SERVICE RIVERTON WY
129 AM MDT SAT SEP 20 2014


...................................

...THE BIG PINEY WY CLIMATE SUMMARY FOR SEPTEMBER 19 2014...

CLIMATE NORMAL PERIOD 1981 TO 2010
CLIMATE RECORD PERIOD 1976 TO 2014


WEATHER ITEM   OBSERVED TIME   RECORD YEAR NORMAL DEPARTURE LAST
                VALUE   (LST)  VALUE       VALUE  FROM      YEAR
                                                  NORMAL
..................................................................
TEMPERATURE (F)
 YESTERDAY
  MAXIMUM         75    332 PM  83    2010  67      8       59
  MINIMUM         41   1124 PM  17    1978  30     11       27
  AVERAGE         58                        48     10       43

PRECIPITATION (IN)
  YESTERDAY        T             0.90 1978   0.02  -0.02     0.00
  MONTH TO DATE    0.16                      0.48  -0.32     0.76
  SINCE SEP 1      0.16                      0.48  -0.32     0.76
  SINCE JAN 1      3.53                      5.14  -1.61     3.76

DEGREE DAYS
 HEATING
  YESTERDAY        7                        17    -10       22
  MONTH TO DATE  219                       251    -32      130
  SINCE SEP 1    219                       251    -32      130
  SINCE JUL 1    448                       544    -96      231

 COOLING
  YESTERDAY        0                         0      0        0
  MONTH TO DATE    0                         0      0        5
  SINCE SEP 1      0                         0      0        5
  SINCE JAN 1     26                        35     -9       89
..................................................................


WIND (MPH)
  HIGHEST WIND SPEED    17   HIGHEST WIND DIRECTION     N (340)
  HIGHEST GUST SPEED    25   HIGHEST GUST DIRECTION     N (340)
  AVERAGE WIND SPEED     8.5


SKY COVER
  POSSIBLE SUNSHINE  MM
  AVERAGE SKY COVER 0.2


WEATHER CONDITIONS
 THE FOLLOWING WEATHER WAS RECORDED YESTERDAY.
  LIGHT RAIN


RELATIVE HUMIDITY (PERCENT)
 HIGHEST    96           700 AM
 LOWEST     19           400 PM
 AVERAGE    58

..........................................................


THE BIG PINEY WY CLIMATE NORMALS FOR TODAY
                         NORMAL    RECORD    YEAR
 MAXIMUM TEMPERATURE (F)   66        78      2012
                                             1984
 MINIMUM TEMPERATURE (F)   30        18      1978


SUNRISE AND SUNSET
SEPTEMBER 20 2014.....SUNRISE   706 AM MDT   SUNSET   721 PM MDT
SEPTEMBER 21 2014.....SUNRISE   707 AM MDT   SUNSET   719 PM MDT


-  INDICATES NEGATIVE NUMBERS.
R  INDICATES RECORD WAS SET OR TIED.
MM INDICATES DATA IS MISSING.
T  INDICATES TRACE AMOUNT.




$$
