000
CDUS45 KRIW 170746
CLIBPI


CLIMATE REPORT
NATIONAL WEATHER SERVICE RIVERTON WY
1238 AM MST WED JAN 17 2018


...................................

...THE BIG PINEY WY CLIMATE SUMMARY FOR JANUARY 16 2018...

CLIMATE NORMAL PERIOD 1981 TO 2010
CLIMATE RECORD PERIOD 1976 TO 2018


WEATHER ITEM   OBSERVED TIME   RECORD YEAR NORMAL DEPARTURE LAST
                VALUE   (LST)  VALUE       VALUE  FROM      YEAR
                                                  NORMAL
..................................................................
TEMPERATURE (F)
 YESTERDAY
  MAXIMUM         31    436 PM  41    1999  26      5        2
  MINIMUM          6   1145 PM -27    2017  -4     10      -27
  AVERAGE         19                        11      8      -12

PRECIPITATION (IN)
  YESTERDAY        0.00          0.03 1999   0.01  -0.01      T
  MONTH TO DATE    0.05                      0.17  -0.12     0.53
  SINCE DEC 1      0.12                      0.47  -0.35     1.08
  SINCE JAN 1      0.05                      0.17  -0.12     0.53

DEGREE DAYS
 HEATING
  YESTERDAY       46                        54     -8       77
  MONTH TO DATE  683                       864   -181     1033
  SINCE DEC 1   2007                      2488   -481     2761
  SINCE JUL 1   4563                      5303   -740     5210

 COOLING
  YESTERDAY        0                         0      0        0
  MONTH TO DATE    0                         0      0        0
  SINCE DEC 1      0                         0      0        0
  SINCE JAN 1      0                         0      0        0
..................................................................


WIND (MPH)
  HIGHEST WIND SPEED     9   HIGHEST WIND DIRECTION     W (290)
  HIGHEST GUST SPEED    10   HIGHEST GUST DIRECTION    NE (40)
  AVERAGE WIND SPEED     3.2


SKY COVER
  POSSIBLE SUNSHINE  MM
  AVERAGE SKY COVER 0.4


WEATHER CONDITIONS
 THE FOLLOWING WEATHER WAS RECORDED YESTERDAY.
  NO SIGNIFICANT WEATHER WAS OBSERVED.


RELATIVE HUMIDITY (PERCENT)
 HIGHEST    92           800 AM
 LOWEST     47           400 PM
 AVERAGE    70

..........................................................


THE BIG PINEY WY CLIMATE NORMALS FOR TODAY
                         NORMAL    RECORD    YEAR
 MAXIMUM TEMPERATURE (F)   26        41      2014
                                             1994
 MINIMUM TEMPERATURE (F)   -4       -23      2017


SUNRISE AND SUNSET
JANUARY 17 2018.......SUNRISE   746 AM MST   SUNSET   515 PM MST
JANUARY 18 2018.......SUNRISE   746 AM MST   SUNSET   516 PM MST


-  INDICATES NEGATIVE NUMBERS.
R  INDICATES RECORD WAS SET OR TIED.
MM INDICATES DATA IS MISSING.
T  INDICATES TRACE AMOUNT.




$$
