000
CDUS45 KRIW 170745
CLIBPI


CLIMATE REPORT
NATIONAL WEATHER SERVICE RIVERTON WY
1242 AM MST TUE JAN 17 2017


...................................

...THE BIG PINEY WY CLIMATE SUMMARY FOR JANUARY 16 2017...

CLIMATE NORMAL PERIOD 1981 TO 2010
CLIMATE RECORD PERIOD 1976 TO 2017


WEATHER ITEM   OBSERVED TIME   RECORD YEAR NORMAL DEPARTURE LAST
                VALUE   (LST)  VALUE       VALUE  FROM      YEAR
                                                  NORMAL
..................................................................
TEMPERATURE (F)
 YESTERDAY
  MAXIMUM          2    250 PM  41    1999  26    -24       26
  MINIMUM        -27R   800 AM -24    1989  -4    -23        8
  AVERAGE        -12                        11    -23       17

PRECIPITATION (IN)
  YESTERDAY        T             0.03 1999   0.01  -0.01      T
  MONTH TO DATE    0.53                      0.17   0.36     0.03
  SINCE DEC 1      1.08                      0.47   0.61     0.14
  SINCE JAN 1      0.53                      0.17   0.36     0.03

DEGREE DAYS
 HEATING
  YESTERDAY       77                        54     23       48
  MONTH TO DATE 1033                       864    169      854
  SINCE DEC 1   2761                      2488    273     2526
  SINCE JUL 1   5210                      5303    -93     5007

 COOLING
  YESTERDAY        0                         0      0        0
  MONTH TO DATE    0                         0      0        0
  SINCE DEC 1      0                         0      0        0
  SINCE JAN 1      0                         0      0        0
..................................................................


WIND (MPH)
  HIGHEST WIND SPEED     8   HIGHEST WIND DIRECTION     E (80)
  HIGHEST GUST SPEED     9   HIGHEST GUST DIRECTION    NW (330)
  AVERAGE WIND SPEED     2.3


SKY COVER
  POSSIBLE SUNSHINE  MM
  AVERAGE SKY COVER 0.1


WEATHER CONDITIONS
 THE FOLLOWING WEATHER WAS RECORDED YESTERDAY.
  FOG
  HAZE


RELATIVE HUMIDITY (PERCENT)
 HIGHEST   100          1100 AM
 LOWEST     72           100 PM
 AVERAGE    86

..........................................................


THE BIG PINEY WY CLIMATE NORMALS FOR TODAY
                         NORMAL    RECORD    YEAR
 MAXIMUM TEMPERATURE (F)   26        41      2014
                                             1994
 MINIMUM TEMPERATURE (F)   -4       -21      2007


SUNRISE AND SUNSET
JANUARY 17 2017.......SUNRISE   746 AM MST   SUNSET   515 PM MST
JANUARY 18 2017.......SUNRISE   746 AM MST   SUNSET   517 PM MST


-  INDICATES NEGATIVE NUMBERS.
R  INDICATES RECORD WAS SET OR TIED.
MM INDICATES DATA IS MISSING.
T  INDICATES TRACE AMOUNT.




$$
