000
CDUS45 KRIW 170729
CLIBPI


CLIMATE REPORT
NATIONAL WEATHER SERVICE RIVERTON WY
128 AM MDT THU AUG 17 2017


...................................

...THE BIG PINEY WY CLIMATE SUMMARY FOR AUGUST 16 2017...

CLIMATE NORMAL PERIOD 1981 TO 2010
CLIMATE RECORD PERIOD 1976 TO 2017


WEATHER ITEM   OBSERVED TIME   RECORD YEAR NORMAL DEPARTURE LAST
                VALUE   (LST)  VALUE       VALUE  FROM      YEAR
                                                  NORMAL
..................................................................
TEMPERATURE (F)
 YESTERDAY
  MAXIMUM         73    103 PM  88    2013  80     -7       85
  MINIMUM         36    523 AM  29    1999  41     -5       36
  AVERAGE         55                        60     -5       61

PRECIPITATION (IN)
  YESTERDAY        T             0.16 1983   0.02  -0.02     0.00
  MONTH TO DATE    0.60                      0.37   0.23     0.37
  SINCE JUN 1      1.60                      1.87  -0.27     1.35
  SINCE JAN 1      7.06                      4.34   2.72     7.40

DEGREE DAYS
 HEATING
  YESTERDAY       10                         5      5        4
  MONTH TO DATE   79                        65     14       61
  SINCE JUN 1    382                       487   -105      343
  SINCE JUL 1    111                       182    -71      165

 COOLING
  YESTERDAY        0                         0      0        0
  MONTH TO DATE    2                        12    -10        2
  SINCE JUN 1     27                        36     -9       23
  SINCE JAN 1     27                        36     -9       23
..................................................................


WIND (MPH)
  HIGHEST WIND SPEED    29   HIGHEST WIND DIRECTION    NW (300)
  HIGHEST GUST SPEED    35   HIGHEST GUST DIRECTION    NW (310)
  AVERAGE WIND SPEED     5.8


SKY COVER
  POSSIBLE SUNSHINE  MM
  AVERAGE SKY COVER 0.0


WEATHER CONDITIONS
 THE FOLLOWING WEATHER WAS RECORDED YESTERDAY.
  LIGHT RAIN


RELATIVE HUMIDITY (PERCENT)
 HIGHEST   100           500 AM
 LOWEST     25           100 PM
 AVERAGE    63

..........................................................


THE BIG PINEY WY CLIMATE NORMALS FOR TODAY
                         NORMAL    RECORD    YEAR
 MAXIMUM TEMPERATURE (F)   79        91      2003
 MINIMUM TEMPERATURE (F)   40        26      1987


SUNRISE AND SUNSET
AUGUST 17 2017........SUNRISE   630 AM MDT   SUNSET   818 PM MDT
AUGUST 18 2017........SUNRISE   631 AM MDT   SUNSET   817 PM MDT


-  INDICATES NEGATIVE NUMBERS.
R  INDICATES RECORD WAS SET OR TIED.
MM INDICATES DATA IS MISSING.
T  INDICATES TRACE AMOUNT.




$$
