515
CDUS45 KRIW 110811
CLIBPI


CLIMATE REPORT
NATIONAL WEATHER SERVICE RIVERTON WY
109 AM MST SUN DEC 11 2016


...................................

...THE BIG PINEY WY CLIMATE SUMMARY FOR DECEMBER 10 2016...

CLIMATE NORMAL PERIOD 1981 TO 2010
CLIMATE RECORD PERIOD 1976 TO 2016


WEATHER ITEM   OBSERVED TIME   RECORD YEAR NORMAL DEPARTURE LAST
                VALUE   (LST)  VALUE       VALUE  FROM      YEAR
                                                  NORMAL
..................................................................
TEMPERATURE (F)
 YESTERDAY
  MAXIMUM         38    115 PM  49    2014  27     11       32
  MINIMUM         14    455 AM -28    2009   0     14       16
  AVERAGE         26                        13     13       24

PRECIPITATION (IN)
  YESTERDAY        T             0.06 2010   0.01  -0.01      T
  MONTH TO DATE    0.12                      0.09   0.03      T
  SINCE DEC 1      0.12                      0.09   0.03      T
  SINCE JAN 1     12.16                      6.27   5.89     6.76

DEGREE DAYS
 HEATING
  YESTERDAY       39                        52    -13       41
  MONTH TO DATE  546                       505     41      486
  SINCE DEC 1    546                       505     41      486
  SINCE JUL 1   2995                      3320   -325     2967

 COOLING
  YESTERDAY        0                         0      0        0
  MONTH TO DATE    0                         0      0        0
  SINCE DEC 1      0                         0      0        0
  SINCE JAN 1     23                        35    -12       53
..................................................................


WIND (MPH)
  HIGHEST WIND SPEED    23   HIGHEST WIND DIRECTION    NW (320)
  HIGHEST GUST SPEED    30   HIGHEST GUST DIRECTION    NW (320)
  AVERAGE WIND SPEED     6.8


SKY COVER
  POSSIBLE SUNSHINE  MM
  AVERAGE SKY COVER 0.6


WEATHER CONDITIONS
 THE FOLLOWING WEATHER WAS RECORDED YESTERDAY.
  LIGHT SNOW
  FOG


RELATIVE HUMIDITY (PERCENT)
 HIGHEST    96           500 AM
 LOWEST     75           200 PM
 AVERAGE    86

..........................................................


THE BIG PINEY WY CLIMATE NORMALS FOR TODAY
                         NORMAL    RECORD    YEAR
 MAXIMUM TEMPERATURE (F)   27        45      1995
 MINIMUM TEMPERATURE (F)    1       -27      2009


SUNRISE AND SUNSET
DECEMBER 11 2016......SUNRISE   741 AM MST   SUNSET   447 PM MST
DECEMBER 12 2016......SUNRISE   741 AM MST   SUNSET   447 PM MST


-  INDICATES NEGATIVE NUMBERS.
R  INDICATES RECORD WAS SET OR TIED.
MM INDICATES DATA IS MISSING.
T  INDICATES TRACE AMOUNT.




$$
