000
CDUS44 KLCH 200850
CLIBPT


CLIMATE REPORT
NATIONAL WEATHER SERVICE LAKE CHARLES, LA
350 AM CDT MON OCT 20 2014


...................................

...THE BEAUMONT PORT ARTHUR CLIMATE SUMMARY FOR OCTOBER 19 2014...

CLIMATE NORMAL PERIOD 1981 TO 2010
CLIMATE RECORD PERIOD 1901 TO 2014


WEATHER ITEM   OBSERVED TIME   RECORD YEAR NORMAL DEPARTURE LAST
                VALUE   (LST)  VALUE       VALUE  FROM      YEAR
                                                  NORMAL
..................................................................
TEMPERATURE (F)
 YESTERDAY
  MAXIMUM         82    245 PM  95    1905  80      2       72
  MINIMUM         63    704 AM  35    1989  60      3       52
                                      1948
  AVERAGE         73                        70      3       62

PRECIPITATION (IN)
  YESTERDAY        0.00          1.25 1984   0.21  -0.21     0.35
  MONTH TO DATE    2.18                      3.44  -1.26     3.92
  SINCE SEP 1      8.93                      9.41  -0.48    12.06
  SINCE JAN 1     44.33                     48.64  -4.31    47.27

SNOWFALL (IN)
  YESTERDAY        0.0           0.0    MM   0.0    0.0      0.0
  MONTH TO DATE    0.0                       0.0    0.0      0.0
  SINCE SEP 1      0.0                       0.0    0.0      0.0
  SINCE JUL 1      0.0                       0.0    0.0      0.0
  SNOW DEPTH       0

DEGREE DAYS
 HEATING
  YESTERDAY        0                         1     -1        3
  MONTH TO DATE    0                         9     -9        3
  SINCE SEP 1      0                        10    -10        3
  SINCE JUL 1      0                        10    -10        3

 COOLING
  YESTERDAY        8                         6      2        0
  MONTH TO DATE  193                       147     46      176
  SINCE SEP 1    673                       566    107      710
  SINCE JAN 1   2816                      2733     83     2900
..................................................................


WIND (MPH)
  HIGHEST WIND SPEED    15   HIGHEST WIND DIRECTION     E (70)
  HIGHEST GUST SPEED    19   HIGHEST GUST DIRECTION     E (70)
  AVERAGE WIND SPEED     7.9


SKY COVER
  POSSIBLE SUNSHINE  MM
  AVERAGE SKY COVER 0.2


WEATHER CONDITIONS
 THE FOLLOWING WEATHER WAS RECORDED YESTERDAY.
  NO SIGNIFICANT WEATHER WAS OBSERVED.


RELATIVE HUMIDITY (PERCENT)
 HIGHEST    79          1200 AM
 LOWEST     48          1200 PM
 AVERAGE    64

..........................................................


THE BEAUMONT PORT ARTHUR CLIMATE NORMALS FOR TODAY
                         NORMAL    RECORD    YEAR
 MAXIMUM TEMPERATURE (F)   80        92      1927
 MINIMUM TEMPERATURE (F)   59        32      1989


SUNRISE AND SUNSET
OCTOBER 20 2014.......SUNRISE   721 AM CDT   SUNSET   640 PM CDT
OCTOBER 21 2014.......SUNRISE   722 AM CDT   SUNSET   639 PM CDT


-  INDICATES NEGATIVE NUMBERS.
R  INDICATES RECORD WAS SET OR TIED.
MM INDICATES DATA IS MISSING.
T  INDICATES TRACE AMOUNT.




$$
