000
CDUS44 KLCH 071245
CLIBPT


CLIMATE REPORT
NATIONAL WEATHER SERVICE LAKE CHARLES, LA
645 AM CST WED DEC 7 2016


...................................

...THE BEAUMONT PORT ARTHUR CLIMATE SUMMARY FOR DECEMBER 6 2016...

CLIMATE NORMAL PERIOD 1981 TO 2010
CLIMATE RECORD PERIOD 1901 TO 2016


WEATHER ITEM   OBSERVED TIME   RECORD YEAR NORMAL DEPARTURE LAST
                VALUE   (LST)  VALUE       VALUE  FROM      YEAR
                                                  NORMAL
..................................................................
TEMPERATURE (F)
 YESTERDAY
  MAXIMUM         71    259 PM  83    1943  66      5       72
  MINIMUM         47    647 AM  22    1950  46      1       43
  AVERAGE         59                        56      3       58

PRECIPITATION (IN)
  YESTERDAY        0.00          4.15 1969   0.16  -0.16     0.00
  MONTH TO DATE    8.23                      0.95   7.28     0.22
  SINCE DEC 1      8.23                      0.95   7.28     0.22
  SINCE JAN 1     73.21                     56.13  17.08    70.19

SNOWFALL (IN)
  YESTERDAY        0.0           0.0    MM   0.0    0.0      0.0
  MONTH TO DATE    0.0                       0.0    0.0      0.0
  SINCE DEC 1      0.0                       0.0    0.0      0.0
  SINCE JUL 1      0.0                       0.0    0.0      0.0
  SNOW DEPTH       0

DEGREE DAYS
 HEATING
  YESTERDAY        6                        10     -4        7
  MONTH TO DATE   53                        57     -4       62
  SINCE DEC 1     53                        57     -4       62
  SINCE JUL 1    123                       252   -129      126

 COOLING
  YESTERDAY        0                         1     -1        0
  MONTH TO DATE    0                         6     -6        0
  SINCE DEC 1      0                         6     -6        0
  SINCE JAN 1   3401                      2861    540     3257
..................................................................


WIND (MPH)
  HIGHEST WIND SPEED    13   HIGHEST WIND DIRECTION     N (10)
  HIGHEST GUST SPEED    16   HIGHEST GUST DIRECTION     N (10)
  AVERAGE WIND SPEED     5.3


SKY COVER
  POSSIBLE SUNSHINE  MM
  AVERAGE SKY COVER 0.6


WEATHER CONDITIONS
 THE FOLLOWING WEATHER WAS RECORDED YESTERDAY.
  FOG
  FOG W/VISIBILITY <= 1/4 MILE


RELATIVE HUMIDITY (PERCENT)
 HIGHEST   100           600 AM
 LOWEST     53           300 PM
 AVERAGE    77

..........................................................


THE BEAUMONT PORT ARTHUR CLIMATE NORMALS FOR TODAY
                         NORMAL    RECORD    YEAR
 MAXIMUM TEMPERATURE (F)   65        84      1978
 MINIMUM TEMPERATURE (F)   46        17      1950


SUNRISE AND SUNSET
DECEMBER  7 2016......SUNRISE   659 AM CST   SUNSET   516 PM CST
DECEMBER  8 2016......SUNRISE   700 AM CST   SUNSET   517 PM CST


-  INDICATES NEGATIVE NUMBERS.
R  INDICATES RECORD WAS SET OR TIED.
MM INDICATES DATA IS MISSING.
T  INDICATES TRACE AMOUNT.




$$
