000
CDUS44 KLCH 060823
CLIBPT


CLIMATE REPORT
NATIONAL WEATHER SERVICE LAKE CHARLES, LA
223 AM CST FRI MAR 6 2015


...................................

...THE BEAUMONT PORT ARTHUR CLIMATE SUMMARY FOR MARCH 5 2015...

CLIMATE NORMAL PERIOD 1981 TO 2010
CLIMATE RECORD PERIOD 1901 TO 2015


WEATHER ITEM   OBSERVED TIME   RECORD YEAR NORMAL DEPARTURE LAST
                VALUE   (LST)  VALUE       VALUE  FROM      YEAR
                                                  NORMAL
..................................................................
TEMPERATURE (F)
 YESTERDAY
  MAXIMUM         57   1205 AM  84    1910  69    -12       51
  MINIMUM         36   1159 PM  24    1989  50    -14       37
  AVERAGE         47                        60    -13       44

PRECIPITATION (IN)
  YESTERDAY        0.17          1.61 2011   0.12   0.05     0.01
  MONTH TO DATE    0.77                      0.60   0.17     0.76
  SINCE MAR 1      0.77                      0.60   0.17     0.76
  SINCE JAN 1      7.75                      9.44  -1.69     7.48

SNOWFALL (IN)
  YESTERDAY       MM             0.0    MM   0.0   MM       MM
  MONTH TO DATE    0.0                       0.0    0.0      0.0
  SINCE MAR 1      0.0                       0.0    0.0      0.0
  SINCE JUL 1      0.0                       T      0.0      0.3
  SNOW DEPTH       0

DEGREE DAYS
 HEATING
  YESTERDAY       18                         7     11       21
  MONTH TO DATE   23                        35    -12       81
  SINCE MAR 1     23                        35    -12       81
  SINCE JUL 1   1280                      1248     32     1550

 COOLING
  YESTERDAY        0                         1     -1        0
  MONTH TO DATE    8                         5      3        5
  SINCE MAR 1      8                         5      3        5
  SINCE JAN 1     16                        31    -15       29
..................................................................


WIND (MPH)
  HIGHEST WIND SPEED    35   HIGHEST WIND DIRECTION     N (350)
  HIGHEST GUST SPEED    43   HIGHEST GUST DIRECTION     N (340)
  AVERAGE WIND SPEED    18.9


SKY COVER
  POSSIBLE SUNSHINE  MM
  AVERAGE SKY COVER 0.5


WEATHER CONDITIONS
 THE FOLLOWING WEATHER WAS RECORDED YESTERDAY.
  RAIN
  LIGHT RAIN
  FOG


RELATIVE HUMIDITY (PERCENT)
 HIGHEST    92           300 AM
 LOWEST     49           600 PM
 AVERAGE    71

..........................................................


THE BEAUMONT PORT ARTHUR CLIMATE NORMALS FOR TODAY
                         NORMAL    RECORD    YEAR
 MAXIMUM TEMPERATURE (F)   70        84      1999
 MINIMUM TEMPERATURE (F)   50        23      1989


SUNRISE AND SUNSET
MARCH  6 2015.........SUNRISE   637 AM CST   SUNSET   618 PM CST
MARCH  7 2015.........SUNRISE   635 AM CST   SUNSET   619 PM CST


-  INDICATES NEGATIVE NUMBERS.
R  INDICATES RECORD WAS SET OR TIED.
MM INDICATES DATA IS MISSING.
T  INDICATES TRACE AMOUNT.




$$
