000
CDUS44 KLCH 230827
CLIBPT


CLIMATE REPORT
NATIONAL WEATHER SERVICE LAKE CHARLES, LA
326 AM CDT TUE SEP 23 2014


...................................

...THE BEAUMONT PORT ARTHUR CLIMATE SUMMARY FOR SEPTEMBER 22 2014...

CLIMATE NORMAL PERIOD 1981 TO 2010
CLIMATE RECORD PERIOD 1901 TO 2014


WEATHER ITEM   OBSERVED TIME   RECORD YEAR NORMAL DEPARTURE LAST
                VALUE   (LST)  VALUE       VALUE  FROM      YEAR
                                                  NORMAL
..................................................................
TEMPERATURE (F)
 YESTERDAY
  MAXIMUM         91    141 PM 100    2005  87      4       84
                                      1904
  MINIMUM         71    626 AM  53    1983  68      3       68
  AVERAGE         81                        77      4       76

PRECIPITATION (IN)
  YESTERDAY        0.00          4.00 1957   0.19  -0.19     0.00
  MONTH TO DATE    6.52                      4.53   1.99     4.65
  SINCE SEP 1      6.52                      4.53   1.99     4.65
  SINCE JAN 1     41.92                     43.76  -1.84    39.86

SNOWFALL (IN)
  YESTERDAY        0.0           0.0    MM   0.0    0.0      0.0
  MONTH TO DATE    0.0                       0.0    0.0      0.0
  SINCE SEP 1      0.0                       0.0    0.0      0.0
  SINCE JUL 1      0.0                       0.0    0.0      0.0
  SNOW DEPTH       0

DEGREE DAYS
 HEATING
  YESTERDAY        0                         0      0        0
  MONTH TO DATE    0                         0      0        0
  SINCE SEP 1      0                         0      0        0
  SINCE JUL 1      0                         0      0        0

 COOLING
  YESTERDAY       16                        12      4       11
  MONTH TO DATE  359                       330     29      408
  SINCE SEP 1    359                       330     29      408
  SINCE JAN 1   2502                      2497      5     2598
..................................................................


WIND (MPH)
  HIGHEST WIND SPEED    17   HIGHEST WIND DIRECTION     N (20)
  HIGHEST GUST SPEED    21   HIGHEST GUST DIRECTION     N (20)
  AVERAGE WIND SPEED     8.7


SKY COVER
  POSSIBLE SUNSHINE  MM
  AVERAGE SKY COVER 0.1


WEATHER CONDITIONS
 THE FOLLOWING WEATHER WAS RECORDED YESTERDAY.
  FOG


RELATIVE HUMIDITY (PERCENT)
 HIGHEST   100           200 AM
 LOWEST     55           400 PM
 AVERAGE    78

..........................................................


THE BEAUMONT PORT ARTHUR CLIMATE NORMALS FOR TODAY
                         NORMAL    RECORD    YEAR
 MAXIMUM TEMPERATURE (F)   87       100      1904
 MINIMUM TEMPERATURE (F)   68        52      1999
                                             1994


SUNRISE AND SUNSET
SEPTEMBER 23 2014.....SUNRISE   705 AM CDT   SUNSET   711 PM CDT
SEPTEMBER 24 2014.....SUNRISE   705 AM CDT   SUNSET   710 PM CDT


-  INDICATES NEGATIVE NUMBERS.
R  INDICATES RECORD WAS SET OR TIED.
MM INDICATES DATA IS MISSING.
T  INDICATES TRACE AMOUNT.




$$
