000
CDUS44 KLCH 212207
CLIBPT


CLIMATE REPORT
NATIONAL WEATHER SERVICE LAKE CHARLES, LA
507 PM CDT SAT OCT 21 2017


...................................

...THE BEAUMONT PORT ARTHUR CLIMATE SUMMARY FOR OCTOBER 21 2017...
VALID TODAY AS OF 0500 PM LOCAL TIME.

CLIMATE NORMAL PERIOD 1981 TO 2010
CLIMATE RECORD PERIOD 1901 TO 2017


WEATHER ITEM   OBSERVED TIME   RECORD YEAR NORMAL DEPARTURE LAST
                VALUE   (LST)  VALUE       VALUE  FROM      YEAR
                                                  NORMAL
..................................................................
TEMPERATURE (F)
 TODAY
  MAXIMUM         86    250 PM  92    1934  79      7       76
                                      1927
  MINIMUM         72    603 AM  36    1976  59     13       52
  AVERAGE         79                        69     10       64

PRECIPITATION (IN)
  TODAY            T             1.02 1990   0.20  -0.20     0.00
  MONTH TO DATE    2.77                      3.84  -1.07     0.41
  SINCE SEP 1      5.34                      9.81  -4.47     4.41
  SINCE JAN 1     94.94                     49.04  45.90    61.93

SNOWFALL (IN)
  TODAY            0.0           0.0    MM   0.0    0.0      0.0
  MONTH TO DATE    0.0                       0.0    0.0      0.0
  SINCE SEP 1      0.0                       0.0    0.0      0.0
  SINCE JUL 1      0.0                       0.0    0.0      0.0
  SNOW DEPTH       0

DEGREE DAYS
 HEATING
  TODAY            0                         1     -1        1
  MONTH TO DATE    1                        11    -10        1
  SINCE SEP 1      1                        12    -11        1
  SINCE JUL 1      1                        12    -11        1

 COOLING
  TODAY           14                         6      8        0
  MONTH TO DATE  256                       159     97      245
  SINCE SEP 1    692                       578    114      780
  SINCE JAN 1   2985                      2745    240     3233
..................................................................


WIND (MPH)
  HIGHEST WIND SPEED    16   HIGHEST WIND DIRECTION    SE (140)
  HIGHEST GUST SPEED    22   HIGHEST GUST DIRECTION    SE (120)
  AVERAGE WIND SPEED     8.8


SKY COVER
  POSSIBLE SUNSHINE  MM
  AVERAGE SKY COVER 0.6


WEATHER CONDITIONS
 THE FOLLOWING WEATHER WAS RECORDED TODAY.
  LIGHT RAIN
  FOG


RELATIVE HUMIDITY (PERCENT)
 HIGHEST   100           200 AM
 LOWEST     57           100 PM
 AVERAGE    79

..........................................................


THE BEAUMONT PORT ARTHUR CLIMATE NORMALS FOR TOMORROW
                         NORMAL    RECORD    YEAR
 MAXIMUM TEMPERATURE (F)   79        92      1939
 MINIMUM TEMPERATURE (F)   59        42      1952


SUNRISE AND SUNSET
OCTOBER 21 2017.......SUNRISE   722 AM CDT   SUNSET   639 PM CDT
OCTOBER 22 2017.......SUNRISE   723 AM CDT   SUNSET   638 PM CDT


-  INDICATES NEGATIVE NUMBERS.
R  INDICATES RECORD WAS SET OR TIED.
MM INDICATES DATA IS MISSING.
T  INDICATES TRACE AMOUNT.




$$
