000
CDUS44 KLCH 211245
CLIBPT


CLIMATE REPORT
NATIONAL WEATHER SERVICE LAKE CHARLES, LA
645 AM CST SAT JAN 21 2017


...................................

...THE BEAUMONT PORT ARTHUR CLIMATE SUMMARY FOR JANUARY 20 2017...

CLIMATE NORMAL PERIOD 1981 TO 2010
CLIMATE RECORD PERIOD 1901 TO 2017


WEATHER ITEM   OBSERVED TIME   RECORD YEAR NORMAL DEPARTURE LAST
                VALUE   (LST)  VALUE       VALUE  FROM      YEAR
                                                  NORMAL
..................................................................
TEMPERATURE (F)
 YESTERDAY
  MAXIMUM         82R   227 PM  81    1952  62     20       72
  MINIMUM         62    213 AM  23    1985  43     19       49
  AVERAGE         72                        53     19       61

PRECIPITATION (IN)
  YESTERDAY        0.00          1.57 1972   0.17  -0.17     0.02
  MONTH TO DATE    0.94                      3.51  -2.57     2.55
  SINCE DEC 1     13.96                      8.80   5.16     6.69
  SINCE JAN 1      0.94                      3.51  -2.57     2.55

SNOWFALL (IN)
  YESTERDAY        0.0           T    1978   0.0    0.0     MM
                                      1963
  MONTH TO DATE    0.0                       0.0    0.0      0.0
  SINCE DEC 1      0.0                       T      0.0      0.0
  SINCE JUL 1      0.0                       T      0.0      0.0
  SNOW DEPTH       0

DEGREE DAYS
 HEATING
  YESTERDAY        0                        13    -13        4
  MONTH TO DATE  123                       260   -137      257
  SINCE DEC 1    344                       615   -271      442
  SINCE JUL 1    414                       810   -396      506

 COOLING
  YESTERDAY        7                         0      7        0
  MONTH TO DATE   68                         0     68        0
  SINCE DEC 1    138                        22    116       68
  SINCE JAN 1     68                         0     68        0
..................................................................


WIND (MPH)
  HIGHEST WIND SPEED    20   HIGHEST WIND DIRECTION     W (280)
  HIGHEST GUST SPEED    25   HIGHEST GUST DIRECTION     W (280)
  AVERAGE WIND SPEED     7.4


SKY COVER
  POSSIBLE SUNSHINE  MM
  AVERAGE SKY COVER 0.7


WEATHER CONDITIONS
 THE FOLLOWING WEATHER WAS RECORDED YESTERDAY.
  THUNDERSTORM
  FOG
  FOG W/VISIBILITY <= 1/4 MILE


RELATIVE HUMIDITY (PERCENT)
 HIGHEST   100          1200 AM
 LOWEST     58           200 PM
 AVERAGE    79

..........................................................


THE BEAUMONT PORT ARTHUR CLIMATE NORMALS FOR TODAY
                         NORMAL    RECORD    YEAR
 MAXIMUM TEMPERATURE (F)   62        81      2012
 MINIMUM TEMPERATURE (F)   43        18      1985


SUNRISE AND SUNSET
JANUARY 21 2017.......SUNRISE   711 AM CST   SUNSET   544 PM CST
JANUARY 22 2017.......SUNRISE   711 AM CST   SUNSET   545 PM CST


-  INDICATES NEGATIVE NUMBERS.
R  INDICATES RECORD WAS SET OR TIED.
MM INDICATES DATA IS MISSING.
T  INDICATES TRACE AMOUNT.




$$
