000
CDUS43 KDVN 211019
CLIBRL


CLIMATE REPORT
NATIONAL WEATHER SERVICE QUAD CITIES IA IL
418 AM CST SUN DEC 21 2014


...................................

...THE BURLINGTON IA CLIMATE SUMMARY FOR DECEMBER 20 2014...

CLIMATE NORMAL PERIOD 1981 TO 2010
CLIMATE RECORD PERIOD 1897 TO 2014


WEATHER ITEM   OBSERVED TIME   RECORD YEAR NORMAL DEPARTURE LAST
                VALUE   (LST)  VALUE       VALUE  FROM      YEAR
                                                  NORMAL
..................................................................
TEMPERATURE (F)
 YESTERDAY
  MAXIMUM         36   1159 PM  62    1949  36      0       38
  MINIMUM         31    736 AM -14    1901  20     11       27
  AVERAGE         34                        28      6       33

PRECIPITATION (IN)
  YESTERDAY        T            MM      MM   0.07  -0.07     0.05
  MONTH TO DATE    0.21                      1.45  -1.24     0.68
  SINCE DEC 1      0.21                      1.45  -1.24     0.68
  SINCE JAN 1     39.94                     37.84   2.10    33.07

DEGREE DAYS
 HEATING
  YESTERDAY       31                        37     -6       32
  MONTH TO DATE  650                       690    -40      802
  SINCE DEC 1    650                       690    -40      802
  SINCE JUL 1   2027                      1763    264     2039

 COOLING
  YESTERDAY        0                         0      0        0
  MONTH TO DATE    0                         0      0        0
  SINCE DEC 1      0                         0      0        0
  SINCE JAN 1    940                      1207   -267     1115
..................................................................


WIND (MPH)
  HIGHEST WIND SPEED     9   HIGHEST WIND DIRECTION     S (170)
  HIGHEST GUST SPEED    12   HIGHEST GUST DIRECTION    SE (150)
  AVERAGE WIND SPEED     4.8


SKY COVER
  POSSIBLE SUNSHINE  MM
  AVERAGE SKY COVER 1.0


WEATHER CONDITIONS
 THE FOLLOWING WEATHER WAS RECORDED YESTERDAY.
  LIGHT RAIN
  LIGHT SNOW
  FOG
  HAZE


RELATIVE HUMIDITY (PERCENT)
 HIGHEST    92           400 PM
 LOWEST     78          1200 AM
 AVERAGE    85

..........................................................


THE BURLINGTON IA CLIMATE NORMALS FOR TODAY
                         NORMAL    RECORD    YEAR
 MAXIMUM TEMPERATURE (F)   35        62      1967
 MINIMUM TEMPERATURE (F)   19       -18      1989


SUNRISE AND SUNSET
DECEMBER 21 2014......SUNRISE   725 AM CST   SUNSET   440 PM CST
DECEMBER 22 2014......SUNRISE   726 AM CST   SUNSET   441 PM CST


-  INDICATES NEGATIVE NUMBERS.
R  INDICATES RECORD WAS SET OR TIED.
MM INDICATES DATA IS MISSING.
T  INDICATES TRACE AMOUNT.




$$
