000
CDUS43 KDVN 292126
CLIBRL


CLIMATE REPORT
NATIONAL WEATHER SERVICE QUAD CITIES IA IL
424 PM CDT FRI APR 29 2016


...................................

...THE BURLINGTON IA CLIMATE SUMMARY FOR APRIL 29 2016...
VALID TODAY AS OF 0400 PM LOCAL TIME.

CLIMATE NORMAL PERIOD 1981 TO 2010
CLIMATE RECORD PERIOD 1897 TO 2016


WEATHER ITEM   OBSERVED TIME   RECORD YEAR NORMAL DEPARTURE LAST
                VALUE   (LST)  VALUE       VALUE  FROM      YEAR
                                                  NORMAL
..................................................................
TEMPERATURE (F)
 TODAY
  MAXIMUM         52    259 PM  90    1910  69    -17       74
  MINIMUM         47    725 AM  26    1958  47      0       45
  AVERAGE         50                        58     -8       60

PRECIPITATION (IN)
  TODAY            0.00         MM      MM   0.16  -0.16     0.00
  MONTH TO DATE    2.51                      3.61  -1.10     1.60
  SINCE MAR 1      5.72                      6.40  -0.68     1.90
  SINCE JAN 1      7.10                      9.26  -2.16     4.32

DEGREE DAYS
 HEATING
  TODAY           15                         8      7        5
  MONTH TO DATE  361                       350     11      289
  SINCE MAR 1    943                      1078   -135     1055
  SINCE JUL 1   4825                      5456   -631     5986

 COOLING
  TODAY            0                         1     -1        0
  MONTH TO DATE   17                        19     -2        3
  SINCE MAR 1     18                        21     -3        3
  SINCE JAN 1     18                        21     -3        3
..................................................................


WIND (MPH)
  HIGHEST WIND SPEED    17   HIGHEST WIND DIRECTION     N (20)
  HIGHEST GUST SPEED    22   HIGHEST GUST DIRECTION    NE (40)
  AVERAGE WIND SPEED     7.6


SKY COVER
  POSSIBLE SUNSHINE  MM
  AVERAGE SKY COVER 0.9


WEATHER CONDITIONS
 THE FOLLOWING WEATHER WAS RECORDED TODAY.
  FOG


RELATIVE HUMIDITY (PERCENT)
 HIGHEST   100           200 AM
 LOWEST     77           200 PM
 AVERAGE    89

..........................................................


THE BURLINGTON IA CLIMATE NORMALS FOR TOMORROW
                         NORMAL    RECORD    YEAR
 MAXIMUM TEMPERATURE (F)   70        89      2007
 MINIMUM TEMPERATURE (F)   48        30      1908


SUNRISE AND SUNSET
APRIL 29 2016.........SUNRISE   605 AM CDT   SUNSET   759 PM CDT
APRIL 30 2016.........SUNRISE   604 AM CDT   SUNSET   800 PM CDT


-  INDICATES NEGATIVE NUMBERS.
R  INDICATES RECORD WAS SET OR TIED.
MM INDICATES DATA IS MISSING.
T  INDICATES TRACE AMOUNT.




$$
