524
CDUS43 KDVN 220946
CLIBRL


CLIMATE REPORT
NATIONAL WEATHER SERVICE QUAD CITIES IA IL
443 AM CDT SAT JUL 22 2017


...................................

...THE BURLINGTON IA CLIMATE SUMMARY FOR JULY 21 2017...

CLIMATE NORMAL PERIOD 1981 TO 2010
CLIMATE RECORD PERIOD 1897 TO 2017


WEATHER ITEM   OBSERVED TIME   RECORD YEAR NORMAL DEPARTURE LAST
                VALUE   (LST)  VALUE       VALUE  FROM      YEAR
                                                  NORMAL
..................................................................
TEMPERATURE (F)
 YESTERDAY
  MAXIMUM         94    403 PM 108    1934  87      7       92
  MINIMUM         76    554 AM  51    1970  67      9       75
  AVERAGE         85                        77      8       84

PRECIPITATION (IN)
  YESTERDAY        0.00         MM      MM   0.14  -0.14     0.00
  MONTH TO DATE    4.37                      2.95   1.42     6.42
  SINCE JUN 1      5.48                      7.42  -1.94     7.48
  SINCE JAN 1     19.63                     21.68  -2.05    18.33

DEGREE DAYS
 HEATING
  YESTERDAY        0                         0      0        0
  MONTH TO DATE    0                         0      0        6
  SINCE JUN 1      8                        13     -5        6
  SINCE JUL 1      0                         0      0        6

 COOLING
  YESTERDAY       20                        12      8       19
  MONTH TO DATE  270                       252     18      190
  SINCE JUN 1    541                       512     29      501
  SINCE JAN 1    617                       615      2      600
..................................................................


WIND (MPH)
  HIGHEST WIND SPEED    17   HIGHEST WIND DIRECTION     S (190)
  HIGHEST GUST SPEED    23   HIGHEST GUST DIRECTION     S (190)
  AVERAGE WIND SPEED     9.9


SKY COVER
  POSSIBLE SUNSHINE  MM
  AVERAGE SKY COVER 0.0


WEATHER CONDITIONS
 THE FOLLOWING WEATHER WAS RECORDED YESTERDAY.
  NO SIGNIFICANT WEATHER WAS OBSERVED.


RELATIVE HUMIDITY (PERCENT)
 HIGHEST    87           400 AM
 LOWEST     56           400 PM
 AVERAGE    72

..........................................................


THE BURLINGTON IA CLIMATE NORMALS FOR TODAY
                         NORMAL    RECORD    YEAR
 MAXIMUM TEMPERATURE (F)   87       107      1934
 MINIMUM TEMPERATURE (F)   67        47      1947


SUNRISE AND SUNSET
JULY 22 2017..........SUNRISE   552 AM CDT   SUNSET   829 PM CDT
JULY 23 2017..........SUNRISE   553 AM CDT   SUNSET   828 PM CDT


-  INDICATES NEGATIVE NUMBERS.
R  INDICATES RECORD WAS SET OR TIED.
MM INDICATES DATA IS MISSING.
T  INDICATES TRACE AMOUNT.




$$
