000
CDUS43 KDVN 171015
CLIBRL


CLIMATE REPORT
NATIONAL WEATHER SERVICE QUAD CITIES IA IL
413 AM CST FRI NOV 17 2017


...................................

...THE BURLINGTON IA CLIMATE SUMMARY FOR NOVEMBER 16 2017...

CLIMATE NORMAL PERIOD 1981 TO 2010
CLIMATE RECORD PERIOD 1897 TO 2017


WEATHER ITEM   OBSERVED TIME   RECORD YEAR NORMAL DEPARTURE LAST
                VALUE   (LST)  VALUE       VALUE  FROM      YEAR
                                                  NORMAL
..................................................................
TEMPERATURE (F)
 YESTERDAY
  MAXIMUM         36    327 PM  75    2001  51    -15       63
                                      1952
  MINIMUM         25    729 AM   2    1959  33     -8       37
  AVERAGE         31                        42    -11       50

PRECIPITATION (IN)
  YESTERDAY        0.00         MM      MM   0.08  -0.08     0.00
  MONTH TO DATE    0.46                      1.37  -0.91     1.34
  SINCE SEP 1      5.61                      8.01  -2.40     6.96
  SINCE JAN 1     30.94                     35.26  -4.32    31.21

DEGREE DAYS
 HEATING
  YESTERDAY       34                        23     11       15
  MONTH TO DATE  417                       306    111      196
  SINCE SEP 1    723                       696     27      427
  SINCE JUL 1    723                       700     23      433

 COOLING
  YESTERDAY        0                         0      0        0
  MONTH TO DATE    0                         0      0        4
  SINCE SEP 1    194                       163     31      243
  SINCE JAN 1   1068                      1206   -138     1276
..................................................................


WIND (MPH)
  HIGHEST WIND SPEED    14   HIGHEST WIND DIRECTION    SE (140)
  HIGHEST GUST SPEED    19   HIGHEST GUST DIRECTION    NW (310)
  AVERAGE WIND SPEED     7.4


SKY COVER
  POSSIBLE SUNSHINE  MM
  AVERAGE SKY COVER 0.0


WEATHER CONDITIONS
 THE FOLLOWING WEATHER WAS RECORDED YESTERDAY.
  NO SIGNIFICANT WEATHER WAS OBSERVED.


RELATIVE HUMIDITY (PERCENT)
 HIGHEST    92          1000 PM
 LOWEST     72          1000 AM
 AVERAGE    82

..........................................................


THE BURLINGTON IA CLIMATE NORMALS FOR TODAY
                         NORMAL    RECORD    YEAR
 MAXIMUM TEMPERATURE (F)   51        86      1899
 MINIMUM TEMPERATURE (F)   33         0      1959


SUNRISE AND SUNSET
NOVEMBER 17 2017......SUNRISE   654 AM CST   SUNSET   444 PM CST
NOVEMBER 18 2017......SUNRISE   655 AM CST   SUNSET   444 PM CST


-  INDICATES NEGATIVE NUMBERS.
R  INDICATES RECORD WAS SET OR TIED.
MM INDICATES DATA IS MISSING.
T  INDICATES TRACE AMOUNT.




$$
