000
CDUS43 KDVN 162239
CLIBRL


CLIMATE REPORT
NATIONAL WEATHER SERVICE QUAD CITIES IA IL
438 PM CST TUE JAN 16 2018


...................................

...THE BURLINGTON IA CLIMATE SUMMARY FOR JANUARY 16 2018...
VALID TODAY AS OF 0400 PM LOCAL TIME.

CLIMATE NORMAL PERIOD 1981 TO 2010
CLIMATE RECORD PERIOD 1897 TO 2018


WEATHER ITEM   OBSERVED TIME   RECORD YEAR NORMAL DEPARTURE LAST
                VALUE   (LST)  VALUE       VALUE  FROM      YEAR
                                                  NORMAL
..................................................................
TEMPERATURE (F)
 TODAY
  MAXIMUM         12    250 PM  63    1900  34    -22       40
  MINIMUM         -6    633 AM -21    2009  17    -23       32
  AVERAGE          3                        26    -23       36

PRECIPITATION (IN)
  TODAY            T            MM      MM   0.05  -0.05     1.05
  MONTH TO DATE    0.52                      0.67  -0.15     1.27
  SINCE DEC 1      0.85                      2.76  -1.91     2.25
  SINCE JAN 1      0.52                      0.67  -0.15     1.27

DEGREE DAYS
 HEATING
  TODAY           62                        39     23       29
  MONTH TO DATE  815                       624    191      658
  SINCE DEC 1   1962                      1737    225     1817
  SINCE JUL 1   3013                      2810    203     2573

 COOLING
  TODAY            0                         0      0        0
  MONTH TO DATE    0                         0      0        0
  SINCE DEC 1      0                         0      0        0
  SINCE JAN 1      0                         0      0        0
..................................................................


WIND (MPH)
  HIGHEST WIND SPEED    16   HIGHEST WIND DIRECTION    NW (320)
  HIGHEST GUST SPEED    22   HIGHEST GUST DIRECTION     W (290)
  AVERAGE WIND SPEED    10.5


SKY COVER
  POSSIBLE SUNSHINE  MM
  AVERAGE SKY COVER 0.6


WEATHER CONDITIONS
 THE FOLLOWING WEATHER WAS RECORDED TODAY.
  LIGHT SNOW
  HAZE


RELATIVE HUMIDITY (PERCENT)
 HIGHEST    76          1100 AM
 LOWEST     65          1200 AM
 AVERAGE    71

..........................................................


THE BURLINGTON IA CLIMATE NORMALS FOR TOMORROW
                         NORMAL    RECORD    YEAR
 MAXIMUM TEMPERATURE (F)   34        63      1996
 MINIMUM TEMPERATURE (F)   17       -23      1977


SUNRISE AND SUNSET
JANUARY 16 2018.......SUNRISE   726 AM CST   SUNSET   503 PM CST
JANUARY 17 2018.......SUNRISE   726 AM CST   SUNSET   504 PM CST


-  INDICATES NEGATIVE NUMBERS.
R  INDICATES RECORD WAS SET OR TIED.
MM INDICATES DATA IS MISSING.
T  INDICATES TRACE AMOUNT.




$$
