000
CDUS44 KBRO 310632
CLIBRO


CLIMATE REPORT
NATIONAL WEATHER SERVICE BROWNSVILLE TX
131 AM CDT TUE MAY 31 2016


...................................

...THE BROWNSVILLE CLIMATE SUMMARY FOR MAY 30 2016...

CLIMATE NORMAL PERIOD 1981 TO 2010
CLIMATE RECORD PERIOD 1878 TO 2016


WEATHER ITEM   OBSERVED TIME   RECORD YEAR NORMAL DEPARTURE LAST
                VALUE   (LST)  VALUE       VALUE  FROM      YEAR
                                                  NORMAL
..................................................................
TEMPERATURE (F)
 YESTERDAY
  MAXIMUM         88   1037 AM 100    1919  91     -3       88
  MINIMUM         76    428 AM  60    1901  75      1       75
  AVERAGE         82                        83     -1       82

PRECIPITATION (IN)
  YESTERDAY        0.54          3.33 1981   0.09   0.45      T
  MONTH TO DATE    2.18                      2.55  -0.37     6.22
  SINCE MAR 1      8.11                      5.32   2.79    12.67
  SINCE JAN 1      9.99                      7.67   2.32    16.99

SNOWFALL (IN)
  YESTERDAY        0.0          MM    2001   0.0
  MONTH TO DATE    0.0                       0.0
  SINCE MAR 1      0.0                       0.0
  SINCE JUL 1      0.0                       0.0

DEGREE DAYS
 HEATING
  YESTERDAY        0                         0      0        0
  MONTH TO DATE    0                         0      0        0
  SINCE MAR 1     14                        51    -37       67
  SINCE JUL 1    374                       554   -180      690

 COOLING
  YESTERDAY       17                        18     -1       17
  MONTH TO DATE  465                       458      7      496
  SINCE MAR 1   1033                       934     99      993
  SINCE JAN 1   1141                      1075     66     1050
..................................................................


WIND (MPH)
  HIGHEST WIND SPEED    22   HIGHEST WIND DIRECTION     E (90)
  HIGHEST GUST SPEED    26   HIGHEST GUST DIRECTION     E (90)
  AVERAGE WIND SPEED     8.0


SKY COVER
  POSSIBLE SUNSHINE  MM
  AVERAGE SKY COVER 0.4


WEATHER CONDITIONS
 THE FOLLOWING WEATHER WAS RECORDED YESTERDAY.
  THUNDERSTORM
  LIGHT RAIN
  FOG


RELATIVE HUMIDITY (PERCENT)
 HIGHEST   100           400 AM
 LOWEST     65          1100 AM
 AVERAGE    83

..........................................................


THE BROWNSVILLE CLIMATE NORMALS FOR TODAY
                         NORMAL    RECORD    YEAR
 MAXIMUM TEMPERATURE (F)   91       100      2005
 MINIMUM TEMPERATURE (F)   75        56      1984


SUNRISE AND SUNSET
MAY 31 2016...........SUNRISE   638 AM CDT   SUNSET   817 PM CDT
JUNE  1 2016..........SUNRISE   638 AM CDT   SUNSET   818 PM CDT


-  INDICATES NEGATIVE NUMBERS.
R  INDICATES RECORD WAS SET OR TIED.
MM INDICATES DATA IS MISSING.
T  INDICATES TRACE AMOUNT.




$$
