425
CDUS44 KBRO 210727
CLIBRO


CLIMATE REPORT
NATIONAL WEATHER SERVICE BROWNSVILLE TX
127 AM CST SAT JAN 21 2017


...................................

...THE BROWNSVILLE CLIMATE SUMMARY FOR JANUARY 20 2017...

CLIMATE NORMAL PERIOD 1981 TO 2010
CLIMATE RECORD PERIOD 1878 TO 2017


WEATHER ITEM   OBSERVED TIME   RECORD YEAR NORMAL DEPARTURE LAST
                VALUE   (LST)  VALUE       VALUE  FROM      YEAR
                                                  NORMAL
..................................................................
TEMPERATURE (F)
 YESTERDAY
  MAXIMUM         84    143 PM  87    1953  71     13       78
  MINIMUM         57   1159 PM  27    1883  52      5       56
  AVERAGE         71                        61     10       67

PRECIPITATION (IN)
  YESTERDAY        0.00          0.80 1968   0.04  -0.04     0.00
  MONTH TO DATE    0.04                      0.75  -0.71     1.81
  SINCE DEC 1      1.71                      1.90  -0.19     1.97
  SINCE JAN 1      0.04                      0.75  -0.71     1.81

SNOWFALL (IN)
  YESTERDAY        0.0           0.0  2002   0.0
                                      1998
                                      2000
  MONTH TO DATE    0.0                       0.0
  SINCE DEC 1      0.0                       0.0
  SINCE JUL 1      0.0                       0.0

DEGREE DAYS
 HEATING
  YESTERDAY        0                         6     -6        0
  MONTH TO DATE   57                       120    -63      144
  SINCE DEC 1    147                       285   -138      204
  SINCE JUL 1    155                       339   -184      226

 COOLING
  YESTERDAY        6                         2      4        2
  MONTH TO DATE  108                        40     68        9
  SINCE DEC 1    284                       120    164      143
  SINCE JAN 1    108                        40     68        9
..................................................................


WIND (MPH)
  HIGHEST WIND SPEED    21   HIGHEST WIND DIRECTION     S (160)
  HIGHEST GUST SPEED    24   HIGHEST GUST DIRECTION     S (160)
  AVERAGE WIND SPEED     5.8


SKY COVER
  POSSIBLE SUNSHINE  MM
  AVERAGE SKY COVER 0.6


WEATHER CONDITIONS
 THE FOLLOWING WEATHER WAS RECORDED YESTERDAY.
  FOG
  FOG W/VISIBILITY <= 1/4 MILE


RELATIVE HUMIDITY (PERCENT)
 HIGHEST   100           600 AM
 LOWEST     62           400 PM
 AVERAGE    81

..........................................................


THE BROWNSVILLE CLIMATE NORMALS FOR TODAY
                         NORMAL    RECORD    YEAR
 MAXIMUM TEMPERATURE (F)   71        90      1920
 MINIMUM TEMPERATURE (F)   52        26      1883


SUNRISE AND SUNSET
JANUARY 21 2017.......SUNRISE   717 AM CST   SUNSET   605 PM CST
JANUARY 22 2017.......SUNRISE   717 AM CST   SUNSET   606 PM CST


-  INDICATES NEGATIVE NUMBERS.
R  INDICATES RECORD WAS SET OR TIED.
MM INDICATES DATA IS MISSING.
T  INDICATES TRACE AMOUNT.




$$
