000
CDUS44 KBRO 010625
CLIBRO


CLIMATE REPORT
NATIONAL WEATHER SERVICE BROWNSVILLE TX
125 AM CDT SAT NOV 1 2014


...................................

...THE BROWNSVILLE CLIMATE SUMMARY FOR OCTOBER 31 2014...

CLIMATE NORMAL PERIOD 1981 TO 2010
CLIMATE RECORD PERIOD 1878 TO 2014


WEATHER ITEM   OBSERVED TIME   RECORD YEAR NORMAL DEPARTURE LAST
                VALUE   (LST)  VALUE       VALUE  FROM      YEAR
                                                  NORMAL
..................................................................
TEMPERATURE (F)
 YESTERDAY
  MAXIMUM         85   1048 AM  94    1947  83      2       88
  MINIMUM         63   1159 PM  35    1993  64     -1       78
  AVERAGE         74                        73      1       83

PRECIPITATION (IN)
  YESTERDAY        0.11          1.23 1926   0.08   0.03     0.22
  MONTH TO DATE    3.82                      3.74   0.08     1.63
  SINCE SEP 1     14.18                      9.66   4.52    13.51
  SINCE JAN 1     23.70                     24.47  -0.77    23.56

SNOWFALL (IN)
  YESTERDAY        0.0           0.0  2002   0.0
                                      2001
  MONTH TO DATE    0.0                       0.0
  SINCE SEP 1      0.0                       0.0
  SINCE JUL 1      0.0                       0.0

DEGREE DAYS
 HEATING
  YESTERDAY        0                         0      0        0
  MONTH TO DATE    0                         0      0        0
  SINCE SEP 1      0                         4     -4        0
  SINCE JUL 1      0                         4     -4        0

 COOLING
  YESTERDAY        9                         9      0       18
  MONTH TO DATE  441                       354     87      377
  SINCE SEP 1    969                       858    111      914
  SINCE JAN 1   3789                      3765     24     3947
..................................................................


WIND (MPH)
  HIGHEST WIND SPEED    22   HIGHEST WIND DIRECTION     N (350)
  HIGHEST GUST SPEED    29   HIGHEST GUST DIRECTION     N (340)
  AVERAGE WIND SPEED     5.8


SKY COVER
  POSSIBLE SUNSHINE  MM
  AVERAGE SKY COVER 0.2


WEATHER CONDITIONS
 THE FOLLOWING WEATHER WAS RECORDED YESTERDAY.
  RAIN
  LIGHT RAIN
  FOG


RELATIVE HUMIDITY (PERCENT)
 HIGHEST    97           100 AM
 LOWEST     54           400 PM
 AVERAGE    76

..........................................................


THE BROWNSVILLE CLIMATE NORMALS FOR TODAY
                         NORMAL    RECORD    YEAR
 MAXIMUM TEMPERATURE (F)   83        98      1906
 MINIMUM TEMPERATURE (F)   63        41      1993


SUNRISE AND SUNSET
NOVEMBER  1 2014......SUNRISE   738 AM CDT   SUNSET   648 PM CDT
NOVEMBER  2 2014......SUNRISE   639 AM CST   SUNSET   547 PM CST


-  INDICATES NEGATIVE NUMBERS.
R  INDICATES RECORD WAS SET OR TIED.
MM INDICATES DATA IS MISSING.
T  INDICATES TRACE AMOUNT.




$$
