000
CDUS44 KBRO 152125
CLIBRO


CLIMATE REPORT
NATIONAL WEATHER SERVICE BROWNSVILLE TX
425 PM CDT TUE APR 15 2014


...................................

...THE BROWNSVILLE CLIMATE SUMMARY FOR APRIL 15 2014...
VALID TODAY AS OF 0400 PM LOCAL TIME.

CLIMATE NORMAL PERIOD 1981 TO 2010
CLIMATE RECORD PERIOD 1878 TO 2014


WEATHER ITEM   OBSERVED TIME   RECORD YEAR NORMAL DEPARTURE LAST
                VALUE   (LST)  VALUE       VALUE  FROM      YEAR
                                                  NORMAL
..................................................................
TEMPERATURE (F)
 TODAY
  MAXIMUM         68    218 PM  97    1879  84    -16       90
  MINIMUM         51    634 AM  37    1903  66    -15       71
  AVERAGE         60                        75    -15       81

PRECIPITATION (IN)
  TODAY            0.00          0.38 1926   0.05  -0.05     0.00
  MONTH TO DATE    T                         0.76  -0.76     0.01
  SINCE MAR 1      1.46                      1.99  -0.53     0.29
  SINCE JAN 1      2.22                      4.34  -2.12     1.77

SNOWFALL (IN)
  TODAY            0.0           0.0  2002   0.0
                                      2001
                                      2000
  MONTH TO DATE    0.0                       0.0
  SINCE MAR 1      0.0                       0.0
  SINCE JUL 1      0.0                       0.0

DEGREE DAYS
 HEATING
  TODAY            5                         0      5        0
  MONTH TO DATE    5                         6     -1        2
  SINCE MAR 1     95                        49     46       26
  SINCE JUL 1    819                       552    267      319

 COOLING
  TODAY            0                        10    -10       16
  MONTH TO DATE  135                       133      2      134
  SINCE MAR 1    258                       307    -49      300
  SINCE JAN 1    378                       448    -70      521
..................................................................


WIND (MPH)
  HIGHEST WIND SPEED    23   HIGHEST WIND DIRECTION    NE (40)
  HIGHEST GUST SPEED    32   HIGHEST GUST DIRECTION     N (360)
  AVERAGE WIND SPEED    15.8


SKY COVER
  POSSIBLE SUNSHINE  MM
  AVERAGE SKY COVER 0.0


WEATHER CONDITIONS
 THE FOLLOWING WEATHER WAS RECORDED TODAY.
  NO SIGNIFICANT WEATHER WAS OBSERVED.


RELATIVE HUMIDITY (PERCENT)
 HIGHEST    67          1200 AM
 LOWEST     29           100 PM
 AVERAGE    48

..........................................................


THE BROWNSVILLE CLIMATE NORMALS FOR TOMORROW
                         NORMAL    RECORD    YEAR
 MAXIMUM TEMPERATURE (F)   84       100      1920
 MINIMUM TEMPERATURE (F)   66        46      1928


SUNRISE AND SUNSET
APRIL 15 2014.........SUNRISE   707 AM CDT   SUNSET   753 PM CDT
APRIL 16 2014.........SUNRISE   706 AM CDT   SUNSET   754 PM CDT


-  INDICATES NEGATIVE NUMBERS.
R  INDICATES RECORD WAS SET OR TIED.
MM INDICATES DATA IS MISSING.
T  INDICATES TRACE AMOUNT.




$$
