000
CDUS44 KBRO 260731
CLIBRO


CLIMATE REPORT
NATIONAL WEATHER SERVICE BROWNSVILLE TX
130 AM CST SUN FEB 26 2017


...................................

...THE BROWNSVILLE CLIMATE SUMMARY FOR FEBRUARY 25 2017...

CLIMATE NORMAL PERIOD 1981 TO 2010
CLIMATE RECORD PERIOD 1878 TO 2017


WEATHER ITEM   OBSERVED TIME   RECORD YEAR NORMAL DEPARTURE LAST
                VALUE   (LST)  VALUE       VALUE  FROM      YEAR
                                                  NORMAL
..................................................................
TEMPERATURE (F)
 YESTERDAY
  MAXIMUM         78    101 PM  90    1917  75      3       75
  MINIMUM         62    709 AM  28    1894  56      6       42
  AVERAGE         70                        66      4       59

PRECIPITATION (IN)
  YESTERDAY        0.00          1.09 1983   0.03  -0.03     0.00
  MONTH TO DATE    1.35                      0.97   0.38      T
  SINCE DEC 1      3.20                      3.39  -0.19     2.04
  SINCE JAN 1      1.53                      2.24  -0.71     1.88

DEGREE DAYS
 HEATING
  YESTERDAY        0                         3     -3        6
  MONTH TO DATE    9                        98    -89       66
  SINCE DEC 1    191                       443   -252      331
  SINCE JUL 1    199                       497   -298      353

 COOLING
  YESTERDAY        5                         3      2        0
  MONTH TO DATE  208                        70    138       74
  SINCE DEC 1    525                       209    316      229
  SINCE JAN 1    349                       129    220       95
..................................................................


WIND (MPH)
  HIGHEST WIND SPEED    21   HIGHEST WIND DIRECTION    NE (50)
  HIGHEST GUST SPEED    25   HIGHEST GUST DIRECTION     N (20)
  AVERAGE WIND SPEED     9.9


SKY COVER
  POSSIBLE SUNSHINE  MM
  AVERAGE SKY COVER 0.3


WEATHER CONDITIONS
 THE FOLLOWING WEATHER WAS RECORDED YESTERDAY.
  NO SIGNIFICANT WEATHER WAS OBSERVED.


RELATIVE HUMIDITY (PERCENT)
 HIGHEST    93           200 AM
 LOWEST     54          1100 AM
 AVERAGE    74

..........................................................


THE BROWNSVILLE CLIMATE NORMALS FOR TODAY
                         NORMAL    RECORD    YEAR
 MAXIMUM TEMPERATURE (F)   76        90      1971
 MINIMUM TEMPERATURE (F)   56        33      1894


SUNRISE AND SUNSET
FEBRUARY 26 2017......SUNRISE   655 AM CST   SUNSET   630 PM CST
FEBRUARY 27 2017......SUNRISE   655 AM CST   SUNSET   630 PM CST


-  INDICATES NEGATIVE NUMBERS.
R  INDICATES RECORD WAS SET OR TIED.
MM INDICATES DATA IS MISSING.
T  INDICATES TRACE AMOUNT.

$$
