411
CDAK49 PAFG 261043
CLIBRW

CLIMATE REPORT
NATIONAL WEATHER SERVICE FAIRBANKS AK
143 AM AKST SUN FEB 26 2017


...................................

...THE BARROW AK CLIMATE SUMMARY FOR FEBRUARY 25 2017...

CLIMATE NORMAL PERIOD 1981 TO 2010
CLIMATE RECORD PERIOD 1920 TO 2017


WEATHER ITEM   OBSERVED TIME   RECORD YEAR NORMAL DEPARTURE LAST
                VALUE   (LST)  VALUE       VALUE  FROM      YEAR
                                                  NORMAL
..................................................................
TEMPERATURE (F)
 YESTERDAY
  MAXIMUM         -6   1159 PM  31    1989  -8      2        9
                                      1962
  MINIMUM        -18    101 PM -48    1923 -21      3        3
  AVERAGE        -12                       -14      2        6

PRECIPITATION (IN)
  YESTERDAY        0.09          0.14 1939   0.01   0.08      T
  MONTH TO DATE    0.35                      0.13   0.22     2.08
  SINCE DEC 1      1.12                      0.40   0.72     3.06
  SINCE JAN 1      0.82                      0.26   0.56     3.05

SNOWFALL (IN)
  YESTERDAY        0.9           1.8  1939   0.1    0.8      0.2
  MONTH TO DATE    4.4                       2.3    2.1      3.0
  SINCE DEC 1     13.3                       8.4    4.9      5.3
  SINCE JUL 1     26.4                      28.7   -2.3      8.8
  SNOW DEPTH       9

DEGREE DAYS
 HEATING
  YESTERDAY       77                        79     -2       59
  MONTH TO DATE 1766                      1975   -209     1747
  SINCE DEC 1   5786                      6662   -876     6096
  SINCE JUL 1  10741                     12614  -1873    11157

 COOLING
  YESTERDAY        0                         0      0        0
  MONTH TO DATE    0                         0      0        0
  SINCE DEC 1      0                         0      0        0
  SINCE JAN 1      0                         0      0        0
..................................................................


WIND (MPH)
  HIGHEST GUST SPEED    45   HIGHEST GUST DIRECTION     E (80)


SKY COVER
  AVERAGE SKY COVER 0.9


WEATHER CONDITIONS
 THE FOLLOWING WEATHER WAS RECORDED YESTERDAY.
  HEAVY SNOW
  LIGHT SNOW
  HAZE
  BLOWING SNOW


RELATIVE HUMIDITY (PERCENT)
 HIGHEST    79
 LOWEST     66
 AVERAGE    73

..........................................................


THE BARROW AK CLIMATE NORMALS FOR TODAY
                         NORMAL    RECORD    YEAR
 MAXIMUM TEMPERATURE (F)   -8        29      2015
                                             1962
 MINIMUM TEMPERATURE (F)  -21       -49      1938


SUNRISE AND SUNSET
FEBRUARY 26 2017......SUNRISE   913 AM AKST  SUNSET   610 PM AKST
FEBRUARY 27 2017......SUNRISE   908 AM AKST  SUNSET   615 PM AKST

-  INDICATES NEGATIVE NUMBERS.
R  INDICATES RECORD WAS SET OR TIED.
MM INDICATES DATA IS MISSING.
T  INDICATES TRACE AMOUNT.

&&

SNOW DEPTH IS MEASURED AT 3AM AKST/4AM AKDT.

----------------------------
AVAILABLE DAYLIGHT

AMOUNT OF DAYLIGHT TODAY  (HOUR:MIN)........8:57
GAIN/LOSS SINCE YESTERDAY (HOUR:MIN:SEC)....+0:09:50

$$
CCC FEB 17
