000
CDAK49 PABR 250957
CLIBRW

CLIMATE REPORT
NATIONAL WEATHER SERVICE BARROW, AK
1257 AM AKST SUN JAN 25 2015

...................................
...THE BARROW WSO AP CLIMATE SUMMARY FOR JANUARY 24 2015...

CLIMATE NORMAL PERIOD  1981 TO  2010
CLIMATE RECORD PERIOD  1915 TO  2015

WEATHER ITEM   OBSERVED TIME    RECORD YEAR NORMAL DEPARTURE LAST
               VALUE    (LST)   VALUE       VALUE  FROM      YEAR
                                                   NORMAL
...................................................................
TEMPERATURE
YESTERDAY
 MAXIMUM           -16  0728 AM    31  1991     -8      -8      3
 MINIMUM           -22  0527 PM   -50  1989    -20      -2     -3
 AVERAGE           -19                         -14      -5      0

PRECIPITATION
(INCHES)
 YESTERDAY           T           0.10  1986   0.00       T   0.01
 MONTH TO DATE    0.22                        0.10    0.12   0.15
 SINCE DEC 1      0.42                        0.24    0.18   1.32
 SINCE JAN 1      0.22                        0.10    0.12   0.15

SNOWFALL
(INCHES)
 YESTERDAY           T            2.0  1921    0.1    -0.1    0.3
 MONTH TO DATE     4.2                         2.0     2.2    2.5
 SINCE DEC 1       7.2                         5.5     1.7   15.6
 SINCE JUL 1      38.3                        25.8    12.5   39.5
 SNOW DEPTH (IN)     7                                          8

DEGREE DAYS
 HEATING
  YESTERDAY         84                          79       5     65
  MONTH TO DATE   1796                        1876     -80   1806
  SINCE DEC 1     4001                        4133    -132   3879
  SINCE JUL 1     9603                       10083    -480   9278

 COOLING
  YESTERDAY          0                           0       0      0
  MONTH TO DATE      0                           0       0      0
  SINCE DEC 1        0                           0       0      0
  SINCE JAN 1        0                           0       0      0
...................................................................

WIND (MPH)
 HIGHEST WIND SPEED    20     HIGHEST WIND DIRECTION    290
 HIGHEST GUST SPEED    22     HIGHEST GUST DIRECTION    290
 AVERAGE WIND SPEED  15.0

WEATHER CONDITIONS
 THE FOLLOWING WEATHER WAS RECORDED YESTERDAY.
  HAZE
  FOG WITH VISIBILITY AS LOW AS 4 MILES.
  BLOWING SNOW
  SNOW

RELATIVE HUMIDITY
 HIGHEST RH     86 PERCENT  AT  653 AM AST
 LOWEST  RH     73 PERCENT  AT 1153 PM AST
 AVERAGE RH     76 PERCENT
...................................................................

THE BARROW CLIMATE NORMALS FOR TODAY
                           NORMAL    RECORD   YEAR
 MAXIMUM TEMPERATURE (F)     -8        30     1949
 MINIMUM TEMPERATURE (F)    -20       -50     1925

SUNRISE AND SUNSET
 JAN 25 2015..........SUNRISE 12:36 PM      SUNSET  2:45 PM
 JAN 26 2015..........SUNRISE 12:25 PM      SUNSET  2:56 PM

-  INDICATES NEGATIVE NUMBERS.
R  INDICATES RECORD HAS BEEN SET OR TIED.
MM INDICATES DATA IS MISSING.
T  INDICATES TRACE OF PRECIPITATION.

&&
-------------------------------------------------------------------

AMOUNT OF DAYLIGHT TODAY  (HOUR:MIN)........2 HOURS 9 MINUTES
GAIN/LOSS SINCE YESTERDAY (HOUR:MIN:SEC)....+0:25:51

$$
RFL JAN 15
