537
CDAK49 PABR 280918
CLIBRW

CLIMATE REPORT
NATIONAL WEATHER SERVICE BARROW, AK
118 AM AKDT THU JUL 28 2016

...................................
...THE BARROW WSO AP CLIMATE SUMMARY FOR JULY 27 2016...

CLIMATE NORMAL PERIOD  1981 TO  2010
CLIMATE RECORD PERIOD  1915 TO  2016

WEATHER ITEM   OBSERVED TIME    RECORD YEAR NORMAL DEPARTURE LAST
               VALUE    (LST)   VALUE       VALUE  FROM      YEAR
                                                   NORMAL
...................................................................
TEMPERATURE
YESTERDAY
 MAXIMUM            52   754 AM    70  1928     47       5     37
 MINIMUM            39  1004 PM    25  1992     35       4     34
 AVERAGE            46                          41       5     36

PRECIPITATION
(INCHES)
 YESTERDAY        0.24           0.68  1954   0.04    0.20      T
 MONTH TO DATE    0.38                        0.84   -0.46   0.09
 SINCE JUN 1      1.08                        1.16   -0.08   0.93
 SINCE JAN 1      2.41                        1.86    0.55   2.89

SNOWFALL
(INCHES)
 YESTERDAY         0.0            0.9  1959    0.1    -0.1    0.0
 MONTH TO DATE       T                         0.2    -0.2    0.0
 SINCE JUN 1       2.7                         0.9     1.8    1.0
 SINCE JUL 1         T                         0.2    -0.2    0.0
 SNOW DEPTH (IN)     0                                          0

DEGREE DAYS
 HEATING
  YESTERDAY         19                          24      -5     29
  MONTH TO DATE    552                         651     -99    649
  SINCE JUN 1     1362                        1531    -169   1391
  SINCE JUL 1      552                         651     -99    649

 COOLING
  YESTERDAY          0                           0       0      0
  MONTH TO DATE      0                           0       0      0
  SINCE JUN 1        0                           0       0      0
  SINCE JAN 1        0                           0       0      0
...................................................................

WIND (MPH)
 HIGHEST WIND SPEED    16     HIGHEST WIND DIRECTION    270
 HIGHEST GUST SPEED    18     HIGHEST GUST DIRECTION    260
 AVERAGE WIND SPEED   7.6

SKY COVER
  POSSIBLE SUNSHINE    MM          AVERAGE SKY COVER     MM

WEATHER CONDITIONS
 THE FOLLOWING WEATHER WAS RECORDED YESTERDAY.
  FOG
  RAIN

...................................................................

THE BARROW CLIMATE NORMALS FOR TODAY
                           NORMAL    RECORD   YEAR
 MAXIMUM TEMPERATURE (F)     47        70     2009
 MINIMUM TEMPERATURE (F)     35        23     1936

SUNRISE AND SUNSET
 SUN ABOVE VISIBLE HORIZON

-  INDICATES NEGATIVE NUMBERS.
R  INDICATES RECORD HAS BEEN SET OR TIED.
MM INDICATES DATA IS MISSING.
T  INDICATES TRACE OF PRECIPITATION.

&&
-------------------------------------------------------------------

AMOUNT OF DAYLIGHT TODAY  (HOUR:MIN)........24 HOURS 00 MINUTES
GAIN/LOSS SINCE YESTERDAY (HOUR:MIN:SEC)....+0:00:00

$$
*** JUL 16
