000
CDAK49 PABR 260926
CLIBRW

CLIMATE REPORT
NATIONAL WEATHER SERVICE BARROW, AK
1226 AM AKST WED NOV 26 2014

...................................
...THE BARROW WSO AP CLIMATE SUMMARY FOR NOVEMBER 25 2014...

CLIMATE NORMAL PERIOD  1981 TO  2010
CLIMATE RECORD PERIOD  1915 TO  2014

WEATHER ITEM   OBSERVED TIME    RECORD YEAR NORMAL DEPARTURE LAST
               VALUE    (LST)   VALUE       VALUE  FROM      YEAR
                                                   NORMAL
...................................................................
TEMPERATURE
YESTERDAY
 MAXIMUM            -1  1153 PM    33  1931      3      -4     -2
 MINIMUM           -10   353 PM   -40  1948     -9      -1    -11
 AVERAGE            -6                          -3      -3     -7

PRECIPITATION
(INCHES)
 YESTERDAY        0.00           0.06  1976   0.00    0.00      T
 MONTH TO DATE    0.47                        0.18    0.29   0.38
 SINCE SEP 1      2.65                        1.31    1.34   2.16
 SINCE JAN 1      7.20                        4.36    2.84   7.18

SNOWFALL
(INCHES)
 YESTERDAY         0.0            1.3  1999    0.1    -0.1      T
 MONTH TO DATE     5.6                         4.9     0.7    7.0
 SINCE SEP 1      29.1                        18.4    10.7   22.2
 SINCE JUL 1      30.5                        19.5    11.0   23.3
 SNOW DEPTH (IN)     4                                          5

DEGREE DAYS
 HEATING
  YESTERDAY         71                          68       3     72
  MONTH TO DATE   1328                        1584    -256   1400
  SINCE SEP 1     3612                        4052    -440   3642
  SINCE JUL 1     5278                        5606    -328   5054

 COOLING
  YESTERDAY          0                           0       0      0
  MONTH TO DATE      0                           0       0      0
  SINCE SEP 1        0                           0       0      0
  SINCE JAN 1        0                           0       0      0
...................................................................

WIND (MPH)
 HIGHEST WIND SPEED    15     HIGHEST WIND DIRECTION     50
 HIGHEST GUST SPEED    17     HIGHEST GUST DIRECTION     40
 AVERAGE WIND SPEED   0.0

SKY COVER
  POSSIBLE SUNSHINE    MM          AVERAGE SKY COVER     MM

WEATHER CONDITIONS
 THE FOLLOWING WEATHER WAS RECORDED YESTERDAY.
 FOG


RELATIVE HUMIDITY
 HIGHEST RH     95 PERCENT       653 PM
 LOWEST  RH     75 PERCENT       153 AM
 AVERAGE RH     86 PERCENT
...................................................................

THE BARROW CLIMATE NORMALS FOR TODAY
                           NORMAL    RECORD   YEAR
 MAXIMUM TEMPERATURE (F)      2        33     1931
 MINIMUM TEMPERATURE (F)     -9       -35     1927

SUNRISE AND SUNSET
 NOV 26 2014..........SUNRISE  --.--      SUNSET --.--
 NOV 27 2014..........SUNRISE  --.--      SUNSET --.--

-  INDICATES NEGATIVE NUMBERS.
R  INDICATES RECORD HAS BEEN SET OR TIED.
MM INDICATES DATA IS MISSING.
T  INDICATES TRACE OF PRECIPITATION.

&&
-------------------------------------------------------------------

AMOUNT OF DAYLIGHT TODAY  (HOUR:MIN)........0 HOURS 00 MINUTES
GAIN/LOSS SINCE YESTERDAY (HOUR:MIN:SEC)....+0:00:00

$$
JML NOV 14
