000
CDAK49 PAFG 260954
CLIBRW

CLIMATE REPORT
NATIONAL WEATHER SERVICE FAIRBANKS AK
154 AM AKDT WED APR 26 2017


...................................

...THE BARROW AK CLIMATE SUMMARY FOR APRIL 25 2017...

CLIMATE NORMAL PERIOD 1981 TO 2010
CLIMATE RECORD PERIOD 1920 TO 2017


WEATHER ITEM   OBSERVED TIME   RECORD YEAR NORMAL DEPARTURE LAST
                VALUE   (LST)  VALUE       VALUE  FROM      YEAR
                                                  NORMAL
..................................................................
TEMPERATURE (F)
 YESTERDAY
  MAXIMUM         12    150 AM  36    1931  15     -3       24
  MINIMUM          7   1137 PM -29    1924   2      5       19
  AVERAGE         10                         8      2       22

PRECIPITATION (IN)
  YESTERDAY        T             0.36 1960   0.00   0.00      T
  MONTH TO DATE    T                         0.13  -0.13     0.06
  SINCE MAR 1      0.30                      0.22   0.08     0.20
  SINCE JAN 1      1.17                      0.49   0.68     3.26

SNOWFALL (IN)
  YESTERDAY        0.4           3.6  1960   0.1    0.3     MM
  MONTH TO DATE    0.6                       2.7   -2.1      0.4
  SINCE MAR 1      3.0                       4.8   -1.8      0.6
  SINCE JUL 1     29.9                      33.8   -3.9      9.4
  SNOW DEPTH       6

DEGREE DAYS
 HEATING
  YESTERDAY       55                        57     -2       43
  MONTH TO DATE 1443                      1622   -179     1382
  SINCE MAR 1   3680                      4029   -349     3398
  SINCE JUL 1  14642                     16886  -2244    14794

 COOLING
  YESTERDAY        0                         0      0        0
  MONTH TO DATE    0                         0      0        0
  SINCE MAR 1      0                         0      0        0
  SINCE JAN 1      0                         0      0        0
..................................................................


WIND (MPH)
  HIGHEST GUST SPEED    20   HIGHEST GUST DIRECTION    NE (60)


SKY COVER
  AVERAGE SKY COVER 1.0


WEATHER CONDITIONS
 THE FOLLOWING WEATHER WAS RECORDED YESTERDAY.
  LIGHT SNOW
  FOG


RELATIVE HUMIDITY (PERCENT)
 HIGHEST    80
 LOWEST     73
 AVERAGE    77

..........................................................


THE BARROW AK CLIMATE NORMALS FOR TODAY
                         NORMAL    RECORD    YEAR
 MAXIMUM TEMPERATURE (F)   15        39      2009
 MINIMUM TEMPERATURE (F)    3       -27      1924


SUNRISE AND SUNSET
APRIL 26 2017.........SUNRISE   506 AM AKDT  SUNSET  1150 PM AKDT
APRIL 27 2017.........SUNRISE   459 AM AKDT  SUNSET  1156 PM AKDT

-  INDICATES NEGATIVE NUMBERS.
R  INDICATES RECORD WAS SET OR TIED.
MM INDICATES DATA IS MISSING.
T  INDICATES TRACE AMOUNT.

&&

SNOW DEPTH IS MEASURED AT 3AM AKST/4AM AKDT.

----------------------------
AVAILABLE DAYLIGHT

AMOUNT OF DAYLIGHT TODAY  (HOUR:MIN)........18:44
GAIN/LOSS SINCE YESTERDAY (HOUR:MIN:SEC)....+0:12:27

$$
SDB APR 17
