666
CDAK49 PAFG 231013
CLIBRW

CLIMATE REPORT
NATIONAL WEATHER SERVICE FAIRBANKS AK
213 AM AKDT THU MAR 23 2017


...................................

...THE BARROW AK CLIMATE SUMMARY FOR MARCH 22 2017...

CLIMATE NORMAL PERIOD 1981 TO 2010
CLIMATE RECORD PERIOD 1920 TO 2017


WEATHER ITEM   OBSERVED TIME   RECORD YEAR NORMAL DEPARTURE LAST
                VALUE   (LST)  VALUE       VALUE  FROM      YEAR
                                                  NORMAL
..................................................................
TEMPERATURE (F)
 YESTERDAY
  MAXIMUM         10    221 PM  27    2002  -5     15        2
  MINIMUM        -12    148 AM -38    1966 -19      7       -7
  AVERAGE         -1                       -12     11       -2

PRECIPITATION (IN)
  YESTERDAY        T             0.11 1982   0.00   0.00     0.00
  MONTH TO DATE    0.29                      0.06   0.23     0.02
  SINCE MAR 1      0.29                      0.06   0.23     0.02
  SINCE JAN 1      1.16                      0.33   0.83     3.08

SNOWFALL (IN)
  YESTERDAY        T             1.1  1982   0.1   -0.1      0.0
  MONTH TO DATE    2.2                       1.5    0.7      0.2
  SINCE MAR 1      2.2                       1.5    0.7      0.2
  SINCE JUL 1     29.1                      30.5   -1.4      9.0
  SNOW DEPTH       9

DEGREE DAYS
 HEATING
  YESTERDAY       66                        77    -11       67
  MONTH TO DATE 1596                      1729   -133     1431
  SINCE MAR 1   1596                      1729   -133     1431
  SINCE JUL 1  12558                     14586  -2028    12827

 COOLING
  YESTERDAY        0                         0      0        0
  MONTH TO DATE    0                         0      0        0
  SINCE MAR 1      0                         0      0        0
  SINCE JAN 1      0                         0      0        0
..................................................................


WIND (MPH)
  HIGHEST GUST SPEED    20   HIGHEST GUST DIRECTION     S (200)


SKY COVER
  AVERAGE SKY COVER 0.5


WEATHER CONDITIONS
 THE FOLLOWING WEATHER WAS RECORDED YESTERDAY.
  LIGHT SNOW
  FOG
  HAZE


RELATIVE HUMIDITY (PERCENT)
 HIGHEST    87
 LOWEST     70
 AVERAGE    79

..........................................................


THE BARROW AK CLIMATE NORMALS FOR TODAY
                         NORMAL    RECORD    YEAR
 MAXIMUM TEMPERATURE (F)   -5        28      1965
 MINIMUM TEMPERATURE (F)  -18       -42      1925


SUNRISE AND SUNSET
MARCH 23 2017.........SUNRISE   808 AM AKDT  SUNSET   902 PM AKDT
MARCH 24 2017.........SUNRISE   803 AM AKDT  SUNSET   906 PM AKDT

-  INDICATES NEGATIVE NUMBERS.
R  INDICATES RECORD WAS SET OR TIED.
MM INDICATES DATA IS MISSING.
T  INDICATES TRACE AMOUNT.

&&

SNOW DEPTH IS MEASURED AT 3AM AKST/4AM AKDT.

----------------------------
AVAILABLE DAYLIGHT

AMOUNT OF DAYLIGHT TODAY  (HOUR:MIN)........12:54
GAIN/LOSS SINCE YESTERDAY (HOUR:MIN:SEC)....+0:09:21

$$
MAR 17
