000
CDAK49 PABR 220941
CLIBRW

CLIMATE REPORT
NATIONAL WEATHER SERVICE BARROW, AK
1241 AM AKST SAT NOV 22 2014

...................................
...THE BARROW WSO AP CLIMATE SUMMARY FOR NOVEMBER 21 2014...

CLIMATE NORMAL PERIOD  1981 TO  2010
CLIMATE RECORD PERIOD  1915 TO  2014

WEATHER ITEM   OBSERVED TIME    RECORD YEAR NORMAL DEPARTURE LAST
               VALUE    (LST)   VALUE       VALUE  FROM      YEAR
                                                   NORMAL
...................................................................
TEMPERATURE
YESTERDAY
 MAXIMUM            17  1153 AM    32  2010      4      13     -7
 MINIMUM            12  1241 AM   -37  1935     -7      19    -19
 AVERAGE            15                          -2      17    -13

PRECIPITATION
(INCHES)
 YESTERDAY           T           0.23  1938   0.01   -0.01      T
 MONTH TO DATE    0.44                        0.16    0.28   0.34
 SINCE SEP 1      2.62                        1.29    1.33   2.12
 SINCE JAN 1      7.17                        4.34    2.83   7.14

SNOWFALL
(INCHES)
 YESTERDAY           T            2.6  1938    0.2    -0.2      T
 MONTH TO DATE     5.2                         4.3     0.9    5.8
 SINCE SEP 1      28.7                        17.8    10.9   21.0
 SINCE JUL 1      30.1                        18.9    11.2   22.1
 SNOW DEPTH (IN)     6                                          5

DEGREE DAYS
 HEATING
  YESTERDAY         50                          67     -17     78
  MONTH TO DATE   1073                        1314    -241   1135
  SINCE SEP 1     3358                        3782    -424   3378
  SINCE JUL 1     5024                        5336    -312   4789

 COOLING
  YESTERDAY          0                           0       0      0
  MONTH TO DATE      0                           0       0      0
  SINCE SEP 1        0                           0       0      0
  SINCE JAN 1        0                           0       0      0
...................................................................

WIND (MPH)
 HIGHEST WIND SPEED    30     HIGHEST WIND DIRECTION     80
 HIGHEST GUST SPEED    36     HIGHEST GUST DIRECTION     60
 AVERAGE WIND SPEED  24.3

SKY COVER
  POSSIBLE SUNSHINE    MM          AVERAGE SKY COVER     MM

WEATHER CONDITIONS
 THE FOLLOWING WEATHER WAS RECORDED YESTERDAY.
 BLOWING SNOW
 SNOW


RELATIVE HUMIDITY
 HIGHEST RH    100 PERCENT       627 AM
 LOWEST  RH     77 PERCENT       753 PN
 AVERAGE RH     88 PERCENT
...................................................................

THE BARROW CLIMATE NORMALS FOR TODAY
                           NORMAL    RECORD   YEAR
 MAXIMUM TEMPERATURE (F)      3        33     2010
 MINIMUM TEMPERATURE (F)     -8       -38     1992

SUNRISE AND SUNSET
 NOV 22 2014..........SUNRISE  --.--      SUNSET --.--
 NOV 23 2014..........SUNRISE  --.--      SUNSET --.--

-  INDICATES NEGATIVE NUMBERS.
R  INDICATES RECORD HAS BEEN SET OR TIED.
MM INDICATES DATA IS MISSING.
T  INDICATES TRACE OF PRECIPITATION.

&&
-------------------------------------------------------------------

AMOUNT OF DAYLIGHT TODAY  (HOUR:MIN)........0 HOURS 00 MINUTES
GAIN/LOSS SINCE YESTERDAY (HOUR:MIN:SEC)....+0:00:00

$$
JML NOV 14
