000
CDUS43 KGRR 222129
CLIBTL


CLIMATE REPORT
NATIONAL WEATHER SERVICE GRAND RAPIDS, MI
525 PM EDT FRI SEP 22 2017


...................................

...THE BATTLE CREEK MI CLIMATE SUMMARY FOR SEPTEMBER 22 2017...
VALID TODAY AS OF 0500 PM LOCAL TIME.

CLIMATE NORMAL PERIOD 1981 TO 2010
CLIMATE RECORD PERIOD 1998 TO 2017


WEATHER ITEM   OBSERVED TIME   NORMAL DEPARTURE LAST
                VALUE   (LST)  VALUE  FROM      YEAR
                                      NORMAL
......................................................
TEMPERATURE (F)
 TODAY
  MAXIMUM         94   1216 PM  71     23       82
  MINIMUM         66    704 AM  47     19       61
  AVERAGE         80            59     21       72

PRECIPITATION (IN)
  TODAY            0.00          0.13  -0.13     0.00
  MONTH TO DATE    0.23          2.68  -2.45     1.86
  SINCE SEP 1      0.23          2.68  -2.45     1.86
  SINCE JAN 1     21.83         24.22  -2.39    25.32

DEGREE DAYS
 HEATING
  TODAY            0             7     -7        0
  MONTH TO DATE   63            87    -24       16
  SINCE SEP 1     63            87    -24       16
  SINCE JUL 1     83           128    -45       24

 COOLING
  TODAY           15             1     14        7
  MONTH TO DATE   82            48     34       90
  SINCE SEP 1     82            48     34       90
  SINCE JAN 1    669           566    103      706
......................................................


WIND (MPH)
  RESULTANT WIND SPEED   1   RESULTANT WIND DIRECTION   S (190)
  HIGHEST WIND SPEED     9   HIGHEST WIND DIRECTION     W (250)
  HIGHEST GUST SPEED    11   HIGHEST GUST DIRECTION    NW (300)
  AVERAGE WIND SPEED     2.4


SKY COVER
  AVERAGE SKY COVER 0.1


WEATHER CONDITIONS
 THE FOLLOWING WEATHER WAS RECORDED TODAY.
  FOG


RELATIVE HUMIDITY (PERCENT)
 HIGHEST   100           700 AM
 LOWEST     41           300 PM
 AVERAGE    71

..........................................................


THE BATTLE CREEK MI CLIMATE NORMALS FOR TOMORROW
                         NORMAL
 MAXIMUM TEMPERATURE (F)   70
 MINIMUM TEMPERATURE (F)   47


SUNRISE AND SUNSET
SEPTEMBER 22 2017.....SUNRISE   729 AM EDT   SUNSET   738 PM EDT
SEPTEMBER 23 2017.....SUNRISE   730 AM EDT   SUNSET   736 PM EDT


-  INDICATES NEGATIVE NUMBERS.
R  INDICATES RECORD WAS SET OR TIED.
MM INDICATES DATA IS MISSING.
T  INDICATES TRACE AMOUNT.




$$
