000
CDUS43 KGRR 170516
CLIBTL


CLIMATE REPORT
NATIONAL WEATHER SERVICE GRAND RAPIDS, MI
116 AM EDT WED SEP 17 2014


...................................

...THE BATTLE CREEK MI CLIMATE SUMMARY FOR SEPTEMBER 16 2014...

CLIMATE NORMAL PERIOD 1981 TO 2010
CLIMATE RECORD PERIOD 1998 TO 2014


WEATHER ITEM   OBSERVED TIME   NORMAL DEPARTURE LAST
                VALUE   (LST)  VALUE  FROM      YEAR
                                      NORMAL
......................................................
TEMPERATURE (F)
 YESTERDAY
  MAXIMUM         66    415 PM  73     -7       62
  MINIMUM         44   1159 PM  50     -6       48
  AVERAGE         55            62     -7       55

PRECIPITATION (IN)
  YESTERDAY        0.00          0.13  -0.13     0.00
  MONTH TO DATE    2.07          1.91   0.16     1.32
  SINCE SEP 1      2.07          1.91   0.16     1.32
  SINCE JAN 1     22.01         23.45  -1.44    27.49

DEGREE DAYS
 HEATING
  YESTERDAY       10             5      5       10
  MONTH TO DATE   68            50     18       50
  SINCE SEP 1     68            50     18       50
  SINCE JUL 1     97            91      6       88

 COOLING
  YESTERDAY        0             2     -2        0
  MONTH TO DATE   54            42     12       64
  SINCE SEP 1     54            42     12       64
  SINCE JAN 1    591           560     31      669
......................................................


WIND (MPH)
  RESULTANT WIND SPEED   4   RESULTANT WIND DIRECTION  NW (300)
  HIGHEST WIND SPEED    15   HIGHEST WIND DIRECTION     W (290)
  HIGHEST GUST SPEED    17   HIGHEST GUST DIRECTION    NW (320)
  AVERAGE WIND SPEED     4.4


SKY COVER
  AVERAGE SKY COVER 0.5


WEATHER CONDITIONS
 THE FOLLOWING WEATHER WAS RECORDED YESTERDAY.
  FOG
  FOG W/VISIBILITY <= 1/4 MILE


RELATIVE HUMIDITY (PERCENT)
 HIGHEST   100           600 AM
 LOWEST     52           200 PM
 AVERAGE    76

..........................................................


THE BATTLE CREEK MI CLIMATE NORMALS FOR TODAY
                         NORMAL
 MAXIMUM TEMPERATURE (F)   73
 MINIMUM TEMPERATURE (F)   49


SUNRISE AND SUNSET
SEPTEMBER 17 2014.....SUNRISE   723 AM EDT   SUNSET   747 PM EDT
SEPTEMBER 18 2014.....SUNRISE   724 AM EDT   SUNSET   745 PM EDT


-  INDICATES NEGATIVE NUMBERS.
R  INDICATES RECORD WAS SET OR TIED.
MM INDICATES DATA IS MISSING.
T  INDICATES TRACE AMOUNT.




$$
