000
CDUS43 KGRR 282124
CLIBTL


CLIMATE REPORT
NATIONAL WEATHER SERVICE GRAND RAPIDS, MI
524 PM EDT SAT MAY 28 2016


...................................

...THE BATTLE CREEK MI CLIMATE SUMMARY FOR MAY 28 2016...
VALID TODAY AS OF 0500 PM LOCAL TIME.

CLIMATE NORMAL PERIOD 1981 TO 2010
CLIMATE RECORD PERIOD 1998 TO 2016


WEATHER ITEM   OBSERVED TIME   NORMAL DEPARTURE LAST
                VALUE   (LST)  VALUE  FROM      YEAR
                                      NORMAL
......................................................
TEMPERATURE (F)
 TODAY
  MAXIMUM         84    356 PM  74     10       81
  MINIMUM         67    512 AM  50     17       53
  AVERAGE         76            62     14       67

PRECIPITATION (IN)
  TODAY            T             0.12  -0.12     0.00
  MONTH TO DATE    2.79          3.39  -0.60     3.29
  SINCE MAR 1      8.23          8.10   0.13     5.36
  SINCE JAN 1      9.83         11.10  -1.27     6.37

DEGREE DAYS
 HEATING
  TODAY            0             5     -5        0
  MONTH TO DATE  241           232      9      131
  SINCE MAR 1   1500          1656   -156     1567
  SINCE JUL 1   5415          6621  -1206     6772

 COOLING
  TODAY           11             2      9        2
  MONTH TO DATE   35            26      9       65
  SINCE MAR 1     37            33      4       65
  SINCE JAN 1     37            33      4       65
......................................................


WIND (MPH)
  RESULTANT WIND SPEED  10   RESULTANT WIND DIRECTION   S (190)
  HIGHEST WIND SPEED    22   HIGHEST WIND DIRECTION     S (200)
  HIGHEST GUST SPEED    29   HIGHEST GUST DIRECTION     S (170)
  AVERAGE WIND SPEED    10.3


SKY COVER
  AVERAGE SKY COVER 0.2


WEATHER CONDITIONS
 THE FOLLOWING WEATHER WAS RECORDED TODAY.
  LIGHT RAIN


RELATIVE HUMIDITY (PERCENT)
 HIGHEST    84           700 AM
 LOWEST     44           400 PM
 AVERAGE    64

..........................................................


THE BATTLE CREEK MI CLIMATE NORMALS FOR TOMORROW
                         NORMAL
 MAXIMUM TEMPERATURE (F)   74
 MINIMUM TEMPERATURE (F)   50


SUNRISE AND SUNSET
MAY 28 2016...........SUNRISE   609 AM EDT   SUNSET   908 PM EDT
MAY 29 2016...........SUNRISE   608 AM EDT   SUNSET   909 PM EDT


-  INDICATES NEGATIVE NUMBERS.
R  INDICATES RECORD WAS SET OR TIED.
MM INDICATES DATA IS MISSING.
T  INDICATES TRACE AMOUNT.




$$
