387
CDUS43 KGRR 080522
CLIBTL


CLIMATE REPORT
NATIONAL WEATHER SERVICE GRAND RAPIDS, MI
1220 AM EST MON FEB 8 2016


...................................

...THE BATTLE CREEK MI CLIMATE SUMMARY FOR FEBRUARY 7 2016...

CLIMATE NORMAL PERIOD 1981 TO 2010
CLIMATE RECORD PERIOD 1998 TO 2016


WEATHER ITEM   OBSERVED TIME   NORMAL DEPARTURE LAST
                VALUE   (LST)  VALUE  FROM      YEAR
                                      NORMAL
......................................................
TEMPERATURE (F)
 YESTERDAY
  MAXIMUM         46    154 PM  33     13       41
  MINIMUM         30   1201 AM  16     14       26
  AVERAGE         38            25     13       34

PRECIPITATION (IN)
  YESTERDAY        0.00          0.04  -0.04     0.00
  MONTH TO DATE    0.28          0.27   0.01     0.21
  SINCE DEC 1      4.34          3.92   0.42     1.86
  SINCE JAN 1      1.22          1.93  -0.71     1.01

DEGREE DAYS
 HEATING
  YESTERDAY       27            40    -13       31
  MONTH TO DATE  239           285    -46      322
  SINCE DEC 1   2050          2730   -680     2598
  SINCE JUL 1   3100          4168  -1068     4101

 COOLING
  YESTERDAY        0             0      0        0
  MONTH TO DATE    0             0      0        0
  SINCE DEC 1      0             0      0        0
  SINCE JAN 1      0             0      0        0
......................................................


WIND (MPH)
  RESULTANT WIND SPEED  12   RESULTANT WIND DIRECTION  SW (210)
  HIGHEST WIND SPEED    26   HIGHEST WIND DIRECTION    SW (210)
  HIGHEST GUST SPEED    31   HIGHEST GUST DIRECTION    SW (210)
  AVERAGE WIND SPEED    12.1


SKY COVER
  AVERAGE SKY COVER 0.6


WEATHER CONDITIONS
 THE FOLLOWING WEATHER WAS RECORDED YESTERDAY.
  NO SIGNIFICANT WEATHER WAS OBSERVED.


RELATIVE HUMIDITY (PERCENT)
 HIGHEST    85          1200 AM
 LOWEST     49           200 PM
 AVERAGE    67

..........................................................


THE BATTLE CREEK MI CLIMATE NORMALS FOR TODAY
                         NORMAL
 MAXIMUM TEMPERATURE (F)   34
 MINIMUM TEMPERATURE (F)   16


SUNRISE AND SUNSET
FEBRUARY  8 2016......SUNRISE   747 AM EST   SUNSET   604 PM EST
FEBRUARY  9 2016......SUNRISE   746 AM EST   SUNSET   605 PM EST


-  INDICATES NEGATIVE NUMBERS.
R  INDICATES RECORD WAS SET OR TIED.
MM INDICATES DATA IS MISSING.
T  INDICATES TRACE AMOUNT.




$$

63
