000
CDUS43 KGRR 280517
CLIBTL


CLIMATE REPORT
NATIONAL WEATHER SERVICE GRAND RAPIDS, MI
116 AM EDT TUE MAR 28 2017


...................................

...THE BATTLE CREEK MI CLIMATE SUMMARY FOR MARCH 27 2017...

CLIMATE NORMAL PERIOD 1981 TO 2010
CLIMATE RECORD PERIOD 1998 TO 2017


WEATHER ITEM   OBSERVED TIME   NORMAL DEPARTURE LAST
                VALUE   (LST)  VALUE  FROM      YEAR
                                      NORMAL
......................................................
TEMPERATURE (F)
 YESTERDAY
  MAXIMUM         54    456 PM  51      3       69
  MINIMUM         46   1141 PM  29     17       35
  AVERAGE         50            40     10       52

PRECIPITATION (IN)
  YESTERDAY        0.01          0.07  -0.06     0.21
  MONTH TO DATE    2.34          1.60   0.74     2.00
  SINCE MAR 1      2.34          1.60   0.74     2.00
  SINCE JAN 1      7.81          4.60   3.21     3.60

DEGREE DAYS
 HEATING
  YESTERDAY       15            25    -10       13
  MONTH TO DATE  807           815     -8      648
  SINCE MAR 1    807           815     -8      648
  SINCE JUL 1   4710          5780  -1070     4563

 COOLING
  YESTERDAY        0             0      0        0
  MONTH TO DATE    0             0      0        0
  SINCE MAR 1      0             0      0        0
  SINCE JAN 1      0             0      0        0
......................................................


WIND (MPH)
  RESULTANT WIND SPEED   6   RESULTANT WIND DIRECTION   W (280)
  HIGHEST WIND SPEED    14   HIGHEST WIND DIRECTION     W (260)
  HIGHEST GUST SPEED    17   HIGHEST GUST DIRECTION    SW (240)
  AVERAGE WIND SPEED     7.4


SKY COVER
  AVERAGE SKY COVER 1.0


WEATHER CONDITIONS
 THE FOLLOWING WEATHER WAS RECORDED YESTERDAY.
  LIGHT RAIN
  FOG


RELATIVE HUMIDITY (PERCENT)
 HIGHEST   100          1200 AM
 LOWEST     83           100 PM
 AVERAGE    92

..........................................................


THE BATTLE CREEK MI CLIMATE NORMALS FOR TODAY
                         NORMAL
 MAXIMUM TEMPERATURE (F)   52
 MINIMUM TEMPERATURE (F)   29


SUNRISE AND SUNSET
MARCH 28 2017.........SUNRISE   730 AM EDT   SUNSET   803 PM EDT
MARCH 29 2017.........SUNRISE   728 AM EDT   SUNSET   804 PM EDT


-  INDICATES NEGATIVE NUMBERS.
R  INDICATES RECORD WAS SET OR TIED.
MM INDICATES DATA IS MISSING.
T  INDICATES TRACE AMOUNT.




$$
