237
CDUS43 KGRR 292131
CLIBTL


CLIMATE REPORT
NATIONAL WEATHER SERVICE GRAND RAPIDS, MI
529 PM EDT MON MAY 29 2017


...................................

...THE BATTLE CREEK MI CLIMATE SUMMARY FOR MAY 29 2017...
VALID TODAY AS OF 0500 PM LOCAL TIME.

CLIMATE NORMAL PERIOD 1981 TO 2010
CLIMATE RECORD PERIOD 1998 TO 2017


WEATHER ITEM   OBSERVED TIME   NORMAL DEPARTURE LAST
                VALUE   (LST)  VALUE  FROM      YEAR
                                      NORMAL
......................................................
TEMPERATURE (F)
 TODAY
  MAXIMUM         78   1230 PM  74      4       84
  MINIMUM         53    525 AM  50      3       62
  AVERAGE         66            62      4       73

PRECIPITATION (IN)
  TODAY            T             0.13  -0.13     0.00
  MONTH TO DATE    2.88          3.52  -0.64     2.80
  SINCE MAR 1     10.01          8.23   1.78     8.24
  SINCE JAN 1     15.48         11.23   4.25     9.84

DEGREE DAYS
 HEATING
  TODAY            0             5     -5        0
  MONTH TO DATE  233           237     -4      241
  SINCE MAR 1   1500          1661   -161     1500
  SINCE JUL 1   5403          6626  -1223     5415

 COOLING
  TODAY            1             2     -1        8
  MONTH TO DATE   28            28      0       43
  SINCE MAR 1     37            35      2       45
  SINCE JAN 1     37            35      2       45
......................................................


WIND (MPH)
  RESULTANT WIND SPEED  10   RESULTANT WIND DIRECTION  SW (240)
  HIGHEST WIND SPEED    26   HIGHEST WIND DIRECTION     W (260)
  HIGHEST GUST SPEED    34   HIGHEST GUST DIRECTION    SW (230)
  AVERAGE WIND SPEED    10.9


SKY COVER
  AVERAGE SKY COVER 0.0


WEATHER CONDITIONS
 THE FOLLOWING WEATHER WAS RECORDED TODAY.
  LIGHT RAIN


RELATIVE HUMIDITY (PERCENT)
 HIGHEST    93          1200 AM
 LOWEST     31           400 PM
 AVERAGE    62

..........................................................


THE BATTLE CREEK MI CLIMATE NORMALS FOR TOMORROW
                         NORMAL
 MAXIMUM TEMPERATURE (F)   75
 MINIMUM TEMPERATURE (F)   50


SUNRISE AND SUNSET
MAY 29 2017...........SUNRISE   608 AM EDT   SUNSET   909 PM EDT
MAY 30 2017...........SUNRISE   608 AM EDT   SUNSET   910 PM EDT


-  INDICATES NEGATIVE NUMBERS.
R  INDICATES RECORD WAS SET OR TIED.
MM INDICATES DATA IS MISSING.
T  INDICATES TRACE AMOUNT.




$$

63
