000
CDUS43 KGRR 220529
CLIBTL


CLIMATE REPORT
NATIONAL WEATHER SERVICE GRAND RAPIDS, MI
1229 AM EST WED NOV 22 2017


...................................

...THE BATTLE CREEK MI CLIMATE SUMMARY FOR NOVEMBER 21 2017...

CLIMATE NORMAL PERIOD 1981 TO 2010
CLIMATE RECORD PERIOD 1998 TO 2017


WEATHER ITEM   OBSERVED TIME   NORMAL DEPARTURE LAST
                VALUE   (LST)  VALUE  FROM      YEAR
                                      NORMAL
......................................................
TEMPERATURE (F)
 YESTERDAY
  MAXIMUM         50   1157 AM  45      5       38
  MINIMUM         32   1159 PM  29      3       26
  AVERAGE         41            37      4       32

PRECIPITATION (IN)
  YESTERDAY        0.06          0.09  -0.03     0.00
  MONTH TO DATE    3.54          2.05   1.49     0.53
  SINCE SEP 1     15.08          8.84   6.24     5.74
  SINCE JAN 1     36.68         30.38   6.30    29.20

DEGREE DAYS
 HEATING
  YESTERDAY       24            28     -4       33
  MONTH TO DATE  558           501     57      271
  SINCE SEP 1    948          1122   -174      605
  SINCE JUL 1    968          1163   -195      613

 COOLING
  YESTERDAY        0             0      0        0
  MONTH TO DATE    0             0      0        0
  SINCE SEP 1    148            60     88      111
  SINCE JAN 1    735           578    157      727
......................................................


WIND (MPH)
  RESULTANT WIND SPEED  13   RESULTANT WIND DIRECTION  SW (240)
  HIGHEST WIND SPEED    28   HIGHEST WIND DIRECTION    SW (210)
  HIGHEST GUST SPEED    36   HIGHEST GUST DIRECTION    SW (210)
  AVERAGE WIND SPEED    15.7


SKY COVER
  AVERAGE SKY COVER 0.5


WEATHER CONDITIONS
 THE FOLLOWING WEATHER WAS RECORDED YESTERDAY.
  LIGHT RAIN
  FOG


RELATIVE HUMIDITY (PERCENT)
 HIGHEST    92           400 PM
 LOWEST     52          1200 PM
 AVERAGE    72

..........................................................


THE BATTLE CREEK MI CLIMATE NORMALS FOR TODAY
                         NORMAL
 MAXIMUM TEMPERATURE (F)   45
 MINIMUM TEMPERATURE (F)   28


SUNRISE AND SUNSET
NOVEMBER 22 2017......SUNRISE   740 AM EST   SUNSET   514 PM EST
NOVEMBER 23 2017......SUNRISE   742 AM EST   SUNSET   513 PM EST


-  INDICATES NEGATIVE NUMBERS.
R  INDICATES RECORD WAS SET OR TIED.
MM INDICATES DATA IS MISSING.
T  INDICATES TRACE AMOUNT.




$$
