000
CDUS43 KGRR 220515
CLIBTL


CLIMATE REPORT
NATIONAL WEATHER SERVICE GRAND RAPIDS, MI
1213 AM EST MON DEC 22 2014


...................................

...THE BATTLE CREEK MI CLIMATE SUMMARY FOR DECEMBER 21 2014...

CLIMATE NORMAL PERIOD 1981 TO 2010
CLIMATE RECORD PERIOD 1998 TO 2014


WEATHER ITEM   OBSERVED TIME   NORMAL DEPARTURE LAST
                VALUE   (LST)  VALUE  FROM      YEAR
                                      NORMAL
......................................................
TEMPERATURE (F)
 YESTERDAY
  MAXIMUM         35    421 PM  34      1       34
  MINIMUM         29   1159 PM  18     11       32
  AVERAGE         32            26      6       33

PRECIPITATION (IN)
  YESTERDAY        0.00          0.07  -0.07     0.45
  MONTH TO DATE    0.15          1.37  -1.22     0.89
  SINCE DEC 1      0.15          1.37  -1.22     0.89
  SINCE JAN 1     28.47         32.53  -4.06    34.69

DEGREE DAYS
 HEATING
  YESTERDAY       33            39     -6       32
  MONTH TO DATE  664           760    -96      811
  SINCE DEC 1    664           760    -96      811
  SINCE JUL 1   2167          2198    -31     2212

 COOLING
  YESTERDAY        0             0      0        0
  MONTH TO DATE    0             0      0        0
  SINCE DEC 1      0             0      0        0
  SINCE JAN 1    593           578     15      689
......................................................


WIND (MPH)
  RESULTANT WIND SPEED   7   RESULTANT WIND DIRECTION   S (170)
  HIGHEST WIND SPEED    14   HIGHEST WIND DIRECTION     S (170)
  HIGHEST GUST SPEED    17   HIGHEST GUST DIRECTION     S (170)
  AVERAGE WIND SPEED     7.2


SKY COVER
  AVERAGE SKY COVER 0.7


WEATHER CONDITIONS
 THE FOLLOWING WEATHER WAS RECORDED YESTERDAY.
  FOG
  HAZE


RELATIVE HUMIDITY (PERCENT)
 HIGHEST    85          1200 AM
 LOWEST     64           300 PM
 AVERAGE    75

..........................................................


THE BATTLE CREEK MI CLIMATE NORMALS FOR TODAY
                         NORMAL
 MAXIMUM TEMPERATURE (F)   33
 MINIMUM TEMPERATURE (F)   18


SUNRISE AND SUNSET
DECEMBER 22 2014......SUNRISE   807 AM EST   SUNSET   512 PM EST
DECEMBER 23 2014......SUNRISE   808 AM EST   SUNSET   513 PM EST


-  INDICATES NEGATIVE NUMBERS.
R  INDICATES RECORD WAS SET OR TIED.
MM INDICATES DATA IS MISSING.
T  INDICATES TRACE AMOUNT.




$$

JAM
