000
CDUS43 KGRR 280520
CLIBTL


CLIMATE REPORT
NATIONAL WEATHER SERVICE GRAND RAPIDS, MI
1217 AM EST SAT FEB 28 2015


...................................

...THE BATTLE CREEK MI CLIMATE SUMMARY FOR FEBRUARY 27 2015...

CLIMATE NORMAL PERIOD 1981 TO 2010
CLIMATE RECORD PERIOD 1998 TO 2015


WEATHER ITEM   OBSERVED TIME   NORMAL DEPARTURE LAST
                VALUE   (LST)  VALUE  FROM      YEAR
                                      NORMAL
......................................................
TEMPERATURE (F)
 YESTERDAY
  MAXIMUM         19    337 PM  39    -20       15
  MINIMUM        -10    716 AM  20    -30       -6
  AVERAGE          5            29    -24        5

PRECIPITATION (IN)
  YESTERDAY        0.00          0.06  -0.06      T
  MONTH TO DATE    0.21          1.28  -1.07     0.78
  SINCE DEC 1      1.86          4.93  -3.07     2.64
  SINCE JAN 1      1.01          2.94  -1.93     1.53

DEGREE DAYS
 HEATING
  YESTERDAY       60            36     24       60
  MONTH TO DATE 1367          1048    319     1276
  SINCE DEC 1   3643          3493    150     3993
  SINCE JUL 1   5146          4931    215     5394

 COOLING
  YESTERDAY        0             0      0        0
  MONTH TO DATE    0             0      0        0
  SINCE DEC 1      0             0      0        0
  SINCE JAN 1      0             0      0        0
......................................................


WIND (MPH)
  RESULTANT WIND SPEED   4   RESULTANT WIND DIRECTION  SW (240)
  HIGHEST WIND SPEED    16   HIGHEST WIND DIRECTION     W (260)
  HIGHEST GUST SPEED    20   HIGHEST GUST DIRECTION     W (260)
  AVERAGE WIND SPEED     5.8


SKY COVER
  AVERAGE SKY COVER 0.2


WEATHER CONDITIONS
 THE FOLLOWING WEATHER WAS RECORDED YESTERDAY.
  NO SIGNIFICANT WEATHER WAS OBSERVED.


RELATIVE HUMIDITY (PERCENT)
 HIGHEST    79           700 AM
 LOWEST     42          1200 PM
 AVERAGE    61

..........................................................


THE BATTLE CREEK MI CLIMATE NORMALS FOR TODAY
                         NORMAL
 MAXIMUM TEMPERATURE (F)   40
 MINIMUM TEMPERATURE (F)   20


SUNRISE AND SUNSET
FEBRUARY 28 2015......SUNRISE   718 AM EST   SUNSET   629 PM EST
MARCH  1 2015.........SUNRISE   717 AM EST   SUNSET   631 PM EST


-  INDICATES NEGATIVE NUMBERS.
R  INDICATES RECORD WAS SET OR TIED.
MM INDICATES DATA IS MISSING.
T  INDICATES TRACE AMOUNT.




$$

63
