000
CDUS43 KGRR 230524
CLIBTL


CLIMATE REPORT
NATIONAL WEATHER SERVICE GRAND RAPIDS, MI
124 AM EDT SAT AUG 23 2014


...................................

...THE BATTLE CREEK MI CLIMATE SUMMARY FOR AUGUST 22 2014...

CLIMATE NORMAL PERIOD 1981 TO 2010
CLIMATE RECORD PERIOD 1998 TO 2014


WEATHER ITEM   OBSERVED TIME   NORMAL DEPARTURE LAST
                VALUE   (LST)  VALUE  FROM      YEAR
                                      NORMAL
......................................................
TEMPERATURE (F)
 YESTERDAY
  MAXIMUM         81    628 PM  80      1       76
  MINIMUM         70    728 AM  57     13       65
  AVERAGE         76            69      7       71

PRECIPITATION (IN)
  YESTERDAY        0.00          0.10  -0.10     1.39
  MONTH TO DATE    1.64          2.47  -0.83     4.52
  SINCE JUN 1     11.42          9.06   2.36    13.16
  SINCE JAN 1     19.38         20.54  -1.16    25.94

DEGREE DAYS
 HEATING
  YESTERDAY        0             1     -1        0
  MONTH TO DATE   11            22    -11       21
  SINCE JUN 1     47            94    -47       80
  SINCE JUL 1     29            37     -8       38

 COOLING
  YESTERDAY       11             5      6        6
  MONTH TO DATE  122           122      0       71
  SINCE JUN 1    403           445    -42      446
  SINCE JAN 1    455           483    -28      523
......................................................


WIND (MPH)
  RESULTANT WIND SPEED   1   RESULTANT WIND DIRECTION   E (90)
  HIGHEST WIND SPEED    10   HIGHEST WIND DIRECTION     S (200)
  HIGHEST GUST SPEED    13   HIGHEST GUST DIRECTION     S (200)
  AVERAGE WIND SPEED     4.2


SKY COVER
  AVERAGE SKY COVER 0.8


WEATHER CONDITIONS
 THE FOLLOWING WEATHER WAS RECORDED YESTERDAY.
  FOG
  FOG W/VISIBILITY <= 1/4 MILE
  HAZE


RELATIVE HUMIDITY (PERCENT)
 HIGHEST    97           700 AM
 LOWEST     74           400 PM
 AVERAGE    86

..........................................................


THE BATTLE CREEK MI CLIMATE NORMALS FOR TODAY
                         NORMAL
 MAXIMUM TEMPERATURE (F)   80
 MINIMUM TEMPERATURE (F)   57


SUNRISE AND SUNSET
AUGUST 23 2014........SUNRISE   657 AM EDT   SUNSET   830 PM EDT
AUGUST 24 2014........SUNRISE   658 AM EDT   SUNSET   828 PM EDT


-  INDICATES NEGATIVE NUMBERS.
R  INDICATES RECORD WAS SET OR TIED.
MM INDICATES DATA IS MISSING.
T  INDICATES TRACE AMOUNT.




$$
