000
CDUS45 KMSO 022240
CLIBTM


CLIMATE REPORT
NATIONAL WEATHER SERVICE MISSOULA, MT
439 PM MDT SUN AUG 2 2015


...................................

...THE BUTTE MT CLIMATE SUMMARY FOR AUGUST 2 2015...
VALID TODAY AS OF 0400 PM LOCAL TIME.

CLIMATE NORMAL PERIOD 1981 TO 2010
CLIMATE RECORD PERIOD 1895 TO 2015


WEATHER ITEM   OBSERVED TIME   RECORD YEAR NORMAL DEPARTURE LAST
                VALUE   (LST)  VALUE       VALUE  FROM      YEAR
                                                  NORMAL
..................................................................
TEMPERATURE (F)
 TODAY
  MAXIMUM         88    259 PM  95    1934  83      5       82
  MINIMUM         44    459 AM  30    1919  46     -2       49
  AVERAGE         66                        64      2       66

PRECIPITATION (IN)
  TODAY            0.00          2.02 1943   0.04  -0.04     0.24
  MONTH TO DATE    0.00                      0.08  -0.08     0.24
  SINCE OCT 1      8.53                     10.49  -1.96     9.68
  SINCE JAN 1      6.14                      8.60  -2.46     8.64

SNOWFALL (IN)
  TODAY           MM
  MONTH TO DATE   MM
  SINCE JAN 1     MM
  SINCE JUL 1     MM
  SNOW DEPTH      MM

DEGREE DAYS
 HEATING
  TODAY            0                         2     -2        0
  MONTH TO DATE    0                         4     -4        0
  SINCE JUN 1    252                       391   -139      388
  SINCE JUL 1    104                       104      0       35

 COOLING
  TODAY            1                         2     -1        1
  MONTH TO DATE    3                         4     -1        3
  SINCE JUN 1     70                        55     15       64
  SINCE JAN 1     70                        55     15       64
..................................................................


WIND (MPH)
  HIGHEST WIND SPEED    10   HIGHEST WIND DIRECTION     N (20)
  HIGHEST GUST SPEED    14   HIGHEST GUST DIRECTION     N (20)
  AVERAGE WIND SPEED     2.7


SKY COVER
  POSSIBLE SUNSHINE  MM
  AVERAGE SKY COVER 0.0


WEATHER CONDITIONS
 THE FOLLOWING WEATHER WAS RECORDED TODAY.
  NO SIGNIFICANT WEATHER WAS OBSERVED.


RELATIVE HUMIDITY (PERCENT)
 HIGHEST    70           500 AM
 LOWEST      6           100 PM
 AVERAGE    38

..........................................................


THE BUTTE MT CLIMATE NORMALS FOR TOMORROW
                         NORMAL    RECORD    YEAR
 MAXIMUM TEMPERATURE (F)   83        95      1961
 MINIMUM TEMPERATURE (F)   46        34      1938


SUNRISE AND SUNSET
AUGUST  2 2015........SUNRISE   614 AM MDT   SUNSET   858 PM MDT
AUGUST  3 2015........SUNRISE   615 AM MDT   SUNSET   857 PM MDT


-  INDICATES NEGATIVE NUMBERS.
R  INDICATES RECORD WAS SET OR TIED.
MM INDICATES DATA IS MISSING.
T  INDICATES TRACE AMOUNT.




$$
