000
CDUS45 KMSO 292233
CLIBTM


CLIMATE REPORT
NATIONAL WEATHER SERVICE MISSOULA, MT
430 PM MDT MON JUN 29 2015


...................................

...THE BUTTE MT CLIMATE SUMMARY FOR JUNE 29 2015...
VALID TODAY AS OF 0400 PM LOCAL TIME.

CLIMATE NORMAL PERIOD 1981 TO 2010
CLIMATE RECORD PERIOD 1895 TO 2015


WEATHER ITEM   OBSERVED TIME   RECORD YEAR NORMAL DEPARTURE LAST
                VALUE   (LST)  VALUE       VALUE  FROM      YEAR
                                                  NORMAL
..................................................................
TEMPERATURE (F)
 TODAY
  MAXIMUM         93R  1257 PM  93    1937  76     17       67
  MINIMUM         62    459 AM  29    1947  44     18       36
  AVERAGE         78                        60     18       52

PRECIPITATION (IN)
  TODAY            0.16          0.95 1955   0.05   0.11     0.00
  MONTH TO DATE    0.89                      2.21  -1.32     3.43
  SINCE OCT 1      6.63                      9.01  -2.38     8.75
  SINCE JAN 1      4.24                      7.12  -2.88     7.71

SNOWFALL (IN)
  TODAY           MM
  MONTH TO DATE   MM
  SINCE JAN 1     MM
  SINCE JUL 1     MM
  SNOW DEPTH      MM

DEGREE DAYS
 HEATING
  TODAY            0                         6     -6       13
  MONTH TO DATE  148                       281   -133      343
  SINCE JUN 1    148                       281   -133      343
  SINCE JUL 1   8173                      9213  -1040     9092

 COOLING
  TODAY           13                         1     12        0
  MONTH TO DATE   39                         2     37        0
  SINCE JUN 1     39                         2     37        0
  SINCE JAN 1     39                         2     37        0
..................................................................


WIND (MPH)
  HIGHEST WIND SPEED    31   HIGHEST WIND DIRECTION    NW (300)
  HIGHEST GUST SPEED    43   HIGHEST GUST DIRECTION    SW (220)
  AVERAGE WIND SPEED     5.3


SKY COVER
  POSSIBLE SUNSHINE  MM
  AVERAGE SKY COVER 0.0


WEATHER CONDITIONS
 THE FOLLOWING WEATHER WAS RECORDED TODAY.
  THUNDERSTORM
  HEAVY RAIN
  LIGHT RAIN


RELATIVE HUMIDITY (PERCENT)
 HIGHEST    52           400 AM
 LOWEST     20           100 PM
 AVERAGE    36

..........................................................


THE BUTTE MT CLIMATE NORMALS FOR TOMORROW
                         NORMAL    RECORD    YEAR
 MAXIMUM TEMPERATURE (F)   76        92      1990
 MINIMUM TEMPERATURE (F)   44        28      1933


SUNRISE AND SUNSET
JUNE 29 2015..........SUNRISE   542 AM MDT   SUNSET   925 PM MDT
JUNE 30 2015..........SUNRISE   543 AM MDT   SUNSET   924 PM MDT


-  INDICATES NEGATIVE NUMBERS.
R  INDICATES RECORD WAS SET OR TIED.
MM INDICATES DATA IS MISSING.
T  INDICATES TRACE AMOUNT.




$$
