000
CDUS45 KMSO 102343
CLIBTM


CLIMATE REPORT
NATIONAL WEATHER SERVICE MISSOULA, MT
442 PM MST SAT DEC 10 2016


...................................

...THE BUTTE MT CLIMATE SUMMARY FOR DECEMBER 10 2016...
VALID TODAY AS OF 0400 PM LOCAL TIME.

CLIMATE NORMAL PERIOD 1981 TO 2010
CLIMATE RECORD PERIOD 1895 TO 2016


WEATHER ITEM   OBSERVED TIME   RECORD YEAR NORMAL DEPARTURE LAST
                VALUE   (LST)  VALUE       VALUE  FROM      YEAR
                                                  NORMAL
..................................................................
TEMPERATURE (F)
 TODAY
  MAXIMUM         33    112 PM  57    1990  29      4       33
  MINIMUM         18    949 AM -34    1961   5     13       23
  AVERAGE         26                        17      9       28

PRECIPITATION (IN)
  TODAY            0.01          0.36 1916   0.01   0.00     0.01
  MONTH TO DATE    0.03                      0.17  -0.14     0.08
  SINCE OCT 1      2.81                      1.55   1.26     2.15
  SINCE JAN 1     10.19                     12.43  -2.24    11.32

SNOWFALL (IN)
  TODAY           MM
  MONTH TO DATE   MM
  SINCE JAN 1     MM
  SINCE JUL 1     MM
  SNOW DEPTH      MM

DEGREE DAYS
 HEATING
  TODAY           39                        48     -9       37
  MONTH TO DATE  491                       465     26      396
  SINCE DEC 1    491                       465     26      396
  SINCE JUL 1   2785                      2955   -170     2816

 COOLING
  TODAY            0                         0      0        0
  MONTH TO DATE    0                         0      0        0
  SINCE DEC 1      0                         0      0        0
  SINCE JAN 1     57                        81    -24      101
..................................................................


WIND (MPH)
  HIGHEST WIND SPEED    29   HIGHEST WIND DIRECTION    NW (310)
  HIGHEST GUST SPEED    35   HIGHEST GUST DIRECTION    NW (310)
  AVERAGE WIND SPEED     5.8


SKY COVER
  POSSIBLE SUNSHINE  MM
  AVERAGE SKY COVER 0.7


WEATHER CONDITIONS
 THE FOLLOWING WEATHER WAS RECORDED TODAY.
  LIGHT SNOW
  FOG
  HAZE


RELATIVE HUMIDITY (PERCENT)
 HIGHEST    92           400 AM
 LOWEST     43           400 PM
 AVERAGE    68

..........................................................


THE BUTTE MT CLIMATE NORMALS FOR TOMORROW
                         NORMAL    RECORD    YEAR
 MAXIMUM TEMPERATURE (F)   29        51      2004
 MINIMUM TEMPERATURE (F)    5       -36      1932


SUNRISE AND SUNSET
DECEMBER 10 2016......SUNRISE   801 AM MST   SUNSET   445 PM MST
DECEMBER 11 2016......SUNRISE   802 AM MST   SUNSET   445 PM MST


-  INDICATES NEGATIVE NUMBERS.
R  INDICATES RECORD WAS SET OR TIED.
MM INDICATES DATA IS MISSING.
T  INDICATES TRACE AMOUNT.




$$
