966
CDUS45 KMSO 080839
CLIBTM


CLIMATE REPORT
NATIONAL WEATHER SERVICE MISSOULA, MT
139 AM MST MON FEB 8 2016


...................................

...THE BUTTE MT CLIMATE SUMMARY FOR FEBRUARY 7 2016...

CLIMATE NORMAL PERIOD 1981 TO 2010
CLIMATE RECORD PERIOD 1895 TO 2016


WEATHER ITEM   OBSERVED TIME   RECORD YEAR NORMAL DEPARTURE LAST
                VALUE   (LST)  VALUE       VALUE  FROM      YEAR
                                                  NORMAL
..................................................................
TEMPERATURE (F)
 YESTERDAY
  MAXIMUM         36    224 PM  57    1907  33      3       50
  MINIMUM          2    759 AM -41    1936   8     -6       38
  AVERAGE         19                        21     -2       44

PRECIPITATION (IN)
  YESTERDAY        0.00          0.36 1927   0.02  -0.02      T
  MONTH TO DATE    0.03                      0.10  -0.07     0.02
  SINCE OCT 1      3.11                      2.46   0.65     2.58
  SINCE JAN 1      0.37                      0.57  -0.20     0.19

SNOWFALL (IN)
  YESTERDAY       MM
  MONTH TO DATE   MM
  SINCE JAN 1     MM
  SINCE JUL 1     MM
  SNOW DEPTH      MM

DEGREE DAYS
 HEATING
  YESTERDAY       46                        44      2       21
  MONTH TO DATE  334                       313     21      212
  SINCE DEC 1   3246                      3194     52     2777
  SINCE JUL 1   5666                      5684    -18     5107

 COOLING
  YESTERDAY        0                         0      0        0
  MONTH TO DATE    0                         0      0        0
  SINCE DEC 1      0                         0      0        0
  SINCE JAN 1      0                         0      0        0
..................................................................


WIND (MPH)
  HIGHEST WIND SPEED    13   HIGHEST WIND DIRECTION    NW (310)
  HIGHEST GUST SPEED    18   HIGHEST GUST DIRECTION    NW (310)
  AVERAGE WIND SPEED     3.6


SKY COVER
  POSSIBLE SUNSHINE  MM
  AVERAGE SKY COVER 0.2


WEATHER CONDITIONS
 THE FOLLOWING WEATHER WAS RECORDED YESTERDAY.
  FOG


RELATIVE HUMIDITY (PERCENT)
 HIGHEST    91           900 AM
 LOWEST     47           200 PM
 AVERAGE    69

..........................................................


THE BUTTE MT CLIMATE NORMALS FOR TODAY
                         NORMAL    RECORD    YEAR
 MAXIMUM TEMPERATURE (F)   34        55      1907
 MINIMUM TEMPERATURE (F)    8       -51      1936


SUNRISE AND SUNSET
FEBRUARY  8 2016......SUNRISE   744 AM MST   SUNSET   545 PM MST
FEBRUARY  9 2016......SUNRISE   742 AM MST   SUNSET   547 PM MST


-  INDICATES NEGATIVE NUMBERS.
R  INDICATES RECORD WAS SET OR TIED.
MM INDICATES DATA IS MISSING.
T  INDICATES TRACE AMOUNT.




$$
