000
CDUS45 KMSO 292231
CLIBTM


CLIMATE REPORT
NATIONAL WEATHER SERVICE MISSOULA, MT
430 PM MDT SUN MAR 29 2015


...................................

...THE BUTTE MT CLIMATE SUMMARY FOR MARCH 29 2015...
VALID TODAY AS OF 0400 PM LOCAL TIME.

CLIMATE NORMAL PERIOD 1981 TO 2010
CLIMATE RECORD PERIOD 1895 TO 2015


WEATHER ITEM   OBSERVED TIME   RECORD YEAR NORMAL DEPARTURE LAST
                VALUE   (LST)  VALUE       VALUE  FROM      YEAR
                                                  NORMAL
..................................................................
TEMPERATURE (F)
 TODAY
  MAXIMUM         57    258 PM  68    1978  47     10       42
  MINIMUM         23    649 AM -11    1987  24     -1       32
  AVERAGE         40                        35      5       37

PRECIPITATION (IN)
  TODAY            0.00          0.50 1925   0.03  -0.03     0.16
  MONTH TO DATE    0.41                      0.70  -0.29     0.96
  SINCE OCT 1      3.10                      3.49  -0.39     2.86
  SINCE JAN 1      0.71                      1.60  -0.89     1.82

SNOWFALL (IN)
  TODAY           MM
  MONTH TO DATE   MM
  SINCE JAN 1     MM
  SINCE JUL 1     MM
  SNOW DEPTH      MM

DEGREE DAYS
 HEATING
  TODAY           25                        30     -5       28
  MONTH TO DATE  812                       983   -171      999
  SINCE MAR 1    812                       983   -171      999
  SINCE JUL 1   6693                      7552   -859     7377

 COOLING
  TODAY            0                         0      0        0
  MONTH TO DATE    0                         0      0        0
  SINCE MAR 1      0                         0      0        0
  SINCE JAN 1      0                         0      0        0
..................................................................


WIND (MPH)
  HIGHEST WIND SPEED    20   HIGHEST WIND DIRECTION     W (280)
  HIGHEST GUST SPEED    26   HIGHEST GUST DIRECTION     W (280)
  AVERAGE WIND SPEED     4.2


SKY COVER
  POSSIBLE SUNSHINE  MM
  AVERAGE SKY COVER 0.1


WEATHER CONDITIONS
 THE FOLLOWING WEATHER WAS RECORDED TODAY.
  NO SIGNIFICANT WEATHER WAS OBSERVED.


RELATIVE HUMIDITY (PERCENT)
 HIGHEST    81           600 AM
 LOWEST     24           200 PM
 AVERAGE    53

..........................................................


THE BUTTE MT CLIMATE NORMALS FOR TOMORROW
                         NORMAL    RECORD    YEAR
 MAXIMUM TEMPERATURE (F)   47        68      2004
 MINIMUM TEMPERATURE (F)   24       -15      1936


SUNRISE AND SUNSET
MARCH 29 2015.........SUNRISE   716 AM MDT   SUNSET   754 PM MDT
MARCH 30 2015.........SUNRISE   714 AM MDT   SUNSET   756 PM MDT


-  INDICATES NEGATIVE NUMBERS.
R  INDICATES RECORD WAS SET OR TIED.
MM INDICATES DATA IS MISSING.
T  INDICATES TRACE AMOUNT.




$$
