000
CDUS44 KLIX 260820
CLIBTR


CLIMATE REPORT
NATIONAL WEATHER SERVICE NEW ORLEANS
220 AM CST WED NOV 26 2014


...................................

...THE BATON ROUGE  ASOS CLIMATE SUMMARY FOR NOVEMBER 25 2014...

CLIMATE NORMAL PERIOD 1981 TO 2010
CLIMATE RECORD PERIOD 1894 TO 2014


WEATHER ITEM   OBSERVED TIME   RECORD YEAR NORMAL DEPARTURE LAST
                VALUE   (LST)  VALUE       VALUE  FROM      YEAR
                                                  NORMAL
..................................................................
TEMPERATURE (F)
 YESTERDAY
  MAXIMUM         57    110 PM  84    1921  69    -12       47
                                      1910
                                      1904
  MINIMUM         36   1159 PM  24    1938  46    -10       40
  AVERAGE         47                        58    -11       44

PRECIPITATION (IN)
  YESTERDAY        0.00          2.62 1932   0.13  -0.13     0.22
  MONTH TO DATE    3.50                      3.37   0.13     0.69
  SINCE SEP 1      8.91                     12.61  -3.70    11.46
  SINCE JAN 1     56.03                     54.32   1.71    64.12

SNOWFALL (IN)
  YESTERDAY        0.0
  MONTH TO DATE    0.0
  SINCE SEP 1      0.0
  SINCE JUL 1      0.0
  SNOW DEPTH       0

DEGREE DAYS
 HEATING
  YESTERDAY       18                         8     10       21
  MONTH TO DATE  277                       144    133      160
  SINCE SEP 1    292                       190    102      179
  SINCE JUL 1    292                       190    102      179

 COOLING
  YESTERDAY        0                         1     -1        0
  MONTH TO DATE   15                        44    -29       36
  SINCE SEP 1    648                       633     15      698
  SINCE JAN 1   2676                      2794   -118     2666
..................................................................


WIND (MPH)
  HIGHEST WIND SPEED    12   HIGHEST WIND DIRECTION    NW (330)
  HIGHEST GUST SPEED    20   HIGHEST GUST DIRECTION    NW (320)
  AVERAGE WIND SPEED     2.9


SKY COVER
  POSSIBLE SUNSHINE  MM
  AVERAGE SKY COVER 0.2


WEATHER CONDITIONS
 THE FOLLOWING WEATHER WAS RECORDED YESTERDAY.
  NO SIGNIFICANT WEATHER WAS OBSERVED.


RELATIVE HUMIDITY (PERCENT)
 HIGHEST    86           600 AM
 LOWEST     32           100 PM
 AVERAGE    59

..........................................................


THE BATON ROUGE  ASOS CLIMATE NORMALS FOR TODAY
                         NORMAL    RECORD    YEAR
 MAXIMUM TEMPERATURE (F)   69        85      1973
                                             1910
                                             1908
 MINIMUM TEMPERATURE (F)   46        30      1991
                                             1956
                                             1941


SUNRISE AND SUNSET
NOVEMBER 26 2014......SUNRISE   640 AM CST   SUNSET   504 PM CST
NOVEMBER 27 2014......SUNRISE   641 AM CST   SUNSET   504 PM CST


-  INDICATES NEGATIVE NUMBERS.
R  INDICATES RECORD WAS SET OR TIED.
MM INDICATES DATA IS MISSING.
T  INDICATES TRACE AMOUNT.




$$
