000
CDUS44 KLIX 010700
CLIBTR


CLIMATE REPORT
NATIONAL WEATHER SERVICE NEW ORLEANS
200 AM CDT FRI AUG 1 2014


...................................

...THE BATON ROUGE  ASOS CLIMATE SUMMARY FOR JULY 31 2014...

CLIMATE NORMAL PERIOD 1981 TO 2010
CLIMATE RECORD PERIOD 1894 TO 2014


WEATHER ITEM   OBSERVED TIME   RECORD YEAR NORMAL DEPARTURE LAST
                VALUE   (LST)  VALUE       VALUE  FROM      YEAR
                                                  NORMAL
..................................................................
TEMPERATURE (F)
 YESTERDAY
  MAXIMUM         90    238 PM 100    1921  93     -3       94
  MINIMUM         69    510 AM  63    1908  74     -5       77
  AVERAGE         80                        83     -3       86

PRECIPITATION (IN)
  YESTERDAY        0.00          2.15 1980   0.16  -0.16     0.00
  MONTH TO DATE    5.78                      4.96   0.82     4.65
  SINCE JUN 1     17.14                     11.37   5.77    11.12
  SINCE JAN 1     41.48                     35.89   5.59    49.30

SNOWFALL (IN)
  YESTERDAY        0.0
  MONTH TO DATE    0.0
  SINCE JUN 1      0.0
  SINCE JUL 1      0.0
  SNOW DEPTH       0

DEGREE DAYS
 HEATING
  YESTERDAY        0                         0      0        0
  MONTH TO DATE    0                         0      0        0
  SINCE JUN 1      0                         0      0        0
  SINCE JUL 1      0                         0      0        0

 COOLING
  YESTERDAY       15                        18     -3       21
  MONTH TO DATE  504                       556    -52      514
  SINCE JUN 1    973                      1040    -67     1016
  SINCE JAN 1   1479                      1605   -126     1439
..................................................................


WIND (MPH)
  HIGHEST WIND SPEED     9   HIGHEST WIND DIRECTION    SE (150)
  HIGHEST GUST SPEED    13   HIGHEST GUST DIRECTION     S (160)
  AVERAGE WIND SPEED     4.8


SKY COVER
  POSSIBLE SUNSHINE  MM
  AVERAGE SKY COVER 0.2


WEATHER CONDITIONS
 THE FOLLOWING WEATHER WAS RECORDED YESTERDAY.
  NO SIGNIFICANT WEATHER WAS OBSERVED.


RELATIVE HUMIDITY (PERCENT)
 HIGHEST    84          1200 AM
 LOWEST     44           200 PM
 AVERAGE    64

..........................................................


THE BATON ROUGE  ASOS CLIMATE NORMALS FOR TODAY
                         NORMAL    RECORD    YEAR
 MAXIMUM TEMPERATURE (F)   93       100      1921
 MINIMUM TEMPERATURE (F)   74        63      1909


SUNRISE AND SUNSET
AUGUST  1 2014........SUNRISE   623 AM CDT   SUNSET   759 PM CDT
AUGUST  2 2014........SUNRISE   623 AM CDT   SUNSET   758 PM CDT


-  INDICATES NEGATIVE NUMBERS.
R  INDICATES RECORD WAS SET OR TIED.
MM INDICATES DATA IS MISSING.
T  INDICATES TRACE AMOUNT.




$$
