000
CDUS44 KLIX 060720
CLIBTR


CLIMATE REPORT
NATIONAL WEATHER SERVICE NEW ORLEANS
220 AM CDT MON JUL 6 2015


...................................

...THE BATON ROUGE  ASOS CLIMATE SUMMARY FOR JULY 5 2015...

CLIMATE NORMAL PERIOD 1981 TO 2010
CLIMATE RECORD PERIOD 1894 TO 2015


WEATHER ITEM   OBSERVED TIME   RECORD YEAR NORMAL DEPARTURE LAST
                VALUE   (LST)  VALUE       VALUE  FROM      YEAR
                                                  NORMAL
..................................................................
TEMPERATURE (F)
 YESTERDAY
  MAXIMUM         91    126 PM 101    1921  92     -1       90
  MINIMUM         69    638 PM  64    1918  74     -5       66
  AVERAGE         80                        83     -3       78

PRECIPITATION (IN)
  YESTERDAY        2.96          3.14 1946   0.18   2.78     0.00
  MONTH TO DATE    3.24                      0.91   2.33      T
  SINCE JUN 1      9.22                      7.32   1.90    11.36
  SINCE JAN 1     41.60                     31.84   9.76    35.70

SNOWFALL (IN)
  YESTERDAY        0.0
  MONTH TO DATE    0.0
  SINCE JUN 1      0.0
  SINCE JUL 1      0.0
  SNOW DEPTH       0

DEGREE DAYS
 HEATING
  YESTERDAY        0                         0      0        0
  MONTH TO DATE    0                         0      0        0
  SINCE JUN 1      0                         0      0        0
  SINCE JUL 1      0                         0      0        0

 COOLING
  YESTERDAY       15                        18     -3       13
  MONTH TO DATE   84                        90     -6       84
  SINCE JUN 1    580                       574      6      553
  SINCE JAN 1   1251                      1139    112     1059
..................................................................


WIND (MPH)
  HIGHEST WIND SPEED    28   HIGHEST WIND DIRECTION     W (250)
  HIGHEST GUST SPEED    36   HIGHEST GUST DIRECTION     W (250)
  AVERAGE WIND SPEED     5.6


SKY COVER
  POSSIBLE SUNSHINE  MM
  AVERAGE SKY COVER 0.4


WEATHER CONDITIONS
 THE FOLLOWING WEATHER WAS RECORDED YESTERDAY.
  THUNDERSTORM
  HEAVY RAIN
  RAIN
  LIGHT RAIN
  FOG
  HAZE


RELATIVE HUMIDITY (PERCENT)
 HIGHEST    97          1000 PM
 LOWEST     63           100 PM
 AVERAGE    80

..........................................................


THE BATON ROUGE  ASOS CLIMATE NORMALS FOR TODAY
                         NORMAL    RECORD    YEAR
 MAXIMUM TEMPERATURE (F)   92        99      1960
 MINIMUM TEMPERATURE (F)   74        64      1924


SUNRISE AND SUNSET
JULY  6 2015..........SUNRISE   608 AM CDT   SUNSET   811 PM CDT
JULY  7 2015..........SUNRISE   608 AM CDT   SUNSET   810 PM CDT


-  INDICATES NEGATIVE NUMBERS.
R  INDICATES RECORD WAS SET OR TIED.
MM INDICATES DATA IS MISSING.
T  INDICATES TRACE AMOUNT.




$$
