000
CDUS44 KLIX 020802
CLIBTR


CLIMATE REPORT
NATIONAL WEATHER SERVICE NEW ORLEANS
200 AM CST MON MAR 2 2015

...................................

...THE BATON ROUGE  ASOS CLIMATE SUMMARY FOR MARCH 1 2015...

CLIMATE NORMAL PERIOD 1981 TO 2010
CLIMATE RECORD PERIOD 1894 TO 2015


WEATHER ITEM   OBSERVED TIME   RECORD YEAR NORMAL DEPARTURE LAST
                VALUE   (LST)  VALUE       VALUE  FROM      YEAR
                                                  NORMAL
..................................................................
TEMPERATURE (F)
 YESTERDAY
  MAXIMUM         65    510 PM  86    1917  69     -4       80
  MINIMUM         53   1239 AM  25    1937  48      5       54
                                      1920
  AVERAGE         59                        58      1       67

PRECIPITATION (IN)
  YESTERDAY        1.14          3.08 2002   0.16   0.98     0.00
  MONTH TO DATE    1.14                      0.16   0.98     0.00
  SINCE MAR 1      1.14                      0.16   0.98     0.00
  SINCE JAN 1     10.89                     10.92  -0.03     9.27

SNOWFALL (IN)
  YESTERDAY        0.0
  MONTH TO DATE    0.0
  SINCE MAR 1      0.0
  SINCE JUL 1      T
  SNOW DEPTH       0

DEGREE DAYS
 HEATING
  YESTERDAY        6                         8     -2        0
  MONTH TO DATE    6                         8     -2        0
  SINCE MAR 1      6                         8     -2        0
  SINCE JUL 1   1548                      1343    205     1706

 COOLING
  YESTERDAY        0                         1     -1        2
  MONTH TO DATE    0                         1     -1        2
  SINCE MAR 1      0                         1     -1        2
  SINCE JAN 1      4                        32    -28       22
..................................................................


WIND (MPH)
  HIGHEST WIND SPEED    17   HIGHEST WIND DIRECTION     E (100)
  HIGHEST GUST SPEED    23   HIGHEST GUST DIRECTION    SE (130)
  AVERAGE WIND SPEED    10.3


SKY COVER
  POSSIBLE SUNSHINE  MM
  AVERAGE SKY COVER 0.9


WEATHER CONDITIONS
 THE FOLLOWING WEATHER WAS RECORDED YESTERDAY.
  THUNDERSTORM
  HEAVY RAIN
  RAIN
  LIGHT RAIN
  FOG


RELATIVE HUMIDITY (PERCENT)
 HIGHEST   100           600 AM
 LOWEST     83          1200 AM
 AVERAGE    92

..........................................................


THE BATON ROUGE  ASOS CLIMATE NORMALS FOR TODAY
                         NORMAL    RECORD    YEAR
 MAXIMUM TEMPERATURE (F)   69        93      1909
 MINIMUM TEMPERATURE (F)   48        22      1980


SUNRISE AND SUNSET
MARCH  2 2015.........SUNRISE   630 AM CST   SUNSET   604 PM CST
MARCH  3 2015.........SUNRISE   629 AM CST   SUNSET   605 PM CST


-  INDICATES NEGATIVE NUMBERS.
R  INDICATES RECORD WAS SET OR TIED.
MM INDICATES DATA IS MISSING.
T  INDICATES TRACE AMOUNT.




$$
