000
CDUS44 KLIX 272117
CLIBTR


CLIMATE REPORT
NATIONAL WEATHER SERVICE NEW ORLEANS
416 PM CDT SAT MAY 27 2017


...................................

...THE BATON ROUGE  ASOS CLIMATE SUMMARY FOR MAY 27 2017...
VALID TODAY AS OF 0400 PM LOCAL TIME.

CLIMATE NORMAL PERIOD 1981 TO 2010
CLIMATE RECORD PERIOD 1894 TO 2017


WEATHER ITEM   OBSERVED TIME   RECORD YEAR NORMAL DEPARTURE LAST
                VALUE   (LST)  VALUE       VALUE  FROM      YEAR
                                                  NORMAL
..................................................................
TEMPERATURE (F)
 TODAY
  MAXIMUM         90    127 PM  98    1922  89      1       87
  MINIMUM         76    229 AM  49    1961  68      8       70
  AVERAGE         83

PRECIPITATION (IN)
  TODAY            0.00          2.94 1948   0.17  -0.17      T
  MONTH TO DATE    6.70                      4.22   2.48     6.11
  SINCE MAR 1     17.84                     13.09   4.75    20.85
  SINCE JAN 1     29.27                     23.85   5.42    30.16

SNOWFALL (IN)
  TODAY            0.0
  MONTH TO DATE    0.0
  SINCE MAR 1      0.0
  SINCE JUL 1      0.0
  SNOW DEPTH       0

DEGREE DAYS
 HEATING
  TODAY            0                         0      0        0
  MONTH TO DATE   10                         0     10        0
  SINCE MAR 1    105                       218   -113       88
  SINCE JUL 1    809                      1553   -744     1079

 COOLING
  TODAY           18                        13      5       14
  MONTH TO DATE  210                       279    -69      243
  SINCE MAR 1    548                       479     69      499
  SINCE JAN 1    691                       510    181      516
..................................................................


WIND (MPH)
  HIGHEST WIND SPEED    21   HIGHEST WIND DIRECTION     S (180)
  HIGHEST GUST SPEED    25   HIGHEST GUST DIRECTION     S (190)
  AVERAGE WIND SPEED    11.8


SKY COVER
  POSSIBLE SUNSHINE  MM
  AVERAGE SKY COVER 0.8


WEATHER CONDITIONS
 THE FOLLOWING WEATHER WAS RECORDED TODAY.
  NO SIGNIFICANT WEATHER WAS OBSERVED.


RELATIVE HUMIDITY (PERCENT)
 HIGHEST    91           600 AM
 LOWEST     59           100 PM
 AVERAGE    75

..........................................................


THE BATON ROUGE  ASOS CLIMATE NORMALS FOR TOMORROW
                         NORMAL    RECORD    YEAR
 MAXIMUM TEMPERATURE (F)   89        98      1953
 MINIMUM TEMPERATURE (F)   68        47      1961


SUNRISE AND SUNSET
MAY 27 2017...........SUNRISE   604 AM CDT   SUNSET   800 PM CDT
MAY 28 2017...........SUNRISE   604 AM CDT   SUNSET   800 PM CDT


-  INDICATES NEGATIVE NUMBERS.
R  INDICATES RECORD WAS SET OR TIED.
MM INDICATES DATA IS MISSING.
T  INDICATES TRACE AMOUNT.




$$
