000
CDUS44 KLIX 020701
CLIBTR


CLIMATE REPORT
NATIONAL WEATHER SERVICE NEW ORLEANS
200 AM CDT TUE JUN 2 2015


...................................

...THE BATON ROUGE  ASOS CLIMATE SUMMARY FOR JUNE 1 2015...

CLIMATE NORMAL PERIOD 1981 TO 2010
CLIMATE RECORD PERIOD 1894 TO 2015


WEATHER ITEM   OBSERVED TIME   RECORD YEAR NORMAL DEPARTURE LAST
                VALUE   (LST)  VALUE       VALUE  FROM      YEAR
                                                  NORMAL
..................................................................
TEMPERATURE (F)
 YESTERDAY
  MAXIMUM         88    227 PM 100    2011  89     -1       81
  MINIMUM         65    524 AM  53    1984  69     -4       72
  AVERAGE         77                        79     -2       77

PRECIPITATION (IN)
  YESTERDAY        0.00          3.03 1946   0.19  -0.19     1.20
  MONTH TO DATE    0.00                      0.19  -0.19     1.20
  SINCE JUN 1      0.00                      0.19  -0.19     1.20
  SINCE JAN 1     32.38                     24.71   7.67    25.54

SNOWFALL (IN)
  YESTERDAY        0.0
  MONTH TO DATE    0.0
  SINCE JUN 1      0.0
  SINCE JUL 1      T
  SNOW DEPTH       0

DEGREE DAYS
 HEATING
  YESTERDAY        0                         0      0        0
  MONTH TO DATE    0                         0      0        0
  SINCE JUN 1      0                         0      0        0
  SINCE JUL 1   1641                      1555     86     1984

 COOLING
  YESTERDAY       12                        14     -2       12
  MONTH TO DATE   12                        14     -2       12
  SINCE JUN 1     12                        14     -2       12
  SINCE JAN 1    683                       579    104      518
..................................................................


WIND (MPH)
  HIGHEST WIND SPEED    10   HIGHEST WIND DIRECTION     W (280)
  HIGHEST GUST SPEED    14   HIGHEST GUST DIRECTION     W (270)
  AVERAGE WIND SPEED     2.1


SKY COVER
  POSSIBLE SUNSHINE  MM
  AVERAGE SKY COVER 0.3


WEATHER CONDITIONS
 THE FOLLOWING WEATHER WAS RECORDED YESTERDAY.
  FOG


RELATIVE HUMIDITY (PERCENT)
 HIGHEST   100           300 AM
 LOWEST     46           200 PM
 AVERAGE    73

..........................................................


THE BATON ROUGE  ASOS CLIMATE NORMALS FOR TODAY
                         NORMAL    RECORD    YEAR
 MAXIMUM TEMPERATURE (F)   90       103      2011
 MINIMUM TEMPERATURE (F)   69        54      1903


SUNRISE AND SUNSET
JUNE  2 2015..........SUNRISE   603 AM CDT   SUNSET   803 PM CDT
JUNE  3 2015..........SUNRISE   602 AM CDT   SUNSET   803 PM CDT


-  INDICATES NEGATIVE NUMBERS.
R  INDICATES RECORD WAS SET OR TIED.
MM INDICATES DATA IS MISSING.
T  INDICATES TRACE AMOUNT.




$$
