000
CDUS44 KLIX 110800
CLIBTR


CLIMATE REPORT
NATIONAL WEATHER SERVICE NEW ORLEANS
200 AM CST SUN DEC 11 2016


...................................

...THE BATON ROUGE  ASOS CLIMATE SUMMARY FOR DECEMBER 10 2016...

CLIMATE NORMAL PERIOD 1981 TO 2010
CLIMATE RECORD PERIOD 1894 TO 2016


WEATHER ITEM   OBSERVED TIME   RECORD YEAR NORMAL DEPARTURE LAST
                VALUE   (LST)  VALUE       VALUE  FROM      YEAR
                                                  NORMAL
..................................................................
TEMPERATURE (F)
 YESTERDAY
  MAXIMUM         57    342 PM  82    2007  65     -8       81
                                      1943
  MINIMUM         30    702 AM  23    1995  43    -13       49
                                      1978
                                      1937
  AVERAGE         44                        54    -10       65

PRECIPITATION (IN)
  YESTERDAY        0.00          3.10 1988   0.18  -0.18     0.00
  MONTH TO DATE    4.50                      1.69   2.81     0.38
  SINCE DEC 1      4.50                      1.69   2.81     0.38
  SINCE JAN 1     85.33                     56.74  28.59    71.64

SNOWFALL (IN)
  YESTERDAY        0.0
  MONTH TO DATE    0.0
  SINCE DEC 1      0.0
  SINCE JUL 1      0.0
  SNOW DEPTH       0

DEGREE DAYS
 HEATING
  YESTERDAY       21                        12      9        0
  MONTH TO DATE  120                       108     12       71
  SINCE DEC 1    120                       108     12       71
  SINCE JUL 1    233                       343   -110      182

 COOLING
  YESTERDAY        0                         1     -1        0
  MONTH TO DATE    0                        10    -10        0
  SINCE DEC 1      0                        10    -10        0
  SINCE JAN 1   3121                      2811    310     3124
..................................................................


WIND (MPH)
  HIGHEST WIND SPEED    16   HIGHEST WIND DIRECTION     E (70)
  HIGHEST GUST SPEED    21   HIGHEST GUST DIRECTION     E (70)
  AVERAGE WIND SPEED     5.2


SKY COVER
  POSSIBLE SUNSHINE  MM
  AVERAGE SKY COVER 0.0


WEATHER CONDITIONS
 THE FOLLOWING WEATHER WAS RECORDED YESTERDAY.
  NO SIGNIFICANT WEATHER WAS OBSERVED.


RELATIVE HUMIDITY (PERCENT)
 HIGHEST    85          1100 PM
 LOWEST     22           200 PM
 AVERAGE    54

..........................................................


THE BATON ROUGE  ASOS CLIMATE NORMALS FOR TODAY
                         NORMAL    RECORD    YEAR
 MAXIMUM TEMPERATURE (F)   65        83      2007
 MINIMUM TEMPERATURE (F)   43        23      1995


SUNRISE AND SUNSET
DECEMBER 11 2016......SUNRISE   652 AM CST   SUNSET   504 PM CST
DECEMBER 12 2016......SUNRISE   653 AM CST   SUNSET   505 PM CST


-  INDICATES NEGATIVE NUMBERS.
R  INDICATES RECORD WAS SET OR TIED.
MM INDICATES DATA IS MISSING.
T  INDICATES TRACE AMOUNT.




$$
