000
CDUS44 KLIX 160818
CLIBTR


CLIMATE REPORT
NATIONAL WEATHER SERVICE NEW ORLEANS
217 AM CST MON JAN 16 2017


...................................

...THE BATON ROUGE  ASOS CLIMATE SUMMARY FOR JANUARY 15 2017...

CLIMATE NORMAL PERIOD 1981 TO 2010
CLIMATE RECORD PERIOD 1894 TO 2017


WEATHER ITEM   OBSERVED TIME   RECORD YEAR NORMAL DEPARTURE LAST
                VALUE   (LST)  VALUE       VALUE  FROM      YEAR
                                                  NORMAL
..................................................................
TEMPERATURE (F)
 YESTERDAY
  MAXIMUM         74    330 PM  81    1947  62     12       73
  MINIMUM         55    148 AM  18    1979  41     14       48
  AVERAGE         65                        52     13       61

PRECIPITATION (IN)
  YESTERDAY        0.00          2.01 1955   0.18  -0.18     0.00
  MONTH TO DATE    2.94                      2.70   0.24     2.80
  SINCE DEC 1     12.65                      8.30   4.35     9.13
  SINCE JAN 1      2.94                      2.70   0.24     2.80

SNOWFALL (IN)
  YESTERDAY        0.0
  MONTH TO DATE    0.0
  SINCE DEC 1      0.0
  SINCE JUL 1      0.0
  SNOW DEPTH       0

DEGREE DAYS
 HEATING
  YESTERDAY        0                        14    -14        4
  MONTH TO DATE  135                       210    -75      225
  SINCE DEC 1    406                       591   -185      404
  SINCE JUL 1    519                       826   -307      515

 COOLING
  YESTERDAY        0                         0      0        0
  MONTH TO DATE   21                         3     18        0
  SINCE DEC 1     86                        25     61       87
  SINCE JAN 1     21                         3     18        0
..................................................................


WIND (MPH)
  HIGHEST WIND SPEED    14   HIGHEST WIND DIRECTION     E (110)
  HIGHEST GUST SPEED    18   HIGHEST GUST DIRECTION     E (110)
  AVERAGE WIND SPEED     7.6


SKY COVER
  POSSIBLE SUNSHINE  MM
  AVERAGE SKY COVER 0.5


WEATHER CONDITIONS
 THE FOLLOWING WEATHER WAS RECORDED YESTERDAY.
  FOG
  FOG W/VISIBILITY <= 1/4 MILE


RELATIVE HUMIDITY (PERCENT)
 HIGHEST   100           300 AM
 LOWEST     64           200 PM
 AVERAGE    82

..........................................................


THE BATON ROUGE  ASOS CLIMATE NORMALS FOR TODAY
                         NORMAL    RECORD    YEAR
 MAXIMUM TEMPERATURE (F)   62        81      1943
                                             1907
 MINIMUM TEMPERATURE (F)   41        20      1905


SUNRISE AND SUNSET
JANUARY 16 2017.......SUNRISE   702 AM CST   SUNSET   527 PM CST
JANUARY 17 2017.......SUNRISE   702 AM CST   SUNSET   528 PM CST


-  INDICATES NEGATIVE NUMBERS.
R  INDICATES RECORD WAS SET OR TIED.
MM INDICATES DATA IS MISSING.
T  INDICATES TRACE AMOUNT.




$$
