000
CDUS44 KLIX 262130
CLIBTR


CLIMATE REPORT
NATIONAL WEATHER SERVICE NEW ORLEANS
430 PM CDT TUE SEP 26 2017


...................................

...THE BATON ROUGE  ASOS CLIMATE SUMMARY FOR SEPTEMBER 26 2017...
VALID TODAY AS OF 0400 PM LOCAL TIME.

CLIMATE NORMAL PERIOD 1981 TO 2010
CLIMATE RECORD PERIOD 1894 TO 2017


WEATHER ITEM   OBSERVED TIME   RECORD YEAR NORMAL DEPARTURE LAST
                VALUE   (LST)  VALUE       VALUE  FROM      YEAR
                                                  NORMAL
..................................................................
TEMPERATURE (F)
 TODAY
  MAXIMUM         91    204 PM  99    1921  86      5       93
  MINIMUM         69    612 AM  49    1975  65      4       72
                                      1899
  AVERAGE         80

PRECIPITATION (IN)
  TODAY            T             3.60 1957   0.14  -0.14      T
  MONTH TO DATE    0.08                      3.97  -3.89     2.48
  SINCE SEP 1      0.08                      3.97  -3.89     2.48
  SINCE JAN 1     55.47                     45.68   9.79    77.63

SNOWFALL (IN)
  TODAY            0.0
  MONTH TO DATE    0.0
  SINCE SEP 1      0.0
  SINCE JUL 1      0.0
  SNOW DEPTH       0

DEGREE DAYS
 HEATING
  TODAY            0                         0      0        0
  MONTH TO DATE    0                         0      0        0
  SINCE SEP 1      0                         0      0        0
  SINCE JUL 1      0                         0      0        0

 COOLING
  TODAY           15                        11      4       18
  MONTH TO DATE  338                       369    -31      467
  SINCE SEP 1    338                       369    -31      467
  SINCE JAN 1   2597                      2530     67     2743
..................................................................


WIND (MPH)
  HIGHEST WIND SPEED     9   HIGHEST WIND DIRECTION     E (70)
  HIGHEST GUST SPEED    13   HIGHEST GUST DIRECTION     E (90)
  AVERAGE WIND SPEED     3.9


SKY COVER
  POSSIBLE SUNSHINE  MM
  AVERAGE SKY COVER 0.3


WEATHER CONDITIONS
 THE FOLLOWING WEATHER WAS RECORDED TODAY.
  NO SIGNIFICANT WEATHER WAS OBSERVED.


RELATIVE HUMIDITY (PERCENT)
 HIGHEST   100           300 AM
 LOWEST     47           100 PM
 AVERAGE    74

..........................................................


THE BATON ROUGE  ASOS CLIMATE NORMALS FOR TOMORROW
                         NORMAL    RECORD    YEAR
 MAXIMUM TEMPERATURE (F)   86        95      1933
                                             1915
                                             1904
 MINIMUM TEMPERATURE (F)   65        46      1899


SUNRISE AND SUNSET
SEPTEMBER 26 2017.....SUNRISE   655 AM CDT   SUNSET   656 PM CDT
SEPTEMBER 27 2017.....SUNRISE   656 AM CDT   SUNSET   654 PM CDT


-  INDICATES NEGATIVE NUMBERS.
R  INDICATES RECORD WAS SET OR TIED.
MM INDICATES DATA IS MISSING.
T  INDICATES TRACE AMOUNT.




$$
