000
CDUS41 KBTV 230611
CLIBTV


CLIMATE REPORT
NATIONAL WEATHER SERVICE BURLINGTON VT
209 AM EDT TUE SEP 23 2014


...................................

...THE BURLINGTON VT CLIMATE SUMMARY FOR SEPTEMBER 22 2014...

CLIMATE NORMAL PERIOD 1981 TO 2010
CLIMATE RECORD PERIOD 1884 TO 2014


WEATHER ITEM   OBSERVED TIME   RECORD YEAR NORMAL DEPARTURE LAST
                VALUE   (LST)  VALUE       VALUE  FROM      YEAR
                                                  NORMAL
..................................................................
TEMPERATURE (F)
 YESTERDAY
  MAXIMUM         64   1220 AM  88    1965  68     -4       63
                                      1914
                                      1895
  MINIMUM         50   1044 PM  31    1962  48      2       48
  AVERAGE         57                        58     -1       56

PRECIPITATION (IN)
  YESTERDAY        0.02          2.36 1992   0.14  -0.12     0.27
  MONTH TO DATE    1.63                      2.60  -0.97     4.74
  SINCE SEP 1      1.63                      2.60  -0.97     4.74
  SINCE JAN 1     27.33                     26.67   0.66    37.43

SNOWFALL (IN)
  YESTERDAY        0.0           0.0  2002   0.0    0.0     MM
                                      2001
  MONTH TO DATE    0.0                       0.0    0.0      0.0
  SINCE SEP 1      0.0                       0.0    0.0      0.0
  SINCE JUL 1      0.0                       0.0    0.0      0.0
  SNOW DEPTH       0

DEGREE DAYS
 HEATING
  YESTERDAY        8                         8      0        9
  MONTH TO DATE  128                        99     29      123
  SINCE SEP 1    128                        99     29      123
  SINCE JUL 1    141                       141      0      139

 COOLING
  YESTERDAY        0                         1     -1        0
  MONTH TO DATE   66                        40     26       58
  SINCE SEP 1     66                        40     26       58
  SINCE JAN 1    559                       488     71      658
..................................................................


WIND (MPH)
  HIGHEST WIND SPEED    25   HIGHEST WIND DIRECTION    NW (300)
  HIGHEST GUST SPEED    35   HIGHEST GUST DIRECTION     W (290)
  AVERAGE WIND SPEED    12.2


SKY COVER
  POSSIBLE SUNSHINE  MM
  AVERAGE SKY COVER 0.7


WEATHER CONDITIONS
 THE FOLLOWING WEATHER WAS RECORDED YESTERDAY.
  LIGHT RAIN


RELATIVE HUMIDITY (PERCENT)
 HIGHEST    93           100 AM
 LOWEST     51           200 PM
 AVERAGE    72

..........................................................


THE BURLINGTON VT CLIMATE NORMALS FOR TODAY
                         NORMAL    RECORD    YEAR
 MAXIMUM TEMPERATURE (F)   67        87      1895
 MINIMUM TEMPERATURE (F)   48        29      1963


SUNRISE AND SUNSET
SEPTEMBER 23 2014.....SUNRISE   641 AM EDT   SUNSET   648 PM EDT
SEPTEMBER 24 2014.....SUNRISE   642 AM EDT   SUNSET   646 PM EDT


-  INDICATES NEGATIVE NUMBERS.
R  INDICATES RECORD WAS SET OR TIED.
MM INDICATES DATA IS MISSING.
T  INDICATES TRACE AMOUNT.

&&

LAKE CHAMPLAIN DATA:
LEVEL...............94.57 FEET
TEMPERATURE.........63 DEGREES

MOUNT MANSFIELD DATA:
HIGH................67 DEGREES
LOW.................33 DEGREES
PRECIPITATION.......0.57 INCHES

$$
