000
CDUS41 KBTV 030531
CLIBTV

CLIMATE REPORT
NATIONAL WEATHER SERVICE BURLINGTON VT
1228 AM EST SAT DEC 3 2016

...................................

...THE BURLINGTON VT CLIMATE SUMMARY FOR DECEMBER 2 2016...

CLIMATE NORMAL PERIOD 1981 TO 2010
CLIMATE RECORD PERIOD 1884 TO 2016


WEATHER ITEM   OBSERVED TIME   RECORD YEAR NORMAL DEPARTURE LAST
                VALUE   (LST)  VALUE       VALUE  FROM      YEAR
                                                  NORMAL
..................................................................
TEMPERATURE (F)
 YESTERDAY
  MAXIMUM         47    226 PM  62    1914  39      8       47
  MINIMUM         37   1158 PM  -3    1989  25     12       40
  AVERAGE         42                        32     10       44

PRECIPITATION (IN)
  YESTERDAY        0.02          1.36 1996   0.09  -0.07     0.83
  MONTH TO DATE    0.44                      0.18   0.26     1.30
  SINCE DEC 1      0.44                      0.18   0.26     1.30
  SINCE JAN 1     25.82                     34.62  -8.80    34.70

SNOWFALL (IN)
  YESTERDAY        0.0           6.0  1936   0.5   -0.5      0.0
  MONTH TO DATE    0.0                       0.9   -0.9      0.0
  SINCE DEC 1      0.0                       0.9   -0.9      0.0
  SINCE JUL 1      4.3                       6.3   -2.0      0.2
  SNOW DEPTH       0

DEGREE DAYS
 HEATING
  YESTERDAY       23                        33    -10       21
  MONTH TO DATE   40                        66    -26       56
  SINCE DEC 1     40                        66    -26       56
  SINCE JUL 1   1245                      1611   -366     1295

 COOLING
  YESTERDAY        0                         0      0        0
  MONTH TO DATE    0                         0      0        0
  SINCE DEC 1      0                         0      0        0
  SINCE JAN 1    855                       491    364      768
..................................................................


WIND (MPH)
  HIGHEST WIND SPEED    18   HIGHEST WIND DIRECTION    NW (320)
  HIGHEST GUST SPEED    24   HIGHEST GUST DIRECTION    NW (330)
  AVERAGE WIND SPEED     9.0


SKY COVER
  POSSIBLE SUNSHINE  MM
  AVERAGE SKY COVER 1.0


WEATHER CONDITIONS
 THE FOLLOWING WEATHER WAS RECORDED YESTERDAY.
  LIGHT RAIN
  FOG


RELATIVE HUMIDITY (PERCENT)
 HIGHEST    85           400 AM
 LOWEST     60           200 PM
 AVERAGE    73

..........................................................


THE BURLINGTON VT CLIMATE NORMALS FOR TODAY
                         NORMAL    RECORD    YEAR
 MAXIMUM TEMPERATURE (F)   38        59      2009
 MINIMUM TEMPERATURE (F)   25       -15      1940


SUNRISE AND SUNSET
DECEMBER  3 2016......SUNRISE   711 AM EST   SUNSET   414 PM EST
DECEMBER  4 2016......SUNRISE   713 AM EST   SUNSET   413 PM EST


-  INDICATES NEGATIVE NUMBERS.
R  INDICATES RECORD WAS SET OR TIED.
MM INDICATES DATA IS MISSING.
T  INDICATES TRACE AMOUNT.

&&

LAKE CHAMPLAIN DATA:
LEVEL...............94.46 FEET
TEMPERATURE.........48 DEGREES

MOUNT MANSFIELD DATA:
HIGH................28 DEGREES
LOW.................25 DEGREES
PRECIPITATION.......0.98 INCHES
NEW SNOW............6.0 INCHES
SNOW AT STAKE.......15 INCHES

$$
