000
CDUS41 KBTV 250545
CLIBTV

CLIMATE REPORT
NATIONAL WEATHER SERVICE BURLINGTON VT
1245 AM EST SAT FEB 25 2017

...................................

...THE BURLINGTON VT CLIMATE SUMMARY FOR FEBRUARY 24 2017...

CLIMATE NORMAL PERIOD 1981 TO 2010
CLIMATE RECORD PERIOD 1884 TO 2017


WEATHER ITEM   OBSERVED TIME   RECORD YEAR NORMAL DEPARTURE LAST
                VALUE   (LST)  VALUE       VALUE  FROM      YEAR
                                                  NORMAL
..................................................................
TEMPERATURE (F)
 YESTERDAY
  MAXIMUM         50   1207 AM  55    1930  33     17       37
  MINIMUM         36    656 AM -19    2015  15     21       31
  AVERAGE         43                        24     19       34

PRECIPITATION (IN)
  YESTERDAY        0.04          1.44 2010   0.06  -0.02     1.44
  MONTH TO DATE    1.78                      1.49   0.29     2.49
  SINCE DEC 1      6.13                      5.93   0.20     8.12
  SINCE JAN 1      3.78                      3.55   0.23     3.68

SNOWFALL (IN)
  YESTERDAY        0.0          12.9  2010   0.5   -0.5      0.9
  MONTH TO DATE   30.4                      14.1   16.3      6.4
  SINCE DEC 1     54.7                      53.1    1.6     26.6
  SINCE JUL 1     59.0                      58.5    0.5     26.8
  SNOW DEPTH       0

DEGREE DAYS
 HEATING
  YESTERDAY       22                        41    -19       31
  MONTH TO DATE  881                      1055   -174      944
  SINCE DEC 1   3078                      3704   -626     2973
  SINCE JUL 1   4283                      5249   -966     4212

 COOLING
  YESTERDAY        0                         0      0        0
  MONTH TO DATE    0                         0      0        0
  SINCE DEC 1      0                         0      0        0
  SINCE JAN 1      0                         0      0        0
..................................................................


WIND (MPH)
  HIGHEST WIND SPEED    13   HIGHEST WIND DIRECTION     N (10)
  HIGHEST GUST SPEED    16   HIGHEST GUST DIRECTION     N (360)
  AVERAGE WIND SPEED     3.1


SKY COVER
  POSSIBLE SUNSHINE  MM
  AVERAGE SKY COVER 0.7


WEATHER CONDITIONS
 THE FOLLOWING WEATHER WAS RECORDED YESTERDAY.
  LIGHT RAIN
  FOG
  FOG W/VISIBILITY <= 1/4 MILE


RELATIVE HUMIDITY (PERCENT)
 HIGHEST   100          1100 PM
 LOWEST     71          1200 AM
 AVERAGE    86

..........................................................


THE BURLINGTON VT CLIMATE NORMALS FOR TODAY
                         NORMAL    RECORD    YEAR
 MAXIMUM TEMPERATURE (F)   33        55      1985
 MINIMUM TEMPERATURE (F)   15       -17      1962


SUNRISE AND SUNSET
FEBRUARY 25 2017......SUNRISE   636 AM EST   SUNSET   536 PM EST
FEBRUARY 26 2017......SUNRISE   635 AM EST   SUNSET   537 PM EST


-  INDICATES NEGATIVE NUMBERS.
R  INDICATES RECORD WAS SET OR TIED.
MM INDICATES DATA IS MISSING.
T  INDICATES TRACE AMOUNT.

&&

LAKE CHAMPLAIN DATA:
LEVEL...............95.26 FEET
TEMPERATURE.........37 DEGREES

MOUNT MANSFIELD DATA:
HIGH................45 DEGREES
LOW.................34 DEGREES
PRECIPITATION.......0.06 INCHES
NEW SNOW............NONE
SNOW AT STAKE.......76 INCHES

$$
