000
CDUS41 KBTV 080534
CLIBTV


CLIMATE REPORT
NATIONAL WEATHER SERVICE BURLINGTON VT
1234 AM EST MON FEB 8 2016


...................................

...THE BURLINGTON VT CLIMATE SUMMARY FOR FEBRUARY 7 2016...

CLIMATE NORMAL PERIOD 1981 TO 2010
CLIMATE RECORD PERIOD 1884 TO 2016


WEATHER ITEM   OBSERVED TIME   RECORD YEAR NORMAL DEPARTURE LAST
                VALUE   (LST)  VALUE       VALUE  FROM      YEAR
                                                  NORMAL
..................................................................
TEMPERATURE (F)
 YESTERDAY
  MAXIMUM         36    926 AM  49    2005  29      7       18
  MINIMUM         19   1159 PM -27    1993  11      8        9
  AVERAGE         28                        20      8       14

PRECIPITATION (IN)
  YESTERDAY        T             1.71 1951   0.07  -0.07     0.05
  MONTH TO DATE    0.24                      0.45  -0.21     0.53
  SINCE DEC 1      5.87                      4.89   0.98     4.67
  SINCE JAN 1      1.43                      2.51  -1.08     1.82

SNOWFALL (IN)
  YESTERDAY        T            11.0  1983   0.6   -0.6      1.1
  MONTH TO DATE    T                         4.2   -4.2     12.1
  SINCE DEC 1     20.2                      43.2  -23.0     54.7
  SINCE JUL 1     20.4                      48.6  -28.2     65.3
  SNOW DEPTH       0

DEGREE DAYS
 HEATING
  YESTERDAY       37                        45     -8       51
  MONTH TO DATE  211                       319   -108      401
  SINCE DEC 1   2240                      2968   -728     2994
  SINCE JUL 1   3479                      4513  -1034     4319

 COOLING
  YESTERDAY        0                         0      0        0
  MONTH TO DATE    0                         0      0        0
  SINCE DEC 1      0                         0      0        0
  SINCE JAN 1      0                         0      0        0
..................................................................


WIND (MPH)
  HIGHEST WIND SPEED    14   HIGHEST WIND DIRECTION    NW (320)
  HIGHEST GUST SPEED    16   HIGHEST GUST DIRECTION     N (340)
  AVERAGE WIND SPEED     7.9


SKY COVER
  POSSIBLE SUNSHINE  MM
  AVERAGE SKY COVER 0.8


WEATHER CONDITIONS
 THE FOLLOWING WEATHER WAS RECORDED YESTERDAY.
  LIGHT SNOW


RELATIVE HUMIDITY (PERCENT)
 HIGHEST    69          1000 AM
 LOWEST     52          1200 AM
 AVERAGE    61

..........................................................


THE BURLINGTON VT CLIMATE NORMALS FOR TODAY
                         NORMAL    RECORD    YEAR
 MAXIMUM TEMPERATURE (F)   29        51      1925
 MINIMUM TEMPERATURE (F)   11       -25      1934


SUNRISE AND SUNSET
FEBRUARY  8 2016......SUNRISE   703 AM EST   SUNSET   511 PM EST
FEBRUARY  9 2016......SUNRISE   702 AM EST   SUNSET   512 PM EST


-  INDICATES NEGATIVE NUMBERS.
R  INDICATES RECORD WAS SET OR TIED.
MM INDICATES DATA IS MISSING.
T  INDICATES TRACE AMOUNT.

&&

LAKE CHAMPLAIN DATA:
LAKE LEVEL..........95.82 FEET
WATER TEMPERATURE...38 DEGREES

MOUNT MANSFIELD DATA:
HIGH TEMPERATURE...21 DEGREES
LOW TEMPERATURE....17 DEGREES
PRECIPITATION......0.01 INCHES
NEW SNOW...........0.2 INCHES
SNOW AT STAKE......21 INCHES

$$
