000
CDUS41 KBTV 290540
CLIBTV


CLIMATE REPORT
NATIONAL WEATHER SERVICE BURLINGTON VT
139 AM EDT SAT AUG 29 2015


...................................

...THE BURLINGTON VT CLIMATE SUMMARY FOR AUGUST 28 2015...

CLIMATE NORMAL PERIOD 1981 TO 2010
CLIMATE RECORD PERIOD 1884 TO 2015


WEATHER ITEM   OBSERVED TIME   RECORD YEAR NORMAL DEPARTURE LAST
                VALUE   (LST)  VALUE       VALUE  FROM      YEAR
                                                  NORMAL
..................................................................
TEMPERATURE (F)
 YESTERDAY
  MAXIMUM         79    251 PM  94    1952  77      2       73
  MINIMUM         56    534 AM  39    1957  57     -1       60
                                      1925
  AVERAGE         68                        67      1       67

PRECIPITATION (IN)
  YESTERDAY        0.00          3.38 2011   0.11  -0.11     0.00
  MONTH TO DATE    1.98                      3.58  -1.60     1.97
  SINCE JUN 1     15.32                     11.43   3.89    11.86
  SINCE JAN 1     24.16                     23.74   0.42    25.62

SNOWFALL (IN)
  YESTERDAY        0.0           0.0  2002   0.0    0.0      0.0
                                      2001
  MONTH TO DATE    0.0                       0.0    0.0      0.0
  SINCE JUN 1      0.0                       0.0    0.0      0.0
  SINCE JUL 1      0.0                       0.0    0.0      0.0
  SNOW DEPTH       0

DEGREE DAYS
 HEATING
  YESTERDAY        0                         2     -2        0
  MONTH TO DATE    1                        26    -25       12
  SINCE JUN 1     77                       112    -35       33
  SINCE JUL 1      6                        39    -33       13

 COOLING
  YESTERDAY        3                         4     -1        2
  MONTH TO DATE  216                       136     80      131
  SINCE JUN 1    510                       420     90      459
  SINCE JAN 1    603                       439    164      481
..................................................................


WIND (MPH)
  HIGHEST WIND SPEED    10   HIGHEST WIND DIRECTION     N (350)
  HIGHEST GUST SPEED    14   HIGHEST GUST DIRECTION     N (350)
  AVERAGE WIND SPEED     2.1


SKY COVER
  POSSIBLE SUNSHINE  MM
  AVERAGE SKY COVER 0.4


WEATHER CONDITIONS
 THE FOLLOWING WEATHER WAS RECORDED YESTERDAY.
  NO SIGNIFICANT WEATHER WAS OBSERVED.


RELATIVE HUMIDITY (PERCENT)
 HIGHEST    93           600 AM
 LOWEST     39           400 PM
 AVERAGE    66

..........................................................


THE BURLINGTON VT CLIMATE NORMALS FOR TODAY
                         NORMAL    RECORD    YEAR
 MAXIMUM TEMPERATURE (F)   77        92      1977
                                             1953
 MINIMUM TEMPERATURE (F)   57        41      1986
                                             1941


SUNRISE AND SUNSET
AUGUST 29 2015........SUNRISE   611 AM EDT   SUNSET   735 PM EDT
AUGUST 30 2015........SUNRISE   613 AM EDT   SUNSET   733 PM EDT


-  INDICATES NEGATIVE NUMBERS.
R  INDICATES RECORD WAS SET OR TIED.
MM INDICATES DATA IS MISSING.
T  INDICATES TRACE AMOUNT.

&&

LAKE CHAMPLAIN DATA:
LAKE LEVEL..........95.82 FEET
WATER TEMPERATURE...73 DEGREES

MOUNT MANSFIELD DATA:
HIGH TEMPERATURE...58 DEGREES
LOW TEMPERATURE....46 DEGREES
PRECIPITATION......TRACE

$$
