000
CDUS41 KBTV 260535
CLIBTV


CLIMATE REPORT
NATIONAL WEATHER SERVICE BURLINGTON VT
135 AM EDT WED APR 26 2017


...................................

...THE BURLINGTON VT CLIMATE SUMMARY FOR APRIL 25 2017...

CLIMATE NORMAL PERIOD 1981 TO 2010
CLIMATE RECORD PERIOD 1884 TO 2017


WEATHER ITEM   OBSERVED TIME   RECORD YEAR NORMAL DEPARTURE LAST
                VALUE   (LST)  VALUE       VALUE  FROM      YEAR
                                                  NORMAL
..................................................................
TEMPERATURE (F)
 YESTERDAY
  MAXIMUM         59   1130 AM  86    2009  60     -1       52
  MINIMUM         35    520 AM  20    1919  38     -3       30
  AVERAGE         47                        49     -2       41

PRECIPITATION (IN)
  YESTERDAY        0.03          1.09 1945   0.09  -0.06     0.00
  MONTH TO DATE    3.65                      2.31   1.34     1.38
  SINCE MAR 1      6.92                      4.53   2.39     3.64
  SINCE JAN 1     11.59                      8.35   3.24     7.97

SNOWFALL (IN)
  YESTERDAY        0.0           0.5  1930   0.1   -0.1      0.0
  MONTH TO DATE    4.4                       4.3    0.1      1.4
  SINCE MAR 1     41.2                      20.1   21.1      3.2
  SINCE JUL 1    100.4                      80.9   19.5     32.2
  SNOW DEPTH       0

DEGREE DAYS
 HEATING
  YESTERDAY       18                        16      2       24
  MONTH TO DATE  437                       536    -99      576
  SINCE MAR 1   1594                      1590      4     1443
  SINCE JUL 1   5972                      7000  -1028     5827

 COOLING
  YESTERDAY        0                         0      0        0
  MONTH TO DATE    6                         0      6        0
  SINCE MAR 1      6                         0      6        0
  SINCE JAN 1      6                         0      6        0
..................................................................


WIND (MPH)
  HIGHEST WIND SPEED    22   HIGHEST WIND DIRECTION     S (170)
  HIGHEST GUST SPEED    34   HIGHEST GUST DIRECTION    SE (130)
  AVERAGE WIND SPEED     4.7


SKY COVER
  POSSIBLE SUNSHINE  MM
  AVERAGE SKY COVER 0.7


WEATHER CONDITIONS
 THE FOLLOWING WEATHER WAS RECORDED YESTERDAY.
  LIGHT RAIN


RELATIVE HUMIDITY (PERCENT)
 HIGHEST    89           400 AM
 LOWEST     43          1000 AM
 AVERAGE    66

..........................................................


THE BURLINGTON VT CLIMATE NORMALS FOR TODAY
                         NORMAL    RECORD    YEAR
 MAXIMUM TEMPERATURE (F)   60        84      1913
 MINIMUM TEMPERATURE (F)   39        20      1919


SUNRISE AND SUNSET
APRIL 26 2017.........SUNRISE   550 AM EDT   SUNSET   751 PM EDT
APRIL 27 2017.........SUNRISE   549 AM EDT   SUNSET   752 PM EDT


-  INDICATES NEGATIVE NUMBERS.
R  INDICATES RECORD WAS SET OR TIED.
MM INDICATES DATA IS MISSING.
T  INDICATES TRACE AMOUNT.

&&

LAKE CHAMPLAIN DATA:
LEVEL...............99.72 FEET
TEMPERATURE.........39 DEGREES

MOUNT MANSFIELD DATA:
HIGH................48 DEGREES
LOW.................32 DEGREES
PRECIPITATION.......0.02 INCHES
NEW SNOW............NONE
SNOW AT STAKE.......68 INCHES

$$
