000
CDUS41 KBTV 230523
CLIBTV


CLIMATE REPORT
NATIONAL WEATHER SERVICE BURLINGTON VT
120 AM EDT SUN JUL 23 2017


...................................

...THE BURLINGTON VT CLIMATE SUMMARY FOR JULY 22 2017...

CLIMATE NORMAL PERIOD 1981 TO 2010
CLIMATE RECORD PERIOD 1884 TO 2017


WEATHER ITEM   OBSERVED TIME   RECORD YEAR NORMAL DEPARTURE LAST
                VALUE   (LST)  VALUE       VALUE  FROM      YEAR
                                                  NORMAL
..................................................................
TEMPERATURE (F)
 YESTERDAY
  MAXIMUM         82    241 PM  97    1955  81      1       94
  MINIMUM         63   1159 PM  44    1914  61      2       69
  AVERAGE         73                        71      2       82

PRECIPITATION (IN)
  YESTERDAY        0.00          2.03 1980   0.13  -0.13     0.31
  MONTH TO DATE    1.64                      2.94  -1.30     2.38
  SINCE JUN 1      8.81                      6.63   2.18     5.43
  SINCE JAN 1     25.49                     18.94   6.55    16.28

SNOWFALL (IN)
  YESTERDAY        0.0           0.0  2002   0.0    0.0      0.0
                                      2001
  MONTH TO DATE    0.0                       0.0    0.0      0.0
  SINCE JUN 1      0.0                       0.0    0.0      0.0
  SINCE JUL 1      0.0                       0.0    0.0      0.0
  SNOW DEPTH       0

DEGREE DAYS
 HEATING
  YESTERDAY        0                         0      0        0
  MONTH TO DATE    2                         8     -6        3
  SINCE JUN 1     54                        81    -27       51
  SINCE JUL 1      2                         8     -6        3

 COOLING
  YESTERDAY        8                         6      2       17
  MONTH TO DATE  164                       132     32      179
  SINCE JUN 1    290                       229     61      312
  SINCE JAN 1    332                       248     84      384
..................................................................


WIND (MPH)
  HIGHEST WIND SPEED    13   HIGHEST WIND DIRECTION     N (360)
  HIGHEST GUST SPEED    16   HIGHEST GUST DIRECTION    NW (330)
  AVERAGE WIND SPEED     4.6


SKY COVER
  POSSIBLE SUNSHINE  MM
  AVERAGE SKY COVER 0.5


WEATHER CONDITIONS
 THE FOLLOWING WEATHER WAS RECORDED YESTERDAY.
  NO SIGNIFICANT WEATHER WAS OBSERVED.


RELATIVE HUMIDITY (PERCENT)
 HIGHEST   100           400 AM
 LOWEST     45           100 PM
 AVERAGE    73

..........................................................


THE BURLINGTON VT CLIMATE NORMALS FOR TODAY
                         NORMAL    RECORD    YEAR
 MAXIMUM TEMPERATURE (F)   81        93      2011
                                             1952
 MINIMUM TEMPERATURE (F)   61        46      1977
                                             1923


SUNRISE AND SUNSET
JULY 23 2017..........SUNRISE   530 AM EDT   SUNSET   828 PM EDT
JULY 24 2017..........SUNRISE   531 AM EDT   SUNSET   827 PM EDT


-  INDICATES NEGATIVE NUMBERS.
R  INDICATES RECORD WAS SET OR TIED.
MM INDICATES DATA IS MISSING.
T  INDICATES TRACE AMOUNT.

&&

LAKE CHAMPLAIN DATA:
LEVEL...............97.54 FEET
TEMPERATURE.........73 DEGREES

MOUNT MANSFIELD DATA:
HIGH................69 DEGREES
LOW.................53 DEGREES
PRECIPITATION.......NONE

$$
