000
CDUS41 KBUF 181022
CLIBUF


CLIMATE REPORT
NATIONAL WEATHER SERVICE BUFFALO NY
521 AM EST MON DEC 18 2017


...................................

...THE BUFFALO NY CLIMATE SUMMARY FOR DECEMBER 17 2017...

CLIMATE NORMAL PERIOD 1981 TO 2010
CLIMATE RECORD PERIOD 1871 TO 2017


WEATHER ITEM   OBSERVED TIME   RECORD YEAR NORMAL DEPARTURE LAST
                VALUE   (LST)  VALUE       VALUE  FROM      YEAR
                                                  NORMAL
..................................................................
TEMPERATURE (F)
 YESTERDAY
  MAXIMUM         25   1159 PM  61    1984  35    -10       36
  MINIMUM         19    755 AM  -3    1919  24     -5       18
  AVERAGE         22                        30     -8       27

PRECIPITATION (IN)
  YESTERDAY        T             1.06 1929   0.12  -0.12     0.52
  MONTH TO DATE    1.62                      2.15  -0.53     2.91
  SINCE DEC 1      1.62                      2.15  -0.53     2.91
  SINCE JAN 1     47.17                     38.74   8.43    32.72

SNOWFALL (IN)
  YESTERDAY        T            12.6  1927   1.0   -1.0      3.4
  MONTH TO DATE   19.9                      13.3    6.6     24.9
  SINCE DEC 1     19.9                      13.3    6.6     24.9
  SINCE JUL 1     20.1                      22.1   -2.0     25.8
  SNOW DEPTH       7

DEGREE DAYS
 HEATING
  YESTERDAY       43                        35      8       38
  MONTH TO DATE  609                       559     50      580
  SINCE DEC 1    609                       559     50      580
  SINCE JUL 1   1724                      1892   -168     1550

 COOLING
  YESTERDAY        0                         0      0        0
  MONTH TO DATE    0                         0      0        0
  SINCE DEC 1      0                         0      0        0
  SINCE JAN 1    603                       544     59      939
..................................................................


WIND (MPH)
  HIGHEST WIND SPEED    13   HIGHEST WIND DIRECTION     E (70)
  HIGHEST GUST SPEED    18   HIGHEST GUST DIRECTION     E (70)
  AVERAGE WIND SPEED     7.5


SKY COVER
  AVERAGE SKY COVER 0.9


WEATHER CONDITIONS
 THE FOLLOWING WEATHER WAS RECORDED YESTERDAY.
  LIGHT SNOW


RELATIVE HUMIDITY (PERCENT)
 HIGHEST    81           900 PM
 LOWEST     68          1200 AM
 AVERAGE    75

..........................................................


THE BUFFALO NY CLIMATE NORMALS FOR TODAY
                         NORMAL    RECORD    YEAR
 MAXIMUM TEMPERATURE (F)   35        58      1967
 MINIMUM TEMPERATURE (F)   23        -1      1919


SUNRISE AND SUNSET
DECEMBER 18 2017......SUNRISE   741 AM EST   SUNSET   442 PM EST
DECEMBER 19 2017......SUNRISE   742 AM EST   SUNSET   443 PM EST


-  INDICATES NEGATIVE NUMBERS.
R  INDICATES RECORD WAS SET OR TIED.
MM INDICATES DATA IS MISSING.
T  INDICATES TRACE AMOUNT.




$$
