395
CDUS41 KBUF 232058
CLIBUF


CLIMATE REPORT
NATIONAL WEATHER SERVICE BUFFALO NY
458 PM EDT WED AUG 23 2017


...................................

...THE BUFFALO NY CLIMATE SUMMARY FOR AUGUST 23 2017...
VALID TODAY AS OF 0400 PM LOCAL TIME.

CLIMATE NORMAL PERIOD 1981 TO 2010
CLIMATE RECORD PERIOD 1871 TO 2017


WEATHER ITEM   OBSERVED TIME   RECORD YEAR NORMAL DEPARTURE LAST
                VALUE   (LST)  VALUE       VALUE  FROM      YEAR
                                                  NORMAL
..................................................................
TEMPERATURE (F)
 TODAY
  MAXIMUM         73    253 PM  90    1959  78     -5       80
                                      1948
  MINIMUM         60    642 AM  46    1952  60      0       57
  AVERAGE         67                        69     -2       69

PRECIPITATION (IN)
  TODAY            0.00          0.83 1956   0.10  -0.10     0.00
  MONTH TO DATE    3.00                      2.44   0.56     1.74
  SINCE JUN 1      9.86                      9.33   0.53     4.85
  SINCE JAN 1     32.13                     24.34   7.79    16.09

SNOWFALL (IN)
  TODAY            0.0           0.0    MM   0.0    0.0      0.0
  MONTH TO DATE    0.0                       0.0    0.0      0.0
  SINCE JUN 1      0.0                       0.0    0.0      0.0
  SINCE JUL 1      0.0                       0.0    0.0      0.0
  SNOW DEPTH       0

DEGREE DAYS
 HEATING
  TODAY            0                         1     -1        0
  MONTH TO DATE    7                         8     -1        0
  SINCE JUN 1     57                        81    -24       42
  SINCE JUL 1      8                        17     -9        0

 COOLING
  TODAY            2                         5     -3        4
  MONTH TO DATE  128                       129     -1      264
  SINCE JUN 1    434                       429      5      685
  SINCE JAN 1    461                       455      6      744
..................................................................


WIND (MPH)
  HIGHEST WIND SPEED    25   HIGHEST WIND DIRECTION    SW (230)
  HIGHEST GUST SPEED    32   HIGHEST GUST DIRECTION    SW (220)
  AVERAGE WIND SPEED    11.7


SKY COVER
  AVERAGE SKY COVER 0.2


WEATHER CONDITIONS
 THE FOLLOWING WEATHER WAS RECORDED TODAY.
  NO SIGNIFICANT WEATHER WAS OBSERVED.


RELATIVE HUMIDITY (PERCENT)
 HIGHEST    78           100 AM
 LOWEST     49           200 PM
 AVERAGE    64

..........................................................


THE BUFFALO NY CLIMATE NORMALS FOR TOMORROW
                         NORMAL    RECORD    YEAR
 MAXIMUM TEMPERATURE (F)   78        91      1947
 MINIMUM TEMPERATURE (F)   60        43      1971


SUNRISE AND SUNSET
AUGUST 23 2017........SUNRISE   630 AM EDT   SUNSET   804 PM EDT
AUGUST 24 2017........SUNRISE   631 AM EDT   SUNSET   803 PM EDT


-  INDICATES NEGATIVE NUMBERS.
R  INDICATES RECORD WAS SET OR TIED.
MM INDICATES DATA IS MISSING.
T  INDICATES TRACE AMOUNT.

$$
