000
CDUS41 KBUF 302025
CLIBUF


CLIMATE REPORT
NATIONAL WEATHER SERVICE BUFFALO NY
423 PM EDT SAT JUL 30 2016


...................................

...THE BUFFALO NY CLIMATE SUMMARY FOR JULY 30 2016...
VALID TODAY AS OF 0400 PM LOCAL TIME.

CLIMATE NORMAL PERIOD 1981 TO 2010
CLIMATE RECORD PERIOD 1871 TO 2016


WEATHER ITEM   OBSERVED TIME   RECORD YEAR NORMAL DEPARTURE LAST
                VALUE   (LST)  VALUE       VALUE  FROM      YEAR
                                                  NORMAL
..................................................................
TEMPERATURE (F)
 TODAY
  MAXIMUM         82    259 PM  93    1955  80      2       82
  MINIMUM         68    853 AM  47    1968  62      6       72
  AVERAGE         75                        71      4       77

PRECIPITATION (IN)
  TODAY            T             0.92 1983   0.11  -0.11     0.03
  MONTH TO DATE    1.80                      3.11  -1.31     2.42
  SINCE JUN 1      3.11                      6.77  -3.66     7.45
  SINCE JAN 1     14.35                     21.78  -7.43    20.08

SNOWFALL (IN)
  TODAY            0.0           0.0    MM   0.0    0.0      0.0
  MONTH TO DATE    0.0                       0.0    0.0      0.0
  SINCE JUN 1      0.0                       0.0    0.0      0.0
  SINCE JUL 1      0.0                       0.0    0.0      0.0
  SNOW DEPTH       0

DEGREE DAYS
 HEATING
  TODAY            0                         0      0        0
  MONTH TO DATE    0                         2     -2        7
  SINCE JUN 1     42                        66    -24       57
  SINCE JUL 1      0                         2     -2        7

 COOLING
  TODAY           10                         6      4       12
  MONTH TO DATE  284                       195     89      190
  SINCE JUN 1    412                       298    114      266
  SINCE JAN 1    471                       324    147      357
..................................................................


WIND (MPH)
  HIGHEST WIND SPEED    16   HIGHEST WIND DIRECTION     E (70)
  HIGHEST GUST SPEED    21   HIGHEST GUST DIRECTION     E (110)
  AVERAGE WIND SPEED    10.2


SKY COVER
  AVERAGE SKY COVER 0.8


WEATHER CONDITIONS
 THE FOLLOWING WEATHER WAS RECORDED TODAY.
  LIGHT RAIN


RELATIVE HUMIDITY (PERCENT)
 HIGHEST    76           300 AM
 LOWEST     45           200 PM
 AVERAGE    61

..........................................................


THE BUFFALO NY CLIMATE NORMALS FOR TOMORROW
                         NORMAL    RECORD    YEAR
 MAXIMUM TEMPERATURE (F)   80        93      1913
 MINIMUM TEMPERATURE (F)   62        49      1963
                                             1891


SUNRISE AND SUNSET
JULY 30 2016..........SUNRISE   604 AM EDT   SUNSET   838 PM EDT
JULY 31 2016..........SUNRISE   605 AM EDT   SUNSET   836 PM EDT


-  INDICATES NEGATIVE NUMBERS.
R  INDICATES RECORD WAS SET OR TIED.
MM INDICATES DATA IS MISSING.
T  INDICATES TRACE AMOUNT.

$$
