000
CDUS41 KBUF 301020
CLIBUF


CLIMATE REPORT
NATIONAL WEATHER SERVICE BUFFALO NY
619 AM EDT TUE AUG 30 2016


...................................

...THE BUFFALO NY CLIMATE SUMMARY FOR AUGUST 29 2016...

CLIMATE NORMAL PERIOD 1981 TO 2010
CLIMATE RECORD PERIOD 1871 TO 2016


WEATHER ITEM   OBSERVED TIME   RECORD YEAR NORMAL DEPARTURE LAST
                VALUE   (LST)  VALUE       VALUE  FROM      YEAR
                                                  NORMAL
..................................................................
TEMPERATURE (F)
 YESTERDAY
  MAXIMUM         82    213 PM  90    1951  77      5       77
  MINIMUM         65   1157 PM  38    1982  59      6       57
  AVERAGE         74                        68      6       67

PRECIPITATION (IN)
  YESTERDAY        0.00          3.38 1893   0.10  -0.10     0.01
  MONTH TO DATE    3.28                      3.05   0.23     4.39
  SINCE JUN 1      6.39                      9.94  -3.55    11.84
  SINCE JAN 1     17.63                     24.95  -7.32    24.47

SNOWFALL (IN)
  YESTERDAY        0.0           0.0    MM   0.0    0.0      0.0
  MONTH TO DATE    0.0                       0.0    0.0      0.0
  SINCE JUN 1      0.0                       0.0    0.0      0.0
  SINCE JUL 1      0.0                       0.0    0.0      0.0
  SNOW DEPTH       0

DEGREE DAYS
 HEATING
  YESTERDAY        0                         1     -1        0
  MONTH TO DATE    0                        14    -14        8
  SINCE JUN 1     42                        87    -45       65
  SINCE JUL 1      0                        23    -23       15

 COOLING
  YESTERDAY        9                         4      5        2
  MONTH TO DATE  325                       153    172      145
  SINCE JUN 1    746                       453    293      419
  SINCE JAN 1    805                       479    326      510
..................................................................


WIND (MPH)
  HIGHEST WIND SPEED    13   HIGHEST WIND DIRECTION    NW (330)
  HIGHEST GUST SPEED    17   HIGHEST GUST DIRECTION     N (350)
  AVERAGE WIND SPEED     4.5


SKY COVER
  AVERAGE SKY COVER 0.2


WEATHER CONDITIONS
 THE FOLLOWING WEATHER WAS RECORDED YESTERDAY.
  NO SIGNIFICANT WEATHER WAS OBSERVED.


RELATIVE HUMIDITY (PERCENT)
 HIGHEST    90          1200 AM
 LOWEST     42           200 PM
 AVERAGE    66

..........................................................


THE BUFFALO NY CLIMATE NORMALS FOR TODAY
                         NORMAL    RECORD    YEAR
 MAXIMUM TEMPERATURE (F)   77        91      1959
                                             1951
 MINIMUM TEMPERATURE (F)   59        38      1965


SUNRISE AND SUNSET
AUGUST 30 2016........SUNRISE   638 AM EDT   SUNSET   752 PM EDT
AUGUST 31 2016........SUNRISE   639 AM EDT   SUNSET   750 PM EDT


-  INDICATES NEGATIVE NUMBERS.
R  INDICATES RECORD WAS SET OR TIED.
MM INDICATES DATA IS MISSING.
T  INDICATES TRACE AMOUNT.




$$
