000
CDUS41 KBUF 022037
CLIBUF


CLIMATE REPORT
NATIONAL WEATHER SERVICE BUFFALO NY
436 PM EDT SUN AUG 2 2015


...................................

...THE BUFFALO NY CLIMATE SUMMARY FOR AUGUST 2 2015...
VALID TODAY AS OF 0400 PM LOCAL TIME.

CLIMATE NORMAL PERIOD 1981 TO 2010
CLIMATE RECORD PERIOD 1871 TO 2015


WEATHER ITEM   OBSERVED TIME   RECORD YEAR NORMAL DEPARTURE LAST
                VALUE   (LST)  VALUE       VALUE  FROM      YEAR
                                                  NORMAL
..................................................................
TEMPERATURE (F)
 TODAY
  MAXIMUM         83    227 PM  96    1988  80      3       82
                                      1944
  MINIMUM         62    502 AM  49    1947  62      0       65
  AVERAGE         73                        71      2       74

PRECIPITATION (IN)
  TODAY            0.00          1.74 1961   0.12  -0.12     1.40
  MONTH TO DATE    T                         0.23  -0.23     1.42
  SINCE JUN 1      7.45                      7.12   0.33    10.67
  SINCE JAN 1     20.08                     22.13  -2.05    28.20

SNOWFALL (IN)
  TODAY            0.0           0.0    MM   0.0    0.0      0.0
  MONTH TO DATE    0.0                       0.0    0.0      0.0
  SINCE JUN 1      0.0                       0.0    0.0      0.0
  SINCE JUL 1      0.0                       0.0    0.0      0.0
  SNOW DEPTH       0

DEGREE DAYS
 HEATING
  TODAY            0                         0      0        0
  MONTH TO DATE    0                         0      0        0
  SINCE JUN 1     57                        73    -16       38
  SINCE JUL 1      7                         9     -2       10

 COOLING
  TODAY            8                         6      2        9
  MONTH TO DATE   15                        12      3       15
  SINCE JUN 1    289                       312    -23      293
  SINCE JAN 1    380                       338     42      316
..................................................................


WIND (MPH)
  HIGHEST WIND SPEED    23   HIGHEST WIND DIRECTION    SW (220)
  HIGHEST GUST SPEED    29   HIGHEST GUST DIRECTION    SW (220)
  AVERAGE WIND SPEED    11.7


SKY COVER
  AVERAGE SKY COVER 0.4


WEATHER CONDITIONS
 THE FOLLOWING WEATHER WAS RECORDED TODAY.
  NO SIGNIFICANT WEATHER WAS OBSERVED.


RELATIVE HUMIDITY (PERCENT)
 HIGHEST    84           300 AM
 LOWEST     33           300 PM
 AVERAGE    59

..........................................................


THE BUFFALO NY CLIMATE NORMALS FOR TOMORROW
                         NORMAL    RECORD    YEAR
 MAXIMUM TEMPERATURE (F)   80        95      2012
 MINIMUM TEMPERATURE (F)   62        49      1976
                                             1956


SUNRISE AND SUNSET
AUGUST  2 2015........SUNRISE   607 AM EDT   SUNSET   835 PM EDT
AUGUST  3 2015........SUNRISE   608 AM EDT   SUNSET   834 PM EDT


-  INDICATES NEGATIVE NUMBERS.
R  INDICATES RECORD WAS SET OR TIED.
MM INDICATES DATA IS MISSING.
T  INDICATES TRACE AMOUNT.




$$
