000
CDUS46 KLOX 270117
CLIBUR


CLIMATE REPORT
NATIONAL WEATHER SERVICE LOS ANGELES/OXNARD CA
517 PM PST THU FEB 26 2015


...................................

...THE BOB HOPE AIRPORT (BURBANK) CA CLIMATE SUMMARY FOR FEBRUARY 26 2015...
VALID TODAY AS OF 0500 PM LOCAL TIME.

CLIMATE NORMAL PERIOD 1981 TO 2010
CLIMATE RECORD PERIOD 1939 TO 2015


WEATHER ITEM   OBSERVED TIME   RECORD YEAR NORMAL DEPARTURE LAST
                VALUE   (LST)  VALUE       VALUE  FROM      YEAR
                                                  NORMAL
..................................................................
TEMPERATURE (F)
 TODAY
  MAXIMUM         69    227 PM  92    1986  69      0       64
  MINIMUM         47    653 AM  35    1987  45      2       55
  AVERAGE         58                        57      1       60

PRECIPITATION (IN)
  TODAY            0.00          1.35 2004   0.15  -0.15     0.37
  MONTH TO DATE    0.47                      4.19  -3.72     0.44
  SINCE OCT 1      6.08                     12.16  -6.08     1.07
  SINCE JAN 1      1.58                      7.72  -6.14     0.44

SNOWFALL (IN)
  TODAY            0.0
  MONTH TO DATE    0.0
  SINCE DEC 1      0.0
  SINCE JUL 1      0.0

DEGREE DAYS
 HEATING
  TODAY            7                         8     -1        5
  MONTH TO DATE   74                       242   -168      100
  SINCE DEC 1    481                       897   -416      377
  SINCE JUL 1    541                      1125   -584      465

 COOLING
  TODAY            0                         0      0        0
  MONTH TO DATE   20                         0     20       23
  SINCE DEC 1     29                         3     26       74
  SINCE JAN 1     26                         2     24       60
..................................................................


WIND (MPH)
  HIGHEST WIND SPEED    13   HIGHEST WIND DIRECTION     S (200)
  HIGHEST GUST SPEED    17   HIGHEST GUST DIRECTION     S (200)
  AVERAGE WIND SPEED     2.8


SKY COVER
  POSSIBLE SUNSHINE  MM
  AVERAGE SKY COVER 0.0


WEATHER CONDITIONS
 THE FOLLOWING WEATHER WAS RECORDED TODAY.
  NO SIGNIFICANT WEATHER WAS OBSERVED.


RELATIVE HUMIDITY (PERCENT)
 HIGHEST    77           400 AM
 LOWEST     42           100 PM
 AVERAGE    60

..........................................................


THE BOB HOPE AIRPORT (BURBANK) CA CLIMATE NORMALS FOR TOMORROW
                         NORMAL    RECORD    YEAR
 MAXIMUM TEMPERATURE (F)   69        86      1986
 MINIMUM TEMPERATURE (F)   45        32      1971


SUNRISE AND SUNSET
FEBRUARY 26 2015......SUNRISE   626 AM PST   SUNSET   547 PM PST
FEBRUARY 27 2015......SUNRISE   625 AM PST   SUNSET   548 PM PST


-  INDICATES NEGATIVE NUMBERS.
R  INDICATES RECORD WAS SET OR TIED.
MM INDICATES DATA IS MISSING.
T  INDICATES TRACE AMOUNT.




$$
