000
CDUS46 KLOX 200115
CLIBUR


CLIMATE REPORT
NATIONAL WEATHER SERVICE LOS ANGELES/OXNARD CA
615 PM PDT TUE SEP 19 2017


...................................

...THE BOB HOPE AIRPORT (BURBANK) CA CLIMATE SUMMARY FOR SEPTEMBER 19 2017...
VALID TODAY AS OF 0600 PM LOCAL TIME.

CLIMATE NORMAL PERIOD 1981 TO 2010
CLIMATE RECORD PERIOD 1939 TO 2017


WEATHER ITEM   OBSERVED TIME   RECORD YEAR NORMAL DEPARTURE LAST
                VALUE   (LST)  VALUE       VALUE  FROM      YEAR
                                                  NORMAL
..................................................................
TEMPERATURE (F)
 TODAY
  MAXIMUM         75    246 PM 104    1984  86    -11       97
  MINIMUM         64    209 AM  46    1941  60      4       67
  AVERAGE         70                        73     -3       82

PRECIPITATION (IN)
  TODAY            0.00          0.27 1965   0.01  -0.01      T
  MONTH TO DATE    0.03                      0.09  -0.06      T
  SINCE OCT 1     13.86                     17.17  -3.31     7.66
  SINCE JAN 1      9.60                     12.73  -3.13     6.56

SNOWFALL (IN)
  TODAY            0.0
  MONTH TO DATE    0.0
  SINCE SEP 1      0.0
  SINCE JUL 1      0.0

DEGREE DAYS
 HEATING
  TODAY            0                         0      0        0
  MONTH TO DATE    0                         0      0        1
  SINCE SEP 1      0                         0      0        1
  SINCE JUL 1      0                         0      0        1

 COOLING
  TODAY            5                         8     -3       17
  MONTH TO DATE  232                       175     57      132
  SINCE SEP 1    232                       175     57      132
  SINCE JAN 1   1560                      1057    503     1345
..................................................................


WIND (MPH)
  HIGHEST WIND SPEED    10   HIGHEST WIND DIRECTION     S (160)
  HIGHEST GUST SPEED    22   HIGHEST GUST DIRECTION    SW (240)
  AVERAGE WIND SPEED     6.0


SKY COVER
  POSSIBLE SUNSHINE  MM
  AVERAGE SKY COVER 1.0


WEATHER CONDITIONS
 THE FOLLOWING WEATHER WAS RECORDED TODAY.
  HAZE


RELATIVE HUMIDITY (PERCENT)
 HIGHEST    78          1200 AM
 LOWEST     57           200 PM
 AVERAGE    68

..........................................................


THE BOB HOPE AIRPORT (BURBANK) CA CLIMATE NORMALS FOR TOMORROW
                         NORMAL    RECORD    YEAR
 MAXIMUM TEMPERATURE (F)   85       104      2015
 MINIMUM TEMPERATURE (F)   60        48      1941


SUNRISE AND SUNSET
SEPTEMBER 19 2017.....SUNRISE   640 AM PDT   SUNSET   654 PM PDT
SEPTEMBER 20 2017.....SUNRISE   640 AM PDT   SUNSET   653 PM PDT


-  INDICATES NEGATIVE NUMBERS.
R  INDICATES RECORD WAS SET OR TIED.
MM INDICATES DATA IS MISSING.
T  INDICATES TRACE AMOUNT.




$$
