000
CDUS46 KLOX 290129
CLIBUR


CLIMATE REPORT
NATIONAL WEATHER SERVICE LOS ANGELES/OXNARD CA
629 PM PDT FRI APR 28 2017


...................................

...THE BOB HOPE AIRPORT (BURBANK) CA CLIMATE SUMMARY FOR APRIL 28 2017...
VALID TODAY AS OF 0600 PM LOCAL TIME.

CLIMATE NORMAL PERIOD 1981 TO 2010
CLIMATE RECORD PERIOD 1939 TO 2017


WEATHER ITEM   OBSERVED TIME   RECORD YEAR NORMAL DEPARTURE LAST
                VALUE   (LST)  VALUE       VALUE  FROM      YEAR
                                                  NORMAL
..................................................................
TEMPERATURE (F)
 TODAY
  MAXIMUM         80    406 PM 101    1981  75      5       69
  MINIMUM         64    555 AM  38    1984  52     12       51
  AVERAGE         72                        64      8       60

PRECIPITATION (IN)
  TODAY            0.00          1.20 2005   0.03  -0.03     0.00
  MONTH TO DATE    0.09                      1.06  -0.97     0.30
  SINCE OCT 1     13.70                     16.48  -2.78     7.64
  SINCE JAN 1      9.44                     12.04  -2.60     6.54

SNOWFALL (IN)
  TODAY            0.0
  MONTH TO DATE    0.0
  SINCE MAR 1      0.0
  SINCE JUL 1      0.0

DEGREE DAYS
 HEATING
  TODAY            0                         3     -3        5
  MONTH TO DATE   38                       133    -95       49
  SINCE MAR 1    126                       351   -225      164
  SINCE JUL 1   1119                      1492   -373     1071

 COOLING
  TODAY            7                         2      5        0
  MONTH TO DATE   65                        35     30       73
  SINCE MAR 1    131                        45     86       89
  SINCE JAN 1    132                        51     81      144
..................................................................


WIND (MPH)
  HIGHEST WIND SPEED    29   HIGHEST WIND DIRECTION    NW (330)
  HIGHEST GUST SPEED    41   HIGHEST GUST DIRECTION     N (350)
  AVERAGE WIND SPEED    17.6


SKY COVER
  POSSIBLE SUNSHINE  MM
  AVERAGE SKY COVER 0.0


WEATHER CONDITIONS
 THE FOLLOWING WEATHER WAS RECORDED TODAY.
  NO SIGNIFICANT WEATHER WAS OBSERVED.


RELATIVE HUMIDITY (PERCENT)
 HIGHEST    30           600 AM
 LOWEST      8           300 PM
 AVERAGE    19

..........................................................


THE BOB HOPE AIRPORT (BURBANK) CA CLIMATE NORMALS FOR TOMORROW
                         NORMAL    RECORD    YEAR
 MAXIMUM TEMPERATURE (F)   75        99      1981
 MINIMUM TEMPERATURE (F)   52        40      1970


SUNRISE AND SUNSET
APRIL 28 2017.........SUNRISE   607 AM PDT   SUNSET   735 PM PDT
APRIL 29 2017.........SUNRISE   606 AM PDT   SUNSET   736 PM PDT


-  INDICATES NEGATIVE NUMBERS.
R  INDICATES RECORD WAS SET OR TIED.
MM INDICATES DATA IS MISSING.
T  INDICATES TRACE AMOUNT.




$$
