000
CDUS41 KLWX 260528
CLIBWI


CLIMATE REPORT
NATIONAL WEATHER SERVICE BALTIMORE MD/WASHINGTON DC
123 AM EDT MON SEP 26 2016


...................................

...THE BALTIMORE MD CLIMATE SUMMARY FOR SEPTEMBER 25 2016...

CLIMATE NORMAL PERIOD 1981 TO 2010
CLIMATE RECORD PERIOD 1870 TO 2016


WEATHER ITEM   OBSERVED TIME   RECORD YEAR NORMAL DEPARTURE LAST
                VALUE   (LST)  VALUE       VALUE  FROM      YEAR
                                                  NORMAL
..................................................................
TEMPERATURE (F)
 YESTERDAY
  MAXIMUM         72    412 PM  97    1970  74     -2       74
  MINIMUM         51   1159 PM  35    1963  54     -3       63
  AVERAGE         62                        64     -2       69

PRECIPITATION (IN)
  YESTERDAY        0.00          2.47 1992   0.14  -0.14     0.00
  MONTH TO DATE    0.73                      3.31  -2.58     0.54
  SINCE SEP 1      0.73                      3.31  -2.58     0.54
  SINCE JAN 1     31.83                     31.16   0.67    36.78

SNOWFALL (IN)
  YESTERDAY        0.0          MM      MM   0.0    0.0
  MONTH TO DATE    0.0                       0.0    0.0
  SINCE JUL 1      0.0                       0.0    0.0
  SNOW DEPTH       0

DEGREE DAYS
 HEATING
  YESTERDAY        3                         3      0        0
  MONTH TO DATE    3                        30    -27        1
  SINCE SEP 1      3                        30    -27        1
  SINCE JUL 1      3                        31    -28        1

 COOLING
  YESTERDAY        0                         2     -2        4
  MONTH TO DATE  241                       124    117      189
  SINCE SEP 1    241                       124    117      189
  SINCE JAN 1   1508                      1134    374     1378
..................................................................


WIND (MPH)
  HIGHEST WIND SPEED    14   HIGHEST WIND DIRECTION    NE (60)
  HIGHEST GUST SPEED    20   HIGHEST GUST DIRECTION    NE (40)
  AVERAGE WIND SPEED     4.4


SKY COVER
  POSSIBLE SUNSHINE  MM
  AVERAGE SKY COVER 0.3


WEATHER CONDITIONS
 THE FOLLOWING WEATHER WAS RECORDED YESTERDAY.
  NO SIGNIFICANT WEATHER WAS OBSERVED.


RELATIVE HUMIDITY (PERCENT)
 HIGHEST   100           100 AM
 LOWEST     35           200 PM
 AVERAGE    68

..........................................................


THE BALTIMORE MD CLIMATE NORMALS FOR TODAY
                         NORMAL    RECORD    YEAR
 MAXIMUM TEMPERATURE (F)   74        95      1970
 MINIMUM TEMPERATURE (F)   53        40      1879


SUNRISE AND SUNSET
SEPTEMBER 26 2016.....SUNRISE   658 AM EDT   SUNSET   656 PM EDT
SEPTEMBER 27 2016.....SUNRISE   659 AM EDT   SUNSET   655 PM EDT


-  INDICATES NEGATIVE NUMBERS.
R  INDICATES RECORD WAS SET OR TIED.
MM INDICATES DATA IS MISSING.
T  INDICATES TRACE AMOUNT.




$$
