000
CDUS41 KLWX 230520
CLIBWI


CLIMATE REPORT
NATIONAL WEATHER SERVICE BALTIMORE MD/WASHINGTON DC
120 AM EDT SAT AUG 23 2014


...................................

...THE BALTIMORE MD CLIMATE SUMMARY FOR AUGUST 22 2014...

CLIMATE NORMAL PERIOD 1981 TO 2010
CLIMATE RECORD PERIOD 1870 TO 2014


WEATHER ITEM   OBSERVED TIME   RECORD YEAR NORMAL DEPARTURE LAST
                VALUE   (LST)  VALUE       VALUE  FROM      YEAR
                                                  NORMAL
..................................................................
TEMPERATURE (F)
 YESTERDAY
  MAXIMUM         78    439 PM  99    1983  85     -7       91
  MINIMUM         67    419 AM  52    1956  65      2       71
  AVERAGE         73                        75     -2       81

PRECIPITATION (IN)
  YESTERDAY        T             2.08 1931   0.10  -0.10     0.00
  MONTH TO DATE    7.15                      2.38   4.77     1.10
  SINCE JUN 1     13.90                      9.91   3.99    11.68
  SINCE JAN 1     37.52                     26.94  10.58    25.54

SNOWFALL (IN)
  YESTERDAY        0.0          MM      MM   0.0    0.0
  MONTH TO DATE    0.0                       0.0    0.0
  SINCE JUL 1      0.0                       0.0    0.0
  SNOW DEPTH       0

DEGREE DAYS
 HEATING
  YESTERDAY        0                         0      0        0
  MONTH TO DATE    0                         0      0        0
  SINCE JUN 1      2                        15    -13        0
  SINCE JUL 1      0                         0      0        0

 COOLING
  YESTERDAY        8                        10     -2       16
  MONTH TO DATE  170                       236    -66      194
  SINCE JUN 1    761                       846    -85      916
  SINCE JAN 1    846                       930    -84     1047
..................................................................


WIND (MPH)
  HIGHEST WIND SPEED    13   HIGHEST WIND DIRECTION     E (110)
  HIGHEST GUST SPEED    16   HIGHEST GUST DIRECTION     E (110)
  AVERAGE WIND SPEED     3.7


SKY COVER
  POSSIBLE SUNSHINE  MM
  AVERAGE SKY COVER 0.8


WEATHER CONDITIONS
 THE FOLLOWING WEATHER WAS RECORDED YESTERDAY.
  LIGHT RAIN
  FOG
  HAZE


RELATIVE HUMIDITY (PERCENT)
 HIGHEST    90           100 AM
 LOWEST     69           500 PM
 AVERAGE    80

..........................................................


THE BALTIMORE MD CLIMATE NORMALS FOR TODAY
                         NORMAL    RECORD    YEAR
 MAXIMUM TEMPERATURE (F)   85        98      1968
 MINIMUM TEMPERATURE (F)   65        50      1952


SUNRISE AND SUNSET
AUGUST 23 2014........SUNRISE   627 AM EDT   SUNSET   751 PM EDT
AUGUST 24 2014........SUNRISE   628 AM EDT   SUNSET   749 PM EDT


-  INDICATES NEGATIVE NUMBERS.
R  INDICATES RECORD WAS SET OR TIED.
MM INDICATES DATA IS MISSING.
T  INDICATES TRACE AMOUNT.




$$
