000
CDUS41 KLWX 012122
CLIBWI


CLIMATE REPORT
NATIONAL WEATHER SERVICE BALTIMORE MD/WASHINGTON DC
422 PM EST SUN FEB 1 2015


...................................

...THE BALTIMORE MD CLIMATE SUMMARY FOR FEBRUARY 1 2015...
VALID TODAY AS OF 0400 PM LOCAL TIME.

CLIMATE NORMAL PERIOD 1981 TO 2010
CLIMATE RECORD PERIOD 1870 TO 2015


WEATHER ITEM   OBSERVED TIME   RECORD YEAR NORMAL DEPARTURE LAST
                VALUE   (LST)  VALUE       VALUE  FROM      YEAR
                                                  NORMAL
..................................................................
TEMPERATURE (F)
 TODAY
  MAXIMUM         39    307 PM  75    2002  42     -3       48
  MINIMUM         18    355 AM   7    1965  25     -7       25
  AVERAGE         29                        34     -5       37

PRECIPITATION (IN)
  TODAY            0.00          1.80 2008   0.10  -0.10     0.00
  MONTH TO DATE    0.00                      0.10  -0.10     0.00
  SINCE DEC 1      7.47                      6.52   0.95     7.98
  SINCE JAN 1      3.89                      3.15   0.74     2.71

SNOWFALL (IN)
  TODAY            0.0           9.0  1934   0.3   -0.3
  MONTH TO DATE    0.0                       0.3   -0.3
  SINCE JUL 1      6.4                      10.5   -4.1
  SNOW DEPTH       0

DEGREE DAYS
 HEATING
  TODAY           36                        31      5       28
  MONTH TO DATE   36                        31      5       28
  SINCE DEC 1   1857                      1903    -46     1968
  SINCE JUL 1   2749                      2807    -58     2893

 COOLING
  TODAY            0                         0      0        0
  MONTH TO DATE    0                         0      0        0
  SINCE DEC 1      0                         0      0        2
  SINCE JAN 1      0                         0      0        0
..................................................................


WIND (MPH)
  HIGHEST WIND SPEED     9   HIGHEST WIND DIRECTION    SE (120)
  HIGHEST GUST SPEED    14   HIGHEST GUST DIRECTION    SE (140)
  AVERAGE WIND SPEED     2.0


SKY COVER
  POSSIBLE SUNSHINE  MM
  AVERAGE SKY COVER 0.8


WEATHER CONDITIONS
 THE FOLLOWING WEATHER WAS RECORDED TODAY.
  NO SIGNIFICANT WEATHER WAS OBSERVED.


RELATIVE HUMIDITY (PERCENT)
 HIGHEST    80           400 AM
 LOWEST     37           100 PM
 AVERAGE    59

..........................................................


THE BALTIMORE MD CLIMATE NORMALS FOR TOMORROW
                         NORMAL    RECORD    YEAR
 MAXIMUM TEMPERATURE (F)   42        71      1967
 MINIMUM TEMPERATURE (F)   25         1      1961


SUNRISE AND SUNSET
FEBRUARY  1 2015......SUNRISE   714 AM EST   SUNSET   527 PM EST
FEBRUARY  2 2015......SUNRISE   713 AM EST   SUNSET   528 PM EST


-  INDICATES NEGATIVE NUMBERS.
R  INDICATES RECORD WAS SET OR TIED.
MM INDICATES DATA IS MISSING.
T  INDICATES TRACE AMOUNT.




$$
