000
CDUS41 KLWX 280532
CLIBWI


CLIMATE REPORT
NATIONAL WEATHER SERVICE BALTIMORE MD/WASHINGTON DC
131 AM EDT SUN MAY 28 2017


...................................

...THE BALTIMORE MD CLIMATE SUMMARY FOR MAY 27 2017...

CLIMATE NORMAL PERIOD 1981 TO 2010
CLIMATE RECORD PERIOD 1870 TO 2017


WEATHER ITEM   OBSERVED TIME   RECORD YEAR NORMAL DEPARTURE LAST
                VALUE   (LST)  VALUE       VALUE  FROM      YEAR
                                                  NORMAL
..................................................................
TEMPERATURE (F)
 YESTERDAY
  MAXIMUM         74   1226 PM  95    1965  77     -3       90
                                      1941
  MINIMUM         55   1254 AM  43    1961  56     -1       68
                                      1915
  AVERAGE         65                        66     -1       79

PRECIPITATION (IN)
  YESTERDAY        0.02          1.50 1909   0.13  -0.11     0.00
  MONTH TO DATE    4.97                      3.46   1.51     4.92
  SINCE MAR 1     12.31                     10.55   1.76     8.33
  SINCE JAN 1     16.46                     16.50  -0.04    17.53

SNOWFALL (IN)
  YESTERDAY        0.0          MM      MM   0.0    0.0
  MONTH TO DATE    0.0                       0.0    0.0
  SINCE JUL 1      3.0                      20.1  -17.1
  SNOW DEPTH       0

DEGREE DAYS
 HEATING
  YESTERDAY        0                         2     -2        0
  MONTH TO DATE  129                       126      3      175
  SINCE MAR 1    958                      1146   -188      979
  SINCE JUL 1   3849                      4741   -892     4000

 COOLING
  YESTERDAY        0                         4     -4       14
  MONTH TO DATE   46                        54     -8       35
  SINCE MAR 1     95                        68     27       62
  SINCE JAN 1     95                        68     27       62
..................................................................


WIND (MPH)
  HIGHEST WIND SPEED    12   HIGHEST WIND DIRECTION    NE (60)
  HIGHEST GUST SPEED    17   HIGHEST GUST DIRECTION    NE (40)
  AVERAGE WIND SPEED     3.2


SKY COVER
  POSSIBLE SUNSHINE  MM
  AVERAGE SKY COVER 0.8


WEATHER CONDITIONS
 THE FOLLOWING WEATHER WAS RECORDED YESTERDAY.
  LIGHT RAIN


RELATIVE HUMIDITY (PERCENT)
 HIGHEST   100           100 AM
 LOWEST     57          1000 AM
 AVERAGE    79

..........................................................


THE BALTIMORE MD CLIMATE NORMALS FOR TODAY
                         NORMAL    RECORD    YEAR
 MAXIMUM TEMPERATURE (F)   77        97      1941
 MINIMUM TEMPERATURE (F)   56        38      1961


SUNRISE AND SUNSET
MAY 28 2017...........SUNRISE   544 AM EDT   SUNSET   824 PM EDT
MAY 29 2017...........SUNRISE   544 AM EDT   SUNSET   825 PM EDT


-  INDICATES NEGATIVE NUMBERS.
R  INDICATES RECORD WAS SET OR TIED.
MM INDICATES DATA IS MISSING.
T  INDICATES TRACE AMOUNT.




$$
