000
CDUS45 KRIW 010734
CLIBYG


CLIMATE REPORT
NATIONAL WEATHER SERVICE RIVERTON WY
134 AM MDT WED OCT 1 2014


...................................

...THE BUFFALO WY CLIMATE SUMMARY FOR SEPTEMBER 30 2014...

CLIMATE NORMAL PERIOD 1981 TO 2010
CLIMATE RECORD PERIOD 1998 TO 2014


WEATHER ITEM   OBSERVED TIME   RECORD YEAR NORMAL DEPARTURE LAST
                VALUE   (LST)  VALUE       VALUE  FROM      YEAR
                                                  NORMAL
..................................................................
TEMPERATURE (F)
 YESTERDAY
  MAXIMUM         61   1256 PM  85    2011  64     -3       74
  MINIMUM         48   1159 PM  32    2003  39      9       42
  AVERAGE         55                        51      4       58

PRECIPITATION (IN)
  YESTERDAY        T             0.21 2004   0.06  -0.06     0.00
  MONTH TO DATE    1.08                      1.31  -0.23     3.34
  SINCE SEP 1      1.08                      1.31  -0.23     3.34
  SINCE JAN 1     11.29                     11.58  -0.29     7.76

DEGREE DAYS
 HEATING
  YESTERDAY       10                        14     -4        7
  MONTH TO DATE  238                       249    -11      151
  SINCE SEP 1    238                       249    -11      151
  SINCE JUL 1    297                       314    -17      152

 COOLING
  YESTERDAY        0                         0      0        0
  MONTH TO DATE   51                        45      6       95
  SINCE SEP 1     51                        45      6       95
  SINCE JAN 1    385                       491   -106      709
..................................................................


WIND (MPH)
  HIGHEST WIND SPEED    26   HIGHEST WIND DIRECTION    NW (330)
  HIGHEST GUST SPEED    35   HIGHEST GUST DIRECTION     N (350)
  AVERAGE WIND SPEED    12.5


SKY COVER
  POSSIBLE SUNSHINE  MM
  AVERAGE SKY COVER 0.6


WEATHER CONDITIONS
 THE FOLLOWING WEATHER WAS RECORDED YESTERDAY.
  FOG
  FOG W/VISIBILITY <= 1/4 MILE


RELATIVE HUMIDITY (PERCENT)
 HIGHEST    93           100 AM
 LOWEST     47          1200 PM
 AVERAGE    70

..........................................................


THE BUFFALO WY CLIMATE NORMALS FOR TODAY
                         NORMAL    RECORD    YEAR
 MAXIMUM TEMPERATURE (F)   63        89      2011
 MINIMUM TEMPERATURE (F)   39        29      2004


SUNRISE AND SUNSET
OCTOBER  1 2014.......SUNRISE   705 AM MDT   SUNSET   647 PM MDT
OCTOBER  2 2014.......SUNRISE   706 AM MDT   SUNSET   646 PM MDT


-  INDICATES NEGATIVE NUMBERS.
R  INDICATES RECORD WAS SET OR TIED.
MM INDICATES DATA IS MISSING.
T  INDICATES TRACE AMOUNT.




$$
