000
CDUS45 KRIW 290039
CLIBYG


CLIMATE REPORT
NATIONAL WEATHER SERVICE RIVERTON WY
637 PM MDT FRI APR 28 2017


...................................

...THE BUFFALO WY CLIMATE SUMMARY FOR APRIL 28 2017...
VALID TODAY AS OF 0500 PM LOCAL TIME.

CLIMATE NORMAL PERIOD 1981 TO 2010
CLIMATE RECORD PERIOD 1998 TO 2017


WEATHER ITEM   OBSERVED TIME   RECORD YEAR NORMAL DEPARTURE LAST
                VALUE   (LST)  VALUE       VALUE  FROM      YEAR
                                                  NORMAL
..................................................................
TEMPERATURE (F)
 TODAY
  MAXIMUM         36        MM  79    2007  58    -22       37
                                      2001
  MINIMUM         32        MM  19    2005  37     -5       29
  AVERAGE         34

PRECIPITATION (IN)
  TODAY            0.39          0.57 2012   0.09   0.30     0.02
  MONTH TO DATE    3.18                      1.13   2.05     2.17
  SINCE MAR 1      5.20                      2.05   3.15     2.82
  SINCE JAN 1      5.63                      2.82   2.81     3.41

DEGREE DAYS
 HEATING
  TODAY           31                        18     13       32
  MONTH TO DATE  509                       619   -110      480
  SINCE MAR 1   1199                      1569   -370     1154
  SINCE JUL 1   6041                      6809   -768     5545

 COOLING
  TODAY            0                         0      0        0
  MONTH TO DATE    0                         0      0        1
  SINCE MAR 1      0                         0      0        1
  SINCE JAN 1      0                         0      0        1
..................................................................


WIND (MPH)
  HIGHEST WIND SPEED    21   HIGHEST WIND DIRECTION     N (340)
  HIGHEST GUST SPEED    29   HIGHEST GUST DIRECTION    NW (330)
  AVERAGE WIND SPEED    13.9


SKY COVER
  POSSIBLE SUNSHINE  MM
  AVERAGE SKY COVER 1.0


WEATHER CONDITIONS
 THE FOLLOWING WEATHER WAS RECORDED TODAY.
  SNOW
  LIGHT SNOW
  FOG
  FOG W/VISIBILITY <= 1/4 MILE


RELATIVE HUMIDITY (PERCENT)
 HIGHEST    89          1200 AM
 LOWEST     75           100 PM
 AVERAGE    82

..........................................................


THE BUFFALO WY CLIMATE NORMALS FOR TOMORROW
                         NORMAL    RECORD    YEAR
 MAXIMUM TEMPERATURE (F)   58        80      2007
 MINIMUM TEMPERATURE (F)   37        20      2005


SUNRISE AND SUNSET
APRIL 28 2017.........SUNRISE   602 AM MDT   SUNSET   808 PM MDT
APRIL 29 2017.........SUNRISE   600 AM MDT   SUNSET   809 PM MDT


-  INDICATES NEGATIVE NUMBERS.
R  INDICATES RECORD WAS SET OR TIED.
MM INDICATES DATA IS MISSING.
T  INDICATES TRACE AMOUNT.




$$
