000
CDUS45 KRIW 230733
CLIBYG


CLIMATE REPORT
NATIONAL WEATHER SERVICE RIVERTON WY
133 AM MDT SAT MAY 23 2015


...................................

...THE BUFFALO WY CLIMATE SUMMARY FOR MAY 22 2015...

CLIMATE NORMAL PERIOD 1981 TO 2010
CLIMATE RECORD PERIOD 1998 TO 2015


WEATHER ITEM   OBSERVED TIME   RECORD YEAR NORMAL DEPARTURE LAST
                VALUE   (LST)  VALUE       VALUE  FROM      YEAR
                                                  NORMAL
..................................................................
TEMPERATURE (F)
 YESTERDAY
  MAXIMUM         57   1215 PM  87    2006  65     -8       71
  MINIMUM         44    353 AM  31    2002  42      2       45
  AVERAGE         51                        53     -2       58

PRECIPITATION (IN)
  YESTERDAY        0.03          3.32 2008   0.09  -0.06      T
  MONTH TO DATE    2.25                      1.81   0.44     1.51
  SINCE MAR 1      3.11                      4.03  -0.92     3.23
  SINCE JAN 1      3.75                      4.80  -1.05     3.59

DEGREE DAYS
 HEATING
  YESTERDAY       14                        12      2        7
  MONTH TO DATE  378                       314     64      367
  SINCE MAR 1   1633                      1918   -285     2025
  SINCE JUL 1   6329                      7158   -829     7269

 COOLING
  YESTERDAY        0                         0      0        0
  MONTH TO DATE    0                         0      0        0
  SINCE MAR 1      0                         0      0        0
  SINCE JAN 1      0                         0      0        0
..................................................................


WIND (MPH)
  HIGHEST WIND SPEED    22   HIGHEST WIND DIRECTION    SE (130)
  HIGHEST GUST SPEED    29   HIGHEST GUST DIRECTION    SE (130)
  AVERAGE WIND SPEED    14.0


SKY COVER
  POSSIBLE SUNSHINE  MM
  AVERAGE SKY COVER 0.8


WEATHER CONDITIONS
 THE FOLLOWING WEATHER WAS RECORDED YESTERDAY.
  LIGHT RAIN
  FOG


RELATIVE HUMIDITY (PERCENT)
 HIGHEST    93           600 AM
 LOWEST     61           100 PM
 AVERAGE    77

..........................................................


THE BUFFALO WY CLIMATE NORMALS FOR TODAY
                         NORMAL    RECORD    YEAR
 MAXIMUM TEMPERATURE (F)   65        77      2014
 MINIMUM TEMPERATURE (F)   42        27      2002


SUNRISE AND SUNSET
MAY 23 2015...........SUNRISE   532 AM MDT   SUNSET   836 PM MDT
MAY 24 2015...........SUNRISE   531 AM MDT   SUNSET   837 PM MDT


-  INDICATES NEGATIVE NUMBERS.
R  INDICATES RECORD WAS SET OR TIED.
MM INDICATES DATA IS MISSING.
T  INDICATES TRACE AMOUNT.




$$
