000
CDUS45 KRIW 250729
CLIBYG


CLIMATE REPORT
NATIONAL WEATHER SERVICE RIVERTON WY
129 AM MDT MON SEP 25 2017


...................................

...THE BUFFALO WY CLIMATE SUMMARY FOR SEPTEMBER 24 2017...

CLIMATE NORMAL PERIOD 1981 TO 2010
CLIMATE RECORD PERIOD 1998 TO 2017


WEATHER ITEM   OBSERVED TIME   RECORD YEAR NORMAL DEPARTURE LAST
                VALUE   (LST)  VALUE       VALUE  FROM      YEAR
                                                  NORMAL
..................................................................
TEMPERATURE (F)
 YESTERDAY
  MAXIMUM         43    524 PM  87    2001  67    -24       51
  MINIMUM         37    711 AM  27    2000  41     -4       42
  AVERAGE         40                        54    -14       47

PRECIPITATION (IN)
  YESTERDAY        T             1.29 2016   0.05  -0.05     1.29
  MONTH TO DATE    1.56                      0.97   0.59     3.24
  SINCE SEP 1      1.56                      0.97   0.59     3.24
  SINCE JAN 1     13.46                     11.24   2.22     9.56

DEGREE DAYS
 HEATING
  YESTERDAY       25                        12     13       18
  MONTH TO DATE  204                       171     33      155
  SINCE SEP 1    204                       171     33      155
  SINCE JUL 1    226                       236    -10      194

 COOLING
  YESTERDAY        0                         0      0        0
  MONTH TO DATE   90                        44     46       30
  SINCE SEP 1     90                        44     46       30
  SINCE JAN 1    622                       490    132      624
..................................................................


WIND (MPH)
  HIGHEST WIND SPEED    18   HIGHEST WIND DIRECTION     N (350)
  HIGHEST GUST SPEED    24   HIGHEST GUST DIRECTION     N (10)
  AVERAGE WIND SPEED     9.2


SKY COVER
  POSSIBLE SUNSHINE  MM
  AVERAGE SKY COVER 1.0


WEATHER CONDITIONS
 THE FOLLOWING WEATHER WAS RECORDED YESTERDAY.
  LIGHT RAIN
  FOG
  FOG W/VISIBILITY <= 1/4 MILE


RELATIVE HUMIDITY (PERCENT)
 HIGHEST    92           100 AM
 LOWEST     76           100 PM
 AVERAGE    84

..........................................................


THE BUFFALO WY CLIMATE NORMALS FOR TODAY
                         NORMAL    RECORD    YEAR
 MAXIMUM TEMPERATURE (F)   66        93      2014
 MINIMUM TEMPERATURE (F)   41        33      2007
                                             2002
                                             2000


SUNRISE AND SUNSET
SEPTEMBER 25 2017.....SUNRISE   658 AM MDT   SUNSET   658 PM MDT
SEPTEMBER 26 2017.....SUNRISE   659 AM MDT   SUNSET   656 PM MDT


-  INDICATES NEGATIVE NUMBERS.
R  INDICATES RECORD WAS SET OR TIED.
MM INDICATES DATA IS MISSING.
T  INDICATES TRACE AMOUNT.




$$
