000
CDUS45 KRIW 030731
CLIBYG


CLIMATE REPORT
NATIONAL WEATHER SERVICE RIVERTON WY
1230 AM MST SAT DEC 3 2016


...................................

...THE BUFFALO WY CLIMATE SUMMARY FOR DECEMBER 2 2016...

CLIMATE NORMAL PERIOD 1981 TO 2010
CLIMATE RECORD PERIOD 1998 TO 2016


WEATHER ITEM   OBSERVED TIME   RECORD YEAR NORMAL DEPARTURE LAST
                VALUE   (LST)  VALUE       VALUE  FROM      YEAR
                                                  NORMAL
..................................................................
TEMPERATURE (F)
 YESTERDAY
  MAXIMUM         38    242 PM  62    2012  37      1       42
  MINIMUM         21   1156 PM  -4    2007  17      4       21
  AVERAGE         30                        27      3       32

PRECIPITATION (IN)
  YESTERDAY        0.00          0.14 2013   0.02  -0.02     0.00
  MONTH TO DATE    T                         0.04  -0.04     0.00
  SINCE DEC 1      T                         0.04  -0.04     0.00
  SINCE JAN 1     12.04                     13.09  -1.05    13.67

DEGREE DAYS
 HEATING
  YESTERDAY       35                        38     -3       33
  MONTH TO DATE   67                        76     -9       69
  SINCE DEC 1     67                        76     -9       69
  SINCE JUL 1   1249                      1910   -661     1498

 COOLING
  YESTERDAY        0                         0      0        0
  MONTH TO DATE    0                         0      0        0
  SINCE DEC 1      0                         0      0        0
  SINCE JAN 1    632                       492    140      560
..................................................................


WIND (MPH)
  HIGHEST WIND SPEED    18   HIGHEST WIND DIRECTION    NW (310)
  HIGHEST GUST SPEED    22   HIGHEST GUST DIRECTION    NW (330)
  AVERAGE WIND SPEED     6.0


SKY COVER
  POSSIBLE SUNSHINE  MM
  AVERAGE SKY COVER 0.4


WEATHER CONDITIONS
 THE FOLLOWING WEATHER WAS RECORDED YESTERDAY.
  NO SIGNIFICANT WEATHER WAS OBSERVED.


RELATIVE HUMIDITY (PERCENT)
 HIGHEST    63          1200 AM
 LOWEST     44          1200 PM
 AVERAGE    54

..........................................................


THE BUFFALO WY CLIMATE NORMALS FOR TODAY
                         NORMAL    RECORD    YEAR
 MAXIMUM TEMPERATURE (F)   37        51      2007
 MINIMUM TEMPERATURE (F)   16         2      2013
                                             2009


SUNRISE AND SUNSET
DECEMBER  3 2016......SUNRISE   726 AM MST   SUNSET   428 PM MST
DECEMBER  4 2016......SUNRISE   727 AM MST   SUNSET   428 PM MST


-  INDICATES NEGATIVE NUMBERS.
R  INDICATES RECORD WAS SET OR TIED.
MM INDICATES DATA IS MISSING.
T  INDICATES TRACE AMOUNT.




$$
