000
CDUS45 KRIW 260732
CLIBYG


CLIMATE REPORT
NATIONAL WEATHER SERVICE RIVERTON WY
1231 AM MST SUN FEB 26 2017


...................................

...THE BUFFALO WY CLIMATE SUMMARY FOR FEBRUARY 25 2017...

CLIMATE NORMAL PERIOD 1981 TO 2010
CLIMATE RECORD PERIOD 1998 TO 2017


WEATHER ITEM   OBSERVED TIME   RECORD YEAR NORMAL DEPARTURE LAST
                VALUE   (LST)  VALUE       VALUE  FROM      YEAR
                                                  NORMAL
..................................................................
TEMPERATURE (F)
 YESTERDAY
  MAXIMUM         26    338 PM  63    1999  40    -14       51
  MINIMUM         12   1159 PM -17    2011  19     -7       18
  AVERAGE         19                        30    -11       35

PRECIPITATION (IN)
  YESTERDAY        0.00          0.03 2010   0.01  -0.01     0.00
                                      2010
                                      2015
  MONTH TO DATE    0.33                      0.31   0.02     0.45
  SINCE DEC 1      0.68                      1.13  -0.45     0.68
  SINCE JAN 1      0.43                      0.73  -0.30     0.58

DEGREE DAYS
 HEATING
  YESTERDAY       46                        35     11       30
  MONTH TO DATE  790                       929   -139      723
  SINCE DEC 1   3535                      3302    233     2880
  SINCE JUL 1   4717                      5136   -419     4309

 COOLING
  YESTERDAY        0                         0      0        0
  MONTH TO DATE    0                         0      0        0
  SINCE DEC 1      0                         0      0        0
  SINCE JAN 1      0                         0      0        0
..................................................................


WIND (MPH)
  HIGHEST WIND SPEED    12   HIGHEST WIND DIRECTION    NW (320)
  HIGHEST GUST SPEED    17   HIGHEST GUST DIRECTION     S (170)
  AVERAGE WIND SPEED     5.6


SKY COVER
  POSSIBLE SUNSHINE  MM
  AVERAGE SKY COVER 0.3


WEATHER CONDITIONS
 THE FOLLOWING WEATHER WAS RECORDED YESTERDAY.
  NO SIGNIFICANT WEATHER WAS OBSERVED.


RELATIVE HUMIDITY (PERCENT)
 HIGHEST    88           100 AM
 LOWEST     55           400 PM
 AVERAGE    72

..........................................................


THE BUFFALO WY CLIMATE NORMALS FOR TODAY
                         NORMAL    RECORD    YEAR
 MAXIMUM TEMPERATURE (F)   40        61      2016
 MINIMUM TEMPERATURE (F)   19        -7      2011
                                             2002


SUNRISE AND SUNSET
FEBRUARY 26 2017......SUNRISE   649 AM MST   SUNSET   551 PM MST
FEBRUARY 27 2017......SUNRISE   647 AM MST   SUNSET   553 PM MST


-  INDICATES NEGATIVE NUMBERS.
R  INDICATES RECORD WAS SET OR TIED.
MM INDICATES DATA IS MISSING.
T  INDICATES TRACE AMOUNT.




$$
