000
CDUS45 KRIW 280743
CLIBYG


CLIMATE REPORT
NATIONAL WEATHER SERVICE RIVERTON WY
142 AM MDT FRI JUL 28 2017


...................................

...THE BUFFALO WY CLIMATE SUMMARY FOR JULY 27 2017...

CLIMATE NORMAL PERIOD 1981 TO 2010
CLIMATE RECORD PERIOD 1998 TO 2017


WEATHER ITEM   OBSERVED TIME   RECORD YEAR NORMAL DEPARTURE LAST
                VALUE   (LST)  VALUE       VALUE  FROM      YEAR
                                                  NORMAL
..................................................................
TEMPERATURE (F)
 YESTERDAY
  MAXIMUM         87    445 PM  97    2006  86      1       87
  MINIMUM         58    511 AM  49    2015  58      0       61
  AVERAGE         73                        72      1       74

PRECIPITATION (IN)
  YESTERDAY        0.01          1.20 2009   0.06  -0.05     0.02
  MONTH TO DATE    1.15                      1.44  -0.29     0.37
  SINCE JUN 1      2.85                      3.72  -0.87     0.76
  SINCE JAN 1     11.13                      9.24   1.89     5.68

DEGREE DAYS
 HEATING
  YESTERDAY        0                         1     -1        0
  MONTH TO DATE    0                        30    -30        1
  SINCE JUN 1     98                       193    -95       16
  SINCE JUL 1      0                        30    -30        1

 COOLING
  YESTERDAY        8                         8      0        9
  MONTH TO DATE  282                       174    108      223
  SINCE JUN 1    329                       225    104      358
  SINCE JAN 1    340                       232    108      363
..................................................................


WIND (MPH)
  HIGHEST WIND SPEED    31   HIGHEST WIND DIRECTION     N (340)
  HIGHEST GUST SPEED    43   HIGHEST GUST DIRECTION     N (360)
  AVERAGE WIND SPEED     8.5


SKY COVER
  POSSIBLE SUNSHINE  MM
  AVERAGE SKY COVER 0.1


WEATHER CONDITIONS
 THE FOLLOWING WEATHER WAS RECORDED YESTERDAY.
  NO SIGNIFICANT WEATHER WAS OBSERVED.


RELATIVE HUMIDITY (PERCENT)
 HIGHEST    87           400 AM
 LOWEST     30           300 PM
 AVERAGE    59

..........................................................


THE BUFFALO WY CLIMATE NORMALS FOR TODAY
                         NORMAL    RECORD    YEAR
 MAXIMUM TEMPERATURE (F)   86       100      2006
 MINIMUM TEMPERATURE (F)   58        45      2015


SUNRISE AND SUNSET
JULY 28 2017..........SUNRISE   550 AM MDT   SUNSET   836 PM MDT
JULY 29 2017..........SUNRISE   551 AM MDT   SUNSET   835 PM MDT


-  INDICATES NEGATIVE NUMBERS.
R  INDICATES RECORD WAS SET OR TIED.
MM INDICATES DATA IS MISSING.
T  INDICATES TRACE AMOUNT.




$$
