000
CDUS45 KRIW 050748
CLIBYG


CLIMATE REPORT
NATIONAL WEATHER SERVICE RIVERTON WY
1235 AM MST THU MAR 5 2015


...................................

...THE BUFFALO WY CLIMATE SUMMARY FOR MARCH 4 2015...

CLIMATE NORMAL PERIOD 1981 TO 2010
CLIMATE RECORD PERIOD 1998 TO 2015


WEATHER ITEM   OBSERVED TIME   RECORD YEAR NORMAL DEPARTURE LAST
                VALUE   (LST)  VALUE       VALUE  FROM      YEAR
                                                  NORMAL
..................................................................
TEMPERATURE (F)
 YESTERDAY
  MAXIMUM         18    508 PM  68    2000  42    -24       43
  MINIMUM          0R   202 AM   2    2003  20    -20       30
  AVERAGE          9                        31    -22       37

PRECIPITATION (IN)
  YESTERDAY        0.00          0.03 2011   0.02  -0.02     0.00
  MONTH TO DATE    T                         0.08  -0.08     0.08
  SINCE MAR 1      T                         0.08  -0.08     0.08
  SINCE JAN 1      0.64                      0.85  -0.21     0.44

DEGREE DAYS
 HEATING
  YESTERDAY       56                        34     22       28
  MONTH TO DATE  203                       137     66      202
  SINCE MAR 1    203                       137     66      202
  SINCE JUL 1   4899                      5377   -478     5446

 COOLING
  YESTERDAY        0                         0      0        0
  MONTH TO DATE    0                         0      0        0
  SINCE MAR 1      0                         0      0        0
  SINCE JAN 1      0                         0      0        0
..................................................................


WIND (MPH)
  HIGHEST WIND SPEED    18   HIGHEST WIND DIRECTION    NW (320)
  HIGHEST GUST SPEED    23   HIGHEST GUST DIRECTION    NW (310)
  AVERAGE WIND SPEED     5.2


SKY COVER
  POSSIBLE SUNSHINE  MM
  AVERAGE SKY COVER 0.1


WEATHER CONDITIONS
 THE FOLLOWING WEATHER WAS RECORDED YESTERDAY.
  NO SIGNIFICANT WEATHER WAS OBSERVED.


RELATIVE HUMIDITY (PERCENT)
 HIGHEST    75           700 AM
 LOWEST     45           300 AM
 AVERAGE    60

..........................................................


THE BUFFALO WY CLIMATE NORMALS FOR TODAY
                         NORMAL    RECORD    YEAR
 MAXIMUM TEMPERATURE (F)   43        63      2000
 MINIMUM TEMPERATURE (F)   20        -2      2003


SUNRISE AND SUNSET
MARCH  5 2015.........SUNRISE   637 AM MST   SUNSET   600 PM MST
MARCH  6 2015.........SUNRISE   636 AM MST   SUNSET   601 PM MST


-  INDICATES NEGATIVE NUMBERS.
R  INDICATES RECORD WAS SET OR TIED.
MM INDICATES DATA IS MISSING.
T  INDICATES TRACE AMOUNT.




$$
