000
CDUS45 KPIH 110732
CLIBYI


CLIMATE REPORT
NATIONAL WEATHER SERVICE POCATELLO ID
1231 AM MST SUN DEC 11 2016


...................................

...THE BURLEY ID CLIMATE SUMMARY FOR DECEMBER 10 2016...

CLIMATE NORMAL PERIOD 1981 TO 2010
CLIMATE RECORD PERIOD 1948 TO 2016


WEATHER ITEM   OBSERVED TIME   RECORD YEAR NORMAL DEPARTURE LAST
                VALUE   (LST)  VALUE       VALUE  FROM      YEAR
                                                  NORMAL
..................................................................
TEMPERATURE (F)
 YESTERDAY
  MAXIMUM         39    340 PM  61    1990  35      4       51
  MINIMUM         33   1119 PM -19    1972  19     14       29
  AVERAGE         36                        27      9       40

PRECIPITATION (IN)
  YESTERDAY        0.51R         0.31 1964   0.04   0.47     0.07
  MONTH TO DATE    1.01                      0.38   0.63     0.39
  SINCE OCT 1      4.27                      2.08   2.19     2.34
  SINCE JAN 1     12.97                      9.39   3.58     9.21

SNOWFALL (IN)
  YESTERDAY       MM
  MONTH TO DATE   MM
  SINCE DEC 1     MM
  SINCE JUL 1     MM
  SNOW DEPTH      MM

DEGREE DAYS
 HEATING
  YESTERDAY       29                        38     -9       25
  MONTH TO DATE  389                       370     19      337
  SINCE DEC 1    389                       370     19      337
  SINCE JUL 1   1787                      2058   -271     1758

 COOLING
  YESTERDAY        0                         0      0        0
  MONTH TO DATE    0                         0      0        0
  SINCE DEC 1      0                         0      0        0
  SINCE JAN 1    353                       365    -12      472
..................................................................


WIND (MPH)
  HIGHEST WIND SPEED    24   HIGHEST WIND DIRECTION    SW (230)
  HIGHEST GUST SPEED    30   HIGHEST GUST DIRECTION    SW (240)
  AVERAGE WIND SPEED    11.2


SKY COVER
  POSSIBLE SUNSHINE  MM
  AVERAGE SKY COVER 1.0


WEATHER CONDITIONS
 THE FOLLOWING WEATHER WAS RECORDED YESTERDAY.
  LIGHT RAIN
  LIGHT SNOW
  FOG


RELATIVE HUMIDITY (PERCENT)
 HIGHEST   100           100 PM
 LOWEST     82          1000 PM
 AVERAGE    91

..........................................................


THE BURLEY ID CLIMATE NORMALS FOR TODAY
                         NORMAL    RECORD    YEAR
 MAXIMUM TEMPERATURE (F)   35        61      2014
 MINIMUM TEMPERATURE (F)   19       -23      1972


SUNRISE AND SUNSET
DECEMBER 11 2016......SUNRISE   755 AM MST   SUNSET   502 PM MST
DECEMBER 12 2016......SUNRISE   756 AM MST   SUNSET   502 PM MST


-  INDICATES NEGATIVE NUMBERS.
R  INDICATES RECORD WAS SET OR TIED.
MM INDICATES DATA IS MISSING.
T  INDICATES TRACE AMOUNT.




$$
