000
CDUS45 KPIH 270807
CLIBYI


CLIMATE REPORT
NATIONAL WEATHER SERVICE POCATELLO ID
106 AM MST TUE JAN 27 2015


...................................

...THE BURLEY ID CLIMATE SUMMARY FOR JANUARY 26 2015...

CLIMATE NORMAL PERIOD 1981 TO 2010
CLIMATE RECORD PERIOD 1948 TO 2015


WEATHER ITEM   OBSERVED TIME   RECORD YEAR NORMAL DEPARTURE LAST
                VALUE   (LST)  VALUE       VALUE  FROM      YEAR
                                                  NORMAL
..................................................................
TEMPERATURE (F)
 YESTERDAY
  MAXIMUM         49    422 PM  55    1998  36     13       32
  MINIMUM         27    747 AM -19    1949  19      8       19
  AVERAGE         38                        27     11       26

PRECIPITATION (IN)
  YESTERDAY        0.00          0.41 1970   0.03  -0.03     0.00
  MONTH TO DATE    0.56                      0.79  -0.23     0.32
  SINCE OCT 1      2.61                      3.62  -1.01     0.93
  SINCE JAN 1      0.56                      0.79  -0.23     0.32

SNOWFALL (IN)
  YESTERDAY       MM
  MONTH TO DATE   MM
  SINCE DEC 1     MM
  SINCE JUL 1     MM
  SNOW DEPTH      MM

DEGREE DAYS
 HEATING
  YESTERDAY       27                        38    -11       39
  MONTH TO DATE  909                      1000    -91      884
  SINCE DEC 1   1786                      2192   -406     2155
  SINCE JUL 1   3167                      3880   -713     3723

 COOLING
  YESTERDAY        0                         0      0        0
  MONTH TO DATE    0                         0      0        0
  SINCE DEC 1      0                         0      0        0
  SINCE JAN 1      0                         0      0        0
..................................................................


WIND (MPH)
  HIGHEST WIND SPEED    20   HIGHEST WIND DIRECTION     E (70)
  HIGHEST GUST SPEED    24   HIGHEST GUST DIRECTION     E (80)
  AVERAGE WIND SPEED    13.1


SKY COVER
  POSSIBLE SUNSHINE  MM
  AVERAGE SKY COVER 0.5


WEATHER CONDITIONS
 THE FOLLOWING WEATHER WAS RECORDED YESTERDAY.
  FOG


RELATIVE HUMIDITY (PERCENT)
 HIGHEST    92          1200 AM
 LOWEST     61           300 PM
 AVERAGE    77

..........................................................


THE BURLEY ID CLIMATE NORMALS FOR TODAY
                         NORMAL    RECORD    YEAR
 MAXIMUM TEMPERATURE (F)   36        56      1992
 MINIMUM TEMPERATURE (F)   19        -7      1957


SUNRISE AND SUNSET
JANUARY 27 2015.......SUNRISE   754 AM MST   SUNSET   542 PM MST
JANUARY 28 2015.......SUNRISE   753 AM MST   SUNSET   543 PM MST


-  INDICATES NEGATIVE NUMBERS.
R  INDICATES RECORD WAS SET OR TIED.
MM INDICATES DATA IS MISSING.
T  INDICATES TRACE AMOUNT.




$$
