000
CDUS45 KPIH 230734
CLIBYI


CLIMATE REPORT
NATIONAL WEATHER SERVICE POCATELLO ID
1233 AM MST THU NOV 23 2017


...................................

...THE BURLEY ID CLIMATE SUMMARY FOR NOVEMBER 22 2017...

CLIMATE NORMAL PERIOD 1981 TO 2010
CLIMATE RECORD PERIOD 1948 TO 2017


WEATHER ITEM   OBSERVED TIME   RECORD YEAR NORMAL DEPARTURE LAST
                VALUE   (LST)  VALUE       VALUE  FROM      YEAR
                                                  NORMAL
..................................................................
TEMPERATURE (F)
 YESTERDAY
  MAXIMUM         68R   322 PM  64    1954  42     26       47
  MINIMUM         40    812 AM   0    1994  24     16       31
  AVERAGE         54                        33     21       39

PRECIPITATION (IN)
  YESTERDAY        0.00          0.46 2014   0.03  -0.03     0.00
  MONTH TO DATE    0.70                      0.66   0.04     0.07
  SINCE OCT 1      0.83                      1.42  -0.59     3.02
  SINCE JAN 1     11.02                      8.73   2.29    11.72

SNOWFALL (IN)
  YESTERDAY       MM
  MONTH TO DATE   MM
  SINCE SEP 1     MM
  SINCE JUL 1     MM
  SNOW DEPTH      MM

DEGREE DAYS
 HEATING
  YESTERDAY       11                        32    -21       26
  MONTH TO DATE  517                       608    -91      450
  SINCE SEP 1   1362                      1359      3     1110
  SINCE JUL 1   1368                      1416    -48     1166

 COOLING
  YESTERDAY        0                         0      0        0
  MONTH TO DATE    0                         0      0        0
  SINCE SEP 1     68                        21     47       10
  SINCE JAN 1    601                       365    236      353
..................................................................


WIND (MPH)
  HIGHEST WIND SPEED    13   HIGHEST WIND DIRECTION    SW (220)
  HIGHEST GUST SPEED    16   HIGHEST GUST DIRECTION    SW (210)
  AVERAGE WIND SPEED     2.7


SKY COVER
  POSSIBLE SUNSHINE  MM
  AVERAGE SKY COVER 0.3


WEATHER CONDITIONS
 THE FOLLOWING WEATHER WAS RECORDED YESTERDAY.
  NO SIGNIFICANT WEATHER WAS OBSERVED.


RELATIVE HUMIDITY (PERCENT)
 HIGHEST    96           100 AM
 LOWEST     39           300 PM
 AVERAGE    68

..........................................................


THE BURLEY ID CLIMATE NORMALS FOR TODAY
                         NORMAL    RECORD    YEAR
 MAXIMUM TEMPERATURE (F)   42        60      1995
 MINIMUM TEMPERATURE (F)   23        -6      1985


SUNRISE AND SUNSET
NOVEMBER 23 2017......SUNRISE   736 AM MST   SUNSET   506 PM MST
NOVEMBER 24 2017......SUNRISE   738 AM MST   SUNSET   506 PM MST


-  INDICATES NEGATIVE NUMBERS.
R  INDICATES RECORD WAS SET OR TIED.
MM INDICATES DATA IS MISSING.
T  INDICATES TRACE AMOUNT.




$$
