000
CDUS45 KPIH 132333
CLIBYI


CLIMATE REPORT
NATIONAL WEATHER SERVICE POCATELLO ID
430 PM MST SAT FEB 13 2016


...................................

...THE BURLEY ID CLIMATE SUMMARY FOR FEBRUARY 13 2016...
VALID TODAY AS OF 0400 PM LOCAL TIME.

CLIMATE NORMAL PERIOD 1981 TO 2010
CLIMATE RECORD PERIOD 1948 TO 2016


WEATHER ITEM   OBSERVED TIME   RECORD YEAR NORMAL DEPARTURE LAST
                VALUE   (LST)  VALUE       VALUE  FROM      YEAR
                                                  NORMAL
..................................................................
TEMPERATURE (F)
 TODAY
  MAXIMUM         47    234 PM  62    1967  39      8       60
  MINIMUM         26    618 AM  -9    1949  21      5       25
  AVERAGE         37                        30      7       43

PRECIPITATION (IN)
  TODAY            0.00          0.36 1984   0.02  -0.02     0.00
  MONTH TO DATE    0.03                      0.33  -0.30     0.35
  SINCE OCT 1      3.91                      4.07  -0.16     3.02
  SINCE JAN 1      1.11                      1.24  -0.13     0.97

SNOWFALL (IN)
  TODAY           MM
  MONTH TO DATE   MM
  SINCE DEC 1     MM
  SINCE JUL 1     MM
  SNOW DEPTH      MM

DEGREE DAYS
 HEATING
  TODAY           28                        35     -7       22
  MONTH TO DATE  446                       468    -22      265
  SINCE DEC 1   2707                      2846   -139     2182
  SINCE JUL 1   4128                      4534   -406     3563

 COOLING
  TODAY            0                         0      0        0
  MONTH TO DATE    0                         0      0        0
  SINCE DEC 1      0                         0      0        0
  SINCE JAN 1      0                         0      0        0
..................................................................


WIND (MPH)
  HIGHEST WIND SPEED    24   HIGHEST WIND DIRECTION     W (250)
  HIGHEST GUST SPEED    31   HIGHEST GUST DIRECTION     W (250)
  AVERAGE WIND SPEED     6.7


SKY COVER
  POSSIBLE SUNSHINE  MM
  AVERAGE SKY COVER 0.3


WEATHER CONDITIONS
 THE FOLLOWING WEATHER WAS RECORDED TODAY.
  FOG


RELATIVE HUMIDITY (PERCENT)
 HIGHEST   100           500 AM
 LOWEST     53           400 PM
 AVERAGE    77

..........................................................


THE BURLEY ID CLIMATE NORMALS FOR TOMORROW
                         NORMAL    RECORD    YEAR
 MAXIMUM TEMPERATURE (F)   40        57      1991
 MINIMUM TEMPERATURE (F)   21        -5      2004


SUNRISE AND SUNSET
FEBRUARY 13 2016......SUNRISE   735 AM MST   SUNSET   604 PM MST
FEBRUARY 14 2016......SUNRISE   734 AM MST   SUNSET   605 PM MST


-  INDICATES NEGATIVE NUMBERS.
R  INDICATES RECORD WAS SET OR TIED.
MM INDICATES DATA IS MISSING.
T  INDICATES TRACE AMOUNT.




$$
