000
CDUS45 KPIH 060729
CLIBYI


CLIMATE REPORT
NATIONAL WEATHER SERVICE POCATELLO ID
129 AM MDT FRI MAY 6 2016


...................................

...THE BURLEY ID CLIMATE SUMMARY FOR MAY 5 2016...

CLIMATE NORMAL PERIOD 1981 TO 2010
CLIMATE RECORD PERIOD 1948 TO 2016


WEATHER ITEM   OBSERVED TIME   RECORD YEAR NORMAL DEPARTURE LAST
                VALUE   (LST)  VALUE       VALUE  FROM      YEAR
                                                  NORMAL
..................................................................
TEMPERATURE (F)
 YESTERDAY
  MAXIMUM         81    221 PM  88    1992  64     17       71
  MINIMUM         49    537 AM  22    1982  38     11       44
  AVERAGE         65                        51     14       58

PRECIPITATION (IN)
  YESTERDAY        0.01          1.15 1973   0.05  -0.04      T
  MONTH TO DATE    0.01                      0.25  -0.24      T
  SINCE OCT 1      6.64                      6.88  -0.24     3.57
  SINCE JAN 1      3.84                      4.05  -0.21     1.52

SNOWFALL (IN)
  YESTERDAY       MM
  MONTH TO DATE   MM
  SINCE MAR 1     MM
  SINCE JUL 1     MM
  SNOW DEPTH      MM

DEGREE DAYS
 HEATING
  YESTERDAY        0                        14    -14        7
  MONTH TO DATE   43                        73    -30       35
  SINCE MAR 1   1146                      1439   -293     1158
  SINCE JUL 1   5653                      6461   -808     5135

 COOLING
  YESTERDAY        0                         0      0        0
  MONTH TO DATE    0                         0      0        0
  SINCE MAR 1      0                         0      0        0
  SINCE JAN 1      0                         0      0        0
..................................................................


WIND (MPH)
  HIGHEST WIND SPEED    18   HIGHEST WIND DIRECTION     S (170)
  HIGHEST GUST SPEED    25   HIGHEST GUST DIRECTION    SE (130)
  AVERAGE WIND SPEED     5.3


SKY COVER
  POSSIBLE SUNSHINE  MM
  AVERAGE SKY COVER 0.0


WEATHER CONDITIONS
 THE FOLLOWING WEATHER WAS RECORDED YESTERDAY.
  LIGHT RAIN


RELATIVE HUMIDITY (PERCENT)
 HIGHEST    80           200 AM
 LOWEST     21           300 PM
 AVERAGE    51

..........................................................


THE BURLEY ID CLIMATE NORMALS FOR TODAY
                         NORMAL    RECORD    YEAR
 MAXIMUM TEMPERATURE (F)   64        89      1992
 MINIMUM TEMPERATURE (F)   39        22      1964


SUNRISE AND SUNSET
MAY  6 2016...........SUNRISE   623 AM MDT   SUNSET   841 PM MDT
MAY  7 2016...........SUNRISE   621 AM MDT   SUNSET   842 PM MDT


-  INDICATES NEGATIVE NUMBERS.
R  INDICATES RECORD WAS SET OR TIED.
MM INDICATES DATA IS MISSING.
T  INDICATES TRACE AMOUNT.




$$
