000
CDUS45 KPIH 220736
CLIBYI


CLIMATE REPORT
NATIONAL WEATHER SERVICE POCATELLO ID
135 AM MDT FRI SEP 22 2017


...................................

...THE BURLEY ID CLIMATE SUMMARY FOR SEPTEMBER 21 2017...

CLIMATE NORMAL PERIOD 1981 TO 2010
CLIMATE RECORD PERIOD 1948 TO 2017


WEATHER ITEM   OBSERVED TIME   RECORD YEAR NORMAL DEPARTURE LAST
                VALUE   (LST)  VALUE       VALUE  FROM      YEAR
                                                  NORMAL
..................................................................
TEMPERATURE (F)
 YESTERDAY
  MAXIMUM         46    450 PM  90    1979  72    -26       73
  MINIMUM         41    904 AM  25    1983  41      0       52
  AVERAGE         44                        56    -12       63

PRECIPITATION (IN)
  YESTERDAY        0.36          0.59 1998   0.02   0.34     0.28
  MONTH TO DATE    1.58                      0.36   1.22     1.56
  SINCE OCT 1     14.96                      9.95   5.01     9.75
  SINCE JAN 1     10.17                      7.12   3.05     6.95

SNOWFALL (IN)
  YESTERDAY       MM
  MONTH TO DATE   MM
  SINCE SEP 1     MM
  SINCE JUL 1     MM
  SNOW DEPTH      MM

DEGREE DAYS
 HEATING
  YESTERDAY       21                         9     12        2
  MONTH TO DATE   98                       118    -20      142
  SINCE SEP 1     98                       118    -20      142
  SINCE JUL 1    104                       175    -71      198

 COOLING
  YESTERDAY        0                         0      0        0
  MONTH TO DATE   68                        19     49        9
  SINCE SEP 1     68                        19     49        9
  SINCE JAN 1    601                       363    238      352
..................................................................


WIND (MPH)
  HIGHEST WIND SPEED    10   HIGHEST WIND DIRECTION    SW (240)
  HIGHEST GUST SPEED    15   HIGHEST GUST DIRECTION    NW (300)
  AVERAGE WIND SPEED     5.5


SKY COVER
  POSSIBLE SUNSHINE  MM
  AVERAGE SKY COVER 1.0


WEATHER CONDITIONS
 THE FOLLOWING WEATHER WAS RECORDED YESTERDAY.
  RAIN
  LIGHT RAIN
  FOG


RELATIVE HUMIDITY (PERCENT)
 HIGHEST   100           500 AM
 LOWEST     76           200 PM
 AVERAGE    88

..........................................................


THE BURLEY ID CLIMATE NORMALS FOR TODAY
                         NORMAL    RECORD    YEAR
 MAXIMUM TEMPERATURE (F)   71        93      1992
 MINIMUM TEMPERATURE (F)   41        28      1956


SUNRISE AND SUNSET
SEPTEMBER 22 2017.....SUNRISE   723 AM MDT   SUNSET   732 PM MDT
SEPTEMBER 23 2017.....SUNRISE   724 AM MDT   SUNSET   730 PM MDT


-  INDICATES NEGATIVE NUMBERS.
R  INDICATES RECORD WAS SET OR TIED.
MM INDICATES DATA IS MISSING.
T  INDICATES TRACE AMOUNT.




$$
