000
CDUS45 KTFX 281055
CLIBZN


CLIMATE REPORT
NATIONAL WEATHER SERVICE GREAT FALLS MT
454 AM MDT WED SEP 28 2016


...................................

...THE BOZEMAN/GALLATIN FIELD MT CLIMATE SUMMARY FOR SEPTEMBER 27 2016...

CLIMATE NORMAL PERIOD 1981 TO 2010
CLIMATE RECORD PERIOD 1935 TO 2016


WEATHER ITEM   OBSERVED TIME   RECORD YEAR NORMAL DEPARTURE LAST
                VALUE   (LST)  VALUE       VALUE  FROM      YEAR
                                                  NORMAL
..................................................................
TEMPERATURE (F)
 YESTERDAY
  MAXIMUM         81    402 PM  87    2001  70     11       72
  MINIMUM         37    552 AM  22    1964  37      0       40
  AVERAGE         59                        53      6       56

PRECIPITATION (IN)
  YESTERDAY        0.00          0.68 1983   0.04  -0.04      T
  MONTH TO DATE    1.10                      0.99   0.11     1.05
  SINCE OCT 1     12.74                     13.87  -1.13    12.05
  SINCE JAN 1      9.89                     11.49  -1.60    10.12

SNOWFALL (IN)
  YESTERDAY        0.0           1.2  1984   0.0    0.0      0.0
  MONTH TO DATE    0.0                       0.2   -0.2      0.0
  SINCE SEP 1      0.0                       0.2   -0.2      0.0
  SINCE JUL 1      0.0                       0.2   -0.2      0.0
  SNOW DEPTH       0

DEGREE DAYS
 HEATING
  YESTERDAY        6                        12     -6        9
  MONTH TO DATE  288                       201     87      191
  SINCE SEP 1    288                       201     87      191
  SINCE JUL 1    397                       268    129      290

 COOLING
  YESTERDAY        0                         0      0        0
  MONTH TO DATE   10                        20    -10        9
  SINCE SEP 1     10                        20    -10        9
  SINCE JAN 1    232                       366   -134      243
..................................................................


WIND (MPH)
  HIGHEST WIND SPEED    14   HIGHEST WIND DIRECTION     S (170)
  HIGHEST GUST SPEED    16   HIGHEST GUST DIRECTION     S (160)
  AVERAGE WIND SPEED     3.2


SKY COVER
  AVERAGE SKY COVER 0.0


WEATHER CONDITIONS
 THE FOLLOWING WEATHER WAS RECORDED YESTERDAY.
  HAZE


RELATIVE HUMIDITY (PERCENT)
 HIGHEST    86
 LOWEST     23
 AVERAGE    55

..........................................................


THE BOZEMAN/GALLATIN FIELD MT CLIMATE NORMALS FOR TODAY
                         NORMAL    RECORD    YEAR
 MAXIMUM TEMPERATURE (F)   69        90      2010
 MINIMUM TEMPERATURE (F)   36        17      1999


SUNRISE AND SUNSET
SEPTEMBER 28 2016.....SUNRISE   720 AM MDT   SUNSET   709 PM MDT
SEPTEMBER 29 2016.....SUNRISE   721 AM MDT   SUNSET   707 PM MDT


-  INDICATES NEGATIVE NUMBERS.
R  INDICATES RECORD WAS SET OR TIED.
MM INDICATES DATA IS MISSING.
T  INDICATES TRACE AMOUNT.




$$
