000
CDUS45 KTFX 171053
CLIBZN


CLIMATE REPORT
NATIONAL WEATHER SERVICE GREAT FALLS MT
352 AM MST WED JAN 17 2018


...................................

...THE BOZEMAN/GALLATIN FIELD MT CLIMATE SUMMARY FOR JANUARY 16 2018...

CLIMATE NORMAL PERIOD 1981 TO 2010
CLIMATE RECORD PERIOD 1935 TO 2018


WEATHER ITEM   OBSERVED TIME   RECORD YEAR NORMAL DEPARTURE LAST
                VALUE   (LST)  VALUE       VALUE  FROM      YEAR
                                                  NORMAL
..................................................................
TEMPERATURE (F)
 YESTERDAY
  MAXIMUM         24    322 PM  56    1974  36    -12       17
  MINIMUM          2    627 AM -31    1957  11     -9      -12
  AVERAGE         13                        24    -11        3

PRECIPITATION (IN)
  YESTERDAY        0.00          0.27 1959   0.01  -0.01     0.00
  MONTH TO DATE    0.43                      0.25   0.18     0.15
  SINCE OCT 1      3.38                      2.63   0.75     3.48
  SINCE JAN 1      0.43                      0.25   0.18     0.15

SNOWFALL (IN)
  YESTERDAY        0.0           4.5  1952   0.1   -0.1      0.0
  MONTH TO DATE    2.0                       2.0    0.0      6.1
  SINCE DEC 1     23.4                       8.0   15.4     20.2
  SINCE JUL 1     39.6                      15.4   24.2     24.1
  SNOW DEPTH       5

DEGREE DAYS
 HEATING
  YESTERDAY       52                        41     11       62
  MONTH TO DATE  711                       678     33     1003
  SINCE DEC 1   2215                      2032    183     2598
  SINCE JUL 1   4346                      3913    433     4375

 COOLING
  YESTERDAY        0                         0      0        0
  MONTH TO DATE    0                         0      0        0
  SINCE DEC 1      0                         0      0        0
  SINCE JAN 1      0                         0      0        0
..................................................................


WIND (MPH)
  HIGHEST WIND SPEED    10   HIGHEST WIND DIRECTION     S (160)
  HIGHEST GUST SPEED    12   HIGHEST GUST DIRECTION    SE (150)
  AVERAGE WIND SPEED     3.7


SKY COVER
  AVERAGE SKY COVER 0.2


WEATHER CONDITIONS
 THE FOLLOWING WEATHER WAS RECORDED YESTERDAY.
  FOG
  FOG W/VISIBILITY <= 1/4 MILE


RELATIVE HUMIDITY (PERCENT)
 HIGHEST    96
 LOWEST     68
 AVERAGE    82

..........................................................


THE BOZEMAN/GALLATIN FIELD MT CLIMATE NORMALS FOR TODAY
                         NORMAL    RECORD    YEAR
 MAXIMUM TEMPERATURE (F)   36        53      1961
 MINIMUM TEMPERATURE (F)   11       -29      1943


SUNRISE AND SUNSET
JANUARY 17 2018.......SUNRISE   800 AM MST   SUNSET   509 PM MST
JANUARY 18 2018.......SUNRISE   800 AM MST   SUNSET   511 PM MST


-  INDICATES NEGATIVE NUMBERS.
R  INDICATES RECORD WAS SET OR TIED.
MM INDICATES DATA IS MISSING.
T  INDICATES TRACE AMOUNT.




$$
