000
CDUS45 KTFX 010831
CLIBZN


CLIMATE REPORT
NATIONAL WEATHER SERVICE GREAT FALLS MT
229 AM MDT TUE SEP 1 2015


...................................

...THE BOZEMAN/GALLATIN FIELD MT CLIMATE SUMMARY FOR AUGUST 31 2015...

CLIMATE NORMAL PERIOD 1981 TO 2010
CLIMATE RECORD PERIOD 1935 TO 2015


WEATHER ITEM   OBSERVED TIME   RECORD YEAR NORMAL DEPARTURE LAST
                VALUE   (LST)  VALUE       VALUE  FROM      YEAR
                                                  NORMAL
..................................................................
TEMPERATURE (F)
 YESTERDAY
  MAXIMUM         80    507 PM  97    1991  82     -2       68
  MINIMUM         38    529 AM  32    1993  46     -8       49
  AVERAGE         59                        64     -5       59

PRECIPITATION (IN)
  YESTERDAY        0.00          0.93 1973   0.04  -0.04     0.00
  MONTH TO DATE    0.73                      1.08  -0.35     2.93
  SINCE OCT 1     11.00                     12.88  -1.88    13.36
  SINCE JAN 1      9.07                     10.50  -1.43    12.31

SNOWFALL (IN)
  YESTERDAY        0.0           0.0  1999   0.0    0.0      0.0
                                      1994
  MONTH TO DATE    0.0                       T      0.0      0.0
  SINCE JUN 1      0.0                       T      0.0      0.0
  SINCE JUL 1      0.0                       T      0.0      0.0
  SNOW DEPTH       0

DEGREE DAYS
 HEATING
  YESTERDAY        6                         3      3        6
  MONTH TO DATE   68                        39     29       73
  SINCE JUN 1    171                       208    -37      322
  SINCE JUL 1     99                        67     32       86

 COOLING
  YESTERDAY        0                         2     -2        0
  MONTH TO DATE   86                       138    -52       59
  SINCE JUN 1    234                       342   -108      182
  SINCE JAN 1    234                       346   -112      182
..................................................................


WIND (MPH)
  HIGHEST WIND SPEED    13   HIGHEST WIND DIRECTION    NW (320)
  HIGHEST GUST SPEED    16   HIGHEST GUST DIRECTION    NW (330)
  AVERAGE WIND SPEED     4.0


SKY COVER
  AVERAGE SKY COVER 0.0


WEATHER CONDITIONS
 THE FOLLOWING WEATHER WAS RECORDED YESTERDAY.
  NO SIGNIFICANT WEATHER WAS OBSERVED.


RELATIVE HUMIDITY (PERCENT)
 HIGHEST    92
 LOWEST     23
 AVERAGE    58

..........................................................


THE BOZEMAN/GALLATIN FIELD MT CLIMATE NORMALS FOR TODAY
                         NORMAL    RECORD    YEAR
 MAXIMUM TEMPERATURE (F)   82        95      1983
 MINIMUM TEMPERATURE (F)   45        32      2006


SUNRISE AND SUNSET
SEPTEMBER  1 2015.....SUNRISE   645 AM MDT   SUNSET   803 PM MDT
SEPTEMBER  2 2015.....SUNRISE   647 AM MDT   SUNSET   801 PM MDT


-  INDICATES NEGATIVE NUMBERS.
R  INDICATES RECORD WAS SET OR TIED.
MM INDICATES DATA IS MISSING.
T  INDICATES TRACE AMOUNT.




$$
