000
CDUS45 KTFX 291015
CLIBZN


CLIMATE REPORT
NATIONAL WEATHER SERVICE GREAT FALLS MT
413 AM MDT FRI MAY 29 2015


...................................

...THE BOZEMAN/GALLATIN FIELD MT CLIMATE SUMMARY FOR MAY 28 2015...

CLIMATE NORMAL PERIOD 1981 TO 2010
CLIMATE RECORD PERIOD 1935 TO 2015


WEATHER ITEM   OBSERVED TIME   RECORD YEAR NORMAL DEPARTURE LAST
                VALUE   (LST)  VALUE       VALUE  FROM      YEAR
                                                  NORMAL
..................................................................
TEMPERATURE (F)
 YESTERDAY
  MAXIMUM         57    139 PM  87    2014  71    -14       87
                                      1958
  MINIMUM         48    937 PM  24    1947  42      6       42
  AVERAGE         53                        57     -4       65

PRECIPITATION (IN)
  YESTERDAY        0.54          0.81 1982   0.09   0.45      T
  MONTH TO DATE    2.98                      2.15   0.83     1.53
  SINCE OCT 1      7.54                      7.98  -0.44     5.96
  SINCE JAN 1      5.61                      5.60   0.01     4.91

SNOWFALL (IN)
  YESTERDAY        0.0           4.0  1982   0.0    0.0      0.0
  MONTH TO DATE    0.0                       2.3   -2.3       T
  SINCE MAR 1      7.0                      17.5  -10.5      7.3
  SINCE JUL 1     37.4                      39.8   -2.4     32.3
  SNOW DEPTH       0

DEGREE DAYS
 HEATING
  YESTERDAY       12                         8      4        0
  MONTH TO DATE  424                       332     92      378
  SINCE MAR 1   1866                      1813     53     2021
  SINCE JUL 1   7448                      7393     55     8036

 COOLING
  YESTERDAY        0                         0      0        0
  MONTH TO DATE    0                         0      0        0
  SINCE MAR 1      0                         0      0        0
  SINCE JAN 1      0                         0      0        0
..................................................................


WIND (MPH)
  HIGHEST WIND SPEED    24   HIGHEST WIND DIRECTION    NE (60)
  HIGHEST GUST SPEED    28   HIGHEST GUST DIRECTION    NE (60)
  AVERAGE WIND SPEED     4.5


SKY COVER
  AVERAGE SKY COVER 0.9


WEATHER CONDITIONS
 THE FOLLOWING WEATHER WAS RECORDED YESTERDAY.
  THUNDERSTORM
  HEAVY RAIN
  RAIN
  LIGHT RAIN
  FOG


RELATIVE HUMIDITY (PERCENT)
 HIGHEST   100
 LOWEST     72
 AVERAGE    86

..........................................................


THE BOZEMAN/GALLATIN FIELD MT CLIMATE NORMALS FOR TODAY
                         NORMAL    RECORD    YEAR
 MAXIMUM TEMPERATURE (F)   72        91      2003
 MINIMUM TEMPERATURE (F)   42        26      1951


SUNRISE AND SUNSET
MAY 29 2015...........SUNRISE   540 AM MDT   SUNSET   904 PM MDT
MAY 30 2015...........SUNRISE   540 AM MDT   SUNSET   905 PM MDT


-  INDICATES NEGATIVE NUMBERS.
R  INDICATES RECORD WAS SET OR TIED.
MM INDICATES DATA IS MISSING.
T  INDICATES TRACE AMOUNT.




$$
