000
CDUS45 KTFX 170954
CLIBZN


CLIMATE REPORT
NATIONAL WEATHER SERVICE GREAT FALLS MT
253 AM MST TUE JAN 17 2017


...................................

...THE BOZEMAN/GALLATIN FIELD MT CLIMATE SUMMARY FOR JANUARY 16 2017...

CLIMATE NORMAL PERIOD 1981 TO 2010
CLIMATE RECORD PERIOD 1935 TO 2017


WEATHER ITEM   OBSERVED TIME   RECORD YEAR NORMAL DEPARTURE LAST
                VALUE   (LST)  VALUE       VALUE  FROM      YEAR
                                                  NORMAL
..................................................................
TEMPERATURE (F)
 YESTERDAY
  MAXIMUM         17    213 PM  56    1974  36    -19       29
  MINIMUM        -12    643 AM -31    1957  11    -23       17
  AVERAGE          3                        24    -21       23

PRECIPITATION (IN)
  YESTERDAY        0.00          0.27 1959   0.01  -0.01     0.12
  MONTH TO DATE    0.15                      0.25  -0.10     0.17
  SINCE OCT 1      3.48                      2.63   0.85     3.02
  SINCE JAN 1      0.15                      0.25  -0.10     0.17

SNOWFALL (IN)
  YESTERDAY        0.0           4.5  1952   0.1   -0.1      3.5
  MONTH TO DATE    6.1                       2.0    4.1      5.0
  SINCE DEC 1     20.2                       8.0   12.2     14.5
  SINCE JUL 1     24.1                      15.4    8.7     21.1
  SNOW DEPTH       8

DEGREE DAYS
 HEATING
  YESTERDAY       62                        41     21       42
  MONTH TO DATE 1003                       678    325      790
  SINCE DEC 1   2598                      2032    566     2130
  SINCE JUL 1   4375                      3913    462     4094

 COOLING
  YESTERDAY        0                         0      0        0
  MONTH TO DATE    0                         0      0        0
  SINCE DEC 1      0                         0      0        0
  SINCE JAN 1      0                         0      0        0
..................................................................


WIND (MPH)
  HIGHEST WIND SPEED    12   HIGHEST WIND DIRECTION    SE (150)
  HIGHEST GUST SPEED    12   HIGHEST GUST DIRECTION    SE (150)
  AVERAGE WIND SPEED     3.5


SKY COVER
  AVERAGE SKY COVER 0.0


WEATHER CONDITIONS
 THE FOLLOWING WEATHER WAS RECORDED YESTERDAY.
  FOG


RELATIVE HUMIDITY (PERCENT)
 HIGHEST    92
 LOWEST     61
 AVERAGE    77

..........................................................


THE BOZEMAN/GALLATIN FIELD MT CLIMATE NORMALS FOR TODAY
                         NORMAL    RECORD    YEAR
 MAXIMUM TEMPERATURE (F)   36        53      1961
 MINIMUM TEMPERATURE (F)   11       -29      1943


SUNRISE AND SUNSET
JANUARY 17 2017.......SUNRISE   800 AM MST   SUNSET   510 PM MST
JANUARY 18 2017.......SUNRISE   800 AM MST   SUNSET   511 PM MST


-  INDICATES NEGATIVE NUMBERS.
R  INDICATES RECORD WAS SET OR TIED.
MM INDICATES DATA IS MISSING.
T  INDICATES TRACE AMOUNT.




$$
