000
CDUS45 KTFX 210959
CLIBZN


CLIMATE REPORT
NATIONAL WEATHER SERVICE GREAT FALLS MT
358 AM MDT SUN SEP 21 2014


...................................

...THE BOZEMAN/GALLATIN FIELD MT CLIMATE SUMMARY FOR SEPTEMBER 20 2014...

CLIMATE NORMAL PERIOD 1981 TO 2010
CLIMATE RECORD PERIOD 1935 TO 2014


WEATHER ITEM   OBSERVED TIME   RECORD YEAR NORMAL DEPARTURE
                VALUE   (LST)  VALUE       VALUE  FROM
                                                  NORMAL
...............................................................
TEMPERATURE (F)
 YESTERDAY
  MAXIMUM         75    522 PM  85    1991  73      2
  MINIMUM         37    622 AM  20    1983  39     -2
  AVERAGE         56                        56      0

PRECIPITATION (IN)
  YESTERDAY        0.00          0.80 1940   0.04  -0.04
  MONTH TO DATE    0.40                      0.71  -0.31
  SINCE OCT 1     13.76                     13.59   0.17
  SINCE JAN 1     12.71                     11.21   1.50

SNOWFALL (IN)
  YESTERDAY        0.0           T    1971   0.0    0.0
                                      1994
  MONTH TO DATE    T                         0.1   -0.1
  SINCE SEP 1      T                         0.1   -0.1
  SINCE JUL 1      T                         0.1   -0.1
  SNOW DEPTH       0

DEGREE DAYS
 HEATING
  YESTERDAY        9                                0
  MONTH TO DATE  226                              102
  SINCE SEP 1    226                              102
  SINCE JUL 1    312                              121

 COOLING
  YESTERDAY        0                                0
  MONTH TO DATE    0                              -20
  SINCE SEP 1      0                              -20
  SINCE JAN 1    182                             -184
...............................................................


WIND (MPH)
  HIGHEST WIND SPEED    13   HIGHEST WIND DIRECTION    SE (150)
  HIGHEST GUST SPEED    15   HIGHEST GUST DIRECTION    SE (130)
  AVERAGE WIND SPEED     3.6



WEATHER CONDITIONS
 THE FOLLOWING WEATHER WAS RECORDED YESTERDAY.
  NO SIGNIFICANT WEATHER WAS OBSERVED.


RELATIVE HUMIDITY (PERCENT)
 HIGHEST    93
 LOWEST     17
 AVERAGE    55

..........................................................


THE BOZEMAN/GALLATIN FIELD MT CLIMATE NORMALS FOR TODAY
                         NORMAL    RECORD    YEAR
 MAXIMUM TEMPERATURE (F)   72        87      1967
 MINIMUM TEMPERATURE (F)   39        19      1995


SUNRISE AND SUNSET
SEPTEMBER 21 2014.....SUNRISE   710 AM MDT   SUNSET   724 PM MDT
SEPTEMBER 22 2014.....SUNRISE   712 AM MDT   SUNSET   722 PM MDT


-  INDICATES NEGATIVE NUMBERS.
R  INDICATES RECORD WAS SET OR TIED.
MM INDICATES DATA IS MISSING.
T  INDICATES TRACE AMOUNT.




$$
