000
CDUS45 KTFX 311017
CLIBZN


CLIMATE REPORT
NATIONAL WEATHER SERVICE GREAT FALLS MT
414 AM MDT SUN JUL 31 2016


...................................

...THE BOZEMAN/GALLATIN FIELD MT CLIMATE SUMMARY FOR JULY 30 2016...

CLIMATE NORMAL PERIOD 1981 TO 2010
CLIMATE RECORD PERIOD 1935 TO 2016


WEATHER ITEM   OBSERVED TIME   RECORD YEAR NORMAL DEPARTURE LAST
                VALUE   (LST)  VALUE       VALUE  FROM      YEAR
                                                  NORMAL
..................................................................
TEMPERATURE (F)
 YESTERDAY
  MAXIMUM         94    519 PM 101    2007  90      4       87
  MINIMUM         54    501 AM  38    1971  52      2       45
  AVERAGE         74                        71      3       66

PRECIPITATION (IN)
  YESTERDAY        0.00          0.81 1975   0.03  -0.03     0.00
  MONTH TO DATE    1.61                      1.09   0.52     1.78
  SINCE OCT 1     10.53                     11.77  -1.24    10.27
  SINCE JAN 1      7.68                      9.39  -1.71     8.34

SNOWFALL (IN)
  YESTERDAY        0.0           0.0  1999   0.0    0.0      0.0
                                      1994
  MONTH TO DATE    0.0                       0.0    0.0      0.0
  SINCE JUN 1      0.0                       0.0    0.0      0.0
  SINCE JUL 1      0.0                       0.0    0.0      0.0
  SNOW DEPTH       0

DEGREE DAYS
 HEATING
  YESTERDAY        0                         0      0        0
  MONTH TO DATE   42                        27     15       31
  SINCE JUN 1    141                       168    -27      103
  SINCE JUL 1     42                        27     15       31

 COOLING
  YESTERDAY        9                         6      3        1
  MONTH TO DATE  106                       156    -50       74
  SINCE JUN 1    161                       194    -33      144
  SINCE JAN 1    161                       198    -37      144
..................................................................


WIND (MPH)
  HIGHEST WIND SPEED    23   HIGHEST WIND DIRECTION     S (170)
  HIGHEST GUST SPEED    28   HIGHEST GUST DIRECTION     S (180)
  AVERAGE WIND SPEED     4.7


SKY COVER
  AVERAGE SKY COVER 0.0


WEATHER CONDITIONS
 THE FOLLOWING WEATHER WAS RECORDED YESTERDAY.
  NO SIGNIFICANT WEATHER WAS OBSERVED.


RELATIVE HUMIDITY (PERCENT)
 HIGHEST    83
 LOWEST     16
 AVERAGE    50

..........................................................


THE BOZEMAN/GALLATIN FIELD MT CLIMATE NORMALS FOR TODAY
                         NORMAL    RECORD    YEAR
 MAXIMUM TEMPERATURE (F)   90       102      1989
 MINIMUM TEMPERATURE (F)   52        32      1968


SUNRISE AND SUNSET
JULY 31 2016..........SUNRISE   607 AM MDT   SUNSET   854 PM MDT
AUGUST  1 2016........SUNRISE   608 AM MDT   SUNSET   853 PM MDT


-  INDICATES NEGATIVE NUMBERS.
R  INDICATES RECORD WAS SET OR TIED.
MM INDICATES DATA IS MISSING.
T  INDICATES TRACE AMOUNT.




$$
