000
CDUS42 KCAE 180521
CLICAE


CLIMATE REPORT
NATIONAL WEATHER SERVICE COLUMBIA SC
121 AM EDT FRI APR 18 2014


...................................

...THE COLUMBIA METRO AIRPORT SC CLIMATE SUMMARY FOR APRIL 17 2014...

CLIMATE NORMAL PERIOD 1981 TO 2010
CLIMATE RECORD PERIOD 1887 TO 2014


WEATHER ITEM   OBSERVED TIME   RECORD YEAR NORMAL DEPARTURE LAST
                VALUE   (LST)  VALUE       VALUE  FROM      YEAR
                                                  NORMAL
..................................................................
TEMPERATURE (F)
 YESTERDAY
  MAXIMUM         70    350 PM  92    1896  77     -7       86
  MINIMUM         41    152 AM  30    1949  51    -10       56
  AVERAGE         56                        64     -8       71

PRECIPITATION (IN)
  YESTERDAY        0.00          1.67 1895   0.09  -0.09     0.00
  MONTH TO DATE    1.03                      1.49  -0.46     2.12
  SINCE MAR 1      4.96                      5.22  -0.26     5.77
  SINCE JAN 1     11.28                     12.41  -1.13    12.49

SNOWFALL (IN)
  YESTERDAY        0.0          MM      MM   0.0             0.0
  MONTH TO DATE    0.0                       0.0             0.0
  SINCE MAR 1      0.0                       0.1             0.0
  SINCE JUL 1      4.2                       1.5              T

DEGREE DAYS
 HEATING
  YESTERDAY        9                         4      5        0
  MONTH TO DATE   51                        87    -36       54
  SINCE MAR 1    443                       397     46      493
  SINCE JUL 1   2527                      2496     31     2213

 COOLING
  YESTERDAY        0                         2     -2        6
  MONTH TO DATE   41                        30     11       60
  SINCE MAR 1     42                        48     -6       73
  SINCE JAN 1     49                        52     -3       98
..................................................................


WIND (MPH)
  HIGHEST WIND SPEED    16   HIGHEST WIND DIRECTION     E (80)
  HIGHEST GUST SPEED    22   HIGHEST GUST DIRECTION     E (70)
  AVERAGE WIND SPEED     7.8


SKY COVER
  AVERAGE SKY COVER 0.3


WEATHER CONDITIONS
 THE FOLLOWING WEATHER WAS RECORDED YESTERDAY.
  NO SIGNIFICANT WEATHER WAS OBSERVED.


RELATIVE HUMIDITY (PERCENT)
 HIGHEST    76           200 AM
 LOWEST     24          1000 AM
 AVERAGE    50

..........................................................


THE COLUMBIA METRO AIRPORT SC CLIMATE NORMALS FOR TODAY
                         NORMAL    RECORD    YEAR
 MAXIMUM TEMPERATURE (F)   77        96      1896
 MINIMUM TEMPERATURE (F)   51        34      1983


SUNRISE AND SUNSET
APRIL 18 2014.........SUNRISE   650 AM EDT   SUNSET   758 PM EDT
APRIL 19 2014.........SUNRISE   649 AM EDT   SUNSET   759 PM EDT


-  INDICATES NEGATIVE NUMBERS.
R  INDICATES RECORD WAS SET OR TIED.
MM INDICATES DATA IS MISSING.
T  INDICATES TRACE AMOUNT.




$$
