000
CDUS42 KCAE 110622
CLICAE


CLIMATE REPORT
NATIONAL WEATHER SERVICE COLUMBIA SC
122 AM EST THU FEB 11 2016


...................................

...THE COLUMBIA METRO AIRPORT SC CLIMATE SUMMARY FOR FEBRUARY 10 2016...

CLIMATE NORMAL PERIOD 1981 TO 2010
CLIMATE RECORD PERIOD 1887 TO 2016


WEATHER ITEM   OBSERVED TIME   RECORD YEAR NORMAL DEPARTURE LAST
                VALUE   (LST)  VALUE       VALUE  FROM      YEAR
                                                  NORMAL
..................................................................
TEMPERATURE (F)
 YESTERDAY
  MAXIMUM         41    207 PM  79    1954  59    -18       56
  MINIMUM         27    738 AM  14    1934  36     -9       38
  AVERAGE         34                        48    -14       47

PRECIPITATION (IN)
  YESTERDAY        0.00          1.52 1921   0.13  -0.13      T
  MONTH TO DATE    1.73                      1.23   0.50     0.83
  SINCE DEC 1     10.12                      8.03   2.09     7.33
  SINCE JAN 1      3.67                      4.81  -1.14     3.43

SNOWFALL (IN)
  YESTERDAY        0.0          12.3  1973   0.0             0.0
  MONTH TO DATE    T                         0.2             0.0
  SINCE DEC 1      T                         1.1             0.0
  SINCE JUL 1      T                         1.1              T

DEGREE DAYS
 HEATING
  YESTERDAY       31                        18     13       18
  MONTH TO DATE  160                       183    -23      178
  SINCE DEC 1    992                      1378   -386     1256
  SINCE JUL 1   1262                      1819   -557     1761

 COOLING
  YESTERDAY        0                         0      0        0
  MONTH TO DATE    4                         0      4        0
  SINCE DEC 1     63                         4     59        0
  SINCE JAN 1      4                         1      3        0
..................................................................


WIND (MPH)
  HIGHEST WIND SPEED    29   HIGHEST WIND DIRECTION     W (270)
  HIGHEST GUST SPEED    37   HIGHEST GUST DIRECTION     W (280)
  AVERAGE WIND SPEED    13.6


SKY COVER
  AVERAGE SKY COVER 0.2


WEATHER CONDITIONS
 THE FOLLOWING WEATHER WAS RECORDED YESTERDAY.
  NO SIGNIFICANT WEATHER WAS OBSERVED.


RELATIVE HUMIDITY (PERCENT)
 HIGHEST    59          1200 AM
 LOWEST     25           500 PM
 AVERAGE    42

..........................................................


THE COLUMBIA METRO AIRPORT SC CLIMATE NORMALS FOR TODAY
                         NORMAL    RECORD    YEAR
 MAXIMUM TEMPERATURE (F)   59        79      1965
                                             1932
 MINIMUM TEMPERATURE (F)   36        14      1973


SUNRISE AND SUNSET
FEBRUARY 11 2016......SUNRISE   713 AM EST   SUNSET   604 PM EST
FEBRUARY 12 2016......SUNRISE   712 AM EST   SUNSET   605 PM EST


-  INDICATES NEGATIVE NUMBERS.
R  INDICATES RECORD WAS SET OR TIED.
MM INDICATES DATA IS MISSING.
T  INDICATES TRACE AMOUNT.




$$
