000
CDUS42 KCAE 022230
CLICAE


CLIMATE REPORT
NATIONAL WEATHER SERVICE COLUMBIA SC
529 PM EST FRI DEC 2 2016


...................................

...THE COLUMBIA METRO AIRPORT SC CLIMATE SUMMARY FOR DECEMBER 2 2016...
VALID TODAY AS OF 0500 PM LOCAL TIME.

CLIMATE NORMAL PERIOD 1981 TO 2010
CLIMATE RECORD PERIOD 1887 TO 2016


WEATHER ITEM   OBSERVED TIME   RECORD YEAR NORMAL DEPARTURE LAST
                VALUE   (LST)  VALUE       VALUE  FROM      YEAR
                                                  NORMAL
..................................................................
TEMPERATURE (F)
 TODAY
  MAXIMUM         62    359 PM  79    1991  62      0       68
                                      1970
  MINIMUM         35    737 AM  20    1960  38     -3       54
  AVERAGE         49                        50     -1       61

PRECIPITATION (IN)
  TODAY            0.00          1.99 2009   0.10  -0.10     0.33
  MONTH TO DATE    0.00                      0.20  -0.20     0.33
  SINCE DEC 1      0.00                      0.20  -0.20     0.33
  SINCE JAN 1     36.20                     41.57  -5.37    57.46

SNOWFALL (IN)
  TODAY            0.0          MM      MM   0.0             0.0
  MONTH TO DATE    0.0                       0.0             0.0
  SINCE DEC 1      0.0                       0.0             0.0
  SINCE JUL 1      0.0                       0.0             0.0

DEGREE DAYS
 HEATING
  TODAY           16                        15      1        4
  MONTH TO DATE   25                        30     -5        9
  SINCE DEC 1     25                        30     -5        9
  SINCE JUL 1    327                       471   -144      279

 COOLING
  TODAY            0                         0      0        0
  MONTH TO DATE    0                         0      0        0
  SINCE DEC 1      0                         0      0        0
  SINCE JAN 1   2886                      2167    719     2602
..................................................................


WIND (MPH)
  HIGHEST WIND SPEED    15   HIGHEST WIND DIRECTION     W (280)
  HIGHEST GUST SPEED    18   HIGHEST GUST DIRECTION     W (280)
  AVERAGE WIND SPEED     4.7


SKY COVER
  AVERAGE SKY COVER 0.1


WEATHER CONDITIONS
 THE FOLLOWING WEATHER WAS RECORDED TODAY.
  FOG


RELATIVE HUMIDITY (PERCENT)
 HIGHEST    92           700 AM
 LOWEST     30           300 PM
 AVERAGE    61

..........................................................


THE COLUMBIA METRO AIRPORT SC CLIMATE NORMALS FOR TOMORROW
                         NORMAL    RECORD    YEAR
 MAXIMUM TEMPERATURE (F)   62        79      1991
                                             1970
 MINIMUM TEMPERATURE (F)   38        16      1960


SUNRISE AND SUNSET
DECEMBER  2 2016......SUNRISE   713 AM EST   SUNSET   515 PM EST
DECEMBER  3 2016......SUNRISE   714 AM EST   SUNSET   515 PM EST


-  INDICATES NEGATIVE NUMBERS.
R  INDICATES RECORD WAS SET OR TIED.
MM INDICATES DATA IS MISSING.
T  INDICATES TRACE AMOUNT.




$$
