000
CDUS42 KCAE 010556
CLICAE


CLIMATE REPORT
NATIONAL WEATHER SERVICE COLUMBIA SC
155 AM EDT SAT NOV 1 2014


...................................

...THE COLUMBIA METRO AIRPORT SC CLIMATE SUMMARY FOR OCTOBER 31 2014...

CLIMATE NORMAL PERIOD 1981 TO 2010
CLIMATE RECORD PERIOD 1887 TO 2014


WEATHER ITEM   OBSERVED TIME   RECORD YEAR NORMAL DEPARTURE LAST
                VALUE   (LST)  VALUE       VALUE  FROM      YEAR
                                                  NORMAL
..................................................................
TEMPERATURE (F)
 YESTERDAY
  MAXIMUM         69    257 PM  88    1950  72     -3       81
  MINIMUM         41    659 AM  31    2008  47     -6       53
                                      1952
  AVERAGE         55                        59     -4       67

PRECIPITATION (IN)
  YESTERDAY        0.01          2.25 1988   0.09  -0.08      T
  MONTH TO DATE    3.05                      3.17  -0.12     1.98
  SINCE SEP 1      5.86                      6.71  -0.85     4.02
  SINCE JAN 1     33.94                     38.63  -4.69    47.53

SNOWFALL (IN)
  YESTERDAY        0.0          MM      MM   0.0             0.0
  MONTH TO DATE    0.0                       0.0             0.0
  SINCE SEP 1      0.0                       0.0             0.0
  SINCE JUL 1      0.0                       0.0             0.0

DEGREE DAYS
 HEATING
  YESTERDAY       10                         7      3        0
  MONTH TO DATE   67                       112    -45       71
  SINCE SEP 1     71                       120    -49       71
  SINCE JUL 1     71                       120    -49       71

 COOLING
  YESTERDAY        0                         1     -1        2
  MONTH TO DATE  131                        85     46      120
  SINCE SEP 1    493                       384    109      465
  SINCE JAN 1   2527                      2152    375     2158
..................................................................


WIND (MPH)
  HIGHEST WIND SPEED    14   HIGHEST WIND DIRECTION     S (180)
  HIGHEST GUST SPEED    17   HIGHEST GUST DIRECTION     S (180)
  AVERAGE WIND SPEED     3.5


SKY COVER
  AVERAGE SKY COVER 0.4


WEATHER CONDITIONS
 THE FOLLOWING WEATHER WAS RECORDED YESTERDAY.
  LIGHT RAIN


RELATIVE HUMIDITY (PERCENT)
 HIGHEST    89           200 AM
 LOWEST     37           300 PM
 AVERAGE    63

..........................................................


THE COLUMBIA METRO AIRPORT SC CLIMATE NORMALS FOR TODAY
                         NORMAL    RECORD    YEAR
 MAXIMUM TEMPERATURE (F)   72        89      1961
 MINIMUM TEMPERATURE (F)   46        29      1954


SUNRISE AND SUNSET
NOVEMBER  1 2014......SUNRISE   744 AM EDT   SUNSET   632 PM EDT
NOVEMBER  2 2014......SUNRISE   645 AM EST   SUNSET   531 PM EST


-  INDICATES NEGATIVE NUMBERS.
R  INDICATES RECORD WAS SET OR TIED.
MM INDICATES DATA IS MISSING.
T  INDICATES TRACE AMOUNT.




$$
