000
CDUS42 KCAE 180651
CLICAE


CLIMATE REPORT
NATIONAL WEATHER SERVICE COLUMBIA SC
250 AM EDT WED OCT 18 2017


...................................

...THE COLUMBIA METRO AIRPORT SC CLIMATE SUMMARY FOR OCTOBER 17 2017...

CLIMATE NORMAL PERIOD 1981 TO 2010
CLIMATE RECORD PERIOD 1887 TO 2017


WEATHER ITEM   OBSERVED TIME   RECORD YEAR NORMAL DEPARTURE LAST
                VALUE   (LST)  VALUE       VALUE  FROM      YEAR
                                                  NORMAL
..................................................................
TEMPERATURE (F)
 YESTERDAY
  MAXIMUM         71    350 PM  90    1972  76     -5       85
                                      1919
  MINIMUM         47   1159 PM  34    1987  52     -5       56
                                      1977
  AVERAGE         59                        64     -5       71

PRECIPITATION (IN)
  YESTERDAY        0.00          1.56 1903   0.11  -0.11     0.00
  MONTH TO DATE    1.01                      1.84  -0.83     4.45
  SINCE SEP 1      5.56                      5.38   0.18    11.26
  SINCE JAN 1     42.31                     37.30   5.01    34.19

SNOWFALL (IN)
  YESTERDAY        0.0          MM      MM   0.0             0.0
  MONTH TO DATE    0.0                       0.0             0.0
  SINCE SEP 1      0.0                       0.0             0.0
  SINCE JUL 1      0.0                       0.0             0.0

DEGREE DAYS
 HEATING
  YESTERDAY        6                         4      2        0
  MONTH TO DATE    6                        39    -33        8
  SINCE SEP 1      6                        47    -41        8
  SINCE JUL 1      6                        47    -41        8

 COOLING
  YESTERDAY        0                         2     -2        6
  MONTH TO DATE  171                        64    107       84
  SINCE SEP 1    541                       363    178      524
  SINCE JAN 1   2649                      2131    518     2811
..................................................................


WIND (MPH)
  HIGHEST WIND SPEED    17   HIGHEST WIND DIRECTION    NE (50)
  HIGHEST GUST SPEED    24   HIGHEST GUST DIRECTION    NE (50)
  AVERAGE WIND SPEED     5.4


SKY COVER
  AVERAGE SKY COVER 0.2


WEATHER CONDITIONS
 THE FOLLOWING WEATHER WAS RECORDED YESTERDAY.
  NO SIGNIFICANT WEATHER WAS OBSERVED.


RELATIVE HUMIDITY (PERCENT)
 HIGHEST    93          1100 PM
 LOWEST     32           100 PM
 AVERAGE    63

..........................................................


THE COLUMBIA METRO AIRPORT SC CLIMATE NORMALS FOR TODAY
                         NORMAL    RECORD    YEAR
 MAXIMUM TEMPERATURE (F)   75        88      1947
 MINIMUM TEMPERATURE (F)   51        31      1970


SUNRISE AND SUNSET
OCTOBER 18 2017.......SUNRISE   732 AM EDT   SUNSET   646 PM EDT
OCTOBER 19 2017.......SUNRISE   733 AM EDT   SUNSET   645 PM EDT


-  INDICATES NEGATIVE NUMBERS.
R  INDICATES RECORD WAS SET OR TIED.
MM INDICATES DATA IS MISSING.
T  INDICATES TRACE AMOUNT.




$$
