661
CDUS42 KCAE 230538
CLICAE


CLIMATE REPORT
NATIONAL WEATHER SERVICE COLUMBIA SC
138 AM EDT TUE MAY 23 2017


...................................

...THE COLUMBIA METRO AIRPORT SC CLIMATE SUMMARY FOR MAY 22 2017...

CLIMATE NORMAL PERIOD 1981 TO 2010
CLIMATE RECORD PERIOD 1887 TO 2017


WEATHER ITEM   OBSERVED TIME   RECORD YEAR NORMAL DEPARTURE LAST
                VALUE   (LST)  VALUE       VALUE  FROM      YEAR
                                                  NORMAL
..................................................................
TEMPERATURE (F)
 YESTERDAY
  MAXIMUM         86   1052 AM 100    1941  85      1       80
  MINIMUM         70   1159 PM  41    1954  62      8       59
  AVERAGE         78                        73      5       70

PRECIPITATION (IN)
  YESTERDAY        2.68          4.68 1967   0.09   2.59     0.00
  MONTH TO DATE    4.26                      2.01   2.25     2.10
  SINCE MAR 1     12.75                      8.36   4.39     6.78
  SINCE JAN 1     21.39                     15.55   5.84    13.41

SNOWFALL (IN)
  YESTERDAY        0.0          MM      MM   0.0             0.0
  MONTH TO DATE    0.0                       0.0             0.0
  SINCE MAR 1      T                         0.1             0.0
  SINCE JUL 1      0.1                       1.5              T

DEGREE DAYS
 HEATING
  YESTERDAY        0                         0      0        0
  MONTH TO DATE   12                        18     -6        6
  SINCE MAR 1    324                       450   -126      228
  SINCE JUL 1   1665                      2549   -884     1791

 COOLING
  YESTERDAY       13                         9      4        5
  MONTH TO DATE  192                       136     56      157
  SINCE MAR 1    418                       227    191      340
  SINCE JAN 1    436                       231    205      344
..................................................................


WIND (MPH)
  HIGHEST WIND SPEED    23   HIGHEST WIND DIRECTION     N (350)
  HIGHEST GUST SPEED    35   HIGHEST GUST DIRECTION    NW (310)
  AVERAGE WIND SPEED     3.8


SKY COVER
  AVERAGE SKY COVER 0.8


WEATHER CONDITIONS
 THE FOLLOWING WEATHER WAS RECORDED YESTERDAY.
  THUNDERSTORM
  HEAVY RAIN
  RAIN
  LIGHT RAIN
  FOG
  FOG W/VISIBILITY <= 1/4 MILE
  HAZE


RELATIVE HUMIDITY (PERCENT)
 HIGHEST    93          1200 AM
 LOWEST     61          1100 AM
 AVERAGE    77

..........................................................


THE COLUMBIA METRO AIRPORT SC CLIMATE NORMALS FOR TODAY
                         NORMAL    RECORD    YEAR
 MAXIMUM TEMPERATURE (F)   85       100      1941
                                             1891
 MINIMUM TEMPERATURE (F)   62        42      2002


SUNRISE AND SUNSET
MAY 23 2017...........SUNRISE   618 AM EDT   SUNSET   825 PM EDT
MAY 24 2017...........SUNRISE   617 AM EDT   SUNSET   826 PM EDT


-  INDICATES NEGATIVE NUMBERS.
R  INDICATES RECORD WAS SET OR TIED.
MM INDICATES DATA IS MISSING.
T  INDICATES TRACE AMOUNT.




$$
