000
CDUS45 KGJT 310731
CLICAG


CLIMATE REPORT
NATIONAL WEATHER SERVICE GRAND JUNCTION CO
129 AM MDT FRI OCT 31 2014


...................................

...THE CRAIG CO CLIMATE SUMMARY FOR OCTOBER 30 2014...

CLIMATE NORMAL PERIOD 1981 TO 2010
CLIMATE RECORD PERIOD 9999 TO 9999


WEATHER ITEM   OBSERVED TIME   RECORD YEAR NORMAL DEPARTURE LAST
                VALUE   (LST)  VALUE       VALUE  FROM      YEAR
                                                  NORMAL
..................................................................
TEMPERATURE (F)
 YESTERDAY
  MAXIMUM         64    418 PM  MM      MM  53     11       41
  MINIMUM         22    613 AM  MM      MM  22      0       29
  AVERAGE         43                        38      5       35

PRECIPITATION (IN)
  YESTERDAY        0.00         MM      MM   0.05  -0.05     0.17
  MONTH TO DATE    1.21                      1.59  -0.38     2.16
  SINCE SEP 1      3.03                      3.49  -0.46     5.35
  SINCE JAN 1     13.05                     13.55  -0.50    11.47

SNOWFALL (IN)
  YESTERDAY       MM            MM      MM  MM     MM       MM
  MONTH TO DATE   MM                        MM     MM       MM
  SINCE SEP 1     MM                        MM     MM       MM
  SINCE JUL 1     MM                        MM     MM       MM
  SNOW DEPTH      MM

DEGREE DAYS
 HEATING
  YESTERDAY       22                        27     -5       30
  MONTH TO DATE  526                       652   -126      676
  SINCE SEP 1    718                       940   -222      855
  SINCE JUL 1    821                      1017   -196      860

 COOLING
  YESTERDAY        0                         0      0        0
  MONTH TO DATE    0                         0      0        0
  SINCE SEP 1      1                         2     -1       45
  SINCE JAN 1     71                       142    -71      377
..................................................................


WIND (MPH)
  HIGHEST WIND SPEED     7   HIGHEST WIND DIRECTION     E (110)
  HIGHEST GUST SPEED    10   HIGHEST GUST DIRECTION    SE (120)
  AVERAGE WIND SPEED     1.2


SKY COVER
  POSSIBLE SUNSHINE  MM
  AVERAGE SKY COVER 0.1


WEATHER CONDITIONS
 THE FOLLOWING WEATHER WAS RECORDED YESTERDAY.
  NO SIGNIFICANT WEATHER WAS OBSERVED.


RELATIVE HUMIDITY (PERCENT)
 HIGHEST    88           500 AM
 LOWEST     23           200 PM
 AVERAGE    56

..........................................................


THE CRAIG CO CLIMATE NORMALS FOR TODAY
                         NORMAL    RECORD    YEAR
 MAXIMUM TEMPERATURE (F)   53        MM        MM
 MINIMUM TEMPERATURE (F)   22        MM        MM


SUNRISE AND SUNSET
OCTOBER 31 2014.......SUNRISE   739 AM MDT   SUNSET   608 PM MDT
NOVEMBER  1 2014......SUNRISE   740 AM MDT   SUNSET   607 PM MDT


-  INDICATES NEGATIVE NUMBERS.
R  INDICATES RECORD WAS SET OR TIED.
MM INDICATES DATA IS MISSING.
T  INDICATES TRACE AMOUNT.




$$
