000
CDUS45 KGJT 202346
CLICAG


CLIMATE REPORT
NATIONAL WEATHER SERVICE GRAND JUNCTION CO
430 PM MST SAT DEC 20 2014


...................................

...THE CRAIG CO CLIMATE SUMMARY FOR DECEMBER 20 2014...
VALID TODAY AS OF 0400 PM LOCAL TIME.

CLIMATE NORMAL PERIOD 1981 TO 2010
CLIMATE RECORD PERIOD 9999 TO 9999


WEATHER ITEM   OBSERVED TIME   RECORD YEAR NORMAL DEPARTURE LAST
                VALUE   (LST)  VALUE       VALUE  FROM      YEAR
                                                  NORMAL
..................................................................
TEMPERATURE (F)
 TODAY
  MAXIMUM         34    238 PM  MM      MM  29      5       27
  MINIMUM         18   1231 AM  MM      MM   3     15       -4
  AVERAGE         26                        16     10       12

PRECIPITATION (IN)
  TODAY            T            MM      MM   0.03  -0.03     0.14
  MONTH TO DATE    0.49                      0.68  -0.19     1.40
  SINCE DEC 1      0.49                      0.68  -0.19     1.40
  SINCE JAN 1     14.50                     15.74  -1.24    13.85

SNOWFALL (IN)
  TODAY           MM            MM      MM  MM     MM       MM
  MONTH TO DATE   MM                        MM     MM       MM
  SINCE DEC 1     MM                        MM     MM       MM
  SINCE JUL 1     MM                        MM     MM       MM
  SNOW DEPTH      MM

DEGREE DAYS
 HEATING
  TODAY           39                        49    -10       53
  MONTH TO DATE  691                       922   -231     1087
  SINCE DEC 1    691                       922   -231     1087
  SINCE JUL 1   2594                      3007   -413     2991

 COOLING
  TODAY            0                         0      0        0
  MONTH TO DATE    0                         0      0        0
  SINCE DEC 1      0                         0      0        0
  SINCE JAN 1     71                       142    -71      377
..................................................................


WIND (MPH)
  HIGHEST WIND SPEED    12   HIGHEST WIND DIRECTION     E (80)
  HIGHEST GUST SPEED    14   HIGHEST GUST DIRECTION     E (70)
  AVERAGE WIND SPEED     4.3


SKY COVER
  POSSIBLE SUNSHINE  MM
  AVERAGE SKY COVER 1.0


WEATHER CONDITIONS
 THE FOLLOWING WEATHER WAS RECORDED TODAY.
  LIGHT SNOW
  FOG


RELATIVE HUMIDITY (PERCENT)
 HIGHEST    91           700 AM
 LOWEST     69           200 PM
 AVERAGE    80

..........................................................


THE CRAIG CO CLIMATE NORMALS FOR TOMORROW
                         NORMAL    RECORD    YEAR
 MAXIMUM TEMPERATURE (F)   29        MM        MM
 MINIMUM TEMPERATURE (F)    2        MM        MM


SUNRISE AND SUNSET
DECEMBER 20 2014......SUNRISE   729 AM MST   SUNSET   446 PM MST
DECEMBER 21 2014......SUNRISE   730 AM MST   SUNSET   447 PM MST


-  INDICATES NEGATIVE NUMBERS.
R  INDICATES RECORD WAS SET OR TIED.
MM INDICATES DATA IS MISSING.
T  INDICATES TRACE AMOUNT.




$$
