000
CDUS41 KCLE 270541
CLICAK


CLIMATE REPORT
NATIONAL WEATHER SERVICE CLEVELAND OH
1240 AM EST TUE JAN 27 2015


...................................

...THE AKRON CANTON OH CLIMATE SUMMARY FOR JANUARY 26 2015...

CLIMATE NORMAL PERIOD 1981 TO 2010
CLIMATE RECORD PERIOD 1887 TO 2015


WEATHER ITEM   OBSERVED TIME   RECORD YEAR NORMAL DEPARTURE LAST
                VALUE   (LST)  VALUE       VALUE  FROM      YEAR
                                                  NORMAL
..................................................................
TEMPERATURE (F)
 YESTERDAY
  MAXIMUM         27    249 PM  66    1950  33     -6       32
  MINIMUM         20   1159 PM -11    1897  19      1        3
  AVERAGE         24                        26     -2       18

PRECIPITATION (IN)
  YESTERDAY        0.19                      0.08   0.11     0.05
  MONTH TO DATE    3.18                      2.21   0.97     1.83
  SINCE DEC 1      5.49                      5.05   0.44     5.32
  SINCE JAN 1      3.18                      2.21   0.97     1.83

SNOWFALL (IN)
  YESTERDAY        3.2                       0.4    2.8      1.6
  MONTH TO DATE   19.2                      10.4    8.8     18.1
  SINCE DEC 1     19.7                      20.6   -0.9     30.6
  SINCE JUL 1     27.7                      24.0    3.7     41.3
  SNOW DEPTH       5

DEGREE DAYS
 HEATING
  YESTERDAY       41                        39      2       47
  MONTH TO DATE 1040                      1012     28     1115
  SINCE DEC 1   1962                      2083   -121     2144
  SINCE JUL 1   3245                      3342    -97     3394

 COOLING
  YESTERDAY        0                         0      0        0
  MONTH TO DATE    0                         0      0        0
  SINCE DEC 1      0                         0      0        0
  SINCE JAN 1      0                         0      0        0
..................................................................


WIND (MPH)
  HIGHEST WIND SPEED    18   HIGHEST WIND DIRECTION     N (340)
  HIGHEST GUST SPEED    21   HIGHEST GUST DIRECTION    NE (30)
  AVERAGE WIND SPEED    11.4


SKY COVER
  POSSIBLE SUNSHINE  MM
  AVERAGE SKY COVER 1.0


WEATHER CONDITIONS
 THE FOLLOWING WEATHER WAS RECORDED YESTERDAY.
  LIGHT SNOW
  FOG
  HAZE


RELATIVE HUMIDITY (PERCENT)
 HIGHEST    84           100 AM
 LOWEST     68           300 PM
 AVERAGE    76

..........................................................


THE AKRON CANTON OH CLIMATE NORMALS FOR TODAY
                         NORMAL    RECORD    YEAR
 MAXIMUM TEMPERATURE (F)   33        67      1916
 MINIMUM TEMPERATURE (F)   19        -9      1936


SUNRISE AND SUNSET
JANUARY 27 2015.......SUNRISE   741 AM EST   SUNSET   537 PM EST
JANUARY 28 2015.......SUNRISE   740 AM EST   SUNSET   538 PM EST


-  INDICATES NEGATIVE NUMBERS.
R  INDICATES RECORD WAS SET OR TIED.
MM INDICATES DATA IS MISSING.
T  INDICATES TRACE AMOUNT.




$$
