140
CDUS41 KCLE 272129
CLICAK


CLIMATE REPORT
NATIONAL WEATHER SERVICE CLEVELAND OH
529 PM EDT MON MAR 27 2017


...................................

...THE AKRON CANTON OH CLIMATE SUMMARY FOR MARCH 27 2017...
VALID TODAY AS OF 0500 PM LOCAL TIME.

CLIMATE NORMAL PERIOD 1981 TO 2010
CLIMATE RECORD PERIOD 1887 TO 2017


WEATHER ITEM   OBSERVED TIME   RECORD YEAR NORMAL DEPARTURE LAST
                VALUE   (LST)  VALUE       VALUE  FROM      YEAR
                                                  NORMAL
..................................................................
TEMPERATURE (F)
 TODAY
  MAXIMUM         65    314 PM  79    1950  51     14       75
  MINIMUM         53    655 AM  12    1982  32     21       34
  AVERAGE         59                        42     17       55

PRECIPITATION (IN)
  TODAY            0.00                      0.11  -0.11     0.00
  MONTH TO DATE    3.35                      2.54   0.81     3.40
  SINCE MAR 1      3.35                      2.54   0.81     3.40
  SINCE JAN 1     11.86                      7.46   4.40     7.99

SNOWFALL (IN)
  TODAY            0.0                       0.2   -0.2      0.0
  MONTH TO DATE   13.5                       7.5    6.0      2.4
  SINCE MAR 1     13.5                       7.5    6.0      2.4
  SINCE JUL 1     34.7                      44.0   -9.3     25.1
  SNOW DEPTH       0

DEGREE DAYS
 HEATING
  TODAY            6                        23    -17       10
  MONTH TO DATE  739                       761    -22      545
  SINCE MAR 1    739                       761    -22      545
  SINCE JUL 1   4339                      5305   -966     4192

 COOLING
  TODAY            0                         0      0        0
  MONTH TO DATE    0                         0      0        0
  SINCE MAR 1      0                         0      0        0
  SINCE JAN 1      2                         0      2        0
..................................................................


WIND (MPH)
  HIGHEST WIND SPEED    18   HIGHEST WIND DIRECTION    SW (230)
  HIGHEST GUST SPEED    24   HIGHEST GUST DIRECTION    SW (240)


SKY COVER
  POSSIBLE SUNSHINE  MM
  AVERAGE SKY COVER 0.8


WEATHER CONDITIONS
 THE FOLLOWING WEATHER WAS RECORDED TODAY.
  LIGHT RAIN
  FOG
  HAZE


RELATIVE HUMIDITY (PERCENT)
 HIGHEST    93           200 AM
 LOWEST     52           400 PM
 AVERAGE    73

..........................................................


THE AKRON CANTON OH CLIMATE NORMALS FOR TOMORROW
                         NORMAL    RECORD    YEAR
 MAXIMUM TEMPERATURE (F)   52        80      1910
 MINIMUM TEMPERATURE (F)   32        12      2015
                                             1982


SUNRISE AND SUNSET
MARCH 27 2017.........SUNRISE   717 AM EDT   SUNSET   746 PM EDT
MARCH 28 2017.........SUNRISE   715 AM EDT   SUNSET   747 PM EDT


-  INDICATES NEGATIVE NUMBERS.
R  INDICATES RECORD WAS SET OR TIED.
MM INDICATES DATA IS MISSING.
T  INDICATES TRACE AMOUNT.




$$
