000
CDUS41 KCLE 210545
CLICAK


CLIMATE REPORT
NATIONAL WEATHER SERVICE CLEVELAND OH
145 AM EDT SAT OCT 21 2017


...................................

...THE AKRON CANTON OH CLIMATE SUMMARY FOR OCTOBER 20 2017...

CLIMATE NORMAL PERIOD 1981 TO 2010
CLIMATE RECORD PERIOD 1887 TO 2017


WEATHER ITEM   OBSERVED TIME   RECORD YEAR NORMAL DEPARTURE LAST
                VALUE   (LST)  VALUE       VALUE  FROM      YEAR
                                                  NORMAL
..................................................................
TEMPERATURE (F)
 YESTERDAY
  MAXIMUM         74    238 PM  82    1920  60     14       62
  MINIMUM         44    643 AM  20    1952  41      3       54
  AVERAGE         59                        50      9       58

PRECIPITATION (IN)
  YESTERDAY        0.00                      0.08  -0.08     1.72
  MONTH TO DATE    2.67                      1.81   0.86     2.24
  SINCE SEP 1      4.69                      5.26  -0.57     8.78
  SINCE JAN 1     39.36                     32.46   6.90    32.38

SNOWFALL (IN)
  YESTERDAY        0.0                       0.0    0.0      0.0
  MONTH TO DATE    0.0                       0.1   -0.1      0.0
  SINCE SEP 1      0.0                       0.1   -0.1      0.0
  SINCE JUL 1      0.0                       0.1   -0.1      0.0
  SNOW DEPTH       0

DEGREE DAYS
 HEATING
  YESTERDAY        6                        15     -9        7
  MONTH TO DATE   60                       235   -175      109
  SINCE SEP 1    129                       354   -225      139
  SINCE JUL 1    135                       374   -239      142

 COOLING
  YESTERDAY        0                         0      0        0
  MONTH TO DATE   35                         3     32       21
  SINCE SEP 1    184                        67    117      176
  SINCE JAN 1    926                       649    277     1130
..................................................................


WIND (MPH)
  HIGHEST WIND SPEED     9   HIGHEST WIND DIRECTION     S (160)
  HIGHEST GUST SPEED    11   HIGHEST GUST DIRECTION    SW (220)
  AVERAGE WIND SPEED     4.4


SKY COVER
  POSSIBLE SUNSHINE  MM
  AVERAGE SKY COVER 0.1


WEATHER CONDITIONS
 THE FOLLOWING WEATHER WAS RECORDED YESTERDAY.
  FOG
  HAZE


RELATIVE HUMIDITY (PERCENT)
 HIGHEST    92           600 AM
 LOWEST     27           200 PM
 AVERAGE    60

..........................................................


THE AKRON CANTON OH CLIMATE NORMALS FOR TODAY
                         NORMAL    RECORD    YEAR
 MAXIMUM TEMPERATURE (F)   59        80      1920
 MINIMUM TEMPERATURE (F)   41        22      1952


SUNRISE AND SUNSET
OCTOBER 21 2017.......SUNRISE   744 AM EDT   SUNSET   636 PM EDT
OCTOBER 22 2017.......SUNRISE   745 AM EDT   SUNSET   635 PM EDT


-  INDICATES NEGATIVE NUMBERS.
R  INDICATES RECORD WAS SET OR TIED.
MM INDICATES DATA IS MISSING.
T  INDICATES TRACE AMOUNT.




$$
