252
CDUS41 KCLE 030528
CLICAK


CLIMATE REPORT
NATIONAL WEATHER SERVICE CLEVELAND OH
127 AM EDT TUE MAY 3 2016


...................................

...THE AKRON CANTON OH CLIMATE SUMMARY FOR MAY 2 2016...

CLIMATE NORMAL PERIOD 1981 TO 2010
CLIMATE RECORD PERIOD 1887 TO 2016


WEATHER ITEM   OBSERVED TIME   RECORD YEAR NORMAL DEPARTURE LAST
                VALUE   (LST)  VALUE       VALUE  FROM      YEAR
                                                  NORMAL
..................................................................
TEMPERATURE (F)
 YESTERDAY
  MAXIMUM         54    213 PM  85    1899  66    -12       76
  MINIMUM         43   1159 PM  29    1909  44     -1       42
  AVERAGE         49                        55     -6       59

PRECIPITATION (IN)
  YESTERDAY        0.35                      0.13   0.22     0.00
  MONTH TO DATE    0.50                      0.25   0.25      T
  SINCE MAR 1      8.58                      6.78   1.80     6.60
  SINCE JAN 1     13.17                     11.70   1.47    12.08

SNOWFALL (IN)
  YESTERDAY        0.0                       0.0    0.0      0.0
  MONTH TO DATE    0.0                       0.0    0.0      0.0
  SINCE MAR 1      7.5                      10.9   -3.4      6.9
  SINCE JUL 1     30.2                      47.4  -17.2     59.8
  SNOW DEPTH       0

DEGREE DAYS
 HEATING
  YESTERDAY       16                        11      5        6
  MONTH TO DATE   18                        22     -4       15
  SINCE MAR 1   1131                      1354   -223     1345
  SINCE JUL 1   4778                      5898  -1120     6188

 COOLING
  YESTERDAY        0                         0      0        0
  MONTH TO DATE    0                         0      0        0
  SINCE MAR 1      0                         6     -6        2
  SINCE JAN 1      0                         6     -6        2
..................................................................


WIND (MPH)
  HIGHEST WIND SPEED    23   HIGHEST WIND DIRECTION     W (290)
  HIGHEST GUST SPEED    29   HIGHEST GUST DIRECTION    SW (210)
  AVERAGE WIND SPEED     6.9


SKY COVER
  POSSIBLE SUNSHINE  MM
  AVERAGE SKY COVER 0.9


WEATHER CONDITIONS
 THE FOLLOWING WEATHER WAS RECORDED YESTERDAY.
  THUNDERSTORM
  HEAVY RAIN
  RAIN
  LIGHT RAIN
  FOG
  FOG W/VISIBILITY <= 1/4 MILE
  HAZE


RELATIVE HUMIDITY (PERCENT)
 HIGHEST    93           600 AM
 LOWEST     71           400 PM
 AVERAGE    82

..........................................................


THE AKRON CANTON OH CLIMATE NORMALS FOR TODAY
                         NORMAL    RECORD    YEAR
 MAXIMUM TEMPERATURE (F)   66        88      2012
 MINIMUM TEMPERATURE (F)   45        30      1986


SUNRISE AND SUNSET
MAY  3 2016...........SUNRISE   621 AM EDT   SUNSET   825 PM EDT
MAY  4 2016...........SUNRISE   620 AM EDT   SUNSET   826 PM EDT


-  INDICATES NEGATIVE NUMBERS.
R  INDICATES RECORD WAS SET OR TIED.
MM INDICATES DATA IS MISSING.
T  INDICATES TRACE AMOUNT.




$$
