000
CDUS45 KABQ 230827
CLICAO


CLIMATE REPORT
NATIONAL WEATHER SERVICE ALBUQUERQUE NM
226 AM MDT FRI JUN 23 2017


...................................

...THE CLAYTON  NM CLIMATE SUMMARY FOR JUNE 22 2017...

CLIMATE NORMAL PERIOD 1981 TO 2010
CLIMATE RECORD PERIOD 1896 TO 2017


WEATHER ITEM   OBSERVED TIME   RECORD YEAR NORMAL DEPARTURE
                VALUE   (LST)  VALUE       VALUE  FROM
                                                  NORMAL
...............................................................
TEMPERATURE (F)
 YESTERDAY
  MAXIMUM        101R   215 PM  99    2010  87     14
                                      1978
                                      1924
  MINIMUM         61    429 AM  44    1926  58      3
  AVERAGE         81                        72      9

PRECIPITATION (IN)
  YESTERDAY        T             1.85 1981   0.06  -0.06
  MONTH TO DATE    0.24                      1.55  -1.31
  SINCE JUN 1      0.24                      1.55  -1.31
  SINCE JAN 1      7.99                      6.02   1.97

SNOWFALL (IN)
  YESTERDAY        0.0
  MONTH TO DATE    0.0
  SINCE JUN 1      0.0
  SINCE JUL 1     25.3

DEGREE DAYS
 HEATING
  YESTERDAY        0                         0      0
  MONTH TO DATE    0                        21    -21
  SINCE JUN 1      0                        21    -21
  SINCE JUL 1   4012                      4882   -870

 COOLING
  YESTERDAY       16                         8      8
  MONTH TO DATE  152                       116     36
  SINCE JUN 1    152                       116     36
  SINCE JAN 1    184                       167     17
...............................................................


WIND (MPH)
  HIGHEST WIND SPEED    33   HIGHEST WIND DIRECTION     W (270)
  HIGHEST GUST SPEED    46   HIGHEST GUST DIRECTION     W (270)
  AVERAGE WIND SPEED    12.4


SKY COVER
  AVERAGE SKY COVER 0.0


WEATHER CONDITIONS
 THE FOLLOWING WEATHER WAS RECORDED YESTERDAY.
  LIGHT RAIN


RELATIVE HUMIDITY (PERCENT)
 HIGHEST    84           300 AM
 LOWEST     11          1200 PM
 AVERAGE    48

..........................................................


THE CLAYTON  NM CLIMATE NORMALS FOR TODAY
                         NORMAL    RECORD    YEAR
 MAXIMUM TEMPERATURE (F)   87       102      1924
 MINIMUM TEMPERATURE (F)   58        45      1926


SUNRISE AND SUNSET
JUNE 23 2017..........SUNRISE   535 AM MDT   SUNSET   814 PM MDT
JUNE 24 2017..........SUNRISE   536 AM MDT   SUNSET   814 PM MDT


-  INDICATES NEGATIVE NUMBERS.
R  INDICATES RECORD WAS SET OR TIED.
MM INDICATES DATA IS MISSING.
T  INDICATES TRACE AMOUNT.




$$
