000
CDUS45 KABQ 270827
CLICAO


CLIMATE REPORT
NATIONAL WEATHER SERVICE ALBUQUERQUE NM
225 AM MDT TUE SEP 27 2016


...................................

...THE CLAYTON  NM CLIMATE SUMMARY FOR SEPTEMBER 26 2016...

CLIMATE NORMAL PERIOD 1981 TO 2010
CLIMATE RECORD PERIOD 1896 TO 2016


WEATHER ITEM   OBSERVED TIME   RECORD YEAR NORMAL DEPARTURE
                VALUE   (LST)  VALUE       VALUE  FROM
                                                  NORMAL
...............................................................
TEMPERATURE (F)
 YESTERDAY
  MAXIMUM         74    237 PM  91    1911  75     -1
  MINIMUM         38    539 AM  29    1926  48    -10
  AVERAGE         56                        62     -6

PRECIPITATION (IN)
  YESTERDAY        0.00          0.25 1976   0.05  -0.05
  MONTH TO DATE    2.63                      1.50   1.13
  SINCE SEP 1      2.63                      1.50   1.13
  SINCE JAN 1     18.39                     13.70   4.69

SNOWFALL (IN)
  YESTERDAY        0.0
  MONTH TO DATE    0.0
  SINCE SEP 1      0.0
  SINCE JUL 1      0.0

DEGREE DAYS
 HEATING
  YESTERDAY        9                         5      4
  MONTH TO DATE   32                        57    -25
  SINCE SEP 1     32                        57    -25
  SINCE JUL 1     34                        63    -29

 COOLING
  YESTERDAY        0                         2     -2
  MONTH TO DATE  128                        99     29
  SINCE SEP 1    128                        99     29
  SINCE JAN 1   1066                       896    170
...............................................................


WIND (MPH)
  HIGHEST WIND SPEED    12   HIGHEST WIND DIRECTION     S (180)
  HIGHEST GUST SPEED    16   HIGHEST GUST DIRECTION    SW (230)
  AVERAGE WIND SPEED     5.9


SKY COVER
  AVERAGE SKY COVER 0.0


WEATHER CONDITIONS
 THE FOLLOWING WEATHER WAS RECORDED YESTERDAY.
  NO SIGNIFICANT WEATHER WAS OBSERVED.


RELATIVE HUMIDITY (PERCENT)
 HIGHEST    76           300 AM
 LOWEST     25           100 PM
 AVERAGE    51

..........................................................


THE CLAYTON  NM CLIMATE NORMALS FOR TODAY
                         NORMAL    RECORD    YEAR
 MAXIMUM TEMPERATURE (F)   75        94      2009
 MINIMUM TEMPERATURE (F)   48        28      1927


SUNRISE AND SUNSET
SEPTEMBER 27 2016.....SUNRISE   645 AM MDT   SUNSET   641 PM MDT
SEPTEMBER 28 2016.....SUNRISE   646 AM MDT   SUNSET   640 PM MDT


-  INDICATES NEGATIVE NUMBERS.
R  INDICATES RECORD WAS SET OR TIED.
MM INDICATES DATA IS MISSING.
T  INDICATES TRACE AMOUNT.

$$
