000
CDUS45 KABQ 050853
CLICAO


CLIMATE REPORT
NATIONAL WEATHER SERVICE ALBUQUERQUE NM
151 AM MST THU MAR 5 2015


...................................

...THE CLAYTON  NM CLIMATE SUMMARY FOR MARCH 4 2015...

CLIMATE NORMAL PERIOD 1981 TO 2010
CLIMATE RECORD PERIOD 1896 TO 2015


WEATHER ITEM   OBSERVED TIME   RECORD YEAR NORMAL DEPARTURE
                VALUE   (LST)  VALUE       VALUE  FROM
                                                  NORMAL
...............................................................
TEMPERATURE (F)
 YESTERDAY
  MAXIMUM         27   1210 AM  79    2009  55    -28
  MINIMUM          5   1108 PM  -2    1917  27    -22
  AVERAGE         16                        41    -25

PRECIPITATION (IN)
  YESTERDAY        0.09          0.63 1957   0.03   0.06
  MONTH TO DATE    0.09                      0.10  -0.01
  SINCE MAR 1      0.09                      0.10  -0.01
  SINCE JAN 1      3.11                      0.72   2.39

SNOWFALL (IN)
  YESTERDAY        0.9
  MONTH TO DATE    0.9
  SINCE MAR 1      0.9
  SINCE JUL 1     26.1

DEGREE DAYS
 HEATING
  YESTERDAY       49                        24     25
  MONTH TO DATE  149                        97     52
  SINCE MAR 1    149                        97     52
  SINCE JUL 1   3592                      3774   -182

 COOLING
  YESTERDAY        0                         0      0
  MONTH TO DATE    0                         0      0
  SINCE MAR 1      0                         0      0
  SINCE JAN 1      0                         0      0
...............................................................


WIND (MPH)
  HIGHEST WIND SPEED    23   HIGHEST WIND DIRECTION    NE (40)
  HIGHEST GUST SPEED    27   HIGHEST GUST DIRECTION    NE (40)
  AVERAGE WIND SPEED    12.8


SKY COVER
  AVERAGE SKY COVER 0.9


WEATHER CONDITIONS
 THE FOLLOWING WEATHER WAS RECORDED YESTERDAY.
  LT FREEZING RAIN
  LIGHT SNOW
  FOG


RELATIVE HUMIDITY (PERCENT)
 HIGHEST   100           200 AM
 LOWEST     80           100 PM
 AVERAGE    90

..........................................................


THE CLAYTON  NM CLIMATE NORMALS FOR TODAY
                         NORMAL    RECORD    YEAR
 MAXIMUM TEMPERATURE (F)   55        81      1910
 MINIMUM TEMPERATURE (F)   27        -5      1948


SUNRISE AND SUNSET
MARCH  5 2015.........SUNRISE   618 AM MST   SUNSET   551 PM MST
MARCH  6 2015.........SUNRISE   617 AM MST   SUNSET   552 PM MST


-  INDICATES NEGATIVE NUMBERS.
R  INDICATES RECORD WAS SET OR TIED.
MM INDICATES DATA IS MISSING.
T  INDICATES TRACE AMOUNT.




$$
