000
CDUS45 KABQ 160851
CLICAO


CLIMATE REPORT
NATIONAL WEATHER SERVICE ALBUQUERQUE NM
151 AM MST MON JAN 16 2017


...................................

...THE CLAYTON  NM CLIMATE SUMMARY FOR JANUARY 15 2017...

CLIMATE NORMAL PERIOD 1981 TO 2010
CLIMATE RECORD PERIOD 1896 TO 2017


WEATHER ITEM   OBSERVED TIME   RECORD YEAR NORMAL DEPARTURE
                VALUE   (LST)  VALUE       VALUE  FROM
                                                  NORMAL
...............................................................
TEMPERATURE (F)
 YESTERDAY
  MAXIMUM         33    235 PM  77    1999  49    -16
  MINIMUM         31   1116 AM  -4    1930  22      9
  AVERAGE         32                        36     -4

PRECIPITATION (IN)
  YESTERDAY        0.65R         0.22 1980   0.01   0.64
                                      1959
  MONTH TO DATE    0.89                      0.13   0.76
  SINCE DEC 1      1.10                      0.49   0.61
  SINCE JAN 1      0.89                      0.13   0.76

SNOWFALL (IN)
  YESTERDAY        1.2
  MONTH TO DATE    4.6
  SINCE DEC 1      7.2
  SINCE JUL 1      7.2

DEGREE DAYS
 HEATING
  YESTERDAY       33                        30      3
  MONTH TO DATE  476                       450     26
  SINCE DEC 1   1386                      1386      0
  SINCE JUL 1   2054                      2438   -384

 COOLING
  YESTERDAY        0                         0      0
  MONTH TO DATE    0                         0      0
  SINCE DEC 1      0                         0      0
  SINCE JAN 1      0                         0      0
...............................................................


WIND (MPH)
  HIGHEST WIND SPEED    20   HIGHEST WIND DIRECTION     N (350)
  HIGHEST GUST SPEED    25   HIGHEST GUST DIRECTION     N (360)
  AVERAGE WIND SPEED     9.8


SKY COVER
  AVERAGE SKY COVER 1.0


WEATHER CONDITIONS
 THE FOLLOWING WEATHER WAS RECORDED YESTERDAY.
  RAIN
  FREEZING RAIN
  LT FREEZING RAIN
  LIGHT SNOW
  FOG
  FOG W/VISIBILITY <= 1/4 MILE


RELATIVE HUMIDITY (PERCENT)
 HIGHEST   100           100 AM
 LOWEST    100           100 AM
 AVERAGE   100

..........................................................


THE CLAYTON  NM CLIMATE NORMALS FOR TODAY
                         NORMAL    RECORD    YEAR
 MAXIMUM TEMPERATURE (F)   49        72      1974
 MINIMUM TEMPERATURE (F)   22        -9      1930


SUNRISE AND SUNSET
JANUARY 16 2017.......SUNRISE   703 AM MST   SUNSET   502 PM MST
JANUARY 17 2017.......SUNRISE   703 AM MST   SUNSET   503 PM MST


-  INDICATES NEGATIVE NUMBERS.
R  INDICATES RECORD WAS SET OR TIED.
MM INDICATES DATA IS MISSING.
T  INDICATES TRACE AMOUNT.




$$
