000
CDUS45 KABQ 300827
CLICAO


CLIMATE REPORT
NATIONAL WEATHER SERVICE ALBUQUERQUE NM
226 AM MDT THU OCT 30 2014


...................................

...THE CLAYTON  NM CLIMATE SUMMARY FOR OCTOBER 29 2014...

CLIMATE NORMAL PERIOD 1981 TO 2010
CLIMATE RECORD PERIOD 1896 TO 2014


WEATHER ITEM   OBSERVED TIME   RECORD YEAR NORMAL DEPARTURE
                VALUE   (LST)  VALUE       VALUE  FROM
                                                  NORMAL
...............................................................
TEMPERATURE (F)
 YESTERDAY
  MAXIMUM         72    245 PM  91    2003  65      7
  MINIMUM         38    353 AM   7    1917  37      1
  AVERAGE         55                        51      4

PRECIPITATION (IN)
  YESTERDAY        0.00          0.36 1927   0.02  -0.02
  MONTH TO DATE    0.66                      1.05  -0.39
  SINCE SEP 1      3.79                      2.72   1.07
  SINCE JAN 1     12.32                     14.92  -2.60

SNOWFALL (IN)
  YESTERDAY        0.0
  MONTH TO DATE    0.0
  SINCE SEP 1      0.0
  SINCE JUL 1      0.0

DEGREE DAYS
 HEATING
  YESTERDAY       10                        14     -4
  MONTH TO DATE  182                       297   -115
  SINCE SEP 1    229                       375   -146
  SINCE JUL 1    229                       381   -152

 COOLING
  YESTERDAY        0                         0      0
  MONTH TO DATE   15                         6      9
  SINCE SEP 1    126                       108     18
  SINCE JAN 1   1130                       905    225
...............................................................


WIND (MPH)
  HIGHEST WIND SPEED    20   HIGHEST WIND DIRECTION     S (190)
  HIGHEST GUST SPEED    23   HIGHEST GUST DIRECTION     S (180)
  AVERAGE WIND SPEED    10.2


SKY COVER
  AVERAGE SKY COVER 0.0


WEATHER CONDITIONS
 THE FOLLOWING WEATHER WAS RECORDED YESTERDAY.
  NO SIGNIFICANT WEATHER WAS OBSERVED.


RELATIVE HUMIDITY (PERCENT)
 HIGHEST    64           200 AM
 LOWEST     15           300 PM
 AVERAGE    40

..........................................................


THE CLAYTON  NM CLIMATE NORMALS FOR TODAY
                         NORMAL    RECORD    YEAR
 MAXIMUM TEMPERATURE (F)   64        84      1950
 MINIMUM TEMPERATURE (F)   37        12      1991


SUNRISE AND SUNSET
OCTOBER 30 2014.......SUNRISE   714 AM MDT   SUNSET   558 PM MDT
OCTOBER 31 2014.......SUNRISE   715 AM MDT   SUNSET   557 PM MDT


-  INDICATES NEGATIVE NUMBERS.
R  INDICATES RECORD WAS SET OR TIED.
MM INDICATES DATA IS MISSING.
T  INDICATES TRACE AMOUNT.

$$
