000
CDUS45 KABQ 290834
CLICAO


CLIMATE REPORT
NATIONAL WEATHER SERVICE ALBUQUERQUE NM
233 AM MDT SUN MAR 29 2015


...................................

...THE CLAYTON  NM CLIMATE SUMMARY FOR MARCH 28 2015...

CLIMATE NORMAL PERIOD 1981 TO 2010
CLIMATE RECORD PERIOD 1896 TO 2015


WEATHER ITEM   OBSERVED TIME   RECORD YEAR NORMAL DEPARTURE
                VALUE   (LST)  VALUE       VALUE  FROM
                                                  NORMAL
...............................................................
TEMPERATURE (F)
 YESTERDAY
  MAXIMUM         81    306 PM  85    1963  62     19
  MINIMUM         49    537 AM  12    1975  33     16
                                      1944
  AVERAGE         65                        47     18

PRECIPITATION (IN)
  YESTERDAY        0.00          0.91 1929   0.04  -0.04
  MONTH TO DATE    0.41                      0.86  -0.45
  SINCE MAR 1      0.41                      0.86  -0.45
  SINCE JAN 1      3.43                      1.48   1.95

SNOWFALL (IN)
  YESTERDAY        0.0
  MONTH TO DATE    0.9
  SINCE MAR 1      0.9
  SINCE JUL 1     26.1

DEGREE DAYS
 HEATING
  YESTERDAY        0                        18    -18
  MONTH TO DATE  494                       592    -98
  SINCE MAR 1    494                       592    -98
  SINCE JUL 1   3937                      4269   -332

 COOLING
  YESTERDAY        0                         0      0
  MONTH TO DATE    0                         0      0
  SINCE MAR 1      0                         0      0
  SINCE JAN 1      0                         0      0
...............................................................


WIND (MPH)
  HIGHEST WIND SPEED    17   HIGHEST WIND DIRECTION    SW (240)
  HIGHEST GUST SPEED    22   HIGHEST GUST DIRECTION     S (200)
  AVERAGE WIND SPEED     9.9


SKY COVER
  AVERAGE SKY COVER 0.0


WEATHER CONDITIONS
 THE FOLLOWING WEATHER WAS RECORDED YESTERDAY.
  NO SIGNIFICANT WEATHER WAS OBSERVED.


RELATIVE HUMIDITY (PERCENT)
 HIGHEST    42           100 AM
 LOWEST      9           500 PM
 AVERAGE    26

..........................................................


THE CLAYTON  NM CLIMATE NORMALS FOR TODAY
                         NORMAL    RECORD    YEAR
 MAXIMUM TEMPERATURE (F)   62        81      2012
                                             1943
 MINIMUM TEMPERATURE (F)   33         9      1987


SUNRISE AND SUNSET
MARCH 29 2015.........SUNRISE   643 AM MDT   SUNSET   712 PM MDT
MARCH 30 2015.........SUNRISE   642 AM MDT   SUNSET   713 PM MDT


-  INDICATES NEGATIVE NUMBERS.
R  INDICATES RECORD WAS SET OR TIED.
MM INDICATES DATA IS MISSING.
T  INDICATES TRACE AMOUNT.




$$
