000
CDUS45 KABQ 290832
CLICAO


CLIMATE REPORT
NATIONAL WEATHER SERVICE ALBUQUERQUE NM
231 AM MDT TUE JUL 29 2014


...................................

...THE CLAYTON  NM CLIMATE SUMMARY FOR JULY 28 2014...

CLIMATE NORMAL PERIOD 1981 TO 2010
CLIMATE RECORD PERIOD 1896 TO 2014


WEATHER ITEM   OBSERVED TIME   RECORD YEAR NORMAL DEPARTURE
                VALUE   (LST)  VALUE       VALUE  FROM
                                                  NORMAL
...............................................................
TEMPERATURE (F)
 YESTERDAY
  MAXIMUM         72    408 PM 100    1898  88    -16
  MINIMUM         59    300 AM  54    1959  61     -2
  AVERAGE         66                        74     -8

PRECIPITATION (IN)
  YESTERDAY        1.16          1.20 1925   0.09   1.07
  MONTH TO DATE    2.19                      2.36  -0.17
  SINCE JUN 1      4.08                      4.49  -0.41
  SINCE JAN 1      5.85                      8.96  -3.11

SNOWFALL (IN)
  YESTERDAY        0.0
  MONTH TO DATE    0.0
  SINCE JUN 1      0.0
  SINCE JUL 1      0.0

DEGREE DAYS
 HEATING
  YESTERDAY        0                         0      0
  MONTH TO DATE    0                         0      0
  SINCE JUN 1     14                        23     -9
  SINCE JUL 1      0                         0      0

 COOLING
  YESTERDAY        1                        10     -9
  MONTH TO DATE  326                       276     50
  SINCE JUN 1    571                       459    112
  SINCE JAN 1    666                       510    156
...............................................................


WIND (MPH)
  HIGHEST WIND SPEED    20   HIGHEST WIND DIRECTION     S (160)
  HIGHEST GUST SPEED    22   HIGHEST GUST DIRECTION     S (160)
  AVERAGE WIND SPEED    10.3


SKY COVER
  AVERAGE SKY COVER 0.6


WEATHER CONDITIONS
 THE FOLLOWING WEATHER WAS RECORDED YESTERDAY.
  THUNDERSTORM
  HEAVY RAIN
  RAIN
  LIGHT RAIN
  FOG


RELATIVE HUMIDITY (PERCENT)
 HIGHEST    93          1000 PM
 LOWEST     68           400 PM
 AVERAGE    81

..........................................................


THE CLAYTON  NM CLIMATE NORMALS FOR TODAY
                         NORMAL    RECORD    YEAR
 MAXIMUM TEMPERATURE (F)   88       100      1934
 MINIMUM TEMPERATURE (F)   61        53      1971
                                             1943
                                             1929


SUNRISE AND SUNSET
JULY 29 2014..........SUNRISE   557 AM MDT   SUNSET   801 PM MDT
JULY 30 2014..........SUNRISE   557 AM MDT   SUNSET   800 PM MDT


-  INDICATES NEGATIVE NUMBERS.
R  INDICATES RECORD WAS SET OR TIED.
MM INDICATES DATA IS MISSING.
T  INDICATES TRACE AMOUNT.




$$
