000
CDUS45 KABQ 250834
CLICAO


CLIMATE REPORT
NATIONAL WEATHER SERVICE ALBUQUERQUE NM
133 AM MST SAT FEB 25 2017


...................................

...THE CLAYTON  NM CLIMATE SUMMARY FOR FEBRUARY 24 2017...

CLIMATE NORMAL PERIOD 1981 TO 2010
CLIMATE RECORD PERIOD 1896 TO 2017


WEATHER ITEM   OBSERVED TIME   RECORD YEAR NORMAL DEPARTURE
                VALUE   (LST)  VALUE       VALUE  FROM
                                                  NORMAL
...............................................................
TEMPERATURE (F)
 YESTERDAY
  MAXIMUM         39    205 PM  74    1986  53    -14
  MINIMUM         18   1159 PM   1    2003  25     -7
  AVERAGE         29                        39    -10

PRECIPITATION (IN)
  YESTERDAY        0.00          0.30 1951   0.02  -0.02
  MONTH TO DATE    0.25                      0.28  -0.03
  SINCE DEC 1      1.59                      0.92   0.67
  SINCE JAN 1      1.38                      0.56   0.82

SNOWFALL (IN)
  YESTERDAY        0.0
  MONTH TO DATE    1.0
  SINCE DEC 1     11.4
  SINCE JUL 1     11.4

DEGREE DAYS
 HEATING
  YESTERDAY       36                        26     10
  MONTH TO DATE  441                       670   -229
  SINCE DEC 1   2255                      2524   -269
  SINCE JUL 1   2923                      3576   -653

 COOLING
  YESTERDAY        0                         0      0
  MONTH TO DATE    2                         0      2
  SINCE DEC 1      2                         0      2
  SINCE JAN 1      2                         0      2
...............................................................


WIND (MPH)
  HIGHEST WIND SPEED    21   HIGHEST WIND DIRECTION     N (350)
  HIGHEST GUST SPEED    24   HIGHEST GUST DIRECTION     N (360)
  AVERAGE WIND SPEED     9.4


SKY COVER
  AVERAGE SKY COVER 0.3


WEATHER CONDITIONS
 THE FOLLOWING WEATHER WAS RECORDED YESTERDAY.
  NO SIGNIFICANT WEATHER WAS OBSERVED.


RELATIVE HUMIDITY (PERCENT)
 HIGHEST    92           100 AM
 LOWEST     40           400 PM
 AVERAGE    66

..........................................................


THE CLAYTON  NM CLIMATE NORMALS FOR TODAY
                         NORMAL    RECORD    YEAR
 MAXIMUM TEMPERATURE (F)   53        78      1989
 MINIMUM TEMPERATURE (F)   26         0      1960


SUNRISE AND SUNSET
FEBRUARY 25 2017......SUNRISE   628 AM MST   SUNSET   544 PM MST
FEBRUARY 26 2017......SUNRISE   627 AM MST   SUNSET   545 PM MST


-  INDICATES NEGATIVE NUMBERS.
R  INDICATES RECORD WAS SET OR TIED.
MM INDICATES DATA IS MISSING.
T  INDICATES TRACE AMOUNT.




$$
