983
CDUS45 KABQ 030826
CLICAO


CLIMATE REPORT
NATIONAL WEATHER SERVICE ALBUQUERQUE NM
225 AM MDT TUE MAY 3 2016


...................................

...THE CLAYTON  NM CLIMATE SUMMARY FOR MAY 2 2016...

CLIMATE NORMAL PERIOD 1981 TO 2010
CLIMATE RECORD PERIOD 1896 TO 2016


WEATHER ITEM   OBSERVED TIME   RECORD YEAR NORMAL DEPARTURE
                VALUE   (LST)  VALUE       VALUE  FROM
                                                  NORMAL
...............................................................
TEMPERATURE (F)
 YESTERDAY
  MAXIMUM         62    332 PM  89    2012  72    -10
  MINIMUM         30    511 AM  23    2013  43    -13
                                      1967
                                      1929
  AVERAGE         46                        57    -11

PRECIPITATION (IN)
  YESTERDAY        0.00          1.35 1941   0.04  -0.04
  MONTH TO DATE    0.18                      0.08   0.10
  SINCE MAR 1      2.28                      1.97   0.31
  SINCE JAN 1      2.72                      2.59   0.13

SNOWFALL (IN)
  YESTERDAY        0.0
  MONTH TO DATE    0.5
  SINCE MAR 1      2.1
  SINCE JUL 1     25.5

DEGREE DAYS
 HEATING
  YESTERDAY       19                         8     11
  MONTH TO DATE   47                        16     31
  SINCE MAR 1    920                      1045   -125
  SINCE JUL 1   4170                      4722   -552

 COOLING
  YESTERDAY        0                         1     -1
  MONTH TO DATE    0                         1     -1
  SINCE MAR 1      0                         7     -7
  SINCE JAN 1      0                         7     -7
...............................................................


WIND (MPH)
  HIGHEST WIND SPEED    15   HIGHEST WIND DIRECTION    NW (310)
  HIGHEST GUST SPEED    18   HIGHEST GUST DIRECTION    NW (320)
  AVERAGE WIND SPEED     6.7


SKY COVER
  AVERAGE SKY COVER 0.2


WEATHER CONDITIONS
 THE FOLLOWING WEATHER WAS RECORDED YESTERDAY.
  NO SIGNIFICANT WEATHER WAS OBSERVED.


RELATIVE HUMIDITY (PERCENT)
 HIGHEST    89          1200 AM
 LOWEST     37           300 PM
 AVERAGE    63

..........................................................


THE CLAYTON  NM CLIMATE NORMALS FOR TODAY
                         NORMAL    RECORD    YEAR
 MAXIMUM TEMPERATURE (F)   72        90      1947
                                             1940
 MINIMUM TEMPERATURE (F)   43        24      1954


SUNRISE AND SUNSET
MAY  3 2016...........SUNRISE   557 AM MDT   SUNSET   743 PM MDT
MAY  4 2016...........SUNRISE   555 AM MDT   SUNSET   744 PM MDT


-  INDICATES NEGATIVE NUMBERS.
R  INDICATES RECORD WAS SET OR TIED.
MM INDICATES DATA IS MISSING.
T  INDICATES TRACE AMOUNT.




$$
