000
CDUS45 KABQ 180834
CLICAO


CLIMATE REPORT
NATIONAL WEATHER SERVICE ALBUQUERQUE NM
233 AM MDT FRI AUG 18 2017


...................................

...THE CLAYTON  NM CLIMATE SUMMARY FOR AUGUST 17 2017...

CLIMATE NORMAL PERIOD 1981 TO 2010
CLIMATE RECORD PERIOD 1896 TO 2017


WEATHER ITEM   OBSERVED TIME   RECORD YEAR NORMAL DEPARTURE
                VALUE   (LST)  VALUE       VALUE  FROM
                                                  NORMAL
...............................................................
TEMPERATURE (F)
 YESTERDAY
  MAXIMUM         85    231 PM  98    1924  86     -1
  MINIMUM         57    218 AM  48    1927  61     -4
  AVERAGE         71                        73     -2

PRECIPITATION (IN)
  YESTERDAY        0.00          1.27 1966   0.09  -0.09
  MONTH TO DATE    2.50                      1.81   0.69
  SINCE JUN 1      7.07                      6.60   0.47
  SINCE JAN 1     14.82                     11.07   3.75

SNOWFALL (IN)
  YESTERDAY        0.0
  MONTH TO DATE    0.0
  SINCE JUN 1      0.0
  SINCE JUL 1      0.0

DEGREE DAYS
 HEATING
  YESTERDAY        0                         0      0
  MONTH TO DATE    2                         0      2
  SINCE JUN 1      4                        25    -21
  SINCE JUL 1      2                         2      0

 COOLING
  YESTERDAY        6                         9     -3
  MONTH TO DATE   74                       153    -79
  SINCE JUN 1    618                       639    -21
  SINCE JAN 1    650                       690    -40
...............................................................


WIND (MPH)
  HIGHEST WIND SPEED    23   HIGHEST WIND DIRECTION     S (190)
  HIGHEST GUST SPEED    26   HIGHEST GUST DIRECTION     S (200)
  AVERAGE WIND SPEED     7.9


SKY COVER
  AVERAGE SKY COVER 0.0


WEATHER CONDITIONS
 THE FOLLOWING WEATHER WAS RECORDED YESTERDAY.
  NO SIGNIFICANT WEATHER WAS OBSERVED.


RELATIVE HUMIDITY (PERCENT)
 HIGHEST    93           300 AM
 LOWEST     35           600 PM
 AVERAGE    64

..........................................................


THE CLAYTON  NM CLIMATE NORMALS FOR TODAY
                         NORMAL    RECORD    YEAR
 MAXIMUM TEMPERATURE (F)   86        99      2002
 MINIMUM TEMPERATURE (F)   61        46      1950


SUNRISE AND SUNSET
AUGUST 18 2017........SUNRISE   613 AM MDT   SUNSET   739 PM MDT
AUGUST 19 2017........SUNRISE   614 AM MDT   SUNSET   738 PM MDT


-  INDICATES NEGATIVE NUMBERS.
R  INDICATES RECORD WAS SET OR TIED.
MM INDICATES DATA IS MISSING.
T  INDICATES TRACE AMOUNT.




$$
