000
CDUS41 KCAR 282030
CLICAR


CLIMATE REPORT
NATIONAL WEATHER SERVICE CARIBOU, ME
430 PM EDT TUE JUL 28 2015


...................................

...THE CARIBOU ME CLIMATE SUMMARY FOR JULY 28 2015...
VALID TODAY AS OF 0400 PM LOCAL TIME.

CLIMATE NORMAL PERIOD 1981 TO 2010
CLIMATE RECORD PERIOD 1939 TO 2015


WEATHER ITEM   OBSERVED TIME   RECORD YEAR NORMAL DEPARTURE LAST
                VALUE   (LST)  VALUE       VALUE  FROM      YEAR
                                                  NORMAL
..................................................................
TEMPERATURE (F)
 TODAY
  MAXIMUM         84    259 PM  91    1970  76      8       72
                                      1959
                                      1949
  MINIMUM         61    448 AM  43    1987  56      5       63
                                      1981
                                      1945
  AVERAGE         73                        66      7       68

PRECIPITATION (IN)
  TODAY            T             1.43 1968   0.13  -0.13     0.59
  MONTH TO DATE    3.15                      3.72  -0.57     6.09
  SINCE JUN 1      7.40                      7.20   0.20     8.70
  SINCE JAN 1     18.25                     20.62  -2.37    25.90

SNOWFALL (IN)
  TODAY            0.0           0.0  2002   0.0    0.0      0.0
                                      2001
  MONTH TO DATE    0.0                       0.0    0.0      0.0
  SINCE JUN 1      0.0                       0.0    0.0      0.0
  SINCE JUL 1      0.0                       0.0    0.0      0.0
  SNOW DEPTH       0

DEGREE DAYS
 HEATING
  TODAY            0                         2     -2        0
  MONTH TO DATE   65                        58      7       20
  SINCE JUN 1    277                       223     54      109
  SINCE JUL 1     65                        58      7       20

 COOLING
  TODAY            8                         3      5        3
  MONTH TO DATE   44                        70    -26      127
  SINCE JUN 1     50                       104    -54      163
  SINCE JAN 1     71                       109    -38      166
..................................................................


WIND (MPH)
  HIGHEST WIND SPEED    15   HIGHEST WIND DIRECTION     W (250)
  HIGHEST GUST SPEED    19   HIGHEST GUST DIRECTION     W (260)
  AVERAGE WIND SPEED     5.3


SKY COVER
  POSSIBLE SUNSHINE  MM
  AVERAGE SKY COVER 0.2


WEATHER CONDITIONS
 THE FOLLOWING WEATHER WAS RECORDED TODAY.
  LIGHT RAIN
  FOG


RELATIVE HUMIDITY (PERCENT)
 HIGHEST    93          1200 AM
 LOWEST     26           300 PM
 AVERAGE    60

..........................................................


THE CARIBOU ME CLIMATE NORMALS FOR TOMORROW
                         NORMAL    RECORD    YEAR
 MAXIMUM TEMPERATURE (F)   76        89      1990
                                             1970
 MINIMUM TEMPERATURE (F)   55        43      1996
                                             1987


SUNRISE AND SUNSET
JULY 28 2015..........SUNRISE   507 AM EDT   SUNSET   810 PM EDT
JULY 29 2015..........SUNRISE   508 AM EDT   SUNSET   808 PM EDT


-  INDICATES NEGATIVE NUMBERS.
R  INDICATES RECORD WAS SET OR TIED.
MM INDICATES DATA IS MISSING.
T  INDICATES TRACE AMOUNT.




$$
