000
CDUS41 KCAR 060532
CLICAR


CLIMATE REPORT
NATIONAL WEATHER SERVICE CARIBOU, ME
1231 AM EST SAT FEB 6 2016


...................................

...THE CARIBOU ME CLIMATE SUMMARY FOR FEBRUARY 5 2016...

CLIMATE NORMAL PERIOD 1981 TO 2010
CLIMATE RECORD PERIOD 1939 TO 2016


WEATHER ITEM   OBSERVED TIME   RECORD YEAR NORMAL DEPARTURE LAST
                VALUE   (LST)  VALUE       VALUE  FROM      YEAR
                                                  NORMAL
..................................................................
TEMPERATURE (F)
 YESTERDAY
  MAXIMUM         31   1221 AM  42    1947  21     10       21
  MINIMUM         11   1159 PM -31    1948   2      9       -9
  AVERAGE         21                        11     10        6

PRECIPITATION (IN)
  YESTERDAY        T             1.03 1954   0.08  -0.08     0.03
  MONTH TO DATE    0.61                      0.40   0.21     0.28
  SINCE DEC 1      6.91                      6.38   0.53     9.06
  SINCE JAN 1      2.03                      3.11  -1.08     3.18

SNOWFALL (IN)
  YESTERDAY        T            13.2  1954   0.8   -0.8      0.5
  MONTH TO DATE    3.2                       4.1   -0.9      4.3
  SINCE DEC 1     42.2                      52.2  -10.0     65.1
  SINCE JUL 1     46.3                      64.4  -18.1     93.9
  SNOW DEPTH       7

DEGREE DAYS
 HEATING
  YESTERDAY       44                        54    -10       59
  MONTH TO DATE  201                       271    -70      331
  SINCE DEC 1   2780                      3420   -640     3387
  SINCE JUL 1   4598                      5565   -967     5339

 COOLING
  YESTERDAY        0                         0      0        0
  MONTH TO DATE    0                         0      0        0
  SINCE DEC 1      0                         0      0        0
  SINCE JAN 1      0                         0      0        0
..................................................................


WIND (MPH)
  HIGHEST WIND SPEED    22   HIGHEST WIND DIRECTION     N (340)
  HIGHEST GUST SPEED    28   HIGHEST GUST DIRECTION     N (340)
  AVERAGE WIND SPEED    10.2


SKY COVER
  POSSIBLE SUNSHINE  MM
  AVERAGE SKY COVER 0.7


WEATHER CONDITIONS
 THE FOLLOWING WEATHER WAS RECORDED YESTERDAY.
  LIGHT SNOW
  HAZE


RELATIVE HUMIDITY (PERCENT)
 HIGHEST    78          1200 AM
 LOWEST     62           600 PM
 AVERAGE    70

..........................................................


THE CARIBOU ME CLIMATE NORMALS FOR TODAY
                         NORMAL    RECORD    YEAR
 MAXIMUM TEMPERATURE (F)   21        38      1991
 MINIMUM TEMPERATURE (F)    2       -20      1993
                                             1969


SUNRISE AND SUNSET
FEBRUARY  6 2016......SUNRISE   651 AM EST   SUNSET   442 PM EST
FEBRUARY  7 2016......SUNRISE   649 AM EST   SUNSET   444 PM EST


-  INDICATES NEGATIVE NUMBERS.
R  INDICATES RECORD WAS SET OR TIED.
MM INDICATES DATA IS MISSING.
T  INDICATES TRACE AMOUNT.




$$
