332
CDUS41 KCAR 230526
CLICAR


CLIMATE REPORT
NATIONAL WEATHER SERVICE CARIBOU, ME
126 AM EDT TUE MAY 23 2017


...................................

...THE CARIBOU ME CLIMATE SUMMARY FOR MAY 22 2017...

CLIMATE NORMAL PERIOD 1981 TO 2010
CLIMATE RECORD PERIOD 1939 TO 2017


WEATHER ITEM   OBSERVED TIME   RECORD YEAR NORMAL DEPARTURE LAST
                VALUE   (LST)  VALUE       VALUE  FROM      YEAR
                                                  NORMAL
..................................................................
TEMPERATURE (F)
 YESTERDAY
  MAXIMUM         63    205 PM  96    1977  65     -2       78
  MINIMUM         39    357 AM  31    2007  42     -3       54
  AVERAGE         51                        54     -3       66

PRECIPITATION (IN)
  YESTERDAY        T             1.29 1990   0.11  -0.11      T
  MONTH TO DATE    3.73                      2.29   1.44     2.16
  SINCE MAR 1     10.31                      7.46   2.85     9.66
  SINCE JAN 1     15.93                     12.38   3.55    15.13

SNOWFALL (IN)
  YESTERDAY        0.0           0.6  1990   0.0    0.0      0.0
  MONTH TO DATE    T                         0.5   -0.5      4.8
  SINCE MAR 1     33.0                      26.2    6.8     34.8
  SINCE JUL 1    129.6                     108.7   20.9     94.8
  SNOW DEPTH       0

DEGREE DAYS
 HEATING
  YESTERDAY       14                        12      2        0
  MONTH TO DATE  299                       332    -33      304
  SINCE MAR 1   2386                      2377      9     2434
  SINCE JUL 1   8367                      9098   -731     8176

 COOLING
  YESTERDAY        0                         0      0        1
  MONTH TO DATE    6                         0      6        1
  SINCE MAR 1      6                         0      6        1
  SINCE JAN 1      6                         0      6        1
..................................................................


WIND (MPH)
  HIGHEST WIND SPEED    21   HIGHEST WIND DIRECTION     S (170)
  HIGHEST GUST SPEED    28   HIGHEST GUST DIRECTION     S (180)
  AVERAGE WIND SPEED     7.2


SKY COVER
  POSSIBLE SUNSHINE  MM
  AVERAGE SKY COVER 0.6


WEATHER CONDITIONS
 THE FOLLOWING WEATHER WAS RECORDED YESTERDAY.
  LIGHT RAIN


RELATIVE HUMIDITY (PERCENT)
 HIGHEST    85           400 AM
 LOWEST     39           200 PM
 AVERAGE    62

..........................................................


THE CARIBOU ME CLIMATE NORMALS FOR TODAY
                         NORMAL    RECORD    YEAR
 MAXIMUM TEMPERATURE (F)   65        95      1977
 MINIMUM TEMPERATURE (F)   43        29      1982


SUNRISE AND SUNSET
MAY 23 2017...........SUNRISE   448 AM EDT   SUNSET   810 PM EDT
MAY 24 2017...........SUNRISE   447 AM EDT   SUNSET   811 PM EDT


-  INDICATES NEGATIVE NUMBERS.
R  INDICATES RECORD WAS SET OR TIED.
MM INDICATES DATA IS MISSING.
T  INDICATES TRACE AMOUNT.




$$
