000
CDUS41 KCAR 210556
CLICAR


CLIMATE REPORT
NATIONAL WEATHER SERVICE CARIBOU, ME
1251 AM EST SUN JAN 21 2018


...................................

...THE CARIBOU ME CLIMATE SUMMARY FOR JANUARY 20 2018...

CLIMATE NORMAL PERIOD 1981 TO 2010
CLIMATE RECORD PERIOD 1939 TO 2018


WEATHER ITEM   OBSERVED TIME   RECORD YEAR NORMAL DEPARTURE LAST
                VALUE   (LST)  VALUE       VALUE  FROM      YEAR
                                                  NORMAL
..................................................................
TEMPERATURE (F)
 YESTERDAY
  MAXIMUM         39    544 PM  50    1996  19     20       31
  MINIMUM         21   1159 PM -28    1994   0     21       22
  AVERAGE         30                         9     21       27

PRECIPITATION (IN)
  YESTERDAY        0.01          1.06 1986   0.09  -0.08     0.00
  MONTH TO DATE    3.23                      1.77   1.46     1.63
  SINCE DEC 1      7.35                      5.04   2.31     5.83
  SINCE JAN 1      3.23                      1.77   1.46     1.63

SNOWFALL (IN)
  YESTERDAY        0.2          11.1  2005   0.8   -0.6      0.0
  MONTH TO DATE   26.8                      16.2   10.6     12.0
  SINCE DEC 1     61.0                      39.1   21.9     53.2
  SINCE JUL 1     64.9                      51.3   13.6     73.4
  SNOW DEPTH      17

DEGREE DAYS
 HEATING
  YESTERDAY       35                        56    -21       38
  MONTH TO DATE 1062                      1093    -31     1000
  SINCE DEC 1   2656                      2542    114     2493
  SINCE JUL 1   4360                      4687   -327     4180

 COOLING
  YESTERDAY        0                         0      0        0
  MONTH TO DATE    0                         0      0        0
  SINCE DEC 1      0                         0      0        0
  SINCE JAN 1      0                         0      0        0
..................................................................


WIND (MPH)
  HIGHEST WIND SPEED    25   HIGHEST WIND DIRECTION    NW (300)
  HIGHEST GUST SPEED    37   HIGHEST GUST DIRECTION    SW (240)
  AVERAGE WIND SPEED    13.1


SKY COVER
  POSSIBLE SUNSHINE  MM
  AVERAGE SKY COVER 0.9


WEATHER CONDITIONS
 THE FOLLOWING WEATHER WAS RECORDED YESTERDAY.
  LIGHT SNOW
  FOG


RELATIVE HUMIDITY (PERCENT)
 HIGHEST    81          1200 AM
 LOWEST     54           900 PM
 AVERAGE    68

..........................................................


THE CARIBOU ME CLIMATE NORMALS FOR TODAY
                         NORMAL    RECORD    YEAR
 MAXIMUM TEMPERATURE (F)   19        40      1947
 MINIMUM TEMPERATURE (F)    0       -29      1975


SUNRISE AND SUNSET
JANUARY 21 2018.......SUNRISE   708 AM EST   SUNSET   419 PM EST
JANUARY 22 2018.......SUNRISE   707 AM EST   SUNSET   420 PM EST


-  INDICATES NEGATIVE NUMBERS.
R  INDICATES RECORD WAS SET OR TIED.
MM INDICATES DATA IS MISSING.
T  INDICATES TRACE AMOUNT.




$$
