000
CDAK48 PACD 281206
CLICDB

CLIMATE REPORT
NATIONAL WEATHER SERVICE COLD BAY, AK
406 AM AKDT SAT MAY 28 2016

...................................
...THE COLD BAY AP CLIMATE SUMMARY FOR MAY 27 2016...

CLIMATE NORMAL PERIOD  1981 TO  2010
CLIMATE RECORD PERIOD  1942 TO  2016

WEATHER ITEM   OBSERVED TIME    RECORD YEAR NORMAL DEPARTURE LAST
               VALUE    (LST)   VALUE       VALUE  FROM      YEAR
                                                   NORMAL
...................................................................
TEMPERATURE
YESTERDAY
 MAXIMUM            58  0435 PM    67  1979     48      10     57
 MINIMUM            44  0522 AM    32  2001     37       7     43
 AVERAGE            51                          42       9     50

PRECIPITATION
(INCHES)
 YESTERDAY        0.01           2.13  1958   0.10   -0.09   0.00
 MONTH TO DATE    1.59                        2.23   -0.64   3.76
 SINCE MAR 1      5.82                        7.35   -1.53   8.87
 SINCE JAN 1     12.31                       13.49   -1.18  11.38

SNOWFALL
(INCHES)
 YESTERDAY         0.0            0.2  1971    0.0     0.0    0.0
 MONTH TO DATE     0.0                         1.3    -1.3      T
 SINCE MAR 1       8.2                        20.9   -12.7   13.6
 SINCE JUL 1      50.1                        73.1   -23.0   22.3
 SNOW DEPTH (IN)     0                                          0

DEGREE DAYS
 HEATING
  YESTERDAY         14                          23      -9     15
  MONTH TO DATE    561                         677    -116    584
  SINCE MAR 1     2295                        2686    -391   2432
  SINCE JUL 1     8020                        8910    -890   7805

 COOLING
  YESTERDAY          0                           0       0      0
  MONTH TO DATE      0                           0       0      0
  SINCE MAR 1        0                           0       0      0
  SINCE JAN 1        0                           0       0      0
...................................................................

WIND (MPH)
 HIGHEST WIND SPEED    23     HIGHEST WIND DIRECTION    160
 HIGHEST GUST SPEED    26     HIGHEST GUST DIRECTION    170
 AVERAGE WIND SPEED  12.6

WEATHER CONDITIONS
 THE FOLLOWING WEATHER WAS RECORDED YESTERDAY.
  RAIN
...................................................................

THE COLD BAY CLIMATE NORMALS FOR TODAY
                           NORMAL    RECORD   YEAR
 MAXIMUM TEMPERATURE (F)     48        68     2006
 MINIMUM TEMPERATURE (F)     37        30     1976

SUNRISE AND SUNSET
 MAY 28 2016..........SUNRISE  6:22 AM      SUNSET 11:16 PM
 MAY 29 2016..........SUNRISE  6:21 AM      SUNSET 11:18 PM

-  INDICATES NEGATIVE NUMBERS.
R  INDICATES RECORD HAS BEEN SET OR TIED.
MM INDICATES DATA IS MISSING.
T  INDICATES TRACE OF PRECIPITATION.

&&
-------------------------------------------------------------------

AMOUNT OF DAYLIGHT TODAY  (HOUR:MIN)........16 HOURS 54 MINUTES
GAIN SINCE YESTERDAY  (HOUR:MIN:SEC)........+0:02:37

$$
DAB MAY 16
