000
CDAK48 PACD 281136
CLICDB

CLIMATE REPORT
NATIONAL WEATHER SERVICE COLD BAY, AK
336 AM AKDT THU MAY 28 2015

...................................
...THE COLD BAY AP CLIMATE SUMMARY FOR MAY 27 2015...

CLIMATE NORMAL PERIOD  1981 TO  2010
CLIMATE RECORD PERIOD  1942 TO  2015

WEATHER ITEM   OBSERVED TIME    RECORD YEAR NORMAL DEPARTURE LAST
               VALUE    (LST)   VALUE       VALUE  FROM      YEAR
                                                   NORMAL
...................................................................
TEMPERATURE
YESTERDAY
 MAXIMUM            57  0249 PM    67  1979     48       9     62
 MINIMUM            43  0731 AM    32  2001     37       6     45
 AVERAGE            50                          42       8     54

PRECIPITATION
(INCHES)
 YESTERDAY        0.00           2.13  1958   0.10   -0.10   0.01
 MONTH TO DATE    3.76                        2.23    1.53   0.19
 SINCE MAR 1      8.87                        7.35    1.52   3.45
 SINCE JAN 1     11.38                       13.49   -2.11  11.90

SNOWFALL
(INCHES)
 YESTERDAY         0.0            0.2  1971    0.0     0.0    0.0
 MONTH TO DATE       T                         1.3    -1.3      T
 SINCE MAR 1      13.6                        20.9    -7.3    8.2
 SINCE JUL 1      22.3                        73.1   -50.8   37.3
 SNOW DEPTH (IN)     0                                          0

DEGREE DAYS
 HEATING
  YESTERDAY         15                          23      -8     11
  MONTH TO DATE    584                         677     -93    541
  SINCE MAR 1     2432                        2686    -254   2278
  SINCE JUL 1     7805                        8910   -1105   7422

 COOLING
  YESTERDAY          0                           0       0      0
  MONTH TO DATE      0                           0       0      0
  SINCE MAR 1        0                           0       0      0
  SINCE JAN 1        0                           0       0      0
...................................................................

WIND (MPH)
 HIGHEST WIND SPEED    18     HIGHEST WIND DIRECTION    150
 HIGHEST GUST SPEED    23     HIGHEST GUST DIRECTION    120
 AVERAGE WIND SPEED  11.6

WEATHER CONDITIONS
 THE FOLLOWING WEATHER WAS RECORDED YESTERDAY.
  FOG
...................................................................

THE COLD BAY CLIMATE NORMALS FOR TODAY
                           NORMAL    RECORD   YEAR
 MAXIMUM TEMPERATURE (F)     48        68     2006
 MINIMUM TEMPERATURE (F)     37        30     1976

SUNRISE AND SUNSET
 MAY 28 2015..........SUNRISE  6:23 AM      SUNSET 11:15 PM
 MAY 29 2015..........SUNRISE  6:22 AM      SUNSET 11:17 PM

-  INDICATES NEGATIVE NUMBERS.
R  INDICATES RECORD HAS BEEN SET OR TIED.
MM INDICATES DATA IS MISSING.
T  INDICATES TRACE OF PRECIPITATION.

&&
-------------------------------------------------------------------

AMOUNT OF DAYLIGHT TODAY  (HOUR:MIN)........16 HOURS 52 MINUTES
GAIN SINCE YESTERDAY  (HOUR:MIN:SEC)........+0:02:41

$$
DAB MAY 15
