000
CDAK48 PACD 261200
CLICDB

CLIMATE REPORT
NATIONAL WEATHER SERVICE COLD BAY, AK
300 AM AKST WED NOV 26 2014

...................................
...THE COLD BAY AP CLIMATE SUMMARY FOR NOVEMBER 25 2014...

CLIMATE NORMAL PERIOD  1981 TO  2010
CLIMATE RECORD PERIOD  1942 TO  2013

WEATHER ITEM   OBSERVED TIME    RECORD YEAR NORMAL DEPARTURE LAST
               VALUE    (LST)   VALUE       VALUE  FROM      YEAR
                                                   NORMAL
...................................................................
TEMPERATURE
YESTERDAY
 MAXIMUM            43  1233 PM    53  1981     38       5     36
 MINIMUM            30  0246 AM    10  1988     29       1     34
 AVERAGE            37                          33       4     35

PRECIPITATION
(INCHES)
 YESTERDAY           T           0.82  1985   0.18   -0.18   0.01
 MONTH TO DATE    4.32                        4.13    0.19   4.48
 SINCE SEP 1     11.87                       13.62   -1.75  15.18
 SINCE JAN 1     30.28                       36.36   -6.08  42.10

SNOWFALL
(INCHES)
 YESTERDAY         0.0            3.7  1960    0.4    -0.4    0.1
 MONTH TO DATE     1.5                         8.1    -6.6    3.6
 SINCE SEP 1       3.9                        10.5    -6.6    3.6
 SINCE JUL 1       3.9                        10.5    -6.6    3.6
 SNOW DEPTH (IN)     0                                          1

DEGREE DAYS
 HEATING
  YESTERDAY         28                          32      -4     30
  MONTH TO DATE    652                         753    -101    637
  SINCE SEP 1     1836                        2022    -186   1676
  SINCE JUL 1     2378                        2866    -488   2347

 COOLING
  YESTERDAY          0                           0       0      0
  MONTH TO DATE      0                           0       0      0
  SINCE SEP 1        0                           0       0      0
  SINCE JAN 1        0                           0       0      0
...................................................................

WIND (MPH)
 HIGHEST WIND SPEED    30     HIGHEST WIND DIRECTION    140
 HIGHEST GUST SPEED    37     HIGHEST GUST DIRECTION    150
 AVERAGE WIND SPEED  16.6

SKY COVER
  POSSIBLE SUNSHINE    MM          AVERAGE SKY COVER     MM

WEATHER CONDITIONS
 THE FOLLOWING WEATHER WAS RECORDED YESTERDAY.
  RAIN


RELATIVE HUMIDITY
 HIGHEST RH     MM PERCENT       MM
 LOWEST  RH     MM PERCENT       MM
 AVERAGE RH     MM PERCENT       MM
...................................................................

THE COLD BAY CLIMATE NORMALS FOR TODAY
                           NORMAL    RECORD   YEAR
 MAXIMUM TEMPERATURE (F)     38        54     1970
 MINIMUM TEMPERATURE (F)     29        11     1988

SUNRISE AND SUNSET
 NOV 26 2014..........SUNRISE  9:46 AM      SUNSET  5:31 PM
 NOV 27 2014..........SUNRISE  9:48 AM      SUNSET  5:30 PM

-  INDICATES NEGATIVE NUMBERS.
R  INDICATES RECORD HAS BEEN SET OR TIED.
MM INDICATES DATA IS MISSING.
T  INDICATES TRACE OF PRECIPITATION.

&&
-------------------------------------------------------------------

AMOUNT OF DAYLIGHT TODAY  (HOUR:MIN)........7 HOURS 45 MINUTES
LOSS SINCE YESTERDAY (HOUR:MIN:SEC).........-0:02:54

$$

DT NOV 14
