000
CDAK48 PACD 301207
CLICDB

CLIMATE REPORT
NATIONAL WEATHER SERVICE COLD BAY, AK
407 AM AKDT WED JUL 30 2014

...................................
...THE COLD BAY AP CLIMATE SUMMARY FOR JULY 29 2014...

CLIMATE NORMAL PERIOD  1981 TO  2010
CLIMATE RECORD PERIOD  1955 TO  2014

WEATHER ITEM   OBSERVED TIME    RECORD YEAR NORMAL DEPARTURE LAST
               VALUE    (LST)   VALUE       VALUE  FROM      YEAR
                                                   NORMAL
...................................................................
TEMPERATURE
YESTERDAY
 MAXIMUM            60  0324 PM    67  1956     56       4     66
 MINIMUM            52  0738 AM    42  2008     48       4     55
 AVERAGE            56                          52       4     61

PRECIPITATION
(INCHES)
 YESTERDAY        0.01           0.84  1967   0.09   -0.08   0.00
 MONTH TO DATE    2.13                        2.29   -0.16   2.93
 SINCE JUN 1      3.18                        5.01   -1.83   5.75
 SINCE JAN 1     15.16                       18.87   -3.71  19.66

SNOWFALL
(INCHES)
 YESTERDAY         0.0            0.0  2014    0.0     0.0    0.0
 MONTH TO DATE     0.0                         0.0     0.0    0.0
 SINCE JUN 1       0.0                         0.0     0.0    0.0
 SINCE JUL 1       0.0                         0.0     0.0    0.0
 SNOW DEPTH (IN)     0                                          0

DEGREE DAYS
 HEATING
  YESTERDAY          9                          13      -4      4
  MONTH TO DATE    269                         412    -143    324
  SINCE JUN 1      714                         974    -260    833
  SINCE JUL 1      269                         412    -143    324

 COOLING
  YESTERDAY          0                           0       0      0
  MONTH TO DATE      0                           0       0      0
  SINCE JUN 1        0                           0       0      0
  SINCE JAN 1        0                           0       0      0
...................................................................

WIND (MPH)
 HIGHEST WIND SPEED    22     HIGHEST WIND DIRECTION    310
 HIGHEST GUST SPEED    26     HIGHEST GUST DIRECTION    320
 AVERAGE WIND SPEED  15.1


WEATHER CONDITIONS
 THE FOLLOWING WEATHER WAS RECORDED YESTERDAY.
  FOG
  RAIN

...................................................................

THE COLD BAY CLIMATE NORMALS FOR TODAY
                           NORMAL    RECORD   YEAR
 MAXIMUM TEMPERATURE (F)     57        65     1978
 MINIMUM TEMPERATURE (F)     48        38     1982

SUNRISE AND SUNSET
 JUL 30 2014..........SUNRISE  6:56 AM      SUNSET 10:58 PM
 JUL 31 2014..........SUNRISE  6:58 AM      SUNSET 10:56 PM

-  INDICATES NEGATIVE NUMBERS.
R  INDICATES RECORD HAS BEEN SET OR TIED.
MM INDICATES DATA IS MISSING.
T  INDICATES TRACE OF PRECIPITATION.

&&
-------------------------------------------------------------------

AMOUNT OF DAYLIGHT TODAY  (HOUR:MIN)........16 HOURS 2 MINUTES
LOSS SINCE YESTERDAY (HOUR:MIN:SEC).........-0:03:37

$$

RCS JUL 14
