000
CDAK48 PACD 290000
CLICDB

CLIMATE REPORT
NATIONAL WEATHER SERVICE COLD BAY, AK
300 PM AKST SUN DEC 28 2014

...................................
...THE COLD BAY AP CLIMATE SUMMARY FOR DECEMBER 28 2014...
VALID TODAY AS OF 2:00 PM LOCAL TIME

CLIMATE NORMAL PERIOD  1981 TO  2010
CLIMATE RECORD PERIOD  1942 TO  2013

WEATHER ITEM   OBSERVED TIME    RECORD YEAR NORMAL DEPARTURE LAST
               VALUE    (LST)   VALUE       VALUE  FROM      YEAR
                                                   NORMAL
...................................................................
TEMPERATURE
TODAY
 MAXIMUM            40  0255 PM    47  1990     34       6     44
 MINIMUM            34  0752 AM    -3  1950     25       9     38
 AVERAGE            37                          30       7     41

PRECIPITATION
(INCHES)
 TODAY            0.01           1.40  2003   0.12   -0.11   0.19
 MONTH TO DATE    2.35                        4.09   -1.74   3.76
 SINCE DEC 1      2.35                        4.09   -1.74   3.76
 SINCE JAN 1     33.24                       41.30   -8.06  45.88

SNOWFALL
(INCHES)
 TODAY             0.0            7.8  1997    0.4    -0.4    0.0
 MONTH TO DATE     2.3                        11.2    -8.9    7.0
 SINCE DEC 1       2.3                        11.2    -8.9    7.0
 SINCE JUL 1       6.2                        23.8   -17.6   10.6
 SNOW DEPTH (IN)     0                                          0

DEGREE DAYS
 HEATING
  TODAY             28                          35      -7     24
  MONTH TO DATE    872                         944     -72    748
  SINCE DEC 1      872                         944     -72    748
  SINCE JUL 1     3384                        3970    -586   3264

 COOLING
  TODAY              0                           0       0      0
  MONTH TO DATE      0                           0       0      0
  SINCE DEC 1        0                           0       0      0
  SINCE JAN 1        0                           0       0      0
...................................................................

WIND (MPH)
 HIGHEST WIND SPEED    21     HIGHEST WIND DIRECTION     40
 HIGHEST GUST SPEED    26     HIGHEST GUST DIRECTION     20
 AVERAGE WIND SPEED    MM

SKY COVER
  POSSIBLE SUNSHINE  MM            AVERAGE SKY COVER MM

WEATHER CONDITIONS
 THE FOLLOWING WEATHER WAS RECORDED TODAY.
 FOG
 DRIZZLE


RELATIVE HUMIDITY
 HIGHEST RH     MM PERCENT       MM
 LOWEST  RH     MM PERCENT       MM
 AVERAGE RH     MM PERCENT       MM
...................................................................

THE COLD BAY CLIMATE NORMALS FOR TOMORROW
                        NORMAL    RECORD   YEAR
 MAXIMUM TEMPERATURE      34        45     1951
 MINIMUM TEMPERATURE      25        -9     1950

SUNRISE AND SUNSET
 DEC 28 2014..........SUNRISE 10:18 AM      SUNSET  5:28 PM
 DEC 29 2014..........SUNRISE 10:18 AM      SUNSET  5:29 PM

-  INDICATES NEGATIVE NUMBERS.
R  INDICATES RECORD HAS BEEN SET OR TIED.
MM INDICATES DATA IS MISSING.
T  INDICATES TRACE OF PRECIPITATION.

&&
-------------------------------------------------------------------

AMOUNT OF DAYLIGHT TODAY  (HOUR:MIN)........7 HOURS 10 MINUTES
GAIN SINCE YESTERDAY (HOUR:MIN:SEC).........+0:00:51

$$

DT DEC 14
