000
CDAK48 PACD 310005
CLICDB

CLIMATE REPORT
NATIONAL WEATHER SERVICE COLD BAY, AK
405 PM AKDT SAT JUL 30 2016

...................................
...THE COLD BAY AP CLIMATE SUMMARY FOR JULY 30 2016...
VALID TODAY AS OF 2:00 PM LOCAL TIME

CLIMATE NORMAL PERIOD  1981 TO  2010
CLIMATE RECORD PERIOD  1955 TO  2016

WEATHER ITEM   OBSERVED TIME    RECORD YEAR NORMAL DEPARTURE LAST
               VALUE    (LST)   VALUE       VALUE  FROM      YEAR
                                                   NORMAL
...................................................................
TEMPERATURE
TODAY
 MAXIMUM            64  0303 PM    70  2014     57       7     63
 MINIMUM            44  0615 AM    38  1982     48      -4     50
 AVERAGE            54                          52       2     57

PRECIPITATION
(INCHES)
 TODAY            0.00           0.88  2000   0.10   -0.10   0.03
 MONTH TO DATE    1.58                        2.39   -0.81   2.47
 SINCE JUN 1      3.31                        5.11   -1.80   3.58
 SINCE JAN 1     15.73                       18.97   -3.24  16.43

SNOWFALL
(INCHES)
 TODAY             0.0            0.0  2016    0.0     0.0    0.0
 MONTH TO DATE     0.0                         0.0     0.0    0.0
 SINCE JUN 1       0.0                         0.0     0.0    0.0
 SINCE JUL 1       0.0                         0.0     0.0    0.0
 SNOW DEPTH (IN)     0                                          0

DEGREE DAYS
 HEATING
  TODAY             11                          13      -2      8
  MONTH TO DATE    301                         425    -124    389
  SINCE JUN 1      768                         987    -219    849
  SINCE JUL 1      301                         425    -124    389

 COOLING
  TODAY              0                           0       0      0
  MONTH TO DATE      0                           0       0      0
  SINCE JUN 1        0                           0       0      0
  SINCE JAN 1        0                           0       0      0
...................................................................

WIND (MPH)
 HIGHEST WIND SPEED    24     HIGHEST WIND DIRECTION    140
 HIGHEST GUST SPEED    29     HIGHEST GUST DIRECTION    140
 AVERAGE WIND SPEED    MM

WEATHER CONDITIONS
 THE FOLLOWING WEATHER WAS RECORDED TODAY.
  NO SIGNIFICANT WEATHER WAS OBSERVED.
...................................................................

THE COLD BAY CLIMATE NORMALS FOR TOMORROW
                        NORMAL    RECORD   YEAR
 MAXIMUM TEMPERATURE      57        76     1961
 MINIMUM TEMPERATURE      48        36     1982

SUNRISE AND SUNSET
 JUL 30 2016..........SUNRISE  6:57 AM      SUNSET 10:57 PM
 JUL 31 2016..........SUNRISE  6:59 AM      SUNSET 10:55 PM

-  INDICATES NEGATIVE NUMBERS.
R  INDICATES RECORD HAS BEEN SET OR TIED.
MM INDICATES DATA IS MISSING.
T  INDICATES TRACE OF PRECIPITATION.

&&
-------------------------------------------------------------------

AMOUNT OF DAYLIGHT TODAY  (HOUR:MIN)........16 HOURS 0 MINUTES
LOSS SINCE YESTERDAY  (HOUR:MIN:SEC)........-0:03:39

$$
DAB JUL 16
