000
CDAK48 PACD 070000
CLICDB

CLIMATE REPORT
NATIONAL WEATHER SERVICE COLD BAY, AK
300 PM AKST FRI MAR 6 2015

...................................
...THE COLD BAY AP CLIMATE SUMMARY FOR MARCH 6 2015...
VALID TODAY AS OF 2:00 PM LOCAL TIME

CLIMATE NORMAL PERIOD  1981 TO  2010
CLIMATE RECORD PERIOD  1942 TO  2015

WEATHER ITEM   OBSERVED TIME    RECORD YEAR NORMAL DEPARTURE LAST
               VALUE    (LST)   VALUE       VALUE  FROM      YEAR
                                                   NORMAL
...................................................................
TEMPERATURE
TODAY
 MAXIMUM            41  0254 PM    44  1963     35       6     42
 MINIMUM            30  1237 AM    -3  1956     25       5     33
 AVERAGE            36                          30       6     38

PRECIPITATION
(INCHES)
 TODAY            0.01           0.74  2000   0.10   -0.09   0.04
 MONTH TO DATE    0.33                        0.59   -0.26   0.04
 SINCE MAR 1      0.33                        0.59   -0.26   0.04
 SINCE JAN 1      2.84                        6.73   -3.89   8.49

SNOWFALL
(INCHES)
 TODAY             0.0            3.0  1978    0.4    -0.4    0.4
 MONTH TO DATE     0.4                         2.6    -2.2    0.4
 SINCE MAR 1       0.4                         2.6    -2.2    0.4
 SINCE JUL 1       9.1                        54.8   -45.7   29.5
 SNOW DEPTH (IN)     0                                          T

DEGREE DAYS
 HEATING
  TODAY             29                          35      -6     27
  MONTH TO DATE    170                         210     -40    159
  SINCE MAR 1      170                         210     -40    159
  SINCE JUL 1     5543                        6434    -891   5303

 COOLING
  TODAY              0                           0       0      0
  MONTH TO DATE      0                           0       0      0
  SINCE MAR 1        0                           0       0      0
  SINCE JAN 1        0                           0       0      0
...................................................................

WIND (MPH)
 HIGHEST WIND SPEED    26     HIGHEST WIND DIRECTION    140
 HIGHEST GUST SPEED    32     HIGHEST GUST DIRECTION    150
 AVERAGE WIND SPEED    MM

SKY COVER
  POSSIBLE SUNSHINE  MM            AVERAGE SKY COVER MM

WEATHER CONDITIONS
 THE FOLLOWING WEATHER WAS RECORDED TODAY.
 FOG
 DRIZZLE
 RAIN


RELATIVE HUMIDITY
 HIGHEST RH     MM PERCENT       MM
 LOWEST  RH     MM PERCENT       MM
 AVERAGE RH     MM PERCENT       MM
...................................................................

THE COLD BAY CLIMATE NORMALS FOR TOMORROW
                        NORMAL    RECORD   YEAR
 MAXIMUM TEMPERATURE      35        47     1955
 MINIMUM TEMPERATURE      25        -3     1956

SUNRISE AND SUNSET
 MAR 6 2015..........SUNRISE  8:29 AM      SUNSET  7:37 PM
 MAR 7 2015..........SUNRISE  8:27 AM      SUNSET  7:39 PM

-  INDICATES NEGATIVE NUMBERS.
R  INDICATES RECORD HAS BEEN SET OR TIED.
MM INDICATES DATA IS MISSING.
T  INDICATES TRACE OF PRECIPITATION.

&&
-------------------------------------------------------------------

AMOUNT OF DAYLIGHT TODAY  (HOUR:MIN)........11 HOURS 8 MINUTES
GAIN SINCE YESTERDAY (HOUR:MIN:SEC).........+0:04:31

$$

DT MAR 15
