000
CDUS45 KSLC 010048
CLICDC


CLIMATE REPORT
NATIONAL WEATHER SERVICE SALT LAKE CITY UT
648 PM MDT SUN AUG 31 2014


...................................

...THE CEDAR CITY UT CLIMATE SUMMARY FOR AUGUST 31 2014...
VALID TODAY AS OF 0500 PM LOCAL TIME.

CLIMATE NORMAL PERIOD 1981 TO 2010
CLIMATE RECORD PERIOD 1928 TO 2014


WEATHER ITEM   OBSERVED TIME   RECORD YEAR NORMAL DEPARTURE LAST
                VALUE   (LST)  VALUE       VALUE  FROM      YEAR
                                                  NORMAL
..................................................................
TEMPERATURE (F)
 TODAY
  MAXIMUM         88    328 PM  97    1950  84      4       80
  MINIMUM         58    523 AM  35    2005  51      7       59
  AVERAGE         73                        68      5       70

PRECIPITATION (IN)
  TODAY            0.00          0.45 1963   0.03  -0.03     0.08
  MONTH TO DATE    1.24                      1.13   0.11     1.93
  SINCE OCT 1      7.05                     10.65  -3.60    13.96
  SINCE JAN 1      5.11                      7.54  -2.43    11.25

DEGREE DAYS
 HEATING
  TODAY            0                         1     -1        0
  MONTH TO DATE    6                         4      2        3
  SINCE JUN 1     33                        85    -52       14
  SINCE JUL 1      6                         9     -3        3

 COOLING
  TODAY            8                         4      4        5
  MONTH TO DATE  126                       196    -70      178
  SINCE JUN 1    521                       541    -20      630
  SINCE JAN 1    546                       549     -3      632
..................................................................


WIND (MPH)
  RESULTANT WIND SPEED   4   RESULTANT WIND DIRECTION  SW (230)
  HIGHEST WIND SPEED    20   HIGHEST WIND DIRECTION    NW (300)
  HIGHEST GUST SPEED    26   HIGHEST GUST DIRECTION    NW (300)
  AVERAGE WIND SPEED     7.5



WEATHER CONDITIONS
 THE FOLLOWING WEATHER WAS RECORDED TODAY.
  NO SIGNIFICANT WEATHER WAS OBSERVED.


RELATIVE HUMIDITY (PERCENT)
 HIGHEST    35           500 AM
 LOWEST      7           400 PM
 AVERAGE    21

..........................................................


THE CEDAR CITY UT CLIMATE NORMALS FOR TOMORROW
                         NORMAL    RECORD    YEAR
 MAXIMUM TEMPERATURE (F)   84        97      1950
 MINIMUM TEMPERATURE (F)   51        39      1957


SUNRISE AND SUNSET
AUGUST 31 2014........SUNRISE   702 AM MDT   SUNSET   803 PM MDT
SEPTEMBER  1 2014.....SUNRISE   703 AM MDT   SUNSET   801 PM MDT


-  INDICATES NEGATIVE NUMBERS.
R  INDICATES RECORD WAS SET OR TIED.
MM INDICATES DATA IS MISSING.
T  INDICATES TRACE AMOUNT.




$$
