000
CDUS45 KSLC 191243
CLICDC


CLIMATE REPORT
NATIONAL WEATHER SERVICE SALT LAKE CITY UT
642 AM MDT SAT AUG 19 2017


...................................

...THE CEDAR CITY UT CLIMATE SUMMARY FOR AUGUST 18 2017...

CLIMATE NORMAL PERIOD 1981 TO 2010
CLIMATE RECORD PERIOD 1928 TO 2017


WEATHER ITEM   OBSERVED TIME   RECORD YEAR NORMAL DEPARTURE LAST
                VALUE   (LST)  VALUE       VALUE  FROM      YEAR
                                                  NORMAL
..................................................................
TEMPERATURE (F)
 YESTERDAY
  MAXIMUM         91    347 PM  96    2002  87      4       88
  MINIMUM         55    410 AM  43    1954  55      0       60
  AVERAGE         73                        71      2       74

PRECIPITATION (IN)
  YESTERDAY        0.00          1.02 1984   0.03  -0.03     0.10
  MONTH TO DATE    0.89                      0.70   0.19     0.99
  SINCE OCT 1     10.39                     10.22   0.17    10.32
  SINCE JAN 1      7.56                      7.11   0.45     6.76

DEGREE DAYS
 HEATING
  YESTERDAY        0                         0      0        0
  MONTH TO DATE    0                         0      0        0
  SINCE JUN 1     23                        79    -56        4
  SINCE JUL 1      0                         3     -3        0

 COOLING
  YESTERDAY        8                         6      2        9
  MONTH TO DATE  137                       132      5      166
  SINCE JUN 1    684                       477    207      734
  SINCE JAN 1    689                       485    204      737
..................................................................


WIND (MPH)
  RESULTANT WIND SPEED   1   RESULTANT WIND DIRECTION  SE (140)
  HIGHEST WIND SPEED    16   HIGHEST WIND DIRECTION     E (80)
  HIGHEST GUST SPEED    20   HIGHEST GUST DIRECTION     E (80)
  AVERAGE WIND SPEED     3.5



WEATHER CONDITIONS
 THE FOLLOWING WEATHER WAS RECORDED YESTERDAY.
  NO SIGNIFICANT WEATHER WAS OBSERVED.


RELATIVE HUMIDITY (PERCENT)
 HIGHEST    61           400 AM
 LOWEST     14           400 PM
 AVERAGE    38

..........................................................


THE CEDAR CITY UT CLIMATE NORMALS FOR TODAY
                         NORMAL    RECORD    YEAR
 MAXIMUM TEMPERATURE (F)   87        98      1992
 MINIMUM TEMPERATURE (F)   55        42      1978


SUNRISE AND SUNSET
AUGUST 19 2017........SUNRISE   652 AM MDT   SUNSET   819 PM MDT
AUGUST 20 2017........SUNRISE   653 AM MDT   SUNSET   818 PM MDT


-  INDICATES NEGATIVE NUMBERS.
R  INDICATES RECORD WAS SET OR TIED.
MM INDICATES DATA IS MISSING.
T  INDICATES TRACE AMOUNT.




$$
