000
CDUS45 KSLC 261226
CLICDC


CLIMATE REPORT
NATIONAL WEATHER SERVICE SALT LAKE CITY UT
626 AM MDT THU MAY 26 2016


...................................

...THE CEDAR CITY UT CLIMATE SUMMARY FOR MAY 25 2016...

CLIMATE NORMAL PERIOD 1981 TO 2010
CLIMATE RECORD PERIOD 1928 TO 2016


WEATHER ITEM   OBSERVED TIME   RECORD YEAR NORMAL DEPARTURE LAST
                VALUE   (LST)  VALUE       VALUE  FROM      YEAR
                                                  NORMAL
..................................................................
TEMPERATURE (F)
 YESTERDAY
  MAXIMUM         71    354 PM  90    2001  76     -5       69
  MINIMUM         36    543 AM  27    2010  41     -5       42
  AVERAGE         54                        58     -4       56

PRECIPITATION (IN)
  YESTERDAY        0.00          0.48 1965   0.03  -0.03     0.00
  MONTH TO DATE    0.32                      0.62  -0.30     2.76
  SINCE OCT 1      7.93                      8.00  -0.07     8.58
  SINCE JAN 1      4.37                      4.89  -0.52     6.45

DEGREE DAYS
 HEATING
  YESTERDAY       11                         7      4        9
  MONTH TO DATE  258                       255      3      311
  SINCE MAR 1   1423                      1579   -156     1479
  SINCE JUL 1   5837                      6141   -304     5317

 COOLING
  YESTERDAY        0                         0      0        0
  MONTH TO DATE    3                         0      3        0
  SINCE MAR 1      3                         0      3        0
  SINCE JAN 1      3                         0      3        0
..................................................................


WIND (MPH)
  RESULTANT WIND SPEED   5   RESULTANT WIND DIRECTION  SW (210)
  HIGHEST WIND SPEED    22   HIGHEST WIND DIRECTION    SW (230)
  HIGHEST GUST SPEED    29   HIGHEST GUST DIRECTION    SW (230)
  AVERAGE WIND SPEED     7.3



WEATHER CONDITIONS
 THE FOLLOWING WEATHER WAS RECORDED YESTERDAY.
  NO SIGNIFICANT WEATHER WAS OBSERVED.


RELATIVE HUMIDITY (PERCENT)
 HIGHEST    55           600 AM
 LOWEST      9           300 PM
 AVERAGE    32

..........................................................


THE CEDAR CITY UT CLIMATE NORMALS FOR TODAY
                         NORMAL    RECORD    YEAR
 MAXIMUM TEMPERATURE (F)   76        91      1951
 MINIMUM TEMPERATURE (F)   42        28      1980


SUNRISE AND SUNSET
MAY 26 2016...........SUNRISE   615 AM MDT   SUNSET   845 PM MDT
MAY 27 2016...........SUNRISE   614 AM MDT   SUNSET   845 PM MDT


-  INDICATES NEGATIVE NUMBERS.
R  INDICATES RECORD WAS SET OR TIED.
MM INDICATES DATA IS MISSING.
T  INDICATES TRACE AMOUNT.




$$
