000
CDUS45 KSLC 011227
CLICDC


CLIMATE REPORT
NATIONAL WEATHER SERVICE SALT LAKE CITY UT
627 AM MDT SUN MAY 1 2016


...................................

...THE CEDAR CITY UT CLIMATE SUMMARY FOR APRIL 30 2016...

CLIMATE NORMAL PERIOD 1981 TO 2010
CLIMATE RECORD PERIOD 1928 TO 2016


WEATHER ITEM   OBSERVED TIME   RECORD YEAR NORMAL DEPARTURE LAST
                VALUE   (LST)  VALUE       VALUE  FROM      YEAR
                                                  NORMAL
..................................................................
TEMPERATURE (F)
 YESTERDAY
  MAXIMUM         51    958 AM  83    1981  66    -15       75
  MINIMUM         38   1159 PM  17    2011  36      2       41
  AVERAGE         45                        51     -6       58

PRECIPITATION (IN)
  YESTERDAY        0.21          0.78 1973   0.03   0.18     0.00
  MONTH TO DATE    1.63                      1.06   0.57     0.64
  SINCE OCT 1      7.61                      7.38   0.23     5.82
  SINCE JAN 1      4.05                      4.27  -0.22     3.69

DEGREE DAYS
 HEATING
  YESTERDAY       20                        14      6        7
  MONTH TO DATE  505                       552    -47      527
  SINCE MAR 1   1165                      1324   -159     1168
  SINCE JUL 1   5579                      5886   -307     5006

 COOLING
  YESTERDAY        0                         0      0        0
  MONTH TO DATE    0                         0      0        0
  SINCE MAR 1      0                         0      0        0
  SINCE JAN 1      0                         0      0        0
..................................................................


WIND (MPH)
  RESULTANT WIND SPEED   5   RESULTANT WIND DIRECTION   N (20)
  HIGHEST WIND SPEED    20   HIGHEST WIND DIRECTION     E (110)
  HIGHEST GUST SPEED    25   HIGHEST GUST DIRECTION     E (110)
  AVERAGE WIND SPEED     5.1



WEATHER CONDITIONS
 THE FOLLOWING WEATHER WAS RECORDED YESTERDAY.
  THUNDERSTORM
  LIGHT RAIN
  FOG


RELATIVE HUMIDITY (PERCENT)
 HIGHEST    92           100 AM
 LOWEST     66          1000 AM
 AVERAGE    79

..........................................................


THE CEDAR CITY UT CLIMATE NORMALS FOR TODAY
                         NORMAL    RECORD    YEAR
 MAXIMUM TEMPERATURE (F)   67        82      1985
 MINIMUM TEMPERATURE (F)   36        16      2011


SUNRISE AND SUNSET
MAY  1 2016...........SUNRISE   636 AM MDT   SUNSET   823 PM MDT
MAY  2 2016...........SUNRISE   635 AM MDT   SUNSET   824 PM MDT


-  INDICATES NEGATIVE NUMBERS.
R  INDICATES RECORD WAS SET OR TIED.
MM INDICATES DATA IS MISSING.
T  INDICATES TRACE AMOUNT.




$$
