000
CDUS45 KSLC 280040
CLICDC


CLIMATE REPORT
NATIONAL WEATHER SERVICE SALT LAKE CITY UT
540 PM MST THU NOV 27 2014


...................................

...THE CEDAR CITY UT CLIMATE SUMMARY FOR NOVEMBER 27 2014...
VALID TODAY AS OF 0500 PM LOCAL TIME.

CLIMATE NORMAL PERIOD 1981 TO 2010
CLIMATE RECORD PERIOD 1928 TO 2014


WEATHER ITEM   OBSERVED TIME   RECORD YEAR NORMAL DEPARTURE LAST
                VALUE   (LST)  VALUE       VALUE  FROM      YEAR
                                                  NORMAL
..................................................................
TEMPERATURE (F)
 TODAY
  MAXIMUM         65    130 PM  69    1949  46     19       49
  MINIMUM         24    533 AM  -6    1994  19      5       22
  AVERAGE         45                        33     12       36

PRECIPITATION (IN)
  TODAY            0.00          0.93 1960   0.02  -0.02     0.00
  MONTH TO DATE    1.13                      0.85   0.28     0.56
  SINCE OCT 1      1.35                      2.19  -0.84     1.03
  SINCE JAN 1      9.03                     10.39  -1.36    14.07

DEGREE DAYS
 HEATING
  TODAY           20                        32    -12       29
  MONTH TO DATE  711                       725    -14      688
  SINCE SEP 1   1127                      1335   -208     1439
  SINCE JUL 1   1133                      1344   -211     1442

 COOLING
  TODAY            0                         0      0        0
  MONTH TO DATE    0                         0      0        0
  SINCE SEP 1     61                        39     22       35
  SINCE JAN 1    607                       588     19      667
..................................................................


WIND (MPH)
  RESULTANT WIND SPEED   2   RESULTANT WIND DIRECTION   S (200)
  HIGHEST WIND SPEED    17   HIGHEST WIND DIRECTION     S (200)
  HIGHEST GUST SPEED    22   HIGHEST GUST DIRECTION    SW (210)
  AVERAGE WIND SPEED     4.0



WEATHER CONDITIONS
 THE FOLLOWING WEATHER WAS RECORDED TODAY.
  NO SIGNIFICANT WEATHER WAS OBSERVED.


RELATIVE HUMIDITY (PERCENT)
 HIGHEST    74           200 AM
 LOWEST     13           200 PM
 AVERAGE    44

..........................................................


THE CEDAR CITY UT CLIMATE NORMALS FOR TOMORROW
                         NORMAL    RECORD    YEAR
 MAXIMUM TEMPERATURE (F)   46        67      1949
 MINIMUM TEMPERATURE (F)   19         0      2005


SUNRISE AND SUNSET
NOVEMBER 27 2014......SUNRISE   725 AM MST   SUNSET   515 PM MST
NOVEMBER 28 2014......SUNRISE   726 AM MST   SUNSET   515 PM MST


-  INDICATES NEGATIVE NUMBERS.
R  INDICATES RECORD WAS SET OR TIED.
MM INDICATES DATA IS MISSING.
T  INDICATES TRACE AMOUNT.




$$
