000
CDUS45 KSLC 290023
CLICDC


CLIMATE REPORT
NATIONAL WEATHER SERVICE SALT LAKE CITY UT
622 PM MDT THU MAY 28 2015


...................................

...THE CEDAR CITY UT CLIMATE SUMMARY FOR MAY 28 2015...
VALID TODAY AS OF 0500 PM LOCAL TIME.

CLIMATE NORMAL PERIOD 1981 TO 2010
CLIMATE RECORD PERIOD 1928 TO 2015


WEATHER ITEM   OBSERVED TIME   RECORD YEAR NORMAL DEPARTURE LAST
                VALUE   (LST)  VALUE       VALUE  FROM      YEAR
                                                  NORMAL
..................................................................
TEMPERATURE (F)
 TODAY
  MAXIMUM         76    132 PM  95    1984  77     -1       87
  MINIMUM         43    522 AM  29    2006  42      1       56
  AVERAGE         60                        59      1       72

PRECIPITATION (IN)
  TODAY            T             0.26 1956   0.03  -0.03     0.00
  MONTH TO DATE    3.12                      0.70   2.42     1.38
  SINCE OCT 1      8.94                      8.08   0.86     5.37
  SINCE JAN 1      6.81                      4.97   1.84     3.43

DEGREE DAYS
 HEATING
  TODAY            5                         6     -1        0
  MONTH TO DATE  330                       274     56      268
  SINCE MAR 1   1498                      1598   -100     1502
  SINCE JUL 1   5336                      6160   -824     6089

 COOLING
  TODAY            0                         1     -1        7
  MONTH TO DATE    0                         2     -2       20
  SINCE MAR 1      0                         2     -2       20
  SINCE JAN 1      0                         2     -2       20
..................................................................


WIND (MPH)
  RESULTANT WIND SPEED   2   RESULTANT WIND DIRECTION  NW (320)
  HIGHEST WIND SPEED    21   HIGHEST WIND DIRECTION     N (360)
  HIGHEST GUST SPEED    28   HIGHEST GUST DIRECTION     N (360)
  AVERAGE WIND SPEED     3.6



WEATHER CONDITIONS
 THE FOLLOWING WEATHER WAS RECORDED TODAY.
  NO SIGNIFICANT WEATHER WAS OBSERVED.


RELATIVE HUMIDITY (PERCENT)
 HIGHEST    92           500 AM
 LOWEST     25          1100 AM
 AVERAGE    59

..........................................................


THE CEDAR CITY UT CLIMATE NORMALS FOR TOMORROW
                         NORMAL    RECORD    YEAR
 MAXIMUM TEMPERATURE (F)   77        96      1984
 MINIMUM TEMPERATURE (F)   42        28      1953


SUNRISE AND SUNSET
MAY 28 2015...........SUNRISE   614 AM MDT   SUNSET   846 PM MDT
MAY 29 2015...........SUNRISE   614 AM MDT   SUNSET   846 PM MDT


-  INDICATES NEGATIVE NUMBERS.
R  INDICATES RECORD WAS SET OR TIED.
MM INDICATES DATA IS MISSING.
T  INDICATES TRACE AMOUNT.




$$
