000
CDUS45 KSLC 110028
CLICDC


CLIMATE REPORT
NATIONAL WEATHER SERVICE SALT LAKE CITY UT
528 PM MST SAT DEC 10 2016


...................................

...THE CEDAR CITY UT CLIMATE SUMMARY FOR DECEMBER 10 2016...
VALID TODAY AS OF 0500 PM LOCAL TIME.

CLIMATE NORMAL PERIOD 1981 TO 2010
CLIMATE RECORD PERIOD 1928 TO 2016


WEATHER ITEM   OBSERVED TIME   RECORD YEAR NORMAL DEPARTURE LAST
                VALUE   (LST)  VALUE       VALUE  FROM      YEAR
                                                  NORMAL
..................................................................
TEMPERATURE (F)
 TODAY
  MAXIMUM         51   1237 PM  66    1950  42      9       58
  MINIMUM         24    611 AM -14    1972  16      8       30
  AVERAGE         38                        29      9       44

PRECIPITATION (IN)
  TODAY            0.00          0.69 1949   0.03  -0.03     0.00
  MONTH TO DATE    T                         0.26  -0.26     0.00
  SINCE OCT 1      1.71                      2.53  -0.82     2.23
  SINCE JAN 1      9.63                     10.73  -1.10    12.02

DEGREE DAYS
 HEATING
  TODAY           27                        36     -9       21
  MONTH TO DATE  348                       349     -1      280
  SINCE DEC 1    348                       349     -1      280
  SINCE JUL 1   1445                      1791   -346     1512

 COOLING
  TODAY            0                         0      0        0
  MONTH TO DATE    0                         0      0        0
  SINCE DEC 1      0                         0      0        0
  SINCE JAN 1    826                       588    238      706
..................................................................


WIND (MPH)
  RESULTANT WIND SPEED   9   RESULTANT WIND DIRECTION  SW (210)
  HIGHEST WIND SPEED    28   HIGHEST WIND DIRECTION    SW (220)
  HIGHEST GUST SPEED    35   HIGHEST GUST DIRECTION    SW (220)
  AVERAGE WIND SPEED    11.2



WEATHER CONDITIONS
 THE FOLLOWING WEATHER WAS RECORDED TODAY.
  NO SIGNIFICANT WEATHER WAS OBSERVED.


RELATIVE HUMIDITY (PERCENT)
 HIGHEST    92           300 AM
 LOWEST     52           300 PM
 AVERAGE    72

..........................................................


THE CEDAR CITY UT CLIMATE NORMALS FOR TOMORROW
                         NORMAL    RECORD    YEAR
 MAXIMUM TEMPERATURE (F)   42        64      1950
 MINIMUM TEMPERATURE (F)   16       -11      1961


SUNRISE AND SUNSET
DECEMBER 10 2016......SUNRISE   737 AM MST   SUNSET   514 PM MST
DECEMBER 11 2016......SUNRISE   738 AM MST   SUNSET   514 PM MST


-  INDICATES NEGATIVE NUMBERS.
R  INDICATES RECORD WAS SET OR TIED.
MM INDICATES DATA IS MISSING.
T  INDICATES TRACE AMOUNT.




$$
