000
CDUS45 KCYS 230727
CLICDR


CLIMATE REPORT
NATIONAL WEATHER SERVICE CHEYENNE WY
126 AM MDT THU OCT 23 2014


...................................

...THE CHADRON NE AIRPORT CLIMATE SUMMARY FOR OCTOBER 22 2014...

CLIMATE NORMAL PERIOD 1981 TO 2010
CLIMATE RECORD PERIOD 1895 TO 2014


WEATHER ITEM   OBSERVED TIME   RECORD YEAR NORMAL DEPARTURE LAST
                VALUE   (LST)  VALUE       VALUE  FROM      YEAR
                                                  NORMAL
..................................................................
TEMPERATURE (F)
 YESTERDAY
  MAXIMUM         66   1254 AM  85    1992  61      5       56
  MINIMUM         31   1157 PM  12    1936  29      2       37
  AVERAGE         49                        45      4       47

PRECIPITATION (IN)
  YESTERDAY        0.01          0.38 1942   0.03  -0.02     0.00
  MONTH TO DATE    0.37                      1.01  -0.64     3.48
  SINCE JAN 1     18.59                     16.61   1.98    18.53

DEGREE DAYS
 HEATING
  YESTERDAY       16                        20     -4       18
  MONTH TO DATE  257                       346    -89      431
  SINCE SEP 1    407                       527   -120      521
  SINCE JUL 1    421                       557   -136      521

 COOLING
  YESTERDAY        0                         0      0        0
  MONTH TO DATE    0                         0      0        0
  SINCE SEP 1     62                        63     -1      149
  SINCE JAN 1    647                       710    -63      917
..................................................................


WIND (MPH)
  HIGHEST WIND SPEED    21   HIGHEST WIND DIRECTION     S (180)
  HIGHEST GUST SPEED    27   HIGHEST GUST DIRECTION     W (260)
  AVERAGE WIND SPEED     8.1


SKY COVER
  AVERAGE SKY COVER 0.2


WEATHER CONDITIONS
 THE FOLLOWING WEATHER WAS RECORDED YESTERDAY.
  LIGHT RAIN


RELATIVE HUMIDITY (PERCENT)
 HIGHEST    85          1100 PM
 LOWEST     27           400 PM
 AVERAGE    56

..........................................................


THE CHADRON NE AIRPORT CLIMATE NORMALS FOR TODAY
                         NORMAL    RECORD    YEAR
 MAXIMUM TEMPERATURE (F)   61        84      1992
 MINIMUM TEMPERATURE (F)   29        13      2005


SUNRISE AND SUNSET
OCTOBER 23 2014.......SUNRISE   715 AM MDT   SUNSET   557 PM MDT
OCTOBER 24 2014.......SUNRISE   717 AM MDT   SUNSET   556 PM MDT


-  INDICATES NEGATIVE NUMBERS.
R  INDICATES RECORD WAS SET OR TIED.
MM INDICATES DATA IS MISSING.
T  INDICATES TRACE AMOUNT.




$$
