000
CDUS45 KCYS 301303
CLICDR


CLIMATE REPORT
NATIONAL WEATHER SERVICE CHEYENNE WY
702 AM MDT MON MAR 30 2015


...................................

...THE CHADRON NE AIRPORT CLIMATE SUMMARY FOR MARCH 29 2015...

CLIMATE NORMAL PERIOD 1981 TO 2010
CLIMATE RECORD PERIOD 1895 TO 2015


WEATHER ITEM   OBSERVED TIME   RECORD YEAR NORMAL DEPARTURE LAST
                VALUE   (LST)  VALUE       VALUE  FROM      YEAR
                                                  NORMAL
..................................................................
TEMPERATURE (F)
 YESTERDAY
  MAXIMUM         65    331 PM  83    1967  55     10       73
                                      1943
  MINIMUM         35   1142 PM  -1    1975  25     10       21
  AVERAGE         50                        40     10       47

PRECIPITATION (IN)
  YESTERDAY        0.00          0.47 1998   0.04  -0.04     0.00
  MONTH TO DATE    0.03                      1.14  -1.11     0.35
  SINCE JAN 1      0.94                      2.11  -1.17     1.37

DEGREE DAYS
 HEATING
  YESTERDAY       15                        26    -11       18
  MONTH TO DATE  651                       856   -205      849
  SINCE MAR 1    651                       856   -205      849
  SINCE JUL 1   5596                      6108   -512     6323

 COOLING
  YESTERDAY        0                         0      0        0
  MONTH TO DATE    0                         0      0        0
  SINCE MAR 1      0                         0      0        0
  SINCE JAN 1      0                         0      0        0
..................................................................


WIND (MPH)
  HIGHEST WIND SPEED    29   HIGHEST WIND DIRECTION    NW (310)
  HIGHEST GUST SPEED    39   HIGHEST GUST DIRECTION    NW (300)
  AVERAGE WIND SPEED    13.3


SKY COVER
  AVERAGE SKY COVER 0.1


WEATHER CONDITIONS
 THE FOLLOWING WEATHER WAS RECORDED YESTERDAY.
  HAZE


RELATIVE HUMIDITY (PERCENT)
 HIGHEST    70          1100 PM
 LOWEST     23           500 PM
 AVERAGE    47

..........................................................


THE CHADRON NE AIRPORT CLIMATE NORMALS FOR TODAY
                         NORMAL    RECORD    YEAR
 MAXIMUM TEMPERATURE (F)   55        83      1978
 MINIMUM TEMPERATURE (F)   25         1      1954


SUNRISE AND SUNSET
MARCH 30 2015.........SUNRISE   638 AM MDT   SUNSET   716 PM MDT
MARCH 31 2015.........SUNRISE   637 AM MDT   SUNSET   717 PM MDT


-  INDICATES NEGATIVE NUMBERS.
R  INDICATES RECORD WAS SET OR TIED.
MM INDICATES DATA IS MISSING.
T  INDICATES TRACE AMOUNT.




$$
