000
CDUS44 KLUB 100625
CLICDS


CLIMATE REPORT
NATIONAL WEATHER SERVICE LUBBOCK, TX
1225 AM CST SAT DEC 10 2016


...................................

...THE CHILDRESS CLIMATE SUMMARY FOR DECEMBER 9 2016...

CLIMATE NORMAL PERIOD 1981 TO 2010
CLIMATE RECORD PERIOD 1893 TO 2016


WEATHER ITEM   OBSERVED TIME   RECORD YEAR NORMAL DEPARTURE LAST
                VALUE   (LST)  VALUE       VALUE  FROM      YEAR
                                                  NORMAL
..................................................................
TEMPERATURE (F)
 YESTERDAY
  MAXIMUM         39    342 PM  81    1996  55    -16       73
  MINIMUM         28    800 AM  10    1978  30     -2       41
  AVERAGE         34                        43     -9       57

PRECIPITATION (IN)
  YESTERDAY        0.00          1.60 1911   0.04  -0.04     0.00
  MONTH TO DATE    1.14                      0.30   0.84     0.00
  SINCE DEC 1      1.14                      0.30   0.84     0.00
  SINCE JAN 1     29.89                     23.31   6.58    35.91

SNOWFALL (IN)
  YESTERDAY        0.0          MM      MM   0.1   -0.1      0.0
  MONTH TO DATE    0.0                       0.5   -0.5      0.0
  SINCE DEC 1      0.0                       0.5   -0.5      0.0
  SINCE JUL 1      0.0                       1.4   -1.4      0.8
  SNOW DEPTH       0

DEGREE DAYS
 HEATING
  YESTERDAY       31                        22      9        8
  MONTH TO DATE  221                       190     31      139
  SINCE DEC 1    221                       190     31      139
  SINCE JUL 1    488                       750   -262      592

 COOLING
  YESTERDAY        0                         0      0        0
  MONTH TO DATE    0                         0      0        0
  SINCE DEC 1      0                         0      0        0
  SINCE JAN 1   2370                      2207    163     2321
..................................................................


WIND (MPH)
  RESULTANT WIND SPEED  10   RESULTANT WIND DIRECTION   S (170)
  HIGHEST WIND SPEED    18   HIGHEST WIND DIRECTION     S (200)
  HIGHEST GUST SPEED    23   HIGHEST GUST DIRECTION     S (200)
  AVERAGE WIND SPEED    10.3


SKY COVER
  AVERAGE SKY COVER 0.8


WEATHER CONDITIONS
 THE FOLLOWING WEATHER WAS RECORDED YESTERDAY.
  NO SIGNIFICANT WEATHER WAS OBSERVED.


RELATIVE HUMIDITY (PERCENT)
 HIGHEST    78          1000 PM
 LOWEST     44           100 PM
 AVERAGE    61

..........................................................


THE CHILDRESS CLIMATE NORMALS FOR TODAY
                         NORMAL    RECORD    YEAR
 MAXIMUM TEMPERATURE (F)   55        83      1996
                                             1939
 MINIMUM TEMPERATURE (F)   30        11      1977


SUNRISE AND SUNSET
DECEMBER 10 2016......SUNRISE   737 AM CST   SUNSET   531 PM CST
DECEMBER 11 2016......SUNRISE   738 AM CST   SUNSET   531 PM CST


-  INDICATES NEGATIVE NUMBERS.
R  INDICATES RECORD WAS SET OR TIED.
MM INDICATES DATA IS MISSING.
T  INDICATES TRACE AMOUNT.




$$
