000
CDUS44 KLUB 280626
CLICDS


CLIMATE REPORT
NATIONAL WEATHER SERVICE LUBBOCK, TX
1226 AM CST TUE FEB 28 2017


...................................

...THE CHILDRESS CLIMATE SUMMARY FOR FEBRUARY 27 2017...

CLIMATE NORMAL PERIOD 1981 TO 2010
CLIMATE RECORD PERIOD 1893 TO 2017


WEATHER ITEM   OBSERVED TIME   RECORD YEAR NORMAL DEPARTURE LAST
                VALUE   (LST)  VALUE       VALUE  FROM      YEAR
                                                  NORMAL
..................................................................
TEMPERATURE (F)
 YESTERDAY
  MAXIMUM         79    447 PM  93    1904  61     18       75
  MINIMUM         37    738 AM  12    1934  35      2       37
  AVERAGE         58                        48     10       56

PRECIPITATION (IN)
  YESTERDAY        0.00          0.93 1987   0.04  -0.04     0.00
  MONTH TO DATE    2.50                      1.01   1.49     0.74
  SINCE DEC 1      5.51                      2.65   2.86     2.10
  SINCE JAN 1      4.22                      1.74   2.48     1.25

SNOWFALL (IN)
  YESTERDAY        0.0          MM      MM   0.0    0.0      0.0
  MONTH TO DATE    T                         1.1   -1.1      0.0
  SINCE DEC 1      1.5                       5.5   -4.0      6.2
  SINCE JUL 1      1.5                       6.4   -4.9      7.0
  SNOW DEPTH       0

DEGREE DAYS
 HEATING
  YESTERDAY        7                        17    -10        9
  MONTH TO DATE  356                       540   -184      416
  SINCE DEC 1   1681                      1983   -302     1709
  SINCE JUL 1   1948                      2543   -595     2162

 COOLING
  YESTERDAY        0                         0      0        0
  MONTH TO DATE   15                         0     15        2
  SINCE DEC 1     15                         0     15        2
  SINCE JAN 1     15                         0     15        2
..................................................................


WIND (MPH)
  RESULTANT WIND SPEED   6   RESULTANT WIND DIRECTION  SW (220)
  HIGHEST WIND SPEED    30   HIGHEST WIND DIRECTION    SW (220)
  HIGHEST GUST SPEED    37   HIGHEST GUST DIRECTION    SW (230)
  AVERAGE WIND SPEED    10.4


SKY COVER
  AVERAGE SKY COVER 0.0


WEATHER CONDITIONS
 THE FOLLOWING WEATHER WAS RECORDED YESTERDAY.
  NO SIGNIFICANT WEATHER WAS OBSERVED.


RELATIVE HUMIDITY (PERCENT)
 HIGHEST    85           800 AM
 LOWEST     11           500 PM
 AVERAGE    48

..........................................................


THE CHILDRESS CLIMATE NORMALS FOR TODAY
                         NORMAL    RECORD    YEAR
 MAXIMUM TEMPERATURE (F)   62        95      1904
 MINIMUM TEMPERATURE (F)   36         8      1962


SUNRISE AND SUNSET
FEBRUARY 28 2017......SUNRISE   711 AM CST   SUNSET   637 PM CST
MARCH  1 2017.........SUNRISE   710 AM CST   SUNSET   637 PM CST


-  INDICATES NEGATIVE NUMBERS.
R  INDICATES RECORD WAS SET OR TIED.
MM INDICATES DATA IS MISSING.
T  INDICATES TRACE AMOUNT.




$$
