000
CDUS44 KLUB 240636
CLICDS


CLIMATE REPORT
NATIONAL WEATHER SERVICE LUBBOCK, TX
135 AM CDT TUE OCT 24 2017


...................................

...THE CHILDRESS CLIMATE SUMMARY FOR OCTOBER 23 2017...

CLIMATE NORMAL PERIOD 1981 TO 2010
CLIMATE RECORD PERIOD 1893 TO 2017


WEATHER ITEM   OBSERVED TIME   RECORD YEAR NORMAL DEPARTURE LAST
                VALUE   (LST)  VALUE       VALUE  FROM      YEAR
                                                  NORMAL
..................................................................
TEMPERATURE (F)
 YESTERDAY
  MAXIMUM         78    248 PM  90    2012  74      4       84
                                      2003
  MINIMUM         46    418 AM  31    1906  48     -2       53
  AVERAGE         62                        61      1       69

PRECIPITATION (IN)
  YESTERDAY        0.00          1.00 1930   0.08  -0.08     0.00
  MONTH TO DATE    1.24                      1.75  -0.51     0.38
  SINCE SEP 1      5.78                      4.17   1.61     3.79
  SINCE JAN 1     23.46                     21.26   2.20    26.57

SNOWFALL (IN)
  YESTERDAY        0.0          MM      MM   0.0    0.0      0.0
  MONTH TO DATE    0.0                       0.1   -0.1      0.0
  SINCE SEP 1      0.0                       0.1   -0.1      0.0
  SINCE JUL 1      0.0                       0.1   -0.1      0.0
  SNOW DEPTH       0

DEGREE DAYS
 HEATING
  YESTERDAY        3                         6     -3        0
  MONTH TO DATE   52                        81    -29       32
  SINCE SEP 1     58                        98    -40       34
  SINCE JUL 1     58                        98    -40       34

 COOLING
  YESTERDAY        0                         1     -1        4
  MONTH TO DATE  106                        67     39      117
  SINCE SEP 1    400                       360     40      436
  SINCE JAN 1   2294                      2191    103     2309
..................................................................


WIND (MPH)
  RESULTANT WIND SPEED   5   RESULTANT WIND DIRECTION   N (20)
  HIGHEST WIND SPEED    23   HIGHEST WIND DIRECTION    NE (40)
  HIGHEST GUST SPEED    31   HIGHEST GUST DIRECTION    NE (40)
  AVERAGE WIND SPEED    10.3


SKY COVER
  AVERAGE SKY COVER 0.0


WEATHER CONDITIONS
 THE FOLLOWING WEATHER WAS RECORDED YESTERDAY.
  NO SIGNIFICANT WEATHER WAS OBSERVED.


RELATIVE HUMIDITY (PERCENT)
 HIGHEST    71           200 AM
 LOWEST     25          1200 PM
 AVERAGE    48

..........................................................


THE CHILDRESS CLIMATE NORMALS FOR TODAY
                         NORMAL    RECORD    YEAR
 MAXIMUM TEMPERATURE (F)   74        91      2014
 MINIMUM TEMPERATURE (F)   47        30      2005


SUNRISE AND SUNSET
OCTOBER 24 2017.......SUNRISE   754 AM CDT   SUNSET   656 PM CDT
OCTOBER 25 2017.......SUNRISE   755 AM CDT   SUNSET   655 PM CDT


-  INDICATES NEGATIVE NUMBERS.
R  INDICATES RECORD WAS SET OR TIED.
MM INDICATES DATA IS MISSING.
T  INDICATES TRACE AMOUNT.




$$
