000
CDUS44 KLUB 290631
CLICDS


CLIMATE REPORT
NATIONAL WEATHER SERVICE LUBBOCK, TX
131 AM CDT TUE JUL 29 2014


...................................

...THE CHILDRESS CLIMATE SUMMARY FOR JULY 28 2014...

CLIMATE NORMAL PERIOD 1981 TO 2010
CLIMATE RECORD PERIOD 1893 TO 2014


WEATHER ITEM   OBSERVED TIME   RECORD YEAR NORMAL DEPARTURE LAST
                VALUE   (LST)  VALUE       VALUE  FROM      YEAR
                                                  NORMAL
..................................................................
TEMPERATURE (F)
 YESTERDAY
  MAXIMUM         81   1213 AM 110    1946  96    -15       92
  MINIMUM         67    917 AM  55    2005  71     -4       63
  AVERAGE         74                        84    -10       78

PRECIPITATION (IN)
  YESTERDAY        0.37          1.46 1976   0.05   0.32     0.00
  MONTH TO DATE    2.27                      1.76   0.51     2.03
  SINCE JUN 1      6.99                      5.71   1.28     5.36
  SINCE JAN 1     13.22                     14.28  -1.06    10.15

SNOWFALL (IN)
  YESTERDAY        0.0          MM      MM   0.0    0.0      0.0
  MONTH TO DATE    0.0                       0.0    0.0      0.0
  SINCE JUN 1      0.0                       0.0    0.0      0.0
  SINCE JUL 1      0.0                       0.0    0.0      0.0
  SNOW DEPTH       0

DEGREE DAYS
 HEATING
  YESTERDAY        0                         0      0        0
  MONTH TO DATE    0                         0      0        0
  SINCE JUN 1      0                         2     -2        0
  SINCE JUL 1      0                         0      0        0

 COOLING
  YESTERDAY        9                        19    -10       13
  MONTH TO DATE  458                       517    -59      463
  SINCE JUN 1    903                       938    -35      965
  SINCE JAN 1   1267                      1250     17     1316
..................................................................


WIND (MPH)
  RESULTANT WIND SPEED   8   RESULTANT WIND DIRECTION  NE (60)
  HIGHEST WIND SPEED    20   HIGHEST WIND DIRECTION     N (20)
  HIGHEST GUST SPEED    27   HIGHEST GUST DIRECTION    NW (330)
  AVERAGE WIND SPEED     8.8


SKY COVER
  AVERAGE SKY COVER 0.4


WEATHER CONDITIONS
 THE FOLLOWING WEATHER WAS RECORDED YESTERDAY.
  THUNDERSTORM
  HEAVY RAIN
  RAIN
  LIGHT RAIN
  FOG


RELATIVE HUMIDITY (PERCENT)
 HIGHEST    93           900 AM
 LOWEST     45          1200 AM
 AVERAGE    69

..........................................................


THE CHILDRESS CLIMATE NORMALS FOR TODAY
                         NORMAL    RECORD    YEAR
 MAXIMUM TEMPERATURE (F)   96       106      1957
                                             1946
                                             1937
 MINIMUM TEMPERATURE (F)   71        61      2005


SUNRISE AND SUNSET
JULY 29 2014..........SUNRISE   650 AM CDT   SUNSET   845 PM CDT
JULY 30 2014..........SUNRISE   650 AM CDT   SUNSET   844 PM CDT


-  INDICATES NEGATIVE NUMBERS.
R  INDICATES RECORD WAS SET OR TIED.
MM INDICATES DATA IS MISSING.
T  INDICATES TRACE AMOUNT.




$$
