000
CDUS44 KLUB 200626
CLICDS


CLIMATE REPORT
NATIONAL WEATHER SERVICE LUBBOCK, TX
1226 AM CST SAT JAN 20 2018


...................................

...THE CHILDRESS CLIMATE SUMMARY FOR JANUARY 19 2018...

CLIMATE NORMAL PERIOD 1981 TO 2010
CLIMATE RECORD PERIOD 1893 TO 2018


WEATHER ITEM   OBSERVED TIME   RECORD YEAR NORMAL DEPARTURE LAST
                VALUE   (LST)  VALUE       VALUE  FROM      YEAR
                                                  NORMAL
..................................................................
TEMPERATURE (F)
 YESTERDAY
  MAXIMUM         70    331 PM  81    1951  55     15       66
  MINIMUM         25    807 AM  -1    1943  28     -3       40
  AVERAGE         48                        42      6       53

PRECIPITATION (IN)
  YESTERDAY        0.00          0.48 1958   0.03  -0.03     0.00
  MONTH TO DATE    T                         0.38  -0.38     1.72
  SINCE DEC 1      0.03                      1.29  -1.26     3.01
  SINCE JAN 1      T                         0.38  -0.38     1.72

SNOWFALL (IN)
  YESTERDAY        0.0          MM      MM   0.1   -0.1      0.0
  MONTH TO DATE    0.0                       1.6   -1.6      1.5
  SINCE DEC 1      1.0                       3.3   -2.3      1.5
  SINCE JUL 1      1.0                       4.2   -3.2      1.5
  SNOW DEPTH       0

DEGREE DAYS
 HEATING
  YESTERDAY       17                        23     -6       12
  MONTH TO DATE  548                       455     93      452
  SINCE DEC 1   1234                      1168     66     1139
  SINCE JUL 1   1671                      1728    -57     1406

 COOLING
  YESTERDAY        0                         0      0        0
  MONTH TO DATE    0                         0      0        0
  SINCE DEC 1      0                         0      0        0
  SINCE JAN 1      0                         0      0        0
..................................................................


WIND (MPH)
  RESULTANT WIND SPEED  12   RESULTANT WIND DIRECTION   S (190)
  HIGHEST WIND SPEED    22   HIGHEST WIND DIRECTION     S (180)
  HIGHEST GUST SPEED    28   HIGHEST GUST DIRECTION     S (170)
  AVERAGE WIND SPEED    12.8


SKY COVER
  AVERAGE SKY COVER 0.0


WEATHER CONDITIONS
 THE FOLLOWING WEATHER WAS RECORDED YESTERDAY.
  NO SIGNIFICANT WEATHER WAS OBSERVED.


RELATIVE HUMIDITY (PERCENT)
 HIGHEST    68           600 AM
 LOWEST     11           300 PM
 AVERAGE    40

..........................................................


THE CHILDRESS CLIMATE NORMALS FOR TODAY
                         NORMAL    RECORD    YEAR
 MAXIMUM TEMPERATURE (F)   55        79      1999
 MINIMUM TEMPERATURE (F)   28        -1      1943


SUNRISE AND SUNSET
JANUARY 20 2018.......SUNRISE   746 AM CST   SUNSET   559 PM CST
JANUARY 21 2018.......SUNRISE   745 AM CST   SUNSET   600 PM CST


-  INDICATES NEGATIVE NUMBERS.
R  INDICATES RECORD WAS SET OR TIED.
MM INDICATES DATA IS MISSING.
T  INDICATES TRACE AMOUNT.




$$
