000
CDUS44 KLUB 200626
CLICDS


CLIMATE REPORT
NATIONAL WEATHER SERVICE LUBBOCK, TX
1225 AM CST SAT DEC 20 2014


...................................

...THE CHILDRESS CLIMATE SUMMARY FOR DECEMBER 19 2014...

CLIMATE NORMAL PERIOD 1981 TO 2010
CLIMATE RECORD PERIOD 1893 TO 2014


WEATHER ITEM   OBSERVED TIME   RECORD YEAR NORMAL DEPARTURE LAST
                VALUE   (LST)  VALUE       VALUE  FROM      YEAR
                                                  NORMAL
..................................................................
TEMPERATURE (F)
 YESTERDAY
  MAXIMUM         45    453 PM  75    2013  54     -9       75
                                      1994
  MINIMUM         39    829 AM   8    1996  29     10       50
                                      1983
  AVERAGE         42                        41      1       63

PRECIPITATION (IN)
  YESTERDAY        0.05          1.90 1911   0.03   0.02     0.00
  MONTH TO DATE    0.20                      0.61  -0.41     0.14
  SINCE DEC 1      0.20                      0.61  -0.41     0.14
  SINCE JAN 1     18.55                     23.62  -5.07    15.28

SNOWFALL (IN)
  YESTERDAY       MM            MM      MM   0.0   MM        0.0
  MONTH TO DATE    0.0                       1.0   -1.0      2.3
  SINCE DEC 1      0.0                       1.0   -1.0      2.3
  SINCE JUL 1      2.0                       1.9    0.1      6.5
  SNOW DEPTH       0

DEGREE DAYS
 HEATING
  YESTERDAY       23                        24     -1        2
  MONTH TO DATE  330                       423    -93      462
  SINCE DEC 1    330                       423    -93      462
  SINCE JUL 1    885                       983    -98     1060

 COOLING
  YESTERDAY        0                         0      0        0
  MONTH TO DATE    0                         0      0        0
  SINCE DEC 1      0                         0      0        0
  SINCE JAN 1   2317                      2207    110     2407
..................................................................


WIND (MPH)
  RESULTANT WIND SPEED   3   RESULTANT WIND DIRECTION   E (110)
  HIGHEST WIND SPEED    10   HIGHEST WIND DIRECTION    SE (130)
  HIGHEST GUST SPEED    14   HIGHEST GUST DIRECTION    SE (130)
  AVERAGE WIND SPEED     3.7


SKY COVER
  AVERAGE SKY COVER 1.0


WEATHER CONDITIONS
 THE FOLLOWING WEATHER WAS RECORDED YESTERDAY.
  LIGHT RAIN
  FOG


RELATIVE HUMIDITY (PERCENT)
 HIGHEST    92           400 AM
 LOWEST     76           400 PM
 AVERAGE    84

..........................................................


THE CHILDRESS CLIMATE NORMALS FOR TODAY
                         NORMAL    RECORD    YEAR
 MAXIMUM TEMPERATURE (F)   54        78      2010
                                             2004
 MINIMUM TEMPERATURE (F)   29         6      1983


SUNRISE AND SUNSET
DECEMBER 20 2014......SUNRISE   743 AM CST   SUNSET   534 PM CST
DECEMBER 21 2014......SUNRISE   744 AM CST   SUNSET   535 PM CST


-  INDICATES NEGATIVE NUMBERS.
R  INDICATES RECORD WAS SET OR TIED.
MM INDICATES DATA IS MISSING.
T  INDICATES TRACE AMOUNT.




$$
