000
CDUS44 KLUB 190125
CLICDS


CLIMATE REPORT
NATIONAL WEATHER SERVICE LUBBOCK, TX
825 PM CDT THU SEP 18 2014


...................................

...THE CHILDRESS CLIMATE SUMMARY FOR SEPTEMBER 18 2014...
VALID TODAY AS OF 0800 PM LOCAL TIME.

CLIMATE NORMAL PERIOD 1981 TO 2010
CLIMATE RECORD PERIOD 1893 TO 2014


WEATHER ITEM   OBSERVED TIME   RECORD YEAR NORMAL DEPARTURE LAST
                VALUE   (LST)  VALUE       VALUE  FROM      YEAR
                                                  NORMAL
..................................................................
TEMPERATURE (F)
 TODAY
  MAXIMUM         79    437 PM 103    1952  86     -7       90
  MINIMUM         70    829 AM  45    1991  61      9       72
                                      1981
  AVERAGE         75                        73      2       81

PRECIPITATION (IN)
  TODAY            0.03          2.99 1991   0.07  -0.04     0.00
  MONTH TO DATE    1.43                      1.53  -0.10     0.55
  SINCE SEP 1      1.43                      1.53  -0.10     0.55
  SINCE JAN 1     17.04                     18.62  -1.58    13.79

SNOWFALL (IN)
  TODAY            0.0          MM      MM   0.0    0.0      0.0
  MONTH TO DATE    0.0                       0.0    0.0      0.0
  SINCE SEP 1      0.0                       0.0    0.0      0.0
  SINCE JUL 1      0.0                       0.0    0.0      0.0
  SNOW DEPTH       0

DEGREE DAYS
 HEATING
  TODAY            0                         1     -1        0
  MONTH TO DATE   10                         2      8        0
  SINCE SEP 1     10                         2      8        0
  SINCE JUL 1     10                         2      8        0

 COOLING
  TODAY           10                         9      1       16
  MONTH TO DATE  200                       211    -11      295
  SINCE SEP 1    200                       211    -11      295
  SINCE JAN 1   2059                      2042     17     2226
..................................................................


WIND (MPH)
  RESULTANT WIND SPEED   2   RESULTANT WIND DIRECTION  SW (220)
  HIGHEST WIND SPEED    10   HIGHEST WIND DIRECTION    SE (130)
  HIGHEST GUST SPEED    12   HIGHEST GUST DIRECTION    SE (150)
  AVERAGE WIND SPEED     3.8


SKY COVER
  AVERAGE SKY COVER 0.3


WEATHER CONDITIONS
 THE FOLLOWING WEATHER WAS RECORDED TODAY.
  LIGHT RAIN
  FOG


RELATIVE HUMIDITY (PERCENT)
 HIGHEST    93           200 AM
 LOWEST     64           300 PM
 AVERAGE    79

..........................................................


THE CHILDRESS CLIMATE NORMALS FOR TOMORROW
                         NORMAL    RECORD    YEAR
 MAXIMUM TEMPERATURE (F)   86       100      1954
                                             1930
 MINIMUM TEMPERATURE (F)   60        46      1905


SUNRISE AND SUNSET
SEPTEMBER 18 2014.....SUNRISE   726 AM CDT   SUNSET   744 PM CDT
SEPTEMBER 19 2014.....SUNRISE   727 AM CDT   SUNSET   742 PM CDT


-  INDICATES NEGATIVE NUMBERS.
R  INDICATES RECORD WAS SET OR TIED.
MM INDICATES DATA IS MISSING.
T  INDICATES TRACE AMOUNT.




$$
