000
CDUS44 KLUB 280632
CLICDS


CLIMATE REPORT
NATIONAL WEATHER SERVICE LUBBOCK, TX
1228 AM CST SAT FEB 28 2015


...................................

...THE CHILDRESS CLIMATE SUMMARY FOR FEBRUARY 27 2015...

CLIMATE NORMAL PERIOD 1981 TO 2010
CLIMATE RECORD PERIOD 1893 TO 2015


WEATHER ITEM   OBSERVED TIME   RECORD YEAR NORMAL DEPARTURE LAST
                VALUE   (LST)  VALUE       VALUE  FROM      YEAR
                                                  NORMAL
..................................................................
TEMPERATURE (F)
 YESTERDAY
  MAXIMUM         25   1222 AM  93    1904  61    -36       61
  MINIMUM         16   1159 PM  12    1934  35    -19       24
  AVERAGE         21                        48    -27       43

PRECIPITATION (IN)
  YESTERDAY        0.06          1.50 1915   0.04   0.02     0.00
  MONTH TO DATE    0.09                      1.01  -0.92     0.36
  SINCE DEC 1      1.37                      2.65  -1.28     1.45
  SINCE JAN 1      1.17                      1.74  -0.57     0.36

SNOWFALL (IN)
  YESTERDAY       MM            MM      MM   0.0   MM        0.0
  MONTH TO DATE    T                         1.1   -1.1      3.0
  SINCE DEC 1      T                         5.5   -5.5      5.3
  SINCE JUL 1      2.0                       6.4   -4.4      9.5
  SNOW DEPTH      MM

DEGREE DAYS
 HEATING
  YESTERDAY       44                        17     27       22
  MONTH TO DATE  572                       540     32      701
  SINCE DEC 1   1897                      1983    -86     2213
  SINCE JUL 1   2452                      2543    -91     2811

 COOLING
  YESTERDAY        0                         0      0        0
  MONTH TO DATE    0                         0      0        0
  SINCE DEC 1      0                         0      0        0
  SINCE JAN 1      0                         0      0        0
..................................................................


WIND (MPH)
  RESULTANT WIND SPEED   9   RESULTANT WIND DIRECTION   E (80)
  HIGHEST WIND SPEED    15   HIGHEST WIND DIRECTION    NE (60)
  HIGHEST GUST SPEED    20   HIGHEST GUST DIRECTION     E (80)
  AVERAGE WIND SPEED     9.4


SKY COVER
  AVERAGE SKY COVER 1.0


WEATHER CONDITIONS
 THE FOLLOWING WEATHER WAS RECORDED YESTERDAY.
  SNOW
  LIGHT SNOW
  FOG
  FOG W/VISIBILITY <= 1/4 MILE
  HAZE


RELATIVE HUMIDITY (PERCENT)
 HIGHEST    88           800 AM
 LOWEST     35           100 AM
 AVERAGE    62

..........................................................


THE CHILDRESS CLIMATE NORMALS FOR TODAY
                         NORMAL    RECORD    YEAR
 MAXIMUM TEMPERATURE (F)   62        95      1904
 MINIMUM TEMPERATURE (F)   36         8      1962


SUNRISE AND SUNSET
FEBRUARY 28 2015......SUNRISE   712 AM CST   SUNSET   636 PM CST
MARCH  1 2015.........SUNRISE   710 AM CST   SUNSET   637 PM CST


-  INDICATES NEGATIVE NUMBERS.
R  INDICATES RECORD WAS SET OR TIED.
MM INDICATES DATA IS MISSING.
T  INDICATES TRACE AMOUNT.




$$
