000
CDUS46 KEKA 170014
CLICEC


CLIMATE REPORT
NATIONAL WEATHER SERVICE EUREKA CA
414 PM PST TUE JAN 16 2018


...................................

...THE CRESCENT CITY CA CLIMATE SUMMARY FOR JANUARY 16 2018...
VALID TODAY AS OF 0400 PM LOCAL TIME.

CLIMATE NORMAL PERIOD 1981 TO 2010
CLIMATE RECORD PERIOD 1894 TO 2018


WEATHER ITEM   OBSERVED TIME   RECORD YEAR NORMAL DEPARTURE LAST
                VALUE   (LST)  VALUE       VALUE  FROM      YEAR
                                                  NORMAL
..................................................................
TEMPERATURE (F)
 TODAY
  MAXIMUM         61    237 PM  73    2014  55      6       56
                                      1985
  MINIMUM         47    723 AM  28    2001  41      6       36
  AVERAGE         54                        48      6       46

PRECIPITATION (IN)
  TODAY            T             3.38 1998   0.31  -0.31     0.00
  MONTH TO DATE    3.57                      6.30  -2.73     7.22
  SINCE OCT 1     17.59                     31.54 -13.95    52.32
  SINCE JAN 1      3.57                      6.30  -2.73     7.22

SNOWFALL (IN)
  TODAY           MM            MM      MM  MM     MM        0.0
  MONTH TO DATE    0.0                      MM     MM        0.0
  SINCE DEC 1      0.0                      MM     MM        0.0
  SINCE JUL 1      0.0                      MM     MM        0.0
  SNOW DEPTH       0

..................................................................


WIND (MPH)
  HIGHEST WIND SPEED    10   HIGHEST WIND DIRECTION     S (160)
  HIGHEST GUST SPEED    13   HIGHEST GUST DIRECTION    SE (150)
  AVERAGE WIND SPEED     5.3


SKY COVER
  AVERAGE SKY COVER 0.3


WEATHER CONDITIONS
 THE FOLLOWING WEATHER WAS RECORDED TODAY.
  HEAVY RAIN
  FOG
  HAZE


RELATIVE HUMIDITY (PERCENT)
 HIGHEST    93
 LOWEST     60
 AVERAGE    77

..........................................................


THE CRESCENT CITY CA CLIMATE NORMALS FOR TOMORROW
                         NORMAL    RECORD    YEAR
 MAXIMUM TEMPERATURE (F)   55        71      1994
 MINIMUM TEMPERATURE (F)   41        28      1963


SUNRISE AND SUNSET
JANUARY 16 2018.......SUNRISE   741 AM PST   SUNSET   513 PM PST
JANUARY 17 2018.......SUNRISE   741 AM PST   SUNSET   514 PM PST


-  INDICATES NEGATIVE NUMBERS.
R  INDICATES RECORD WAS SET OR TIED.
MM INDICATES DATA IS MISSING.
T  INDICATES TRACE AMOUNT.




$$
