000
CDUS46 KEKA 280013
CLICEC


CLIMATE REPORT
NATIONAL WEATHER SERVICE EUREKA CA
511 PM PDT WED JUL 27 2016


...................................

...THE CRESCENT CITY CA CLIMATE SUMMARY FOR JULY 27 2016...
VALID TODAY AS OF 0500 PM LOCAL TIME.

CLIMATE NORMAL PERIOD 1981 TO 2010
CLIMATE RECORD PERIOD 1894 TO 2016


WEATHER ITEM   OBSERVED TIME   RECORD YEAR NORMAL DEPARTURE LAST
                VALUE   (LST)  VALUE       VALUE  FROM      YEAR
                                                  NORMAL
..................................................................
TEMPERATURE (F)
 TODAY
  MAXIMUM         62    358 PM  74    2000  62      0       67
  MINIMUM         53    859 AM  44    1959  52      1       51
  AVERAGE         58                        57      1       59

PRECIPITATION (IN)
  TODAY            0.00          0.22 1955   0.01  -0.01     0.00
  MONTH TO DATE    1.03                      0.39   0.64     0.07
  SINCE OCT 1     67.46                     62.56   4.90    41.84
  SINCE JAN 1     32.78                     37.32  -4.54    21.01

SNOWFALL (IN)
  TODAY            0.0          MM      MM  MM     MM        0.0
  MONTH TO DATE    0.0                      MM     MM        0.0
  SINCE JUN 1      0.0                      MM     MM        0.0
  SINCE JUL 1      0.0                      MM     MM        0.0
  SNOW DEPTH       0

..................................................................


WIND (MPH)
  HIGHEST WIND SPEED    15   HIGHEST WIND DIRECTION     S (160)
  HIGHEST GUST SPEED    17   HIGHEST GUST DIRECTION     S (160)
  AVERAGE WIND SPEED     6.0


SKY COVER
  AVERAGE SKY COVER 0.8


WEATHER CONDITIONS
 THE FOLLOWING WEATHER WAS RECORDED TODAY.
  FOG
  FOG W/VISIBILITY <= 1/4 MILE
  HAZE


RELATIVE HUMIDITY (PERCENT)
 HIGHEST   100
 LOWEST     72
 AVERAGE    86

..........................................................


THE CRESCENT CITY CA CLIMATE NORMALS FOR TOMORROW
                         NORMAL    RECORD    YEAR
 MAXIMUM TEMPERATURE (F)   62        72      2000
 MINIMUM TEMPERATURE (F)   52        43      1949


SUNRISE AND SUNSET
JULY 27 2016..........SUNRISE   607 AM PDT   SUNSET   840 PM PDT
JULY 28 2016..........SUNRISE   608 AM PDT   SUNSET   839 PM PDT


-  INDICATES NEGATIVE NUMBERS.
R  INDICATES RECORD WAS SET OR TIED.
MM INDICATES DATA IS MISSING.
T  INDICATES TRACE AMOUNT.




$$
