000
CDUS46 KEKA 221214
CLICEC


CLIMATE REPORT
NATIONAL WEATHER SERVICE EUREKA CA
414 AM PST MON DEC 22 2014


...................................

...THE CRESCENT CITY CA CLIMATE SUMMARY FOR DECEMBER 21 2014...

CLIMATE NORMAL PERIOD 1981 TO 2010
CLIMATE RECORD PERIOD 1894 TO 2014


WEATHER ITEM   OBSERVED TIME   RECORD YEAR NORMAL DEPARTURE LAST
                VALUE   (LST)  VALUE       VALUE  FROM      YEAR
                                                  NORMAL
..................................................................
TEMPERATURE (F)
 YESTERDAY
  MAXIMUM         59    211 PM  68    1977  54      5       49
  MINIMUM         56   1042 PM  19    1990  41     15       41
  AVERAGE         58                        48     10       45

PRECIPITATION (IN)
  YESTERDAY        0.48          4.21 1981   0.42   0.06     0.00
  MONTH TO DATE    9.79                      7.21   2.58     1.31
  SINCE JUL 1     23.52                     23.04   0.48     8.99
  SINCE JAN 1     48.11                     59.97 -11.86    28.92

SNOWFALL (IN)
  YESTERDAY        0.0          MM      MM  MM     MM        0.0
  MONTH TO DATE    0.0                      MM     MM        0.0
  SINCE DEC 1      0.0                      MM     MM        0.0
  SINCE JUL 1      0.0                      MM     MM        0.0
  SNOW DEPTH       0

DEGREE DAYS
 HEATING
  YESTERDAY        7                        17    -10       20
  MONTH TO DATE  194                       369   -175      465
  SINCE DEC 1    194                       369   -175      465
  SINCE JUL 1   1301                      1986   -685     2057

 COOLING
  YESTERDAY        0                         0      0        0
  MONTH TO DATE    0                         0      0        0
  SINCE DEC 1      0                         0      0        0
  SINCE JAN 1      1                         0      1        4
..................................................................


WIND (MPH)
  HIGHEST WIND SPEED    18   HIGHEST WIND DIRECTION     S (190)
  HIGHEST GUST SPEED    22   HIGHEST GUST DIRECTION     S (190)
  AVERAGE WIND SPEED     9.2


SKY COVER
  AVERAGE SKY COVER 1.0


WEATHER CONDITIONS
 THE FOLLOWING WEATHER WAS RECORDED YESTERDAY.
  HEAVY RAIN
  FOG


RELATIVE HUMIDITY (PERCENT)
 HIGHEST   100
 LOWEST     93
 AVERAGE    97

..........................................................


THE CRESCENT CITY CA CLIMATE NORMALS FOR TODAY
                         NORMAL    RECORD    YEAR
 MAXIMUM TEMPERATURE (F)   54        68      1999
 MINIMUM TEMPERATURE (F)   41        23      1998


SUNRISE AND SUNSET
DECEMBER 22 2014......SUNRISE   741 AM PST   SUNSET   450 PM PST
DECEMBER 23 2014......SUNRISE   742 AM PST   SUNSET   450 PM PST


-  INDICATES NEGATIVE NUMBERS.
R  INDICATES RECORD WAS SET OR TIED.
MM INDICATES DATA IS MISSING.
T  INDICATES TRACE AMOUNT.




$$
