000
CDUS45 KGJT 020739
CLICEZ


CLIMATE REPORT
NATIONAL WEATHER SERVICE GRAND JUNCTION CO
136 AM MDT SUN AUG 2 2015


...................................

...THE CORTEZ CO CLIMATE SUMMARY FOR AUGUST 1 2015...

CLIMATE NORMAL PERIOD 1981 TO 2010
CLIMATE RECORD PERIOD 9999 TO 9999


WEATHER ITEM   OBSERVED TIME   RECORD YEAR NORMAL DEPARTURE LAST
                VALUE   (LST)  VALUE       VALUE  FROM      YEAR
                                                  NORMAL
..................................................................
TEMPERATURE (F)
 YESTERDAY
  MAXIMUM         79    518 PM  MM      MM  89    -10       87
  MINIMUM         62   1113 PM  MM      MM  55      7       58
  AVERAGE         71                        72     -1       73

PRECIPITATION (IN)
  YESTERDAY        0.25         MM      MM   0.06   0.19     0.00
  MONTH TO DATE    0.25                      0.06   0.19     0.00
  SINCE JUN 1      3.88                      1.83   2.05     0.69
  SINCE JAN 1      7.88                      6.97   0.91     3.68

SNOWFALL (IN)
  YESTERDAY       MM            MM      MM  MM     MM       MM
  MONTH TO DATE   MM                        MM     MM       MM
  SINCE JUN 1     MM                        MM     MM       MM
  SINCE JUL 1     MM                        MM     MM       MM
  SNOW DEPTH      MM

DEGREE DAYS
 HEATING
  YESTERDAY        0                         0      0        0
  MONTH TO DATE    0                         0      0        0
  SINCE JUN 1     40                        78    -38       31
  SINCE JUL 1      0                         3     -3        0

 COOLING
  YESTERDAY        6                         7     -1        8
  MONTH TO DATE    6                         7     -1        8
  SINCE JUN 1    282                       266     16      373
  SINCE JAN 1    282                       271     11      389
..................................................................


WIND (MPH)
  HIGHEST WIND SPEED    17   HIGHEST WIND DIRECTION    SE (130)
  HIGHEST GUST SPEED    23   HIGHEST GUST DIRECTION    SE (140)
  AVERAGE WIND SPEED     4.1


SKY COVER
  POSSIBLE SUNSHINE  MM
  AVERAGE SKY COVER 0.5


WEATHER CONDITIONS
 THE FOLLOWING WEATHER WAS RECORDED YESTERDAY.
  THUNDERSTORM
  HEAVY RAIN
  RAIN
  LIGHT RAIN
  FOG


RELATIVE HUMIDITY (PERCENT)
 HIGHEST    93          1200 AM
 LOWEST     47           500 PM
 AVERAGE    70

..........................................................


THE CORTEZ CO CLIMATE NORMALS FOR TODAY
                         NORMAL    RECORD    YEAR
 MAXIMUM TEMPERATURE (F)   89        MM        MM
 MINIMUM TEMPERATURE (F)   55        MM        MM


SUNRISE AND SUNSET
AUGUST  2 2015........SUNRISE   620 AM MDT   SUNSET   821 PM MDT
AUGUST  3 2015........SUNRISE   621 AM MDT   SUNSET   820 PM MDT


-  INDICATES NEGATIVE NUMBERS.
R  INDICATES RECORD WAS SET OR TIED.
MM INDICATES DATA IS MISSING.
T  INDICATES TRACE AMOUNT.




$$
