000
CDUS43 KPAH 210633
CLICGI


CLIMATE REPORT
NATIONAL WEATHER SERVICE PADUCAH KY
129 AM CDT SUN SEP 21 2014


...................................

...THE CAPE GIRARDEAU MO CLIMATE SUMMARY FOR SEPTEMBER 20 2014...

CLIMATE NORMAL PERIOD 1981 TO 2010
CLIMATE RECORD PERIOD 1960 TO 2014


WEATHER ITEM   OBSERVED TIME   RECORD YEAR NORMAL DEPARTURE LAST
                VALUE   (LST)  VALUE       VALUE  FROM      YEAR
                                                  NORMAL
..................................................................
TEMPERATURE (F)
 YESTERDAY
  MAXIMUM         85    326 PM  93    1972  80      5       77
  MINIMUM         56    552 AM  38    2006  54      2       66
  AVERAGE         71                        67      4

PRECIPITATION (IN)
  YESTERDAY        0.00          1.80 1992   0.10  -0.10     0.44
  MONTH TO DATE    2.05                      2.21  -0.16     0.44
  SINCE SEP 1      2.05                      2.21  -0.16     0.44
  SINCE JAN 1     34.35                     33.26   1.09    28.67

DEGREE DAYS
 HEATING
  YESTERDAY        0                         2     -2        0
  MONTH TO DATE   32                        13     19        3
  SINCE SEP 1     32                        13     19        3
  SINCE JUL 1     32                        14     18        4

 COOLING
  YESTERDAY        6                         4      2        7
  MONTH TO DATE  116                       132    -16      181
  SINCE SEP 1    116                       132    -16      181
  SINCE JAN 1   1355                      1392    -37     1362
..................................................................


WIND (MPH)
  HIGHEST WIND SPEED    14   HIGHEST WIND DIRECTION    SW (220)
  HIGHEST GUST SPEED    18   HIGHEST GUST DIRECTION    SW (230)
  AVERAGE WIND SPEED     3.9


SKY COVER
  AVERAGE SKY COVER 0.1


WEATHER CONDITIONS
 THE FOLLOWING WEATHER WAS RECORDED YESTERDAY.
  FOG


RELATIVE HUMIDITY (PERCENT)
 HIGHEST   100
 LOWEST     55
 AVERAGE    78

..........................................................


THE CAPE GIRARDEAU MO CLIMATE NORMALS FOR TODAY
                         NORMAL    RECORD    YEAR
 MAXIMUM TEMPERATURE (F)   79        94      2010
 MINIMUM TEMPERATURE (F)   54        39      1991


SUNRISE AND SUNSET
SEPTEMBER 21 2014.....SUNRISE   645 AM CDT   SUNSET   657 PM CDT
SEPTEMBER 22 2014.....SUNRISE   646 AM CDT   SUNSET   655 PM CDT


-  INDICATES NEGATIVE NUMBERS.
R  INDICATES RECORD WAS SET OR TIED.
MM INDICATES DATA IS MISSING.
T  INDICATES TRACE AMOUNT.




$$
