000
CDUS43 KPAH 010647
CLICGI


CLIMATE REPORT
NATIONAL WEATHER SERVICE PADUCAH KY
143 AM CDT FRI AUG 1 2014


...................................

...THE CAPE GIRARDEAU MO CLIMATE SUMMARY FOR JULY 31 2014...

CLIMATE NORMAL PERIOD 1981 TO 2010
CLIMATE RECORD PERIOD 1960 TO 2014


WEATHER ITEM   OBSERVED TIME   RECORD YEAR NORMAL DEPARTURE LAST
                VALUE   (LST)  VALUE       VALUE  FROM      YEAR
                                                  NORMAL
..................................................................
TEMPERATURE (F)
 YESTERDAY
  MAXIMUM         80    201 PM 101    1980  89     -9       87
  MINIMUM         59    524 AM  52    1971  67     -8       71
  AVERAGE         70                        78     -8

PRECIPITATION (IN)
  YESTERDAY        0.00          1.55 1976   0.11  -0.11      T
  MONTH TO DATE    2.92                      3.36  -0.44     0.77
  SINCE JUN 1     10.42                      6.93   3.49     8.53
  SINCE JAN 1     28.81                     28.03   0.78    24.70

DEGREE DAYS
 HEATING
  YESTERDAY        0                         0      0        0
  MONTH TO DATE    0                         0      0        0
  SINCE JUN 1      0                         4     -4        0
  SINCE JUL 1      0                         0      0        0

 COOLING
  YESTERDAY        5                        13     -8       14
  MONTH TO DATE  275                       422   -147      340
  SINCE JUN 1    634                       734   -100      673
  SINCE JAN 1    845                       886    -41      844
..................................................................


WIND (MPH)
  HIGHEST WIND SPEED    14   HIGHEST WIND DIRECTION    SW (230)
  HIGHEST GUST SPEED    19   HIGHEST GUST DIRECTION    SW (220)
  AVERAGE WIND SPEED     3.1


SKY COVER
  AVERAGE SKY COVER 0.3


WEATHER CONDITIONS
 THE FOLLOWING WEATHER WAS RECORDED YESTERDAY.
  FOG
  FOG W/VISIBILITY <= 1/4 MILE
  HAZE


RELATIVE HUMIDITY (PERCENT)
 HIGHEST   100
 LOWEST     62
 AVERAGE    81

..........................................................


THE CAPE GIRARDEAU MO CLIMATE NORMALS FOR TODAY
                         NORMAL    RECORD    YEAR
 MAXIMUM TEMPERATURE (F)   89        98      1970
 MINIMUM TEMPERATURE (F)   67        54      1971


SUNRISE AND SUNSET
AUGUST  1 2014........SUNRISE   603 AM CDT   SUNSET   806 PM CDT
AUGUST  2 2014........SUNRISE   604 AM CDT   SUNSET   805 PM CDT


-  INDICATES NEGATIVE NUMBERS.
R  INDICATES RECORD WAS SET OR TIED.
MM INDICATES DATA IS MISSING.
T  INDICATES TRACE AMOUNT.




$$
