000
CDUS43 KPAH 270629
CLICGI


CLIMATE REPORT
NATIONAL WEATHER SERVICE PADUCAH KY
128 AM CDT WED JUL 27 2016

...................................

...THE CAPE GIRARDEAU MO CLIMATE SUMMARY FOR JULY 26 2016...

CLIMATE NORMAL PERIOD 1981 TO 2010
CLIMATE RECORD PERIOD 1960 TO 2016

WEATHER ITEM   OBSERVED TIME   RECORD YEAR NORMAL DEPARTURE LAST
                VALUE   (LST)  VALUE       VALUE  FROM      YEAR
                                                  NORMAL
..................................................................
TEMPERATURE (F)
 YESTERDAY
  MAXIMUM         89   1235 PM 100    1997  89      0       85
  MINIMUM         74   1141 PM  55    1962  68      6       74
  AVERAGE         82                        78      4

PRECIPITATION (IN)
  YESTERDAY        0.31          1.80 1998   0.11   0.20     0.38
  MONTH TO DATE    4.21                      2.84   1.37     9.21
  SINCE JUN 1      5.49                      6.41  -0.92    13.53
  SINCE JAN 1     28.77                     27.51   1.26    38.97

DEGREE DAYS
 HEATING
  YESTERDAY        0                         0      0        0
  MONTH TO DATE    0                         0      0        0
  SINCE JUN 1      0                         4     -4        5
  SINCE JUL 1      0                         0      0        0

 COOLING
  YESTERDAY       17                        13      4       15
  MONTH TO DATE  403                       360     43      385
  SINCE JUN 1    814                       672    142      766
  SINCE JAN 1    935                       824    111      943
..................................................................

WIND (MPH)
  HIGHEST WIND SPEED    17   HIGHEST WIND DIRECTION     N (20)
  HIGHEST GUST SPEED    21   HIGHEST GUST DIRECTION     N (20)
  AVERAGE WIND SPEED     4.4

SKY COVER
  AVERAGE SKY COVER 0.4

WEATHER CONDITIONS
 THE FOLLOWING WEATHER WAS RECORDED YESTERDAY.
  THUNDERSTORM
  HEAVY RAIN
  LIGHT RAIN
  FOG
  FOG W/VISIBILITY <= 1/4 MILE

RELATIVE HUMIDITY (PERCENT)
 HIGHEST   100
 LOWEST     68
 AVERAGE    84
..........................................................

THE CAPE GIRARDEAU MO CLIMATE NORMALS FOR TODAY
                         NORMAL    RECORD    YEAR
 MAXIMUM TEMPERATURE (F)   89        99      1993
 MINIMUM TEMPERATURE (F)   68        49      1962

SUNRISE AND SUNSET
JULY 27 2016..........SUNRISE   559 AM CDT   SUNSET   810 PM CDT
JULY 28 2016..........SUNRISE   600 AM CDT   SUNSET   809 PM CDT

-  INDICATES NEGATIVE NUMBERS.
R  INDICATES RECORD WAS SET OR TIED.
MM INDICATES DATA IS MISSING.
T  INDICATES TRACE AMOUNT.

$$
