000
CDUS44 KMRX 111218
CLICHA

CLIMATE REPORT NATIONAL WEATHER SERVICE MORRISTOWN TN
818 AM EDT FRI JUL 11 2014

...................................

...THE CHATTANOOGA CLIMATE SUMMARY FOR JULY 10 2014...

CLIMATE NORMAL PERIOD 1981 TO 2010
CLIMATE RECORD PERIOD 1879 TO 2014


WEATHER ITEM   OBSERVED TIME   RECORD YEAR NORMAL DEPARTURE LAST
                VALUE   (LST)  VALUE       VALUE  FROM      YEAR
                                                  NORMAL
..................................................................
TEMPERATURE (F)
 YESTERDAY
  MAXIMUM         89    208 PM 101    1936  90     -1       91
  MINIMUM         71    617 AM  54    1952  70      1       71
  AVERAGE         80                        80      0       81

PRECIPITATION (IN)
  YESTERDAY        0.00          1.49 1948   0.17  -0.17     0.60
  MONTH TO DATE    0.48                      1.57  -1.09     6.80
  SINCE JUN 1      5.47                      5.62  -0.15    11.27
  SINCE JAN 1     22.76                     28.44  -5.68    45.94

SNOWFALL (IN)
  YESTERDAY        0.0                       0.0    0.0      0.0
  MONTH TO DATE    0.0                       0.0    0.0      0.0
  SINCE JUN 1      0.0                       0.0    0.0      0.0
  SINCE JUL 1      0.0                       0.0    0.0      0.0
  SNOW DEPTH       0

DEGREE DAYS
 HEATING
  YESTERDAY        0                         0      0        0
  MONTH TO DATE    0                         0      0        0
  SINCE JUN 1      0                         2     -2        0
  SINCE JUL 1      0                         0      0        0

 COOLING
  YESTERDAY       15                        15      0       16
  MONTH TO DATE  140                       146     -6      111
  SINCE JUN 1    541                       491     50      510
  SINCE JAN 1    799                       687    112      686
..................................................................


WIND (MPH)
  HIGHEST WIND SPEED    16   HIGHEST WIND DIRECTION     N (20)
  HIGHEST GUST SPEED    20   HIGHEST GUST DIRECTION     N (10)
  AVERAGE WIND SPEED     2.2


SKY COVER
  POSSIBLE SUNSHINE  MM
  AVERAGE SKY COVER  MM


WEATHER CONDITIONS
 THE FOLLOWING WEATHER WAS RECORDED YESTERDAY.
  FOG
  HAZE


RELATIVE HUMIDITY (PERCENT)
 HIGHEST    93           100 AM
 LOWEST     48           600 PM
 AVERAGE    71

..........................................................


THE CHATTANOOGA  ASOS CLIMATE NORMALS FOR TODAY
                         NORMAL    RECORD    YEAR
 MAXIMUM TEMPERATURE (F)   90       100      1980
                                             1901
 MINIMUM TEMPERATURE (F)   70        56      1963


SUNRISE AND SUNSET
JULY 11 2014..........SUNRISE   636 AM EDT   SUNSET   857 PM EDT
JULY 12 2014..........SUNRISE   636 AM EDT   SUNSET   856 PM EDT


-  INDICATES NEGATIVE NUMBERS.
R  INDICATES RECORD WAS SET OR TIED.
MM INDICATES DATA IS MISSING.
T  INDICATES TRACE AMOUNT.

&&

THE LOW TEMPERATURE THIS MORNING WAS 69.
THERE HAS BEEN NO PRECIPITATION SINCE MIDNIGHT.


$$
