000
CDUS44 KMRX 281403
CLICHA


CLIMATE REPORT
NATIONAL WEATHER SERVICE MORRISTOWN TN
1003 AM EDT TUE JUL 28 2015


...................................

...THE CHATTANOOGA  ASOS CLIMATE SUMMARY FOR JULY 27 2015...

CLIMATE NORMAL PERIOD 1981 TO 2010
CLIMATE RECORD PERIOD 1879 TO 2015


WEATHER ITEM   OBSERVED TIME   RECORD YEAR NORMAL DEPARTURE LAST
                VALUE   (LST)  VALUE       VALUE  FROM      YEAR
                                                  NORMAL
..................................................................
TEMPERATURE (F)
 YESTERDAY
  MAXIMUM         95    105 PM 104    1952  90      5       94
  MINIMUM         74    612 AM  57    1911  70      4       72
  AVERAGE         85                        80      5       83

PRECIPITATION (IN)
  YESTERDAY        0.00          3.23 1976   0.15  -0.15     0.00
  MONTH TO DATE    6.18                      4.32   1.86     2.00
  SINCE JUN 1     10.29                      8.37   1.92     6.99
  SINCE JAN 1     33.49                     31.19   2.30    24.28

SNOWFALL (IN)
  YESTERDAY        0.0                       0.0    0.0      0.0
  MONTH TO DATE    0.0                       0.0    0.0      0.0
  SINCE JUN 1      0.0                       0.0    0.0      0.0
  SINCE JUL 1      0.0                       0.0    0.0      0.0
  SNOW DEPTH       0

DEGREE DAYS
 HEATING
  YESTERDAY        0                         0      0        0
  MONTH TO DATE    0                         0      0        0
  SINCE JUN 1      0                         2     -2        0
  SINCE JUL 1      0                         0      0        0

 COOLING
  YESTERDAY       20                        15      5       18
  MONTH TO DATE  440                       401     39      362
  SINCE JUN 1    881                       746    135      763
  SINCE JAN 1   1157                       942    215     1021
..................................................................


WIND (MPH)
  HIGHEST WIND SPEED    14   HIGHEST WIND DIRECTION    SW (220)
  HIGHEST GUST SPEED    17   HIGHEST GUST DIRECTION    SW (220)
  AVERAGE WIND SPEED     2.1


SKY COVER
  POSSIBLE SUNSHINE  MM
  AVERAGE SKY COVER 0.5


WEATHER CONDITIONS
 THE FOLLOWING WEATHER WAS RECORDED YESTERDAY.
  NO SIGNIFICANT WEATHER WAS OBSERVED.


RELATIVE HUMIDITY (PERCENT)
 HIGHEST    94           700 AM
 LOWEST     46           300 PM
 AVERAGE    70

..........................................................


THE CHATTANOOGA  ASOS CLIMATE NORMALS FOR TODAY
                         NORMAL    RECORD    YEAR
 MAXIMUM TEMPERATURE (F)   90       106      1952
 MINIMUM TEMPERATURE (F)   70        56      1911


SUNRISE AND SUNSET
JULY 28 2015..........SUNRISE   647 AM EDT   SUNSET   847 PM EDT
JULY 29 2015..........SUNRISE   648 AM EDT   SUNSET   846 PM EDT


-  INDICATES NEGATIVE NUMBERS.
R  INDICATES RECORD WAS SET OR TIED.
MM INDICATES DATA IS MISSING.
T  INDICATES TRACE AMOUNT.




$$
