000
CDUS44 KMRX 292118
CLICHA

CLIMATE REPORT
NATIONAL WEATHER SERVICE MORRISTOWN TN
518 PM EDT SUN MAR 29 2015


...................................

...THE CHATTANOOGA CLIMATE SUMMARY FOR MARCH 29 2015...
VALID TODAY AS OF 0500 PM LOCAL TIME.

CLIMATE NORMAL PERIOD 1981 TO 2010
CLIMATE RECORD PERIOD 1879 TO 2015


WEATHER ITEM   OBSERVED TIME   RECORD YEAR NORMAL DEPARTURE LAST
                VALUE   (LST)  VALUE       VALUE  FROM      YEAR
                                                  NORMAL
..................................................................
TEMPERATURE (F)
 TODAY
  MAXIMUM         62    358 PM  86    1928  68     -6       62
  MINIMUM         28    631 AM  25    1887  44    -16       45
  AVERAGE         45                        56    -11       54

PRECIPITATION (IN)
  TODAY            0.00          3.20 1886   0.17  -0.17     0.40
  MONTH TO DATE    3.59                      4.67  -1.08     2.38
  SINCE MAR 1      3.59                      4.67  -1.08     2.38
  SINCE JAN 1     10.58                     14.42  -3.84     9.97

SNOWFALL (IN)
  TODAY            0.0                       0.0    0.0      0.0
  MONTH TO DATE    0.0                       1.2   -1.2       T
  SINCE MAR 1      0.0                       1.2   -1.2       T
  SINCE JUL 1      9.5                       3.8    5.7      8.4
  SNOW DEPTH       0

DEGREE DAYS
 HEATING
  TODAY           20                        10     10       11
  MONTH TO DATE  309                       385    -76      415
  SINCE MAR 1    309                       385    -76      415
  SINCE JUL 1   3142                      3007    135     3209

 COOLING
  TODAY            0                         0      0        0
  MONTH TO DATE    2                         0      2        0
  SINCE MAR 1      2                         0      2        0
  SINCE JAN 1      2                         0      2        0
..................................................................


WIND (MPH)
  HIGHEST WIND SPEED    17   HIGHEST WIND DIRECTION     S (200)
  HIGHEST GUST SPEED    25   HIGHEST GUST DIRECTION     S (200)
  AVERAGE WIND SPEED     3.7


SKY COVER
  POSSIBLE SUNSHINE  MM
  AVERAGE SKY COVER 0.1


WEATHER CONDITIONS
 THE FOLLOWING WEATHER WAS RECORDED TODAY.
  NO SIGNIFICANT WEATHER WAS OBSERVED.


RELATIVE HUMIDITY (PERCENT)
 HIGHEST    69           600 AM
 LOWEST     16           300 PM
 AVERAGE    43

..........................................................


THE CHATTANOOGA CLIMATE NORMALS FOR TOMORROW
                         NORMAL    RECORD    YEAR
 MAXIMUM TEMPERATURE (F)   68        85      1998
                                             1963
 MINIMUM TEMPERATURE (F)   44        24      1964


SUNRISE AND SUNSET
MARCH 29 2015.........SUNRISE   732 AM EDT   SUNSET   800 PM EDT
MARCH 30 2015.........SUNRISE   731 AM EDT   SUNSET   800 PM EDT


-  INDICATES NEGATIVE NUMBERS.
R  INDICATES RECORD WAS SET OR TIED.
MM INDICATES DATA IS MISSING.
T  INDICATES TRACE AMOUNT.




$$
