000
CDUS44 KMRX 252113
CLICHA

CLIMATE REPORT
NATIONAL WEATHER SERVICE MORRISTOWN TN
513 PM EDT MON MAY 25 2015


...................................

...THE CHATTANOOGA CLIMATE SUMMARY FOR MAY 25 2015...
VALID TODAY AS OF 0500 PM LOCAL TIME.

CLIMATE NORMAL PERIOD 1981 TO 2010
CLIMATE RECORD PERIOD 1879 TO 2015


WEATHER ITEM   OBSERVED TIME   RECORD YEAR NORMAL DEPARTURE LAST
                VALUE   (LST)  VALUE       VALUE  FROM      YEAR
                                                  NORMAL
..................................................................
TEMPERATURE (F)
 TODAY
  MAXIMUM         82    224 PM  95    1953  82      0       87
  MINIMUM         68    604 AM  46    1942  60      8       64
                                      1925
  AVERAGE         75                        71      4       76

PRECIPITATION (IN)
  TODAY            T             1.23 1895   0.12  -0.12     0.00
  MONTH TO DATE    0.71                      3.34  -2.63     1.80
  SINCE MAR 1     14.19                     12.31   1.88     9.65
  SINCE JAN 1     21.18                     22.06  -0.88    17.24

SNOWFALL (IN)
  TODAY            0.0                       0.0    0.0      0.0
  MONTH TO DATE    0.0                       0.0    0.0      0.0
  SINCE MAR 1      0.0                       1.3   -1.3       T
  SINCE JUL 1      9.5                       3.9    5.6      8.4
  SNOW DEPTH       0

DEGREE DAYS
 HEATING
  TODAY            0                         1     -1        0
  MONTH TO DATE   13                        38    -25       47
  SINCE MAR 1    428                       616   -188      602
  SINCE JUL 1   3261                      3238     23     3396

 COOLING
  TODAY           10                         7      3       11
  MONTH TO DATE  165                       105     60      146
  SINCE MAR 1    212                       151     61      184
  SINCE JAN 1    212                       151     61      184
..................................................................


WIND (MPH)
  HIGHEST WIND SPEED    16   HIGHEST WIND DIRECTION    SE (140)
  HIGHEST GUST SPEED    23   HIGHEST GUST DIRECTION    SE (140)
  AVERAGE WIND SPEED     8.2


SKY COVER
  POSSIBLE SUNSHINE  MM
  AVERAGE SKY COVER 0.6


WEATHER CONDITIONS
 THE FOLLOWING WEATHER WAS RECORDED TODAY.
  THUNDERSTORM
  LIGHT RAIN
  FOG


RELATIVE HUMIDITY (PERCENT)
 HIGHEST    73           600 AM
 LOWEST     53           100 AM
 AVERAGE    63

..........................................................


THE CHATTANOOGA CLIMATE NORMALS FOR TOMORROW
                         NORMAL    RECORD    YEAR
 MAXIMUM TEMPERATURE (F)   82        94      1962
                                             1953
 MINIMUM TEMPERATURE (F)   60        40      1979


SUNRISE AND SUNSET
MAY 25 2015...........SUNRISE   631 AM EDT   SUNSET   845 PM EDT
MAY 26 2015...........SUNRISE   630 AM EDT   SUNSET   846 PM EDT


-  INDICATES NEGATIVE NUMBERS.
R  INDICATES RECORD WAS SET OR TIED.
MM INDICATES DATA IS MISSING.
T  INDICATES TRACE AMOUNT.




$$
