000
CDUS44 KMRX 300924
CLICHA


CLIMATE REPORT
NATIONAL WEATHER SERVICE MORRISTOWN TN
524 AM EDT MON MAY 30 2016


...................................

...THE CHATTANOOGA  ASOS CLIMATE SUMMARY FOR MAY 29 2016...

CLIMATE NORMAL PERIOD 1981 TO 2010
CLIMATE RECORD PERIOD 1879 TO 2016


WEATHER ITEM   OBSERVED TIME   RECORD YEAR NORMAL DEPARTURE LAST
                VALUE   (LST)  VALUE       VALUE  FROM      YEAR
                                                  NORMAL
..................................................................
TEMPERATURE (F)
 YESTERDAY
  MAXIMUM         90    419 PM  99    1941  83      7       85
  MINIMUM         65    603 AM  47    1984  61      4       66
  AVERAGE         78                        72      6       76

PRECIPITATION (IN)
  YESTERDAY        0.00          1.82 1952   0.13  -0.13     0.02
  MONTH TO DATE    1.43                      3.84  -2.41     2.31
  SINCE MAR 1      6.50                     12.81  -6.31    15.79
  SINCE JAN 1     17.24                     22.56  -5.32    22.78

DEGREE DAYS
 COOLING
  YESTERDAY       13                         7      6       11
  MONTH TO DATE  168                       133     35      208
  SINCE MAR 1    247                       179     68      255
  SINCE JAN 1    247                       179     68      255
..................................................................


WIND (MPH)
  HIGHEST WIND SPEED    10   HIGHEST WIND DIRECTION    NW (300)
  HIGHEST GUST SPEED    16   HIGHEST GUST DIRECTION     N (350)
  AVERAGE WIND SPEED     3.1


SKY COVER
  POSSIBLE SUNSHINE  MM
  AVERAGE SKY COVER 0.5


WEATHER CONDITIONS
 THE FOLLOWING WEATHER WAS RECORDED YESTERDAY.
  NO SIGNIFICANT WEATHER WAS OBSERVED.


RELATIVE HUMIDITY (PERCENT)
 HIGHEST    93           500 AM
 LOWEST     37           300 PM
 AVERAGE    65

..........................................................


THE CHATTANOOGA  ASOS CLIMATE NORMALS FOR TODAY
                         NORMAL    RECORD    YEAR
 MAXIMUM TEMPERATURE (F)   83        95      1937
 MINIMUM TEMPERATURE (F)   62        41      1889


SUNRISE AND SUNSET
MAY 30 2016...........SUNRISE   628 AM EDT   SUNSET   849 PM EDT
MAY 31 2016...........SUNRISE   628 AM EDT   SUNSET   849 PM EDT


-  INDICATES NEGATIVE NUMBERS.
R  INDICATES RECORD WAS SET OR TIED.
MM INDICATES DATA IS MISSING.
T  INDICATES TRACE AMOUNT.




$$
