000
CDUS44 KMRX 282214
CLICHA

CLIMATE REPORT
NATIONAL WEATHER SERVICE MORRISTOWN TN
514 PM EST SAT FEB 28 2015


...................................

...THE CHATTANOOGA CLIMATE SUMMARY FOR FEBRUARY 28 2015...
VALID TODAY AS OF 0500 PM LOCAL TIME.

CLIMATE NORMAL PERIOD 1981 TO 2010
CLIMATE RECORD PERIOD 1879 TO 2015


WEATHER ITEM   OBSERVED TIME   RECORD YEAR NORMAL DEPARTURE LAST
                VALUE   (LST)  VALUE       VALUE  FROM      YEAR
                                                  NORMAL
..................................................................
TEMPERATURE (F)
 TODAY
  MAXIMUM         54    413 PM  78    1948  59     -5       54
  MINIMUM         29    801 AM  10    1888  37     -8       25
  AVERAGE         42                        48     -6       40

PRECIPITATION (IN)
  TODAY            0.00          1.78 1882   0.17  -0.17      T
  MONTH TO DATE    3.50                      4.84  -1.34     5.19
  SINCE DEC 1     11.39                     14.65  -3.26    15.57
  SINCE JAN 1      6.99                      9.75  -2.76     7.59

SNOWFALL (IN)
  TODAY            0.0                       0.0    0.0      0.0
  MONTH TO DATE    8.8                       0.6    8.2      7.2
  SINCE DEC 1      9.5                       2.6    6.9      8.4
  SINCE JUL 1      9.5                       2.6    6.9      8.4
  SNOW DEPTH       0

DEGREE DAYS
 HEATING
  TODAY           23                        17      6       25
  MONTH TO DATE  797                       577    220      583
  SINCE DEC 1   2157                      2033    124     2163
  SINCE JUL 1   2833                      2622    211     2794

 COOLING
  TODAY            0                         0      0        0
  MONTH TO DATE    0                         0      0        0
  SINCE DEC 1      0                         1     -1        4
  SINCE JAN 1      0                         0      0        0
..................................................................


WIND (MPH)
  HIGHEST WIND SPEED    16   HIGHEST WIND DIRECTION     N (20)
  HIGHEST GUST SPEED    19   HIGHEST GUST DIRECTION    NE (40)
  AVERAGE WIND SPEED     8.5


SKY COVER
  POSSIBLE SUNSHINE  MM
  AVERAGE SKY COVER 0.8


WEATHER CONDITIONS
 THE FOLLOWING WEATHER WAS RECORDED TODAY.
  NO SIGNIFICANT WEATHER WAS OBSERVED.


RELATIVE HUMIDITY (PERCENT)
 HIGHEST    53           700 AM
 LOWEST     39           300 PM
 AVERAGE    46

..........................................................


THE CHATTANOOGA CLIMATE NORMALS FOR TOMORROW
                         NORMAL    RECORD    YEAR
 MAXIMUM TEMPERATURE (F)   59        79      1997
                                             1951
 MINIMUM TEMPERATURE (F)   37        17      1914


SUNRISE AND SUNSET
FEBRUARY 28 2015......SUNRISE   712 AM EST   SUNSET   635 PM EST
MARCH  1 2015.........SUNRISE   711 AM EST   SUNSET   636 PM EST


-  INDICATES NEGATIVE NUMBERS.
R  INDICATES RECORD WAS SET OR TIED.
MM INDICATES DATA IS MISSING.
T  INDICATES TRACE AMOUNT.




$$
