000
CDUS44 KMRX 090909
CLICHA


CLIMATE REPORT
NATIONAL WEATHER SERVICE MORRISTOWN TN
409 AM EST TUE FEB 9 2016


...................................

...THE CHATTANOOGA  ASOS CLIMATE SUMMARY FOR FEBRUARY 8 2016...

CLIMATE NORMAL PERIOD 1981 TO 2010
CLIMATE RECORD PERIOD 1879 TO 2016


WEATHER ITEM   OBSERVED TIME   RECORD YEAR NORMAL DEPARTURE LAST
                VALUE   (LST)  VALUE       VALUE  FROM      YEAR
                                                  NORMAL
..................................................................
TEMPERATURE (F)
 YESTERDAY
  MAXIMUM         51    110 PM  76    1937  53     -2       66
  MINIMUM         33   1159 PM  -2    1895  33      0       36
  AVERAGE         42                        43     -1       51

PRECIPITATION (IN)
  YESTERDAY        T             2.09 1905   0.17  -0.17      T
  MONTH TO DATE    2.75                      1.37   1.38     0.51
  SINCE DEC 1     16.83                     11.18   5.65     8.40
  SINCE JAN 1      6.42                      6.28   0.14     4.00

SNOWFALL (IN)
  YESTERDAY        T                         0.0    0.0      0.0
  MONTH TO DATE    T                         0.2   -0.2       T
  SINCE DEC 1      0.2                       2.2   -2.0      0.7
  SINCE JUL 1      0.2                       2.2   -2.0      0.7
  SNOW DEPTH       0

DEGREE DAYS
 HEATING
  YESTERDAY       23                        22      1       14
  MONTH TO DATE  130                       182    -52      187
  SINCE DEC 1   1279                      1638   -359     1547
  SINCE JUL 1   1659                      2227   -568     2223
..................................................................


WIND (MPH)
  HIGHEST WIND SPEED    23   HIGHEST WIND DIRECTION    NW (310)
  HIGHEST GUST SPEED    31   HIGHEST GUST DIRECTION    NW (320)
  AVERAGE WIND SPEED     9.8


SKY COVER
  POSSIBLE SUNSHINE  MM
  AVERAGE SKY COVER 0.6


WEATHER CONDITIONS
 THE FOLLOWING WEATHER WAS RECORDED YESTERDAY.
  LIGHT RAIN
  LIGHT SNOW
  FOG


RELATIVE HUMIDITY (PERCENT)
 HIGHEST    64          1100 PM
 LOWEST     29           100 PM
 AVERAGE    47

..........................................................


THE CHATTANOOGA  ASOS CLIMATE NORMALS FOR TODAY
                         NORMAL    RECORD    YEAR
 MAXIMUM TEMPERATURE (F)   53        76      2001
 MINIMUM TEMPERATURE (F)   33         4      1933


SUNRISE AND SUNSET
FEBRUARY  9 2016......SUNRISE   733 AM EST   SUNSET   617 PM EST
FEBRUARY 10 2016......SUNRISE   732 AM EST   SUNSET   618 PM EST


-  INDICATES NEGATIVE NUMBERS.
R  INDICATES RECORD WAS SET OR TIED.
MM INDICATES DATA IS MISSING.
T  INDICATES TRACE AMOUNT.




$$
