000
CDUS41 KLWX 160524
CLICHO


CLIMATE REPORT
NATIONAL WEATHER SERVICE BALTIMORE MD/WASHINGTON DC
1223 AM EST MON JAN 16 2017


...................................

...THE CHARLOTTESVILLE VA CLIMATE SUMMARY FOR JANUARY 15 2017...

CLIMATE NORMAL PERIOD 1981 TO 2010
CLIMATE RECORD PERIOD 1889 TO 2017


WEATHER ITEM   OBSERVED TIME   RECORD YEAR NORMAL DEPARTURE LAST
                VALUE   (LST)  VALUE       VALUE  FROM      YEAR
                                                  NORMAL
..................................................................
TEMPERATURE (F)
 YESTERDAY
  MAXIMUM         44    444 PM  MM      MM  44      0       50
  MINIMUM         37   1227 AM  MM      MM  26     11       30
  AVERAGE         41                        35      6       40

PRECIPITATION (IN)
  YESTERDAY        0.02                      0.10  -0.08     0.37
  MONTH TO DATE    0.97                      1.38  -0.41     1.40
  SINCE DEC 1      2.69                      4.53  -1.84     5.23
  SINCE JAN 1      0.97                      1.38  -0.41     1.40

DEGREE DAYS
 HEATING
  YESTERDAY       24                        30     -6       25
  MONTH TO DATE  401                       450    -49      426
  SINCE DEC 1   1134                      1295   -161      868
  SINCE JUL 1   1659                      2186   -527     1514

 COOLING
  YESTERDAY        0                         0      0        0
  MONTH TO DATE    0                         0      0        0
  SINCE DEC 1      0                         0      0        2
  SINCE JAN 1      0                         0      0        0
..................................................................


WIND (MPH)
  HIGHEST WIND SPEED    10   HIGHEST WIND DIRECTION    NE (50)
  HIGHEST GUST SPEED    13   HIGHEST GUST DIRECTION    NE (50)
  AVERAGE WIND SPEED     2.1


SKY COVER
  POSSIBLE SUNSHINE  MM
  AVERAGE SKY COVER 1.0


WEATHER CONDITIONS
 THE FOLLOWING WEATHER WAS RECORDED YESTERDAY.
  LIGHT RAIN
  FOG


RELATIVE HUMIDITY (PERCENT)
 HIGHEST   100           400 AM
 LOWEST     76           300 PM
 AVERAGE    88

..........................................................


THE CHARLOTTESVILLE VA CLIMATE NORMALS FOR TODAY
                         NORMAL    RECORD    YEAR
 MAXIMUM TEMPERATURE (F)   44        MM        MM
 MINIMUM TEMPERATURE (F)   26        MM        MM


SUNRISE AND SUNSET
JANUARY 16 2017.......SUNRISE   728 AM EST   SUNSET   519 PM EST
JANUARY 17 2017.......SUNRISE   728 AM EST   SUNSET   520 PM EST


-  INDICATES NEGATIVE NUMBERS.
R  INDICATES RECORD WAS SET OR TIED.
MM INDICATES DATA IS MISSING.
T  INDICATES TRACE AMOUNT.




$$
