000
CDUS41 KLWX 040530
CLICHO


CLIMATE REPORT
NATIONAL WEATHER SERVICE BALTIMORE MD/WASHINGTON DC
129 AM EDT SAT JUL 4 2015


...................................

...THE CHARLOTTESVILLE VA CLIMATE SUMMARY FOR JULY 3 2015...

CLIMATE NORMAL PERIOD 1981 TO 2010
CLIMATE RECORD PERIOD 1889 TO 2015


WEATHER ITEM   OBSERVED TIME   RECORD YEAR NORMAL DEPARTURE LAST
                VALUE   (LST)  VALUE       VALUE  FROM      YEAR
                                                  NORMAL
..................................................................
TEMPERATURE (F)
 YESTERDAY
  MAXIMUM         76    328 PM  MM      MM  86    -10       88
  MINIMUM         62    519 AM  MM      MM  64     -2       69
  AVERAGE         69                        75     -6       79

PRECIPITATION (IN)
  YESTERDAY        0.02                      0.14  -0.12     1.29
  MONTH TO DATE    0.02                      0.41  -0.39     1.29
  SINCE JUN 1      8.25                      4.14   4.11     4.14
  SINCE JAN 1     20.91                     20.61   0.30    22.41

DEGREE DAYS
 HEATING
  YESTERDAY        0                         0      0        0
  MONTH TO DATE    0                         0      0        0
  SINCE JUN 1     11                        11      0        2
  SINCE JUL 1      0                         0      0        0

 COOLING
  YESTERDAY        4                        10     -6       14
  MONTH TO DATE   19                        30    -11       49
  SINCE JUN 1    325                       249     76      321
  SINCE JAN 1    502                       335    167      437
..................................................................


WIND (MPH)
  HIGHEST WIND SPEED     7   HIGHEST WIND DIRECTION    SE (140)
  HIGHEST GUST SPEED     9   HIGHEST GUST DIRECTION    SE (150)
  AVERAGE WIND SPEED     1.4


SKY COVER
  POSSIBLE SUNSHINE  MM
  AVERAGE SKY COVER 0.7


WEATHER CONDITIONS
 THE FOLLOWING WEATHER WAS RECORDED YESTERDAY.
  LIGHT RAIN
  FOG
  HAZE


RELATIVE HUMIDITY (PERCENT)
 HIGHEST   100          1200 AM
 LOWEST     64           400 PM
 AVERAGE    82

..........................................................


THE CHARLOTTESVILLE VA CLIMATE NORMALS FOR TODAY
                         NORMAL    RECORD    YEAR
 MAXIMUM TEMPERATURE (F)   86        MM        MM
 MINIMUM TEMPERATURE (F)   64        MM        MM


SUNRISE AND SUNSET
JULY  4 2015..........SUNRISE   556 AM EDT   SUNSET   840 PM EDT
JULY  5 2015..........SUNRISE   556 AM EDT   SUNSET   840 PM EDT


-  INDICATES NEGATIVE NUMBERS.
R  INDICATES RECORD WAS SET OR TIED.
MM INDICATES DATA IS MISSING.
T  INDICATES TRACE AMOUNT.




$$
