000
CDUS41 KLWX 280525
CLICHO


CLIMATE REPORT
NATIONAL WEATHER SERVICE BALTIMORE MD/WASHINGTON DC
122 AM EDT WED SEP 28 2016


...................................

...THE CHARLOTTESVILLE VA CLIMATE SUMMARY FOR SEPTEMBER 27 2016...

CLIMATE NORMAL PERIOD 1981 TO 2010
CLIMATE RECORD PERIOD 1889 TO 2016


WEATHER ITEM   OBSERVED TIME   RECORD YEAR NORMAL DEPARTURE LAST
                VALUE   (LST)  VALUE       VALUE  FROM      YEAR
                                                  NORMAL
..................................................................
TEMPERATURE (F)
 YESTERDAY
  MAXIMUM         78    346 PM  MM      MM  74      4       69
  MINIMUM         65    729 AM  MM      MM  51     14       59
  AVERAGE         72                        62     10       64

PRECIPITATION (IN)
  YESTERDAY        0.29                      0.19   0.10     0.01
  MONTH TO DATE    1.44                      3.91  -2.47     3.87
  SINCE SEP 1      1.44                      3.91  -2.47     3.87
  SINCE JAN 1     27.40                     32.05  -4.65    31.20

DEGREE DAYS
 HEATING
  YESTERDAY        0                         4     -4        1
  MONTH TO DATE    0                        40    -40       12
  SINCE SEP 1      0                        40    -40       12
  SINCE JUL 1      0                        43    -43       12

 COOLING
  YESTERDAY        7                         1      6        0
  MONTH TO DATE  284                       107    177      160
  SINCE SEP 1    284                       107    177      160
  SINCE JAN 1   1628                      1017    611     1318
..................................................................


WIND (MPH)
  HIGHEST WIND SPEED    10   HIGHEST WIND DIRECTION    SE (120)
  HIGHEST GUST SPEED    13   HIGHEST GUST DIRECTION    SE (120)
  AVERAGE WIND SPEED     4.2


SKY COVER
  POSSIBLE SUNSHINE  MM
  AVERAGE SKY COVER 0.7


WEATHER CONDITIONS
 THE FOLLOWING WEATHER WAS RECORDED YESTERDAY.
  RAIN
  LIGHT RAIN
  FOG
  FOG W/VISIBILITY <= 1/4 MILE


RELATIVE HUMIDITY (PERCENT)
 HIGHEST    93          1200 AM
 LOWEST     60           200 PM
 AVERAGE    77

..........................................................


THE CHARLOTTESVILLE VA CLIMATE NORMALS FOR TODAY
                         NORMAL    RECORD    YEAR
 MAXIMUM TEMPERATURE (F)   74        MM        MM
 MINIMUM TEMPERATURE (F)   51        MM        MM


SUNRISE AND SUNSET
SEPTEMBER 28 2016.....SUNRISE   707 AM EDT   SUNSET   701 PM EDT
SEPTEMBER 29 2016.....SUNRISE   708 AM EDT   SUNSET   659 PM EDT


-  INDICATES NEGATIVE NUMBERS.
R  INDICATES RECORD WAS SET OR TIED.
MM INDICATES DATA IS MISSING.
T  INDICATES TRACE AMOUNT.




$$
