000
CDUS42 KCHS 150602
CLICHS


CLIMATE REPORT
NATIONAL WEATHER SERVICE CHARLESTON SC
102 AM EST FRI DEC 15 2017


...................................

...THE NORTH CHARLESTON SC CLIMATE SUMMARY FOR DECEMBER 14 2017...

CLIMATE NORMAL PERIOD 1981 TO 2010
CLIMATE RECORD PERIOD 1938 TO 2017


WEATHER ITEM   OBSERVED TIME   RECORD YEAR NORMAL DEPARTURE LAST
                VALUE   (LST)  VALUE       VALUE  FROM      YEAR
                                                  NORMAL
..................................................................
TEMPERATURE (F)
 YESTERDAY
  MAXIMUM         62    258 PM  80    2007  62      0       63
  MINIMUM         40    151 AM  17    1960  40      0       52
  AVERAGE         51                        51      0       58

PRECIPITATION (IN)
  YESTERDAY        0.00          1.79 1977   0.10  -0.10     0.04
  MONTH TO DATE    2.08                      1.31   0.77     4.35
  SINCE DEC 1      2.08                      1.31   0.77     4.35
  SINCE JAN 1     52.44                     49.23   3.21    59.20

SNOWFALL (IN)
  YESTERDAY        0.0                       0.0    0.0
  SINCE DEC 1      0.0                       0.1   -0.1
  SINCE JUL 1      T                         0.1   -0.1

DEGREE DAYS
 HEATING
  YESTERDAY       14                        14      0        7
  MONTH TO DATE  191                       178     13      138
  SINCE DEC 1    191                       178     13      138
  SINCE JUL 1    477                       470      7      356

 COOLING
  YESTERDAY        0                         0      0        0
  MONTH TO DATE    0                         0      0        0
  SINCE DEC 1      0                         0      0        0
  SINCE JAN 1   2679                      2297    382     2958
..................................................................


WIND (MPH)
  HIGHEST WIND SPEED    16   HIGHEST WIND DIRECTION     W (260)
  HIGHEST GUST SPEED    20   HIGHEST GUST DIRECTION    SW (240)
  AVERAGE WIND SPEED     8.1


SKY COVER
  POSSIBLE SUNSHINE  MM
  AVERAGE SKY COVER 0.5


WEATHER CONDITIONS
 THE FOLLOWING WEATHER WAS RECORDED YESTERDAY.
  NO SIGNIFICANT WEATHER WAS OBSERVED.


RELATIVE HUMIDITY (PERCENT)
 HIGHEST    92          1000 PM
 LOWEST     39           200 PM
 AVERAGE    66

..........................................................


THE NORTH CHARLESTON SC CLIMATE NORMALS FOR TODAY
                         NORMAL    RECORD    YEAR
 MAXIMUM TEMPERATURE (F)   62        80      1971
 MINIMUM TEMPERATURE (F)   40        15      1962


SUNRISE AND SUNSET
DECEMBER 15 2017......SUNRISE   715 AM EST   SUNSET   515 PM EST
DECEMBER 16 2017......SUNRISE   716 AM EST   SUNSET   516 PM EST


-  INDICATES NEGATIVE NUMBERS.
R  INDICATES RECORD WAS SET OR TIED.
MM INDICATES DATA IS MISSING.
T  INDICATES TRACE AMOUNT.




$$
