167
CDUS42 KCHS 230602
CLICHS


CLIMATE REPORT
NATIONAL WEATHER SERVICE CHARLESTON SC
202 AM EDT SAT JUL 23 2016


...................................

...THE NORTH CHARLESTON SC CLIMATE SUMMARY FOR JULY 22 2016...

CLIMATE NORMAL PERIOD 1981 TO 2010
CLIMATE RECORD PERIOD 1938 TO 2016


WEATHER ITEM   OBSERVED TIME   RECORD YEAR NORMAL DEPARTURE LAST
                VALUE   (LST)  VALUE       VALUE  FROM      YEAR
                                                  NORMAL
..................................................................
TEMPERATURE (F)
 YESTERDAY
  MAXIMUM         93    140 PM 101    1977  91      2       96
  MINIMUM         73    530 AM  64    1974  73      0       78
                                      1965
  AVERAGE         83                        82      1       87

PRECIPITATION (IN)
  YESTERDAY        1.69          1.93 1988   0.20   1.49     0.00
  MONTH TO DATE    4.09                      4.66  -0.57     5.05
  SINCE JUN 1      7.23                     10.31  -3.08    12.74
  SINCE JAN 1     27.98                     26.62   1.36    27.96

DEGREE DAYS
 HEATING
  YESTERDAY        0                         0      0        0
  MONTH TO DATE    0                         0      0        0
  SINCE JUN 1      0                         1     -1        0
  SINCE JUL 1      0                         0      0        0

 COOLING
  YESTERDAY       18                        17      1       22
  MONTH TO DATE  462                       371     91      408
  SINCE JUN 1    987                       792    195      936
  SINCE JAN 1   1482                      1154    328     1369
..................................................................


WIND (MPH)
  HIGHEST WIND SPEED    37   HIGHEST WIND DIRECTION    SE (140)
  HIGHEST GUST SPEED    51   HIGHEST GUST DIRECTION    SE (120)
  AVERAGE WIND SPEED     5.2


SKY COVER
  POSSIBLE SUNSHINE  MM
  AVERAGE SKY COVER 0.3


WEATHER CONDITIONS
 THE FOLLOWING WEATHER WAS RECORDED YESTERDAY.
  THUNDERSTORM
  HEAVY RAIN
  RAIN
  LIGHT RAIN


RELATIVE HUMIDITY (PERCENT)
 HIGHEST    94          1200 AM
 LOWEST     59          1100 AM
 AVERAGE    77

..........................................................


THE NORTH CHARLESTON SC CLIMATE NORMALS FOR TODAY
                         NORMAL    RECORD    YEAR
 MAXIMUM TEMPERATURE (F)   91        99      2015
                                             1952
                                             1940
 MINIMUM TEMPERATURE (F)   73        60      1974
                                             1966


SUNRISE AND SUNSET
JULY 23 2016..........SUNRISE   628 AM EDT   SUNSET   825 PM EDT
JULY 24 2016..........SUNRISE   629 AM EDT   SUNSET   824 PM EDT


-  INDICATES NEGATIVE NUMBERS.
R  INDICATES RECORD WAS SET OR TIED.
MM INDICATES DATA IS MISSING.
T  INDICATES TRACE AMOUNT.




$$
