000
CDUS42 KCHS 020533
CLICHS


CLIMATE REPORT
NATIONAL WEATHER SERVICE CHARLESTON SC
133 AM EDT TUE SEP 2 2014


...................................

...THE NORTH CHARLESTON SC CLIMATE SUMMARY FOR SEPTEMBER 1 2014...

CLIMATE NORMAL PERIOD 1981 TO 2010
CLIMATE RECORD PERIOD 1938 TO 2014


WEATHER ITEM   OBSERVED TIME   RECORD YEAR NORMAL DEPARTURE LAST
                VALUE   (LST)  VALUE       VALUE  FROM      YEAR
                                                  NORMAL
..................................................................
TEMPERATURE (F)
 YESTERDAY
  MAXIMUM         95R  1207 PM  95    1944  88      7       93
  MINIMUM         77    605 AM  56    1999  71      6       76
  AVERAGE         86                        79      7       85

PRECIPITATION (IN)
  YESTERDAY        T             2.76 1948   0.24  -0.24     0.00
  MONTH TO DATE    T                         0.24  -0.24     0.00
  SINCE SEP 1      T                         0.24  -0.24     0.00
  SINCE JAN 1     35.33                     35.88  -0.55    46.06

DEGREE DAYS
 HEATING
  YESTERDAY        0                         0      0        0
  MONTH TO DATE    0                         0      0        0
  SINCE SEP 1      0                         0      0        0
  SINCE JUL 1      0                         0      0        0

 COOLING
  YESTERDAY       21                        14      7       20
  MONTH TO DATE   21                        14      7       20
  SINCE SEP 1     21                        14      7       20
  SINCE JAN 1   2183                      1819    364     1875
..................................................................


WIND (MPH)
  HIGHEST WIND SPEED    14   HIGHEST WIND DIRECTION     S (160)
  HIGHEST GUST SPEED    20   HIGHEST GUST DIRECTION    SE (140)
  AVERAGE WIND SPEED     4.0


SKY COVER
  POSSIBLE SUNSHINE  MM
  AVERAGE SKY COVER 0.4


WEATHER CONDITIONS
 THE FOLLOWING WEATHER WAS RECORDED YESTERDAY.
  THUNDERSTORM
  LIGHT RAIN


RELATIVE HUMIDITY (PERCENT)
 HIGHEST    91          1200 AM
 LOWEST     52          1200 PM
 AVERAGE    72

..........................................................


THE NORTH CHARLESTON SC CLIMATE NORMALS FOR TODAY
                         NORMAL    RECORD    YEAR
 MAXIMUM TEMPERATURE (F)   88        97      1944
 MINIMUM TEMPERATURE (F)   71        57      1967
                                             1946


SUNRISE AND SUNSET
SEPTEMBER  2 2014.....SUNRISE   655 AM EDT   SUNSET   744 PM EDT
SEPTEMBER  3 2014.....SUNRISE   656 AM EDT   SUNSET   742 PM EDT


-  INDICATES NEGATIVE NUMBERS.
R  INDICATES RECORD WAS SET OR TIED.
MM INDICATES DATA IS MISSING.
T  INDICATES TRACE AMOUNT.




$$
