000
CDUS42 KCHS 272245
CLICHS


CLIMATE REPORT
NATIONAL WEATHER SERVICE CHARLESTON SC
545 PM EST TUE JAN 27 2015


...................................

...THE NORTH CHARLESTON SC CLIMATE SUMMARY FOR JANUARY 27 2015...
VALID TODAY AS OF 0500 PM LOCAL TIME.

CLIMATE NORMAL PERIOD 1981 TO 2010
CLIMATE RECORD PERIOD 1938 TO 2015


WEATHER ITEM   OBSERVED TIME   RECORD YEAR NORMAL DEPARTURE LAST
                VALUE   (LST)  VALUE       VALUE  FROM      YEAR
                                                  NORMAL
..................................................................
TEMPERATURE (F)
 TODAY
  MAXIMUM         51    401 PM  82    1950  60     -9       70
  MINIMUM         34    735 AM  14    1940  38     -4       42
  AVERAGE         43                        49     -6       56

PRECIPITATION (IN)
  TODAY            0.00          1.57 1998   0.12  -0.12      T
  MONTH TO DATE    3.53                      3.24   0.29     2.08
  SINCE DEC 1      6.93                      6.35   0.58     4.23
  SINCE JAN 1      3.53                      3.24   0.29     2.08

SNOWFALL (IN)
  TODAY            0.0                       0.0    0.0
  SINCE DEC 1      T                         0.3   -0.3
  SINCE JUL 1      T                         0.3   -0.3

DEGREE DAYS
 HEATING
  TODAY           22                        16      6        9
  MONTH TO DATE  413                       456    -43      490
  SINCE DEC 1    771                       902   -131      785
  SINCE JUL 1   1109                      1194    -85     1090

 COOLING
  TODAY            0                         0      0        0
  MONTH TO DATE    4                         0      4        2
  SINCE DEC 1      4                         7     -3       36
  SINCE JAN 1      4                         0      4        2
..................................................................


WIND (MPH)
  HIGHEST WIND SPEED    17   HIGHEST WIND DIRECTION     W (290)
  HIGHEST GUST SPEED    24   HIGHEST GUST DIRECTION    NW (300)
  AVERAGE WIND SPEED    11.1


SKY COVER
  POSSIBLE SUNSHINE  MM
  AVERAGE SKY COVER 0.3


WEATHER CONDITIONS
 THE FOLLOWING WEATHER WAS RECORDED TODAY.
  NO SIGNIFICANT WEATHER WAS OBSERVED.


RELATIVE HUMIDITY (PERCENT)
 HIGHEST    75           600 AM
 LOWEST     30           300 PM
 AVERAGE    53

..........................................................


THE NORTH CHARLESTON SC CLIMATE NORMALS FOR TOMORROW
                         NORMAL    RECORD    YEAR
 MAXIMUM TEMPERATURE (F)   60        81      1957
 MINIMUM TEMPERATURE (F)   38        12      1986
                                             1940


SUNRISE AND SUNSET
JANUARY 27 2015.......SUNRISE   718 AM EST   SUNSET   548 PM EST
JANUARY 28 2015.......SUNRISE   718 AM EST   SUNSET   549 PM EST


-  INDICATES NEGATIVE NUMBERS.
R  INDICATES RECORD WAS SET OR TIED.
MM INDICATES DATA IS MISSING.
T  INDICATES TRACE AMOUNT.




$$
