000
CDUS42 KCHS 050602
CLICHS


CLIMATE REPORT
NATIONAL WEATHER SERVICE CHARLESTON SC
202 AM EDT THU MAY 5 2016


...................................

...THE NORTH CHARLESTON SC CLIMATE SUMMARY FOR MAY 4 2016...

CLIMATE NORMAL PERIOD 1981 TO 2010
CLIMATE RECORD PERIOD 1938 TO 2016


WEATHER ITEM   OBSERVED TIME   RECORD YEAR NORMAL DEPARTURE LAST
                VALUE   (LST)  VALUE       VALUE  FROM      YEAR
                                                  NORMAL
..................................................................
TEMPERATURE (F)
 YESTERDAY
  MAXIMUM         82    329 PM  94    1938  81      1       80
  MINIMUM         63   1159 PM  38    1939  58      5       57
  AVERAGE         73                        69      4       69

PRECIPITATION (IN)
  YESTERDAY        T             1.92 1998   0.09  -0.09     0.00
  MONTH TO DATE    0.47                      0.37   0.10     0.00
  SINCE MAR 1      6.27                      6.99  -0.72     5.93
  SINCE JAN 1     14.56                     13.66   0.90    13.86

DEGREE DAYS
 HEATING
  YESTERDAY        0                         1     -1        0
  MONTH TO DATE    0                         4     -4        4
  SINCE MAR 1    176                       331   -155      210
  SINCE JUL 1   1353                      1967   -614     1947

 COOLING
  YESTERDAY        8                         5      3        4
  MONTH TO DATE   46                        20     26        7
  SINCE MAR 1    246                       131    115      167
  SINCE JAN 1    254                       138    116      171
..................................................................


WIND (MPH)
  HIGHEST WIND SPEED    17   HIGHEST WIND DIRECTION     W (260)
  HIGHEST GUST SPEED    24   HIGHEST GUST DIRECTION     W (260)
  AVERAGE WIND SPEED     8.8


SKY COVER
  POSSIBLE SUNSHINE  MM
  AVERAGE SKY COVER 0.3


WEATHER CONDITIONS
 THE FOLLOWING WEATHER WAS RECORDED YESTERDAY.
  LIGHT RAIN


RELATIVE HUMIDITY (PERCENT)
 HIGHEST    93           200 AM
 LOWEST     26           400 PM
 AVERAGE    60

..........................................................


THE NORTH CHARLESTON SC CLIMATE NORMALS FOR TODAY
                         NORMAL    RECORD    YEAR
 MAXIMUM TEMPERATURE (F)   81        95      2014
 MINIMUM TEMPERATURE (F)   58        44      1976
                                             1939


SUNRISE AND SUNSET
MAY  5 2016...........SUNRISE   629 AM EDT   SUNSET   805 PM EDT
MAY  6 2016...........SUNRISE   628 AM EDT   SUNSET   806 PM EDT


-  INDICATES NEGATIVE NUMBERS.
R  INDICATES RECORD WAS SET OR TIED.
MM INDICATES DATA IS MISSING.
T  INDICATES TRACE AMOUNT.




$$
