000
CDUS42 KCHS 302120
CLICHS


CLIMATE REPORT
NATIONAL WEATHER SERVICE CHARLESTON SC
520 PM EDT SUN APR 30 2017


...................................

...THE NORTH CHARLESTON SC CLIMATE SUMMARY FOR APRIL 30 2017...
VALID TODAY AS OF 0500 PM LOCAL TIME.

CLIMATE NORMAL PERIOD 1981 TO 2010
CLIMATE RECORD PERIOD 1938 TO 2017


WEATHER ITEM   OBSERVED TIME   RECORD YEAR NORMAL DEPARTURE LAST
                VALUE   (LST)  VALUE       VALUE  FROM      YEAR
                                                  NORMAL
..................................................................
TEMPERATURE (F)
 TODAY
  MAXIMUM         85    220 PM  91    1990  80      5       84
                                      1987
                                      1981
  MINIMUM         72    503 AM  41    2008  57     15       65
                                      1939
  AVERAGE         79                        68     11       75

PRECIPITATION (IN)
  TODAY            0.00          1.67 1996   0.09  -0.09     0.00
  MONTH TO DATE    6.22                      2.91   3.31     2.61
  SINCE MAR 1      7.24                      6.62   0.62     5.80
  SINCE JAN 1     11.42                     13.29  -1.87    14.09

SNOWFALL (IN)
  TODAY            0.0                       0.0    0.0
  SINCE MAR 1      T                         0.0    0.0
  SINCE JUL 1      T                         0.5   -0.5

DEGREE DAYS
 HEATING
  TODAY            0                         1     -1        0
  MONTH TO DATE   23                        88    -65       68
  SINCE MAR 1    257                       327    -70      176
  SINCE JUL 1   1225                      1963   -738     1353

 COOLING
  TODAY           14                         5      9       10
  MONTH TO DATE  182                        84     98      104
  SINCE MAR 1    241                       111    130      200
  SINCE JAN 1    276                       118    158      208
..................................................................


WIND (MPH)
  HIGHEST WIND SPEED    24   HIGHEST WIND DIRECTION     S (160)
  HIGHEST GUST SPEED    29   HIGHEST GUST DIRECTION     S (170)
  AVERAGE WIND SPEED    13.7


SKY COVER
  POSSIBLE SUNSHINE  MM
  AVERAGE SKY COVER 0.5


WEATHER CONDITIONS
 THE FOLLOWING WEATHER WAS RECORDED TODAY.
  NO SIGNIFICANT WEATHER WAS OBSERVED.


RELATIVE HUMIDITY (PERCENT)
 HIGHEST    93           200 AM
 LOWEST     58           300 PM
 AVERAGE    76

..........................................................


THE NORTH CHARLESTON SC CLIMATE NORMALS FOR TOMORROW
                         NORMAL    RECORD    YEAR
 MAXIMUM TEMPERATURE (F)   80        93      1990
                                             1986
 MINIMUM TEMPERATURE (F)   57        43      1963


SUNRISE AND SUNSET
APRIL 30 2017.........SUNRISE   634 AM EDT   SUNSET   802 PM EDT
MAY  1 2017...........SUNRISE   633 AM EDT   SUNSET   802 PM EDT


-  INDICATES NEGATIVE NUMBERS.
R  INDICATES RECORD WAS SET OR TIED.
MM INDICATES DATA IS MISSING.
T  INDICATES TRACE AMOUNT.




$$
