000
CDUS42 KCHS 270601
CLICHS


CLIMATE REPORT
NATIONAL WEATHER SERVICE CHARLESTON SC
200 AM EDT FRI MAY 27 2016


...................................

...THE NORTH CHARLESTON SC CLIMATE SUMMARY FOR MAY 26 2016...

CLIMATE NORMAL PERIOD 1981 TO 2010
CLIMATE RECORD PERIOD 1938 TO 2016


WEATHER ITEM   OBSERVED TIME   RECORD YEAR NORMAL DEPARTURE LAST
                VALUE   (LST)  VALUE       VALUE  FROM      YEAR
                                                  NORMAL
..................................................................
TEMPERATURE (F)
 YESTERDAY
  MAXIMUM         87    323 PM  98    1953  85      2       88
  MINIMUM         68    535 AM  50    1979  65      3       69
  AVERAGE         78                        75      3       79

PRECIPITATION (IN)
  YESTERDAY        0.00          1.87 1946   0.11  -0.11     0.00
  MONTH TO DATE    1.39                      2.44  -1.05     1.36
  SINCE MAR 1      7.19                      9.06  -1.87     7.29
  SINCE JAN 1     15.48                     15.73  -0.25    15.22

DEGREE DAYS
 HEATING
  YESTERDAY        0                         0      0        0
  MONTH TO DATE    4                         8     -4        4
  SINCE MAR 1    180                       335   -155      210
  SINCE JUL 1   1357                      1971   -614     1947

 COOLING
  YESTERDAY       13                        10      3       14
  MONTH TO DATE  232                       191     41      213
  SINCE MAR 1    432                       302    130      373
  SINCE JAN 1    440                       309    131      377
..................................................................


WIND (MPH)
  HIGHEST WIND SPEED    16   HIGHEST WIND DIRECTION    SE (140)
  HIGHEST GUST SPEED    21   HIGHEST GUST DIRECTION     S (160)
  AVERAGE WIND SPEED     6.4


SKY COVER
  POSSIBLE SUNSHINE  MM
  AVERAGE SKY COVER 0.2


WEATHER CONDITIONS
 THE FOLLOWING WEATHER WAS RECORDED YESTERDAY.
  NO SIGNIFICANT WEATHER WAS OBSERVED.


RELATIVE HUMIDITY (PERCENT)
 HIGHEST    90          1200 AM
 LOWEST     32           500 PM
 AVERAGE    61

..........................................................


THE NORTH CHARLESTON SC CLIMATE NORMALS FOR TODAY
                         NORMAL    RECORD    YEAR
 MAXIMUM TEMPERATURE (F)   85        98      1989
 MINIMUM TEMPERATURE (F)   65        52      1980
                                             1979
                                             1961


SUNRISE AND SUNSET
MAY 27 2016...........SUNRISE   614 AM EDT   SUNSET   821 PM EDT
MAY 28 2016...........SUNRISE   614 AM EDT   SUNSET   821 PM EDT


-  INDICATES NEGATIVE NUMBERS.
R  INDICATES RECORD WAS SET OR TIED.
MM INDICATES DATA IS MISSING.
T  INDICATES TRACE AMOUNT.




$$
