000
CDUS42 KCHS 272204
CLICHS


CLIMATE REPORT
NATIONAL WEATHER SERVICE CHARLESTON SC
504 PM EST MON FEB 27 2017


...................................

...THE NORTH CHARLESTON SC CLIMATE SUMMARY FOR FEBRUARY 27 2017...
VALID TODAY AS OF 0500 PM LOCAL TIME.

CLIMATE NORMAL PERIOD 1981 TO 2010
CLIMATE RECORD PERIOD 1938 TO 2017


WEATHER ITEM   OBSERVED TIME   RECORD YEAR NORMAL DEPARTURE LAST
                VALUE   (LST)  VALUE       VALUE  FROM      YEAR
                                                  NORMAL
..................................................................
TEMPERATURE (F)
 TODAY
  MAXIMUM         75    243 PM  84    1962  66      9       61
  MINIMUM         40    508 AM  22    1967  43     -3       34
  AVERAGE         58                        54      4       48

PRECIPITATION (IN)
  TODAY            0.00          1.48 1984   0.11  -0.11     0.00
  MONTH TO DATE    0.40                      2.86  -2.46     4.89
  SINCE DEC 1      8.96                      9.68  -0.72    11.43
  SINCE JAN 1      4.18                      6.57  -2.39     8.29

SNOWFALL (IN)
  TODAY            0.0                       0.0    0.0
  SINCE DEC 1      T                         0.5   -0.5
  SINCE JUL 1      T                         0.5   -0.5

DEGREE DAYS
 HEATING
  TODAY            7                        11     -4       17
  MONTH TO DATE  170                       367   -197      357
  SINCE DEC 1    750                      1334   -584     1015
  SINCE JUL 1    968                      1626   -658     1161

 COOLING
  TODAY            0                         0      0        0
  MONTH TO DATE   15                         0     15        8
  SINCE DEC 1     37                         9     28      105
  SINCE JAN 1     30                         2     28        8
..................................................................


WIND (MPH)
  HIGHEST WIND SPEED    17   HIGHEST WIND DIRECTION     S (170)
  HIGHEST GUST SPEED    24   HIGHEST GUST DIRECTION     E (100)
  AVERAGE WIND SPEED     7.4


SKY COVER
  POSSIBLE SUNSHINE  MM
  AVERAGE SKY COVER 0.3


WEATHER CONDITIONS
 THE FOLLOWING WEATHER WAS RECORDED TODAY.
  FOG


RELATIVE HUMIDITY (PERCENT)
 HIGHEST    92           500 AM
 LOWEST     42          1000 AM
 AVERAGE    67

..........................................................


THE NORTH CHARLESTON SC CLIMATE NORMALS FOR TOMORROW
                         NORMAL    RECORD    YEAR
 MAXIMUM TEMPERATURE (F)   66        86      1962
 MINIMUM TEMPERATURE (F)   43        21      2002


SUNRISE AND SUNSET
FEBRUARY 27 2017......SUNRISE   650 AM EST   SUNSET   616 PM EST
FEBRUARY 28 2017......SUNRISE   649 AM EST   SUNSET   617 PM EST


-  INDICATES NEGATIVE NUMBERS.
R  INDICATES RECORD WAS SET OR TIED.
MM INDICATES DATA IS MISSING.
T  INDICATES TRACE AMOUNT.




$$
