000
CDUS43 KDVN 302129
CLICID


CLIMATE REPORT
NATIONAL WEATHER SERVICE QUAD CITIES IA IL
428 PM CDT SUN AUG 30 2015


...................................

...THE CEDAR RAPIDS IA CLIMATE SUMMARY FOR AUGUST 30 2015...
VALID TODAY AS OF 0400 PM LOCAL TIME.

CLIMATE NORMAL PERIOD 1981 TO 2010
CLIMATE RECORD PERIOD 1891 TO 2015


WEATHER ITEM   OBSERVED TIME   RECORD YEAR NORMAL DEPARTURE LAST
                VALUE   (LST)  VALUE       VALUE  FROM      YEAR
                                                  NORMAL
..................................................................
TEMPERATURE (F)
 TODAY
  MAXIMUM         74    255 PM 100    2013  80     -6       80
                                      1953
  MINIMUM         57    210 AM  37    1915  58     -1       63
  AVERAGE         66                        69     -3       72

PRECIPITATION (IN)
  TODAY            0.00         MM      MM   0.14  -0.14     0.12
  MONTH TO DATE    2.02                      4.34  -2.32     1.87
  SINCE JUN 1     16.45                     13.72   2.73    18.73
  SINCE JAN 1     25.65                     25.16   0.49    29.97

DEGREE DAYS
 HEATING
  TODAY            0                         1     -1        0
  MONTH TO DATE   24                        11     13        0
  SINCE JUN 1     37                        44     -7       24
  SINCE JUL 1     28                        15     13       19

 COOLING
  TODAY            1                         5     -4        7
  MONTH TO DATE  137                       195    -58      211
  SINCE JUN 1    503                       613   -110      528
  SINCE JAN 1    553                       662   -109      608
..................................................................


WIND (MPH)
  HIGHEST WIND SPEED     9   HIGHEST WIND DIRECTION     S (180)
  HIGHEST GUST SPEED    12   HIGHEST GUST DIRECTION     S (190)
  AVERAGE WIND SPEED     4.2


SKY COVER
  POSSIBLE SUNSHINE  MM
  AVERAGE SKY COVER 1.0


WEATHER CONDITIONS
 THE FOLLOWING WEATHER WAS RECORDED TODAY.
  FOG
  FOG W/VISIBILITY <= 1/4 MILE


RELATIVE HUMIDITY (PERCENT)
 HIGHEST   100          1200 AM
 LOWEST     79           100 PM
 AVERAGE    90

..........................................................


THE CEDAR RAPIDS IA CLIMATE NORMALS FOR TOMORROW
                         NORMAL    RECORD    YEAR
 MAXIMUM TEMPERATURE (F)   80        98      1912
 MINIMUM TEMPERATURE (F)   58        38      1915


SUNRISE AND SUNSET
AUGUST 30 2015........SUNRISE   630 AM CDT   SUNSET   744 PM CDT
AUGUST 31 2015........SUNRISE   631 AM CDT   SUNSET   742 PM CDT


-  INDICATES NEGATIVE NUMBERS.
R  INDICATES RECORD WAS SET OR TIED.
MM INDICATES DATA IS MISSING.
T  INDICATES TRACE AMOUNT.




$$
