000
CDUS43 KDVN 242122
CLICID


CLIMATE REPORT
NATIONAL WEATHER SERVICE QUAD CITIES IA IL
421 PM CDT FRI MAR 24 2017


...................................

...THE CEDAR RAPIDS IA CLIMATE SUMMARY FOR MARCH 24 2017...
VALID TODAY AS OF 0400 PM LOCAL TIME.

CLIMATE NORMAL PERIOD 1981 TO 2010
CLIMATE RECORD PERIOD 1891 TO 2017


WEATHER ITEM   OBSERVED TIME   RECORD YEAR NORMAL DEPARTURE LAST
                VALUE   (LST)  VALUE       VALUE  FROM      YEAR
                                                  NORMAL
..................................................................
TEMPERATURE (F)
 TODAY
  MAXIMUM         73    953 AM  80    1939  51     22       35
  MINIMUM         41   1222 AM  -4    1974  30     11       26
  AVERAGE         57                        40     17       31

PRECIPITATION (IN)
  TODAY            0.12         MM      MM   0.07   0.05      T
  MONTH TO DATE    0.96                      1.57  -0.61     1.75
  SINCE MAR 1      0.96                      1.57  -0.61     1.75
  SINCE JAN 1      3.13                      3.71  -0.58     2.35

DEGREE DAYS
 HEATING
  TODAY            8                        25    -17       34
  MONTH TO DATE  700                       718    -18      554
  SINCE MAR 1    700                       718    -18      554
  SINCE JUL 1   4976                      6001  -1025     4865

 COOLING
  TODAY            0                         0      0        0
  MONTH TO DATE    0                         0      0        0
  SINCE MAR 1      0                         0      0        0
  SINCE JAN 1      0                         0      0        0
..................................................................


WIND (MPH)
  HIGHEST WIND SPEED    24   HIGHEST WIND DIRECTION    SW (220)
  HIGHEST GUST SPEED    32   HIGHEST GUST DIRECTION     S (200)
  AVERAGE WIND SPEED    12.9


SKY COVER
  POSSIBLE SUNSHINE  MM
  AVERAGE SKY COVER 0.5


WEATHER CONDITIONS
 THE FOLLOWING WEATHER WAS RECORDED TODAY.
  RAIN
  LIGHT RAIN
  FOG


RELATIVE HUMIDITY (PERCENT)
 HIGHEST   100           300 PM
 LOWEST     44          1000 AM
 AVERAGE    72

..........................................................


THE CEDAR RAPIDS IA CLIMATE NORMALS FOR TOMORROW
                         NORMAL    RECORD    YEAR
 MAXIMUM TEMPERATURE (F)   51        84      1907
 MINIMUM TEMPERATURE (F)   30        -1      1960


SUNRISE AND SUNSET
MARCH 24 2017.........SUNRISE   703 AM CDT   SUNSET   724 PM CDT
MARCH 25 2017.........SUNRISE   701 AM CDT   SUNSET   725 PM CDT


-  INDICATES NEGATIVE NUMBERS.
R  INDICATES RECORD WAS SET OR TIED.
MM INDICATES DATA IS MISSING.
T  INDICATES TRACE AMOUNT.




$$
