000
CDUS43 KDVN 282128
CLICID


CLIMATE REPORT
NATIONAL WEATHER SERVICE QUAD CITIES IA IL
427 PM CDT THU AUG 28 2014


...................................

...THE CEDAR RAPIDS IA CLIMATE SUMMARY FOR AUGUST 28 2014...
VALID TODAY AS OF 0400 PM LOCAL TIME.

CLIMATE NORMAL PERIOD 1981 TO 2010
CLIMATE RECORD PERIOD 1891 TO 2014


WEATHER ITEM   OBSERVED TIME   RECORD YEAR NORMAL DEPARTURE LAST
                VALUE   (LST)  VALUE       VALUE  FROM      YEAR
                                                  NORMAL
..................................................................
TEMPERATURE (F)
 TODAY
  MAXIMUM         69    256 PM  96    2013  80    -11       96
                                      1955
  MINIMUM         64    544 AM  40    1986  59      5       72
  AVERAGE         67                        69     -2       84

PRECIPITATION (IN)
  TODAY            0.36         MM      MM   0.14   0.22     0.00
  MONTH TO DATE    1.54                      4.07  -2.53     0.11
  SINCE JUN 1     18.40                     13.45   4.95     9.21
  SINCE JAN 1     29.64                     24.89   4.75    29.40

DEGREE DAYS
 HEATING
  TODAY            0                         1     -1        0
  MONTH TO DATE    0                         9     -9        6
  SINCE JUN 1     24                        42    -18       47
  SINCE JUL 1     19                        13      6       19

 COOLING
  TODAY            2                         5     -3       19
  MONTH TO DATE  191                       185      6      188
  SINCE JUN 1    508                       603    -95      594
  SINCE JAN 1    588                       652    -64      668
..................................................................


WIND (MPH)
  HIGHEST WIND SPEED    17   HIGHEST WIND DIRECTION    SE (120)
  HIGHEST GUST SPEED    22   HIGHEST GUST DIRECTION     E (110)
  AVERAGE WIND SPEED     8.5


SKY COVER
  POSSIBLE SUNSHINE  MM
  AVERAGE SKY COVER 0.8


WEATHER CONDITIONS
 THE FOLLOWING WEATHER WAS RECORDED TODAY.
  RAIN
  LIGHT RAIN
  FOG


RELATIVE HUMIDITY (PERCENT)
 HIGHEST   100           500 AM
 LOWEST     76           900 AM
 AVERAGE    88

..........................................................


THE CEDAR RAPIDS IA CLIMATE NORMALS FOR TOMORROW
                         NORMAL    RECORD    YEAR
 MAXIMUM TEMPERATURE (F)   80        97      1925
 MINIMUM TEMPERATURE (F)   58        40      1946


SUNRISE AND SUNSET
AUGUST 28 2014........SUNRISE   628 AM CDT   SUNSET   747 PM CDT
AUGUST 29 2014........SUNRISE   629 AM CDT   SUNSET   745 PM CDT


-  INDICATES NEGATIVE NUMBERS.
R  INDICATES RECORD WAS SET OR TIED.
MM INDICATES DATA IS MISSING.
T  INDICATES TRACE AMOUNT.




$$
