000
CDUS43 KDVN 250929
CLICID


CLIMATE REPORT
NATIONAL WEATHER SERVICE QUAD CITIES IA IL
429 AM CDT MON MAY 25 2015


...................................

...THE CEDAR RAPIDS IA CLIMATE SUMMARY FOR MAY 24 2015...

CLIMATE NORMAL PERIOD 1981 TO 2010
CLIMATE RECORD PERIOD 1891 TO 2015


WEATHER ITEM   OBSERVED TIME   RECORD YEAR NORMAL DEPARTURE LAST
                VALUE   (LST)  VALUE       VALUE  FROM      YEAR
                                                  NORMAL
..................................................................
TEMPERATURE (F)
 YESTERDAY
  MAXIMUM         72    506 PM  99    1921  74     -2       75
  MINIMUM         58    810 AM  34    1925  52      6       50
  AVERAGE         65                        63      2       63

PRECIPITATION (IN)
  YESTERDAY        0.75         MM      MM   0.14   0.61     0.00
  MONTH TO DATE    2.79                      3.18  -0.39     2.10
  SINCE MAR 1      7.03                      8.33  -1.30     9.36
  SINCE JAN 1      8.36                     10.47  -2.11    11.11

DEGREE DAYS
 HEATING
  YESTERDAY        0                         4     -4        2
  MONTH TO DATE  123                       169    -46      189
  SINCE MAR 1   1414                      1531   -117     1776
  SINCE JUL 1   6941                      6814    127     7815

 COOLING
  YESTERDAY        0                         2     -2        0
  MONTH TO DATE   27                        25      2       25
  SINCE MAR 1     27                        32     -5       32
  SINCE JAN 1     27                        32     -5       32
..................................................................


WIND (MPH)
  HIGHEST WIND SPEED    18   HIGHEST WIND DIRECTION     E (100)
  HIGHEST GUST SPEED    25   HIGHEST GUST DIRECTION     E (100)
  AVERAGE WIND SPEED    10.2


SKY COVER
  POSSIBLE SUNSHINE  MM
  AVERAGE SKY COVER 1.0


WEATHER CONDITIONS
 THE FOLLOWING WEATHER WAS RECORDED YESTERDAY.
  HEAVY RAIN
  RAIN
  LIGHT RAIN
  FOG


RELATIVE HUMIDITY (PERCENT)
 HIGHEST   100           500 AM
 LOWEST     58           100 AM
 AVERAGE    79

..........................................................


THE CEDAR RAPIDS IA CLIMATE NORMALS FOR TODAY
                         NORMAL    RECORD    YEAR
 MAXIMUM TEMPERATURE (F)   74        95      1911
 MINIMUM TEMPERATURE (F)   52        28      1925


SUNRISE AND SUNSET
MAY 25 2015...........SUNRISE   538 AM CDT   SUNSET   830 PM CDT
MAY 26 2015...........SUNRISE   538 AM CDT   SUNSET   830 PM CDT


-  INDICATES NEGATIVE NUMBERS.
R  INDICATES RECORD WAS SET OR TIED.
MM INDICATES DATA IS MISSING.
T  INDICATES TRACE AMOUNT.




$$
