000
CDUS41 KCLE 280527
CLICLE


CLIMATE REPORT
NATIONAL WEATHER SERVICE CLEVELAND OH
126 AM EDT SAT MAY 28 2016


...................................

...THE CLEVELAND OH CLIMATE SUMMARY FOR MAY 27 2016...

CLIMATE NORMAL PERIOD 1981 TO 2010
CLIMATE RECORD PERIOD 1871 TO 2016


WEATHER ITEM   OBSERVED TIME   RECORD YEAR NORMAL DEPARTURE LAST
                VALUE   (LST)  VALUE       VALUE  FROM      YEAR
                                                  NORMAL
..................................................................
TEMPERATURE (F)
 YESTERDAY
  MAXIMUM         88    508 PM  90    1967  73     15       83
  MINIMUM         68    609 AM  35    1969  54     14       64
  AVERAGE         78                        63     15       74

PRECIPITATION (IN)
  YESTERDAY        0.00                      0.12  -0.12     0.57
  MONTH TO DATE    2.51                      3.16  -0.65     1.80
  SINCE MAR 1     10.54                      9.58   0.96     6.54
  SINCE JAN 1     15.13                     14.64   0.49    11.34

SNOWFALL (IN)
  YESTERDAY        0.0                       0.0    0.0      0.0
  MONTH TO DATE    T                         0.1   -0.1      0.0
  SINCE MAR 1     11.0                      16.0   -5.0      5.7
  SINCE JUL 1     32.8                      68.2  -35.4     67.1
  SNOW DEPTH       0

DEGREE DAYS
 HEATING
  YESTERDAY        0                         4     -4        0
  MONTH TO DATE  211                       195     16      127
  SINCE MAR 1   1354                      1489   -135     1532
  SINCE JUL 1   4945                      5706   -761     6482

 COOLING
  YESTERDAY       13                         3     10        9
  MONTH TO DATE   41                        39      2      103
  SINCE MAR 1     41                        50     -9      104
  SINCE JAN 1     41                        50     -9      104
..................................................................


WIND (MPH)
  HIGHEST WIND SPEED    15   HIGHEST WIND DIRECTION    SW (240)
  HIGHEST GUST SPEED    23   HIGHEST GUST DIRECTION     S (200)
  AVERAGE WIND SPEED     8.0


SKY COVER
  POSSIBLE SUNSHINE  MM
  AVERAGE SKY COVER 0.7


WEATHER CONDITIONS
 THE FOLLOWING WEATHER WAS RECORDED YESTERDAY.
  NO SIGNIFICANT WEATHER WAS OBSERVED.


RELATIVE HUMIDITY (PERCENT)
 HIGHEST    84           400 AM
 LOWEST     39           400 PM
 AVERAGE    62

..........................................................


THE CLEVELAND OH CLIMATE NORMALS FOR TODAY
                         NORMAL    RECORD    YEAR
 MAXIMUM TEMPERATURE (F)   73        92      2012
 MINIMUM TEMPERATURE (F)   54        37      1971


SUNRISE AND SUNSET
MAY 28 2016...........SUNRISE   558 AM EDT   SUNSET   852 PM EDT
MAY 29 2016...........SUNRISE   558 AM EDT   SUNSET   853 PM EDT


-  INDICATES NEGATIVE NUMBERS.
R  INDICATES RECORD WAS SET OR TIED.
MM INDICATES DATA IS MISSING.
T  INDICATES TRACE AMOUNT.




$$
