000
CDUS44 KHGX 132137
CLICLL


CLIMATE REPORT
NATIONAL WEATHER SERVICE HOUSTON/GALVESTON TX
433 PM CDT SUN JUL 13 2014


...................................

...THE COLLEGE STATION CLIMATE SUMMARY FOR JULY 13 2014...
VALID TODAY AS OF 400 PM LOCAL TIME.

CLIMATE NORMAL PERIOD 1981 TO 2010
CLIMATE RECORD PERIOD 1902 TO 2014


WEATHER ITEM   OBSERVED TIME   RECORD YEAR NORMAL DEPARTURE LAST
                VALUE   (LST)  VALUE       VALUE  FROM      YEAR
                                                  NORMAL
..................................................................
TEMPERATURE (F)
 TODAY
  MAXIMUM         96    253 PM 103    2013  95      1      103
                                      2009
                                      2000
  MINIMUM         75    616 AM  69    1953  75      0       76
  AVERAGE         86                        85      1       90

PRECIPITATION (IN)
  TODAY            0.00          2.01 1982   0.07  -0.07     0.00
  MONTH TO DATE    0.16                      1.04  -0.88     0.09
  SINCE JUN 1      1.77                      5.49  -3.72     1.34
  SINCE JAN 1     15.80                     21.74  -5.94    17.61

SNOWFALL (IN)
  TODAY            0.0
  MONTH TO DATE    0.0
  SINCE JUL 1      0.0

DEGREE DAYS
 HEATING
  TODAY            0                         0      0        0
  MONTH TO DATE    0                         0      0        0
  SINCE JUN 1      0                         0      0        0
  SINCE JUL 1      0                         0      0        0

 COOLING
  TODAY           21                        20      1       25
  MONTH TO DATE  243                       249     -6      264
  SINCE JUN 1    770                       765      5      848
  SINCE JAN 1   1257                      1353    -96     1412
..................................................................


WIND (MPH)
  HIGHEST WIND SPEED    16   HIGHEST WIND DIRECTION     S (170)
  HIGHEST GUST SPEED    20   HIGHEST GUST DIRECTION     S (160)
  AVERAGE WIND SPEED     5.4


SKY COVER
  AVERAGE SKY COVER 0.1


WEATHER CONDITIONS
 THE FOLLOWING WEATHER WAS RECORDED TODAY.
  NO SIGNIFICANT WEATHER WAS OBSERVED.


RELATIVE HUMIDITY (PERCENT)
 HIGHEST    87           400 AM
 LOWEST     38           300 PM
 AVERAGE    63

..........................................................


THE COLLEGE STATION CLIMATE NORMALS FOR TOMORROW
                         NORMAL    RECORD    YEAR
 MAXIMUM TEMPERATURE (F)   95       107      1925
 MINIMUM TEMPERATURE (F)   75        63      1990


SUNRISE AND SUNSET
JULY 13 2014..........SUNRISE   632 AM CDT   SUNSET   830 PM CDT
JULY 14 2014..........SUNRISE   633 AM CDT   SUNSET   830 PM CDT


-  INDICATES NEGATIVE NUMBERS.
R  INDICATES RECORD WAS SET OR TIED.
MM INDICATES DATA IS MISSING.
T  INDICATES TRACE AMOUNT.


$$
