307
CDUS44 KHGX 200817
CLICLL


CLIMATE REPORT
NATIONAL WEATHER SERVICE HOUSTON/GALVESTON TX
217 AM CST TUE FEB 20 2018


...................................

...THE COLLEGE STATION CLIMATE SUMMARY FOR FEBRUARY 19 2018...

CLIMATE NORMAL PERIOD 1981 TO 2010
CLIMATE RECORD PERIOD 1902 TO 2018


WEATHER ITEM   OBSERVED TIME   RECORD YEAR NORMAL DEPARTURE LAST
                VALUE   (LST)  VALUE       VALUE  FROM      YEAR
                                                  NORMAL
..................................................................
TEMPERATURE (F)
 YESTERDAY
  MAXIMUM         79    231 PM  89    1986  66     13       81
  MINIMUM         67   1223 AM  22    1978  45     22       68
  AVERAGE         73                        55     18       75

PRECIPITATION (IN)
  YESTERDAY        T             2.33 1911   0.11  -0.11     0.00
  MONTH TO DATE    0.72                      1.99  -1.27     1.04
  SINCE DEC 1      5.28                      8.46  -3.18     7.55
  SINCE JAN 1      1.78                      5.23  -3.45     4.78

SNOWFALL (IN)
  YESTERDAY        0.0
  MONTH TO DATE    0.0
  SINCE JUL 1      5.0

DEGREE DAYS
 HEATING
  YESTERDAY        0                        10    -10        0
  MONTH TO DATE  234                       225      9       86
  SINCE DEC 1   1172                      1078     94      683
  SINCE JUL 1   1319                      1303     16      752

 COOLING
  YESTERDAY        8                         1      7       10
  MONTH TO DATE   15                        16     -1       68
  SINCE DEC 1     31                        43    -12      147
  SINCE JAN 1     18                        27     -9      103
..................................................................


WIND (MPH)
  HIGHEST WIND SPEED    33   HIGHEST WIND DIRECTION     S (160)
  HIGHEST GUST SPEED    41   HIGHEST GUST DIRECTION     S (170)
  AVERAGE WIND SPEED    19.0


SKY COVER
  AVERAGE SKY COVER 1.0


WEATHER CONDITIONS
 THE FOLLOWING WEATHER WAS RECORDED YESTERDAY.
  NO SIGNIFICANT WEATHER WAS OBSERVED.


RELATIVE HUMIDITY (PERCENT)
 HIGHEST    93          1200 AM
 LOWEST     56           400 PM
 AVERAGE    75

..........................................................


THE COLLEGE STATION CLIMATE NORMALS FOR TODAY
                         NORMAL    RECORD    YEAR
 MAXIMUM TEMPERATURE (F)   66        95      1986
 MINIMUM TEMPERATURE (F)   45        28      1929


SUNRISE AND SUNSET
FEBRUARY 20 2018......SUNRISE   701 AM CST   SUNSET   618 PM CST
FEBRUARY 21 2018......SUNRISE   700 AM CST   SUNSET   618 PM CST


-  INDICATES NEGATIVE NUMBERS.
R  INDICATES RECORD WAS SET OR TIED.
MM INDICATES DATA IS MISSING.
T  INDICATES TRACE AMOUNT.




$$
