000
CDUS44 KHGX 230718
CLICLL


CLIMATE REPORT
NATIONAL WEATHER SERVICE HOUSTON/GALVESTON TX
218 AM CDT WED APR 23 2014


...................................

...THE COLLEGE STATION CLIMATE SUMMARY FOR APRIL 22 2014...

CLIMATE NORMAL PERIOD 1981 TO 2010
CLIMATE RECORD PERIOD 1902 TO 2014


WEATHER ITEM   OBSERVED TIME   RECORD YEAR NORMAL DEPARTURE LAST
                VALUE   (LST)  VALUE       VALUE  FROM      YEAR
                                                  NORMAL
..................................................................
TEMPERATURE (F)
 YESTERDAY
  MAXIMUM         85    404 PM  93    2011  80      5       82
  MINIMUM         63    625 AM  42    1998  60      3       52
                                      1959
  AVERAGE         74                        70      4       67

PRECIPITATION (IN)
  YESTERDAY        0.00          2.03 1952   0.09  -0.09     0.00
  MONTH TO DATE    1.23                      1.81  -0.58     1.40
  SINCE MAR 1      2.84                      4.98  -2.14     3.13
  SINCE JAN 1      5.02                     11.07  -6.05     9.29

SNOWFALL (IN)
  YESTERDAY        0.0
  MONTH TO DATE    0.0
  SINCE JUL 1      T

DEGREE DAYS
 HEATING
  YESTERDAY        0                         1     -1        0
  MONTH TO DATE   59                        42     17       74
  SINCE MAR 1    328                       214    114      263
  SINCE JUL 1   2052                      1601    451     1322

 COOLING
  YESTERDAY        9                         6      3        2
  MONTH TO DATE   91                        98     -7       86
  SINCE MAR 1    114                       157    -43      144
  SINCE JAN 1    135                       185    -50      179
..................................................................


WIND (MPH)
  HIGHEST WIND SPEED    16   HIGHEST WIND DIRECTION     N (20)
  HIGHEST GUST SPEED    21   HIGHEST GUST DIRECTION     N (20)
  AVERAGE WIND SPEED     5.4


SKY COVER
  AVERAGE SKY COVER 0.1


WEATHER CONDITIONS
 THE FOLLOWING WEATHER WAS RECORDED YESTERDAY.
  FOG


RELATIVE HUMIDITY (PERCENT)
 HIGHEST   100           400 AM
 LOWEST     47           100 PM
 AVERAGE    74

..........................................................


THE COLLEGE STATION CLIMATE NORMALS FOR TODAY
                         NORMAL    RECORD    YEAR
 MAXIMUM TEMPERATURE (F)   81        93      2011
 MINIMUM TEMPERATURE (F)   60        43      1907


SUNRISE AND SUNSET
APRIL 23 2014.........SUNRISE   649 AM CDT   SUNSET   758 PM CDT
APRIL 24 2014.........SUNRISE   648 AM CDT   SUNSET   759 PM CDT


-  INDICATES NEGATIVE NUMBERS.
R  INDICATES RECORD WAS SET OR TIED.
MM INDICATES DATA IS MISSING.
T  INDICATES TRACE AMOUNT.




$$
