000
CDUS44 KHGX 012146
CLICLL


CLIMATE REPORT
NATIONAL WEATHER SERVICE HOUSTON/GALVESTON TX
439 PM CDT SUN MAY 1 2016


...................................

...THE COLLEGE STATION CLIMATE SUMMARY FOR MAY 1 2016...
VALID TODAY AS OF 400 PM LOCAL TIME.

CLIMATE NORMAL PERIOD 1981 TO 2010
CLIMATE RECORD PERIOD 1902 TO 2016


WEATHER ITEM   OBSERVED TIME   RECORD YEAR NORMAL DEPARTURE LAST
                VALUE   (LST)  VALUE       VALUE  FROM      YEAR
                                                  NORMAL
..................................................................
TEMPERATURE (F)
 TODAY
  MAXIMUM         82    200 PM  94    2011  82      0       83
  MINIMUM         68    643 AM  43    1907  63      5       57
  AVERAGE         75                        72      3       70

PRECIPITATION (IN)
  TODAY            0.00          3.97 1986   0.13  -0.13     0.00
  MONTH TO DATE    0.00                      0.13  -0.13     0.00
  SINCE MAR 1      9.85                      5.96   3.89    10.63
  SINCE JAN 1     12.47                     12.05   0.42    18.04

SNOWFALL (IN)
  TODAY            0.0
  MONTH TO DATE    0.0
  SINCE JUL 1      0.0

DEGREE DAYS
 HEATING
  TODAY            0                         0      0        0
  MONTH TO DATE    0                         0      0        0
  SINCE MAR 1     99                       219   -120      227
  SINCE JUL 1   1146                      1606   -460     1768

 COOLING
  TODAY           10                         8      2        5
  MONTH TO DATE   10                         8      2        5
  SINCE MAR 1    256                       219     37      243
  SINCE JAN 1    281                       247     34      244
..................................................................


WIND (MPH)
  HIGHEST WIND SPEED    18   HIGHEST WIND DIRECTION     N (20)
  HIGHEST GUST SPEED    27   HIGHEST GUST DIRECTION     N (10)
  AVERAGE WIND SPEED    11.6


SKY COVER
  AVERAGE SKY COVER 0.3


WEATHER CONDITIONS
 THE FOLLOWING WEATHER WAS RECORDED TODAY.
  NO SIGNIFICANT WEATHER WAS OBSERVED.


RELATIVE HUMIDITY (PERCENT)
 HIGHEST    87           500 AM
 LOWEST     55           200 PM
 AVERAGE    71

..........................................................


THE COLLEGE STATION CLIMATE NORMALS FOR TOMORROW
                         NORMAL    RECORD    YEAR
 MAXIMUM TEMPERATURE (F)   83        95      1964
 MINIMUM TEMPERATURE (F)   63        46      1929


SUNRISE AND SUNSET
MAY  1 2016...........SUNRISE   641 AM CDT   SUNSET   804 PM CDT
MAY  2 2016...........SUNRISE   640 AM CDT   SUNSET   805 PM CDT


-  INDICATES NEGATIVE NUMBERS.
R  INDICATES RECORD WAS SET OR TIED.
MM INDICATES DATA IS MISSING.
T  INDICATES TRACE AMOUNT.


$$
