000
CDUS44 KHGX 220839
CLICLL


CLIMATE REPORT
NATIONAL WEATHER SERVICE HOUSTON/GALVESTON TX
339 AM CDT MON SEP 22 2014


...................................

...THE COLLEGE STATION CLIMATE SUMMARY FOR SEPTEMBER 21 2014...

CLIMATE NORMAL PERIOD 1981 TO 2010
CLIMATE RECORD PERIOD 1902 TO 2014


WEATHER ITEM   OBSERVED TIME   RECORD YEAR NORMAL DEPARTURE LAST
                VALUE   (LST)  VALUE       VALUE  FROM      YEAR
                                                  NORMAL
..................................................................
TEMPERATURE (F)
 YESTERDAY
  MAXIMUM         91    228 PM 102    2005  89      2       85
  MINIMUM         71    615 AM  43    1938  68      3       70
  AVERAGE         81                        78      3       78

PRECIPITATION (IN)
  YESTERDAY        0.00          1.28 1967   0.10  -0.10     0.01
  MONTH TO DATE    6.56                      2.25   4.31     3.19
  SINCE SEP 1      6.56                      2.25   4.31     3.19
  SINCE JAN 1     29.33                     27.77   1.56    22.92

SNOWFALL (IN)
  YESTERDAY        0.0
  MONTH TO DATE    0.0
  SINCE JUL 1      0.0

DEGREE DAYS
 HEATING
  YESTERDAY        0                         0      0        0
  MONTH TO DATE    0                         0      0        0
  SINCE SEP 1      0                         0      0        0
  SINCE JUL 1      0                         0      0        0

 COOLING
  YESTERDAY       16                        13      3       13
  MONTH TO DATE  365                       342     23      425
  SINCE SEP 1    365                       342     23      425
  SINCE JAN 1   2572                      2688   -116     2902
..................................................................


WIND (MPH)
  HIGHEST WIND SPEED    12   HIGHEST WIND DIRECTION    NE (60)
  HIGHEST GUST SPEED    16   HIGHEST GUST DIRECTION    NE (40)
  AVERAGE WIND SPEED     3.6


SKY COVER
  AVERAGE SKY COVER 0.1


WEATHER CONDITIONS
 THE FOLLOWING WEATHER WAS RECORDED YESTERDAY.
  NO SIGNIFICANT WEATHER WAS OBSERVED.


RELATIVE HUMIDITY (PERCENT)
 HIGHEST    93           600 AM
 LOWEST     44           400 PM
 AVERAGE    69

..........................................................


THE COLLEGE STATION CLIMATE NORMALS FOR TODAY
                         NORMAL    RECORD    YEAR
 MAXIMUM TEMPERATURE (F)   89       102      2005
 MINIMUM TEMPERATURE (F)   68        49      1918


SUNRISE AND SUNSET
SEPTEMBER 22 2014.....SUNRISE   714 AM CDT   SUNSET   722 PM CDT
SEPTEMBER 23 2014.....SUNRISE   714 AM CDT   SUNSET   721 PM CDT


-  INDICATES NEGATIVE NUMBERS.
R  INDICATES RECORD WAS SET OR TIED.
MM INDICATES DATA IS MISSING.
T  INDICATES TRACE AMOUNT.




$$
