000
CDUS44 KHGX 230835
CLICLL


CLIMATE REPORT
NATIONAL WEATHER SERVICE HOUSTON/GALVESTON TX
235 AM CST SUN NOV 23 2014


...................................

...THE COLLEGE STATION CLIMATE SUMMARY FOR NOVEMBER 22 2014...

CLIMATE NORMAL PERIOD 1981 TO 2010
CLIMATE RECORD PERIOD 1902 TO 2014


WEATHER ITEM   OBSERVED TIME   RECORD YEAR NORMAL DEPARTURE LAST
                VALUE   (LST)  VALUE       VALUE  FROM      YEAR
                                                  NORMAL
..................................................................
TEMPERATURE (F)
 YESTERDAY
  MAXIMUM         66    948 PM  86    1955  69     -3       73
  MINIMUM         59   1159 PM  29    1945  48     11       39
  AVERAGE         63                        58      5       56

PRECIPITATION (IN)
  YESTERDAY        2.52          2.87 2004   0.09   2.43     0.77
  MONTH TO DATE    5.89                      2.40   3.49     2.83
  SINCE SEP 1     14.27                     10.49   3.78    17.12
  SINCE JAN 1     37.04                     36.01   1.03    36.85

SNOWFALL (IN)
  YESTERDAY        0.0
  MONTH TO DATE    0.0
  SINCE JUL 1      0.0

DEGREE DAYS
 HEATING
  YESTERDAY        2                         8     -6        9
  MONTH TO DATE  244                       114    130      113
  SINCE SEP 1    247                       151     96      132
  SINCE JUL 1    247                       151     96      132

 COOLING
  YESTERDAY        0                         1     -1        0
  MONTH TO DATE    9                        52    -43       35
  SINCE SEP 1    715                       718     -3      791
  SINCE JAN 1   2922                      3064   -142     3268
..................................................................


WIND (MPH)
  HIGHEST WIND SPEED    18   HIGHEST WIND DIRECTION    SE (120)
  HIGHEST GUST SPEED    25   HIGHEST GUST DIRECTION     E (110)
  AVERAGE WIND SPEED     9.1


SKY COVER
  AVERAGE SKY COVER 1.0


WEATHER CONDITIONS
 THE FOLLOWING WEATHER WAS RECORDED YESTERDAY.
  THUNDERSTORM
  HEAVY RAIN
  RAIN
  LIGHT RAIN
  FOG


RELATIVE HUMIDITY (PERCENT)
 HIGHEST   100           500 AM
 LOWEST     93          1200 AM
 AVERAGE    97

..........................................................


THE COLLEGE STATION CLIMATE NORMALS FOR TODAY
                         NORMAL    RECORD    YEAR
 MAXIMUM TEMPERATURE (F)   68        86      2010
 MINIMUM TEMPERATURE (F)   48        23      1975


SUNRISE AND SUNSET
NOVEMBER 23 2014......SUNRISE   658 AM CST   SUNSET   525 PM CST
NOVEMBER 24 2014......SUNRISE   659 AM CST   SUNSET   525 PM CST


-  INDICATES NEGATIVE NUMBERS.
R  INDICATES RECORD WAS SET OR TIED.
MM INDICATES DATA IS MISSING.
T  INDICATES TRACE AMOUNT.




$$
