000
CDUS42 KGSP 160640
CLICLT

CLIMATE REPORT
NATIONAL WEATHER SERVICE GREENVILLE-SPARTANBURG SC
138 AM EST TUE JAN 16 2018


...................................

...THE CHARLOTTE NC CLIMATE SUMMARY FOR JANUARY 15 2018...

CLIMATE NORMAL PERIOD 1981 TO 2010
CLIMATE RECORD PERIOD 1878 TO 2018


WEATHER ITEM   OBSERVED TIME   RECORD YEAR NORMAL DEPARTURE LAST
                VALUE   (LST)  VALUE       VALUE  FROM      YEAR
                                                  NORMAL
..................................................................
TEMPERATURE (F)
 YESTERDAY
  MAXIMUM         40    426 PM  77    1907  50    -10       69
  MINIMUM         17    644 AM  12    1994  29    -12       43
                                      1964
  AVERAGE         29                        40    -11       56

PRECIPITATION (IN)
  YESTERDAY        0.00          0.96 1885   0.11  -0.11     0.00
  MONTH TO DATE    0.58                      1.69  -1.11     2.71
  SINCE DEC 1      2.70                      4.94  -2.24     5.62
  SINCE JAN 1      0.58                      1.69  -1.11     2.71

SNOWFALL (IN)
  YESTERDAY        0.0           2.0  1893   0.0    0.0      0.0
  MONTH TO DATE    0.0                       0.9   -0.9      1.1
  SINCE DEC 1      0.1                       1.2   -1.1      1.1
  SINCE JUL 1      0.1                       1.3   -1.2      1.1
  SNOW DEPTH       0

DEGREE DAYS
 HEATING
  YESTERDAY       36                        25     11        9
  MONTH TO DATE  471                       375     96      310
  SINCE DEC 1   1083                      1076      7      935
  SINCE JUL 1   1609                      1712   -103     1353

 COOLING
  YESTERDAY        0                         0      0        0
  MONTH TO DATE    0                         0      0        0
  SINCE DEC 1      0                         1     -1        0
  SINCE JAN 1      0                         0      0        0
..................................................................


WIND (MPH)
  HIGHEST WIND SPEED    12   HIGHEST WIND DIRECTION    NE (30)
  HIGHEST GUST SPEED    14   HIGHEST GUST DIRECTION    NE (60)
  AVERAGE WIND SPEED     4.0


SKY COVER
  POSSIBLE SUNSHINE  MM
  AVERAGE SKY COVER 0.1


WEATHER CONDITIONS
 THE FOLLOWING WEATHER WAS RECORDED YESTERDAY.
  NO SIGNIFICANT WEATHER WAS OBSERVED.


RELATIVE HUMIDITY (PERCENT)
 HIGHEST    74           500 AM
 LOWEST     30           400 PM
 AVERAGE    52

..........................................................


THE CHARLOTTE NC CLIMATE NORMALS FOR TODAY
                         NORMAL    RECORD    YEAR
 MAXIMUM TEMPERATURE (F)   50        74      1974
 MINIMUM TEMPERATURE (F)   29         5      1893


SUNRISE AND SUNSET
JANUARY 16 2018.......SUNRISE   731 AM EST   SUNSET   536 PM EST
JANUARY 17 2018.......SUNRISE   731 AM EST   SUNSET   537 PM EST


-  INDICATES NEGATIVE NUMBERS.
R  INDICATES RECORD WAS SET OR TIED.
MM INDICATES DATA IS MISSING.
T  INDICATES TRACE AMOUNT.




$$
