000
CDUS42 KGSP 042031 RRA
CLICLT

CLIMATE REPORT
NATIONAL WEATHER SERVICE GREENVILLE-SPARTANBURG SC
429 PM EDT FRI SEP 4 2015


...................................

...THE CHARLOTTE NC CLIMATE SUMMARY FOR SEPTEMBER 4 2015...
VALID TODAY AS OF 400 PM LOCAL TIME.

CLIMATE NORMAL PERIOD 1981 TO 2010
CLIMATE RECORD PERIOD 1878 TO 2015


WEATHER ITEM   OBSERVED TIME   RECORD YEAR NORMAL DEPARTURE LAST
                VALUE   (LST)  VALUE       VALUE  FROM      YEAR
                                                  NORMAL
..................................................................
TEMPERATURE (F)
 TODAY
  MAXIMUM         94    257 PM 100    1925  85      9       85
  MINIMUM         69    616 AM  54    1952  64      5       69
                                      1886
  AVERAGE         82                        74      8       77

PRECIPITATION (IN)
  TODAY            0.00          1.15 1911   0.11  -0.11     0.82
  MONTH TO DATE    T                         0.45  -0.45     1.45
  SINCE SEP 1      T                         0.45  -0.45     1.45
  SINCE JAN 1     22.42                     29.05  -6.63    35.21

SNOWFALL (IN)
  TODAY            0.0           0.0    MM   0.0    0.0      0.0
  MONTH TO DATE    0.0                       0.0    0.0      0.0
  SINCE SEP 1      0.0                       0.0    0.0      0.0
  SINCE JUL 1      0.0                       0.0    0.0      0.0
  SNOW DEPTH       0

DEGREE DAYS
 HEATING
  TODAY            0                         0      0        0
  MONTH TO DATE    0                         0      0        0
  SINCE SEP 1      0                         0      0        0
  SINCE JUL 1      0                         0      0        0

 COOLING
  TODAY           17                        10      7       12
  MONTH TO DATE   66                        40     26       62
  SINCE SEP 1     66                        40     26       62
  SINCE JAN 1   1807                      1317    490     1417
..................................................................


WIND (MPH)
  HIGHEST WIND SPEED    10   HIGHEST WIND DIRECTION    NE (40)
  HIGHEST GUST SPEED    18   HIGHEST GUST DIRECTION    NE (60)
  AVERAGE WIND SPEED     4.0


SKY COVER
  POSSIBLE SUNSHINE  MM
  AVERAGE SKY COVER 0.2


WEATHER CONDITIONS
 THE FOLLOWING WEATHER WAS RECORDED TODAY.
  THUNDERSTORM


RELATIVE HUMIDITY (PERCENT)
 HIGHEST    90           500 AM
 LOWEST     36           200 PM
 AVERAGE    63

..........................................................


THE CHARLOTTE NC CLIMATE NORMALS FOR TOMORROW
                         NORMAL    RECORD    YEAR
 MAXIMUM TEMPERATURE (F)   84       101      1954
 MINIMUM TEMPERATURE (F)   64        54      1967


SUNRISE AND SUNSET
SEPTEMBER  4 2015.....SUNRISE   658 AM EDT   SUNSET   747 PM EDT
SEPTEMBER  5 2015.....SUNRISE   659 AM EDT   SUNSET   745 PM EDT


-  INDICATES NEGATIVE NUMBERS.
R  INDICATES RECORD WAS SET OR TIED.
MM INDICATES DATA IS MISSING.
T  INDICATES TRACE AMOUNT.




$$
