000
CDUS42 KGSP 142040
CLICLT

CLIMATE REPORT
NATIONAL WEATHER SERVICE GREENVILLE-SPARTANBURG SC
431 PM EDT SUN SEP 14 2014


...................................

...THE CHARLOTTE NC CLIMATE SUMMARY FOR SEPTEMBER 14 2014...
VALID TODAY AS OF 400 PM LOCAL TIME.

CLIMATE NORMAL PERIOD 1981 TO 2010
CLIMATE RECORD PERIOD 1878 TO 2014


WEATHER ITEM   OBSERVED TIME   RECORD YEAR NORMAL DEPARTURE LAST
                VALUE   (LST)  VALUE       VALUE  FROM      YEAR
                                                  NORMAL
..................................................................
TEMPERATURE (F)
 TODAY
  MAXIMUM         69    142 PM  97    1897  82    -13       79
  MINIMUM         62    621 AM  47    1985  61      1       58
  AVERAGE         66                        72     -6       69

PRECIPITATION (IN)
  TODAY            T             3.23 1924   0.10  -0.10     0.00
  MONTH TO DATE    3.28                      1.50   1.78     0.15
  SINCE SEP 1      3.28                      1.50   1.78     0.15
  SINCE JAN 1     37.04                     30.10   6.94    35.47

SNOWFALL (IN)
  TODAY            0.0           0.0    MM   0.0    0.0      0.0
  MONTH TO DATE    0.0                       0.0    0.0      0.0
  SINCE SEP 1      0.0                       0.0    0.0      0.0
  SINCE JUL 1      0.0                       0.0    0.0      0.0
  SNOW DEPTH       0

DEGREE DAYS
 HEATING
  TODAY            0                         0      0        0
  MONTH TO DATE    0                         0      0        0
  SINCE SEP 1      0                         0      0        0
  SINCE JUL 1      0                         0      0        1

 COOLING
  TODAY            1                         7     -6        4
  MONTH TO DATE  164                       122     42      166
  SINCE SEP 1    164                       122     42      166
  SINCE JAN 1   1519                      1399    120     1454
..................................................................


WIND (MPH)
  HIGHEST WIND SPEED    13   HIGHEST WIND DIRECTION    NE (50)
  HIGHEST GUST SPEED    21   HIGHEST GUST DIRECTION     E (70)
  AVERAGE WIND SPEED     7.4


SKY COVER
  POSSIBLE SUNSHINE  MM
  AVERAGE SKY COVER 0.8


WEATHER CONDITIONS
 THE FOLLOWING WEATHER WAS RECORDED TODAY.
  LIGHT RAIN


RELATIVE HUMIDITY (PERCENT)
 HIGHEST    84           300 AM
 LOWEST     57          1100 AM
 AVERAGE    71

..........................................................


THE CHARLOTTE NC CLIMATE NORMALS FOR TOMORROW
                         NORMAL    RECORD    YEAR
 MAXIMUM TEMPERATURE (F)   82        96      1991
                                             1927
                                             1925
 MINIMUM TEMPERATURE (F)   61        46      1985


SUNRISE AND SUNSET
SEPTEMBER 14 2014.....SUNRISE   706 AM EDT   SUNSET   732 PM EDT
SEPTEMBER 15 2014.....SUNRISE   707 AM EDT   SUNSET   731 PM EDT


-  INDICATES NEGATIVE NUMBERS.
R  INDICATES RECORD WAS SET OR TIED.
MM INDICATES DATA IS MISSING.
T  INDICATES TRACE AMOUNT.




$$
