000
CDUS42 KGSP 270632
CLICLT

CLIMATE REPORT
NATIONAL WEATHER SERVICE GREENVILLE-SPARTANBURG SC
228 AM EDT TUE SEP 27 2016

...THE CHARLOTTE NC CLIMATE SUMMARY FOR SEPTEMBER 26 2016...

CLIMATE NORMAL PERIOD 1981 TO 2010
CLIMATE RECORD PERIOD 1878 TO 2016


WEATHER ITEM   OBSERVED TIME   RECORD YEAR NORMAL DEPARTURE LAST
                VALUE   (LST)  VALUE       VALUE  FROM      YEAR
                                                  NORMAL
..................................................................
TEMPERATURE (F)
 YESTERDAY
  MAXIMUM         84    307 PM  94    1961  78      6       68
  MINIMUM         67   1127 PM  42    2001  57     10       64
                                      1950
  AVERAGE         76                        67      9       66

PRECIPITATION (IN)
  YESTERDAY        3.89R         2.54 1956   0.11   3.78     0.10
  MONTH TO DATE    5.15                      2.78   2.37     1.99
  SINCE SEP 1      5.15                      2.78   2.37     1.99
  SINCE JAN 1     26.69                     31.38  -4.69    24.41

SNOWFALL (IN)
  YESTERDAY        0.0           0.0    MM   0.0    0.0      0.0
  MONTH TO DATE    0.0                       0.0    0.0      0.0
  SINCE SEP 1      0.0                       0.0    0.0      0.0
  SINCE JUL 1      0.0                       0.0    0.0      0.0
  SNOW DEPTH       0

DEGREE DAYS
 HEATING
  YESTERDAY        0                         2     -2        0
  MONTH TO DATE    0                        13    -13        4
  SINCE SEP 1      0                        13    -13        4
  SINCE JUL 1      0                        13    -13        4

 COOLING
  YESTERDAY       11                         4      7        1
  MONTH TO DATE  324                       185    139      215
  SINCE SEP 1    324                       185    139      215
  SINCE JAN 1   2091                      1462    629     1956
..................................................................


WIND (MPH)
  HIGHEST WIND SPEED    15   HIGHEST WIND DIRECTION     N (360)
  HIGHEST GUST SPEED    19   HIGHEST GUST DIRECTION    NW (320)
  AVERAGE WIND SPEED     7.0


SKY COVER
  POSSIBLE SUNSHINE  MM
  AVERAGE SKY COVER 0.8


WEATHER CONDITIONS
 THE FOLLOWING WEATHER WAS RECORDED YESTERDAY.
  THUNDERSTORM
  HEAVY RAIN
  RAIN
  LIGHT RAIN
  FOG


RELATIVE HUMIDITY (PERCENT)
 HIGHEST    93          1000 PM
 LOWEST     58           400 PM
 AVERAGE    76

..........................................................


THE CHARLOTTE NC CLIMATE NORMALS FOR TODAY
                         NORMAL    RECORD    YEAR
 MAXIMUM TEMPERATURE (F)   78        93      1900
 MINIMUM TEMPERATURE (F)   56        43      1940


SUNRISE AND SUNSET
SEPTEMBER 27 2016.....SUNRISE   716 AM EDT   SUNSET   713 PM EDT
SEPTEMBER 28 2016.....SUNRISE   717 AM EDT   SUNSET   711 PM EDT


-  INDICATES NEGATIVE NUMBERS.
R  INDICATES RECORD WAS SET OR TIED.
MM INDICATES DATA IS MISSING.
T  INDICATES TRACE AMOUNT.

$$
