000
CDUS42 KGSP 200631
CLICLT

CLIMATE REPORT
NATIONAL WEATHER SERVICE GREENVILLE-SPARTANBURG SC
230 AM EDT WED SEP 20 2017

...................................

...THE CHARLOTTE NC CLIMATE SUMMARY FOR SEPTEMBER 19 2017...

CLIMATE NORMAL PERIOD 1981 TO 2010
CLIMATE RECORD PERIOD 1878 TO 2017


WEATHER ITEM   OBSERVED TIME   RECORD YEAR NORMAL DEPARTURE LAST
                VALUE   (LST)  VALUE       VALUE  FROM      YEAR
                                                  NORMAL
..................................................................
TEMPERATURE (F)
 YESTERDAY
  MAXIMUM         86    350 PM  97    1954  80      6       90
  MINIMUM         63    622 AM  46    1984  59      4       72
                                      1889
  AVERAGE         75                        70      5       81

PRECIPITATION (IN)
  YESTERDAY        0.00          2.72 1966   0.10  -0.10      T
  MONTH TO DATE    2.72                      2.03   0.69     1.25
  SINCE SEP 1      2.72                      2.03   0.69     1.25
  SINCE JAN 1     37.68                     30.63   7.05    22.79

SNOWFALL (IN)
  YESTERDAY        0.0           0.0    MM   0.0    0.0      0.0
  MONTH TO DATE    0.0                       0.0    0.0      0.0
  SINCE SEP 1      0.0                       0.0    0.0      0.0
  SINCE JUL 1      0.0                       0.0    0.0      0.0
  SNOW DEPTH       0

DEGREE DAYS
 HEATING
  YESTERDAY        0                         1     -1        0
  MONTH TO DATE    9                         4      5        0
  SINCE SEP 1      9                         4      5        0
  SINCE JUL 1      9                         4      5        0

 COOLING
  YESTERDAY       10                         6      4       16
  MONTH TO DATE  112                       153    -41      241
  SINCE SEP 1    112                       153    -41      241
  SINCE JAN 1   1673                      1430    243     2008
..................................................................


WIND (MPH)
  HIGHEST WIND SPEED     8   HIGHEST WIND DIRECTION     E (80)
  HIGHEST GUST SPEED    16   HIGHEST GUST DIRECTION     E (90)
  AVERAGE WIND SPEED     3.7


SKY COVER
  POSSIBLE SUNSHINE  MM
  AVERAGE SKY COVER 0.4


WEATHER CONDITIONS
 THE FOLLOWING WEATHER WAS RECORDED YESTERDAY.
  FOG


RELATIVE HUMIDITY (PERCENT)
 HIGHEST   100           200 AM
 LOWEST     51           500 PM
 AVERAGE    76

..........................................................


THE CHARLOTTE NC CLIMATE NORMALS FOR TODAY
                         NORMAL    RECORD    YEAR
 MAXIMUM TEMPERATURE (F)   80        98      1925
 MINIMUM TEMPERATURE (F)   59        45      1929
                                             1916


SUNRISE AND SUNSET
SEPTEMBER 20 2017.....SUNRISE   710 AM EDT   SUNSET   723 PM EDT
SEPTEMBER 21 2017.....SUNRISE   711 AM EDT   SUNSET   722 PM EDT


-  INDICATES NEGATIVE NUMBERS.
R  INDICATES RECORD WAS SET OR TIED.
MM INDICATES DATA IS MISSING.
T  INDICATES TRACE AMOUNT.

$$
