000
CDUS42 KGSP 180634
CLICLT

CLIMATE REPORT
NATIONAL WEATHER SERVICE GREENVILLE-SPARTANBURG SC
134 AM EST WED JAN 18 2017


...................................

...THE CHARLOTTE NC CLIMATE SUMMARY FOR JANUARY 17 2017...

CLIMATE NORMAL PERIOD 1981 TO 2010
CLIMATE RECORD PERIOD 1878 TO 2017


WEATHER ITEM   OBSERVED TIME   RECORD YEAR NORMAL DEPARTURE LAST
                VALUE   (LST)  VALUE       VALUE  FROM      YEAR
                                                  NORMAL
..................................................................
TEMPERATURE (F)
 YESTERDAY
  MAXIMUM         64   1159 PM  75    1943  51     13       47
  MINIMUM         49    447 AM   5    1977  29     20       33
  AVERAGE         57                        40     17       40

PRECIPITATION (IN)
  YESTERDAY        T             2.38 2013   0.11  -0.11     0.04
  MONTH TO DATE    2.71                      1.91   0.80     1.39
  SINCE DEC 1      5.62                      5.16   0.46    10.09
  SINCE JAN 1      2.71                      1.91   0.80     1.39

SNOWFALL (IN)
  YESTERDAY        0.0           1.4  2008   0.1   -0.1       T
  MONTH TO DATE    1.1                       1.1    0.0       T
  SINCE DEC 1      1.1                       1.4   -0.3       T
  SINCE JUL 1      1.1                       1.5   -0.4       T
  SNOW DEPTH       0

DEGREE DAYS
 HEATING
  YESTERDAY        8                        25    -17       25
  MONTH TO DATE  331                       425    -94      405
  SINCE DEC 1    956                      1126   -170      706
  SINCE JUL 1   1374                      1762   -388     1172

 COOLING
  YESTERDAY        0                         0      0        0
  MONTH TO DATE    0                         0      0        0
  SINCE DEC 1      0                         1     -1       12
  SINCE JAN 1      0                         0      0        0
..................................................................


WIND (MPH)
  HIGHEST WIND SPEED    16   HIGHEST WIND DIRECTION    SW (220)
  HIGHEST GUST SPEED    23   HIGHEST GUST DIRECTION    SW (210)
  AVERAGE WIND SPEED     7.3


SKY COVER
  POSSIBLE SUNSHINE  MM
  AVERAGE SKY COVER 1.0


WEATHER CONDITIONS
 THE FOLLOWING WEATHER WAS RECORDED YESTERDAY.
  LIGHT RAIN
  FOG


RELATIVE HUMIDITY (PERCENT)
 HIGHEST   100           400 AM
 LOWEST     67           300 PM
 AVERAGE    84

..........................................................


THE CHARLOTTE NC CLIMATE NORMALS FOR TODAY
                         NORMAL    RECORD    YEAR
 MAXIMUM TEMPERATURE (F)   51        71      1937
 MINIMUM TEMPERATURE (F)   29        10      2003


SUNRISE AND SUNSET
JANUARY 18 2017.......SUNRISE   731 AM EST   SUNSET   538 PM EST
JANUARY 19 2017.......SUNRISE   730 AM EST   SUNSET   539 PM EST


-  INDICATES NEGATIVE NUMBERS.
R  INDICATES RECORD WAS SET OR TIED.
MM INDICATES DATA IS MISSING.
T  INDICATES TRACE AMOUNT.




$$
