000
CDUS42 KGSP 072042
CLICLT

CLIMATE REPORT
NATIONAL WEATHER SERVICE GREENVILLE-SPARTANBURG SC
442 PM EDT TUE JUL 7 2015


...................................

...THE CHARLOTTE NC CLIMATE SUMMARY FOR JULY 7 2015...
VALID TODAY AS OF 0440 PM LOCAL TIME.

CLIMATE NORMAL PERIOD 1981 TO 2010
CLIMATE RECORD PERIOD 1878 TO 2015


WEATHER ITEM   OBSERVED TIME   RECORD YEAR NORMAL DEPARTURE LAST
                VALUE   (LST)  VALUE       VALUE  FROM      YEAR
                                                  NORMAL
..................................................................
TEMPERATURE (F)
 TODAY
  MAXIMUM         93    337 PM 100    1993  89      4       91
                                      1954
                                      1930
  MINIMUM         70    342 AM  55    1972  68      2       67
  AVERAGE         82                        78      4       79

PRECIPITATION (IN)
  TODAY            0.00          2.37 1967   0.11  -0.11     0.00
  MONTH TO DATE    0.07                      0.72  -0.65     0.14
  SINCE JUN 1      2.97                      4.46  -1.49     2.99
  SINCE JAN 1     17.44                     21.42  -3.98    25.78

SNOWFALL (IN)
  TODAY            0.0           0.0    MM   0.0    0.0      0.0
  MONTH TO DATE    0.0                       0.0    0.0      0.0
  SINCE JUN 1      0.0                       0.0    0.0      0.0
  SINCE JUL 1      0.0                       0.0    0.0      0.0
  SNOW DEPTH       0

DEGREE DAYS
 HEATING
  TODAY            0                         0      0        0
  MONTH TO DATE    0                         0      0        0
  SINCE JUN 1      0                         3     -3        0
  SINCE JUL 1      0                         0      0        0

 COOLING
  TODAY           17                        13      4       14
  MONTH TO DATE  104                        91     13       93
  SINCE JUN 1    563                       402    161      466
  SINCE JAN 1    856                       565    291      694
..................................................................


WIND (MPH)
  HIGHEST WIND SPEED    13   HIGHEST WIND DIRECTION    SW (220)
  HIGHEST GUST SPEED    16   HIGHEST GUST DIRECTION    SW (210)
  AVERAGE WIND SPEED     3.3


SKY COVER
  POSSIBLE SUNSHINE  MM
  AVERAGE SKY COVER 0.2


WEATHER CONDITIONS
 THE FOLLOWING WEATHER WAS RECORDED TODAY.
  FOG


RELATIVE HUMIDITY (PERCENT)
 HIGHEST    90           600 AM
 LOWEST     38           300 PM
 AVERAGE    64

..........................................................


THE CHARLOTTE NC CLIMATE NORMALS FOR TOMORROW
                         NORMAL    RECORD    YEAR
 MAXIMUM TEMPERATURE (F)   89       101      2012
                                             2010
 MINIMUM TEMPERATURE (F)   68        58      1892


SUNRISE AND SUNSET
JULY  7 2015..........SUNRISE   616 AM EDT   SUNSET   841 PM EDT
JULY  8 2015..........SUNRISE   616 AM EDT   SUNSET   841 PM EDT


-  INDICATES NEGATIVE NUMBERS.
R  INDICATES RECORD WAS SET OR TIED.
MM INDICATES DATA IS MISSING.
T  INDICATES TRACE AMOUNT.

$$

OUTLAW
