000
CDUS46 KLOX 270915
CLICMA


CLIMATE REPORT
NATIONAL WEATHER SERVICE LOS ANGELES/OXNARD CA
215 AM PDT SAT MAY 27 2017


...................................

...THE CAMARILLO AIRPORT CA CLIMATE SUMMARY FOR MAY 26 2017...

CLIMATE NORMAL PERIOD 1981 TO 2010
CLIMATE RECORD PERIOD 1948 TO 2017


WEATHER ITEM   OBSERVED TIME   RECORD YEAR NORMAL DEPARTURE LAST
                VALUE   (LST)  VALUE       VALUE  FROM      YEAR
                                                  NORMAL
..................................................................
TEMPERATURE (F)
 YESTERDAY
  MAXIMUM         70    217 PM  93    1968  71     -1       70
  MINIMUM         55   1123 PM  40    1930  54      1       52
  AVERAGE         63                        62      1       61

PRECIPITATION (IN)
  YESTERDAY        0.00          0.12 1947   0.00   0.00     0.00
  MONTH TO DATE    0.08                      0.30  -0.22      T
  SINCE OCT 1     19.44                     14.92   4.52     5.98
  SINCE JAN 1     14.78                     10.92   3.86     5.42

SNOWFALL (IN)
  YESTERDAY        0.0
  MONTH TO DATE    0.0
  SINCE MAR 1      0.0
  SINCE JUL 1      0.0

DEGREE DAYS
 HEATING
  YESTERDAY        2                         3     -1        4
  MONTH TO DATE   74                       109    -35       72
  SINCE MAR 1    333                       593   -260      366
  SINCE JUL 1   1321                      1929   -608     1183

 COOLING
  YESTERDAY        0                         0      0        0
  MONTH TO DATE   20                         0     20        0
  SINCE MAR 1     40                        11     29       13
  SINCE JAN 1     41                        20     21       71
..................................................................


WIND (MPH)
  HIGHEST WIND SPEED    13   HIGHEST WIND DIRECTION     W (270)
  HIGHEST GUST SPEED    23   HIGHEST GUST DIRECTION     N (20)
  AVERAGE WIND SPEED     6.3


SKY COVER
  POSSIBLE SUNSHINE  MM
  AVERAGE SKY COVER 0.8


WEATHER CONDITIONS
 THE FOLLOWING WEATHER WAS RECORDED YESTERDAY.
  NO SIGNIFICANT WEATHER WAS OBSERVED.


RELATIVE HUMIDITY (PERCENT)
 HIGHEST    83          1100 PM
 LOWEST     52          1000 AM
 AVERAGE    68

..........................................................


THE CAMARILLO AIRPORT CA CLIMATE NORMALS FOR TODAY
                         NORMAL    RECORD    YEAR
 MAXIMUM TEMPERATURE (F)   71        87      1968
 MINIMUM TEMPERATURE (F)   54        34      1927


SUNRISE AND SUNSET
MAY 27 2017...........SUNRISE   547 AM PDT   SUNSET   800 PM PDT
MAY 28 2017...........SUNRISE   547 AM PDT   SUNSET   801 PM PDT


-  INDICATES NEGATIVE NUMBERS.
R  INDICATES RECORD WAS SET OR TIED.
MM INDICATES DATA IS MISSING.
T  INDICATES TRACE AMOUNT.




$$
