000
CDUS46 KLOX 201121
CLICMA


CLIMATE REPORT
NATIONAL WEATHER SERVICE LOS ANGELES/OXNARD CA
321 AM PST MON FEB 20 2017


...................................

...THE CAMARILLO AIRPORT CA CLIMATE SUMMARY FOR FEBRUARY 19 2017...

CLIMATE NORMAL PERIOD 1981 TO 2010
CLIMATE RECORD PERIOD 1948 TO 2017


WEATHER ITEM   OBSERVED TIME   RECORD YEAR NORMAL DEPARTURE LAST
                VALUE   (LST)  VALUE       VALUE  FROM      YEAR
                                                  NORMAL
..................................................................
TEMPERATURE (F)
 YESTERDAY
  MAXIMUM         63   1153 AM  84    1965  65     -2       67
  MINIMUM         47    212 AM  33    1956  42      5       44
  AVERAGE         55                        54      1       56

PRECIPITATION (IN)
  YESTERDAY        0.20          2.30 1993   0.16   0.04     0.00
  MONTH TO DATE    5.68                      2.41   3.27     0.31
  SINCE OCT 1     18.59                      9.88   8.71     3.50
  SINCE JAN 1     13.93                      5.88   8.05     2.94

SNOWFALL (IN)
  YESTERDAY       MM
  MONTH TO DATE    0.0
  SINCE DEC 1      0.0
  SINCE JUL 1      0.0

DEGREE DAYS
 HEATING
  YESTERDAY       10                        11     -1        9
  MONTH TO DATE  127                       219    -92       87
  SINCE DEC 1    713                       906   -193      635
  SINCE JUL 1    876                      1238   -362      780

 COOLING
  YESTERDAY        0                         0      0        0
  MONTH TO DATE    0                         0      0       53
  SINCE DEC 1      6                         9     -3       57
  SINCE JAN 1      1                         7     -6       53
..................................................................


WIND (MPH)
  HIGHEST WIND SPEED    13   HIGHEST WIND DIRECTION    SW (230)
  HIGHEST GUST SPEED    17   HIGHEST GUST DIRECTION     S (200)
  AVERAGE WIND SPEED     4.6


SKY COVER
  POSSIBLE SUNSHINE  MM
  AVERAGE SKY COVER 0.7


WEATHER CONDITIONS
 THE FOLLOWING WEATHER WAS RECORDED YESTERDAY.
  RAIN
  LIGHT RAIN
  FOG


RELATIVE HUMIDITY (PERCENT)
 HIGHEST   100           200 AM
 LOWEST     67           400 PM
 AVERAGE    84

..........................................................


THE CAMARILLO AIRPORT CA CLIMATE NORMALS FOR TODAY
                         NORMAL    RECORD    YEAR
 MAXIMUM TEMPERATURE (F)   65        88      1995
 MINIMUM TEMPERATURE (F)   42        30      1955


SUNRISE AND SUNSET
FEBRUARY 20 2017......SUNRISE   635 AM PST   SUNSET   545 PM PST
FEBRUARY 21 2017......SUNRISE   634 AM PST   SUNSET   546 PM PST


-  INDICATES NEGATIVE NUMBERS.
R  INDICATES RECORD WAS SET OR TIED.
MM INDICATES DATA IS MISSING.
T  INDICATES TRACE AMOUNT.




$$
