000
CDUS46 KLOX 250130
CLICMA


CLIMATE REPORT
NATIONAL WEATHER SERVICE LOS ANGELES/OXNARD CA
630 PM PDT MON JUL 24 2017


...................................

...THE CAMARILLO CLIMATE SUMMARY FOR JULY 24 2017...
VALID TODAY AS OF 0600 PM LOCAL TIME.

CLIMATE NORMAL PERIOD 1981 TO 2010
CLIMATE RECORD PERIOD 1923 TO 2017


WEATHER ITEM   OBSERVED TIME   RECORD YEAR NORMAL DEPARTURE LAST
                VALUE   (LST)  VALUE       VALUE  FROM      YEAR
                                                  NORMAL
..................................................................
TEMPERATURE (F)
 TODAY
  MAXIMUM         77   1259 PM  87    2014  77      0       82
  MINIMUM         64    132 AM  45    1930  58      6       62
                                      1924
  AVERAGE         71                        67      4       72

PRECIPITATION (IN)
  TODAY            0.00          T    1956   0.00   0.00     0.00
                                      1955
                                      1953
  MONTH TO DATE    T                         0.02  -0.02     0.00
  SINCE OCT 1     19.44                     15.00   4.44     5.98
  SINCE JAN 1     14.78                     11.00   3.78     5.42

SNOWFALL (IN)
  TODAY            0.0
  MONTH TO DATE    0.0
  SINCE JUN 1      0.0
  SINCE JUL 1      0.0

DEGREE DAYS
 HEATING
  TODAY            0                         0      0        0
  MONTH TO DATE    1                         1      0        0
  SINCE JUN 1     20                        44    -24       17
  SINCE JUL 1      1                         1      0        0

 COOLING
  TODAY            6                         3      3        7
  MONTH TO DATE  140                        55     85      116
  SINCE JUN 1    198                        78    120      185
  SINCE JAN 1    239                       109    130      256
..................................................................


WIND (MPH)
  HIGHEST WIND SPEED    14   HIGHEST WIND DIRECTION    SW (230)
  HIGHEST GUST SPEED    18   HIGHEST GUST DIRECTION    SW (210)
  AVERAGE WIND SPEED     6.5


SKY COVER
  POSSIBLE SUNSHINE  MM
  AVERAGE SKY COVER 0.3


WEATHER CONDITIONS
 THE FOLLOWING WEATHER WAS RECORDED TODAY.
  NO SIGNIFICANT WEATHER WAS OBSERVED.


RELATIVE HUMIDITY (PERCENT)
 HIGHEST    87          1200 AM
 LOWEST     64          1200 PM
 AVERAGE    76

..........................................................


THE CAMARILLO CLIMATE NORMALS FOR TOMORROW
                         NORMAL    RECORD    YEAR
 MAXIMUM TEMPERATURE (F)   77        87      1959
 MINIMUM TEMPERATURE (F)   58        45      1925


SUNRISE AND SUNSET
JULY 24 2017..........SUNRISE   602 AM PDT   SUNSET   803 PM PDT
JULY 25 2017..........SUNRISE   603 AM PDT   SUNSET   803 PM PDT


-  INDICATES NEGATIVE NUMBERS.
R  INDICATES RECORD WAS SET OR TIED.
MM INDICATES DATA IS MISSING.
T  INDICATES TRACE AMOUNT.




$$
