620
CDUS46 KLOX 240901
CLICMA


CLIMATE REPORT
NATIONAL WEATHER SERVICE LOS ANGELES/OXNARD CA
201 AM PDT MON APR 24 2017


...................................

...THE CAMARILLO AIRPORT CA CLIMATE SUMMARY FOR APRIL 23 2017...

CLIMATE NORMAL PERIOD 1981 TO 2010
CLIMATE RECORD PERIOD 1948 TO 2017


WEATHER ITEM   OBSERVED TIME   RECORD YEAR NORMAL DEPARTURE LAST
                VALUE   (LST)  VALUE       VALUE  FROM      YEAR
                                                  NORMAL
..................................................................
TEMPERATURE (F)
 YESTERDAY
  MAXIMUM         72    219 PM  88    2004  70      2       74
  MINIMUM         53    509 AM  39    1961  48      5       50
  AVERAGE         63                        59      4       62

PRECIPITATION (IN)
  YESTERDAY        0.00          0.17 1988   0.04  -0.04     0.00
  MONTH TO DATE    0.13                      0.57  -0.44     0.57
  SINCE OCT 1     19.36                     14.40   4.96     5.98
  SINCE JAN 1     14.70                     10.40   4.30     5.42

SNOWFALL (IN)
  YESTERDAY        0.0
  MONTH TO DATE    0.0
  SINCE MAR 1      0.0
  SINCE JUL 1      0.0

DEGREE DAYS
 HEATING
  YESTERDAY        2                         6     -4        3
  MONTH TO DATE   91                       165    -74       60
  SINCE MAR 1    253                       442   -189      248
  SINCE JUL 1   1241                      1778   -537     1065

 COOLING
  YESTERDAY        0                         0      0        0
  MONTH TO DATE   10                         0     10       12
  SINCE MAR 1     14                         4     10       13
  SINCE JAN 1     15                        13      2       71
..................................................................


WIND (MPH)
  HIGHEST WIND SPEED    17   HIGHEST WIND DIRECTION    SW (240)
  HIGHEST GUST SPEED    21   HIGHEST GUST DIRECTION     W (250)
  AVERAGE WIND SPEED     6.0


SKY COVER
  POSSIBLE SUNSHINE  MM
  AVERAGE SKY COVER 0.0


WEATHER CONDITIONS
 THE FOLLOWING WEATHER WAS RECORDED YESTERDAY.
  FOG
  HAZE


RELATIVE HUMIDITY (PERCENT)
 HIGHEST    93           600 AM
 LOWEST     49          1200 PM
 AVERAGE    71

..........................................................


THE CAMARILLO AIRPORT CA CLIMATE NORMALS FOR TODAY
                         NORMAL    RECORD    YEAR
 MAXIMUM TEMPERATURE (F)   70        94      2001
 MINIMUM TEMPERATURE (F)   48        35      1964


SUNRISE AND SUNSET
APRIL 24 2017.........SUNRISE   614 AM PDT   SUNSET   735 PM PDT
APRIL 25 2017.........SUNRISE   613 AM PDT   SUNSET   736 PM PDT


-  INDICATES NEGATIVE NUMBERS.
R  INDICATES RECORD WAS SET OR TIED.
MM INDICATES DATA IS MISSING.
T  INDICATES TRACE AMOUNT.




$$
