000
CDUS46 KLOX 190112
CLICMA


CLIMATE REPORT
NATIONAL WEATHER SERVICE LOS ANGELES/OXNARD CA
612 PM PDT FRI APR 18 2014


...................................

...THE CAMARILLO CLIMATE SUMMARY FOR APRIL 18 2014...
VALID TODAY AS OF 0600 PM LOCAL TIME.

CLIMATE NORMAL PERIOD 1981 TO 2010
CLIMATE RECORD PERIOD 1948 TO 2014


WEATHER ITEM   OBSERVED TIME   RECORD YEAR NORMAL DEPARTURE LAST
                VALUE   (LST)  VALUE       VALUE  FROM      YEAR
                                                  NORMAL
..................................................................
TEMPERATURE (F)
 TODAY
  MAXIMUM         71   1149 AM  82    2013  69      2       82
                                      1999
  MINIMUM         57    406 AM  38    1968  48      9       50
  AVERAGE         64                        58      6       66

PRECIPITATION (IN)
  TODAY            0.00          0.96 1983   0.03  -0.03     0.00
  MONTH TO DATE    0.05                      0.39  -0.34     0.00
  SINCE JUL 1      5.00                     14.46  -9.46     4.78
  SINCE JAN 1      4.18                     10.22  -6.04     2.07

SNOWFALL (IN)
  TODAY            0.0
  MONTH TO DATE    0.0
  SINCE MAR 1      0.0
  SINCE JUL 1      0.0

DEGREE DAYS
 HEATING
  TODAY            1                         7     -6        0
  MONTH TO DATE  105                       131    -26       65
  SINCE MAR 1    256                       408   -152      267
  SINCE JUL 1   1209                      1744   -535     1407

 COOLING
  TODAY            0                         0      0        1
  MONTH TO DATE    2                         0      2        1
  SINCE MAR 1     14                         4     10        5
  SINCE JAN 1     42                        13     29       25
..................................................................


WIND (MPH)
  HIGHEST WIND SPEED    14   HIGHEST WIND DIRECTION     W (250)
  HIGHEST GUST SPEED    20   HIGHEST GUST DIRECTION    SW (220)
  AVERAGE WIND SPEED     6.9


SKY COVER
  POSSIBLE SUNSHINE  MM
  AVERAGE SKY COVER 0.7


WEATHER CONDITIONS
 THE FOLLOWING WEATHER WAS RECORDED TODAY.
  FOG


RELATIVE HUMIDITY (PERCENT)
 HIGHEST    86           300 AM
 LOWEST     53           100 PM
 AVERAGE    70

..........................................................


THE CAMARILLO CLIMATE NORMALS FOR TOMORROW
                         NORMAL    RECORD    YEAR
 MAXIMUM TEMPERATURE (F)   69        96      2009
 MINIMUM TEMPERATURE (F)   48        37      1967


SUNRISE AND SUNSET
APRIL 18 2014.........SUNRISE   621 AM PDT   SUNSET   730 PM PDT
APRIL 19 2014.........SUNRISE   620 AM PDT   SUNSET   731 PM PDT


-  INDICATES NEGATIVE NUMBERS.
R  INDICATES RECORD WAS SET OR TIED.
MM INDICATES DATA IS MISSING.
T  INDICATES TRACE AMOUNT.




$$
