000
CDUS46 KLOX 260902
CLICMA


CLIMATE REPORT
NATIONAL WEATHER SERVICE LOS ANGELES/OXNARD CA
201 AM PDT TUE SEP 26 2017


...................................

...THE CAMARILLO AIRPORT CA CLIMATE SUMMARY FOR SEPTEMBER 25 2017...

CLIMATE NORMAL PERIOD 1981 TO 2010
CLIMATE RECORD PERIOD 1923 TO 2017


WEATHER ITEM   OBSERVED TIME   RECORD YEAR NORMAL DEPARTURE LAST
                VALUE   (LST)  VALUE       VALUE  FROM      YEAR
                                                  NORMAL
..................................................................
TEMPERATURE (F)
 YESTERDAY
  MAXIMUM         92   1155 AM 104    2016  76     16      104
  MINIMUM         55    347 AM  43    1934  56     -1       57
                                      1924
  AVERAGE         74                        66      8       81

PRECIPITATION (IN)
  YESTERDAY        0.00          1.67 1939   0.01  -0.01     0.00
  MONTH TO DATE    0.02                      0.13  -0.11      T
  SINCE OCT 1     19.46                     15.17   4.29     5.98
  SINCE JAN 1     14.80                     11.17   3.63     5.42

SNOWFALL (IN)
  YESTERDAY        0.0
  MONTH TO DATE    0.0
  SINCE SEP 1      0.0
  SINCE JUL 1      0.0

DEGREE DAYS
 HEATING
  YESTERDAY        0                         1     -1        0
  MONTH TO DATE    4                         7     -3        4
  SINCE SEP 1      4                         7     -3        4
  SINCE JUL 1      5                        22    -17        4

 COOLING
  YESTERDAY        9                         2      7       16
  MONTH TO DATE  176                        63    113       89
  SINCE SEP 1    176                        63    113       89
  SINCE JAN 1    672                       275    397      554
..................................................................


WIND (MPH)
  HIGHEST WIND SPEED    22   HIGHEST WIND DIRECTION     W (260)
  HIGHEST GUST SPEED    29   HIGHEST GUST DIRECTION    NE (50)
  AVERAGE WIND SPEED     7.0


SKY COVER
  POSSIBLE SUNSHINE  MM
  AVERAGE SKY COVER 0.0


WEATHER CONDITIONS
 THE FOLLOWING WEATHER WAS RECORDED YESTERDAY.
  NO SIGNIFICANT WEATHER WAS OBSERVED.


RELATIVE HUMIDITY (PERCENT)
 HIGHEST    78           800 PM
 LOWEST      9          1100 AM
 AVERAGE    44

..........................................................


THE CAMARILLO AIRPORT CA CLIMATE NORMALS FOR TODAY
                         NORMAL    RECORD    YEAR
 MAXIMUM TEMPERATURE (F)   76       104      2016
 MINIMUM TEMPERATURE (F)   56        42      1924


SUNRISE AND SUNSET
SEPTEMBER 26 2017.....SUNRISE   647 AM PDT   SUNSET   647 PM PDT
SEPTEMBER 27 2017.....SUNRISE   648 AM PDT   SUNSET   646 PM PDT


-  INDICATES NEGATIVE NUMBERS.
R  INDICATES RECORD WAS SET OR TIED.
MM INDICATES DATA IS MISSING.
T  INDICATES TRACE AMOUNT.




$$
