000
CDUS41 KILN 200534
CLICMH


CLIMATE REPORT
NATIONAL WEATHER SERVICE WILMINGTON OH
134 AM EDT SUN APR 20 2014


...................................

...THE COLUMBUS OH CLIMATE SUMMARY FOR APRIL 19 2014...

CLIMATE NORMAL PERIOD 1981 TO 2010
CLIMATE RECORD PERIOD 1869 TO 2014


WEATHER ITEM   OBSERVED TIME   RECORD YEAR NORMAL DEPARTURE LAST
                VALUE   (LST)  VALUE       VALUE  FROM      YEAR
                                                  NORMAL
..................................................................
TEMPERATURE (F)
 YESTERDAY
  MAXIMUM         67    406 PM  85    2002  65      2       74
                                      1958
  MINIMUM         47    621 AM  21    1953  44      3       41
  AVERAGE         57                        54      3       58

PRECIPITATION (IN)
  YESTERDAY        0.00          2.30 1940   0.12  -0.12     0.37
  MONTH TO DATE    2.68                      2.15   0.53     2.20
  SINCE MAR 1      5.27                      5.17   0.10     5.32
  SINCE JAN 1     10.06                     10.15  -0.09     9.39

SNOWFALL (IN)
  YESTERDAY        0.0           0.5  1969   0.0    0.0      0.0
  MONTH TO DATE    0.9                       1.0   -0.1       T
  SINCE MAR 1      5.4                       5.2    0.2     12.2
  SINCE JUL 1     56.4                      26.6   29.8     41.2
  SNOW DEPTH       0

DEGREE DAYS
 HEATING
  YESTERDAY        8                        11     -3        7
  MONTH TO DATE  219                       268    -49      214
  SINCE MAR 1   1056                       984     72     1065
  SINCE JUL 1   5440                      4979    461     4923

 COOLING
  YESTERDAY        0                         1     -1        0
  MONTH TO DATE    6                         1      5       23
  SINCE MAR 1      6                         1      5       23
  SINCE JAN 1      6                         1      5       23
..................................................................


WIND (MPH)
  RESULTANT WIND SPEED   7   RESULTANT WIND DIRECTION  NE (40)
  HIGHEST WIND SPEED    18   HIGHEST WIND DIRECTION    NE (30)
  HIGHEST GUST SPEED    23   HIGHEST GUST DIRECTION    NE (30)
  AVERAGE WIND SPEED     8.0


SKY COVER
  POSSIBLE SUNSHINE  MM
  AVERAGE SKY COVER 0.2


WEATHER CONDITIONS
 THE FOLLOWING WEATHER WAS RECORDED YESTERDAY.
  NO SIGNIFICANT WEATHER WAS OBSERVED.


RELATIVE HUMIDITY (PERCENT)
 HIGHEST    71           500 AM
 LOWEST     25           700 PM
 AVERAGE    48

..........................................................


THE COLUMBUS OH CLIMATE NORMALS FOR TODAY
                         NORMAL    RECORD    YEAR
 MAXIMUM TEMPERATURE (F)   65        85      1896
 MINIMUM TEMPERATURE (F)   44        22      1904


SUNRISE AND SUNSET
APRIL 20 2014.........SUNRISE   646 AM EDT   SUNSET   815 PM EDT
APRIL 21 2014.........SUNRISE   645 AM EDT   SUNSET   816 PM EDT


-  INDICATES NEGATIVE NUMBERS.
R  INDICATES RECORD WAS SET OR TIED.
MM INDICATES DATA IS MISSING.
T  INDICATES TRACE AMOUNT.




$$
