551
CDUS41 KILN 180553
CLICMH


CLIMATE REPORT
NATIONAL WEATHER SERVICE WILMINGTON OH
1252 AM EST WED JAN 18 2017


...................................

...THE COLUMBUS OH CLIMATE SUMMARY FOR JANUARY 17 2017...

CLIMATE NORMAL PERIOD 1981 TO 2010
CLIMATE RECORD PERIOD 1869 TO 2017


WEATHER ITEM   OBSERVED TIME   RECORD YEAR NORMAL DEPARTURE LAST
                VALUE   (LST)  VALUE       VALUE  FROM      YEAR
                                                  NORMAL
..................................................................
TEMPERATURE (F)
 YESTERDAY
  MAXIMUM         64R  1252 PM  62    1952  36     28       30
  MINIMUM         47   1159 PM -19    1977  22     25        7
  AVERAGE         56                        29     27       19

PRECIPITATION (IN)
  YESTERDAY        0.10          1.30 1953   0.09   0.01     0.03
  MONTH TO DATE    1.82                      1.55   0.27     1.01
  SINCE DEC 1      4.91                      4.52   0.39     5.89
  SINCE JAN 1      1.82                      1.55   0.27     1.01

SNOWFALL (IN)
  YESTERDAY        0.0           6.6  1994   0.3   -0.3      0.5
  MONTH TO DATE    0.9                       5.0   -4.1      3.9
  SINCE DEC 1      6.3                      10.0   -3.7      3.9
  SINCE JUL 1      6.3                      11.1   -4.8      3.9
  SNOW DEPTH       0

DEGREE DAYS
 HEATING
  YESTERDAY        9                        36    -27       46
  MONTH TO DATE  516                       605    -89      606
  SINCE DEC 1   1517                      1582    -65     1230
  SINCE JUL 1   2283                      2596   -313     2035

 COOLING
  YESTERDAY        0                         0      0        0
  MONTH TO DATE    0                         0      0        0
  SINCE DEC 1      0                         0      0        0
  SINCE JAN 1      0                         0      0        0
..................................................................


WIND (MPH)
  RESULTANT WIND SPEED  10   RESULTANT WIND DIRECTION  SW (240)
  HIGHEST WIND SPEED    23   HIGHEST WIND DIRECTION     W (280)
  HIGHEST GUST SPEED    29   HIGHEST GUST DIRECTION     W (270)
  AVERAGE WIND SPEED    13.3


SKY COVER
  POSSIBLE SUNSHINE  MM
  AVERAGE SKY COVER 0.9


WEATHER CONDITIONS
 THE FOLLOWING WEATHER WAS RECORDED YESTERDAY.
  RAIN
  LIGHT RAIN
  FOG


RELATIVE HUMIDITY (PERCENT)
 HIGHEST   100           100 AM
 LOWEST     64           300 PM
 AVERAGE    82

..........................................................


THE COLUMBUS OH CLIMATE NORMALS FOR TODAY
                         NORMAL    RECORD    YEAR
 MAXIMUM TEMPERATURE (F)   36        68      1996
 MINIMUM TEMPERATURE (F)   22       -17      1994


SUNRISE AND SUNSET
JANUARY 18 2017.......SUNRISE   750 AM EST   SUNSET   534 PM EST
JANUARY 19 2017.......SUNRISE   749 AM EST   SUNSET   536 PM EST


-  INDICATES NEGATIVE NUMBERS.
R  INDICATES RECORD WAS SET OR TIED.
MM INDICATES DATA IS MISSING.
T  INDICATES TRACE AMOUNT.




$$
