000
CDUS41 KILN 060607
CLICMH


CLIMATE REPORT
NATIONAL WEATHER SERVICE WILMINGTON OH
106 AM EST TUE DEC 6 2016


...................................

...THE COLUMBUS OH CLIMATE SUMMARY FOR DECEMBER 5 2016...

CLIMATE NORMAL PERIOD 1981 TO 2010
CLIMATE RECORD PERIOD 1869 TO 2016


WEATHER ITEM   OBSERVED TIME   RECORD YEAR NORMAL DEPARTURE LAST
                VALUE   (LST)  VALUE       VALUE  FROM      YEAR
                                                  NORMAL
..................................................................
TEMPERATURE (F)
 YESTERDAY
  MAXIMUM         42    207 AM  70    2001  43     -1       45
  MINIMUM         31    943 PM   8    1976  30      1       27
  AVERAGE         37                        37      0       36

PRECIPITATION (IN)
  YESTERDAY        0.00          1.95 2011   0.10  -0.10     0.00
  MONTH TO DATE    0.20                      0.48  -0.28     0.24
  SINCE DEC 1      0.20                      0.48  -0.28     0.24
  SINCE JAN 1     34.89                     36.82  -1.93    40.36

SNOWFALL (IN)
  YESTERDAY        0.0           5.7  1984   0.1   -0.1      0.0
  MONTH TO DATE    0.0                       0.5   -0.5       T
  SINCE DEC 1      0.0                       0.5   -0.5       T
  SINCE JUL 1      T                         1.6   -1.6       T
  SNOW DEPTH       0

DEGREE DAYS
 HEATING
  YESTERDAY       28                        28      0       29
  MONTH TO DATE  138                       138      0      128
  SINCE DEC 1    138                       138      0      128
  SINCE JUL 1    904                      1152   -248      933

 COOLING
  YESTERDAY        0                         0      0        0
  MONTH TO DATE    0                         0      0        0
  SINCE DEC 1      0                         0      0        0
  SINCE JAN 1   1327                      1024    303     1028
..................................................................


WIND (MPH)
  RESULTANT WIND SPEED   4   RESULTANT WIND DIRECTION   W (270)
  HIGHEST WIND SPEED    23   HIGHEST WIND DIRECTION     W (270)
  HIGHEST GUST SPEED    29   HIGHEST GUST DIRECTION     W (280)
  AVERAGE WIND SPEED     7.6


SKY COVER
  POSSIBLE SUNSHINE  MM
  AVERAGE SKY COVER 0.9


WEATHER CONDITIONS
 THE FOLLOWING WEATHER WAS RECORDED YESTERDAY.
  FOG


RELATIVE HUMIDITY (PERCENT)
 HIGHEST   100          1200 AM
 LOWEST     70           300 PM
 AVERAGE    85

..........................................................


THE COLUMBUS OH CLIMATE NORMALS FOR TODAY
                         NORMAL    RECORD    YEAR
 MAXIMUM TEMPERATURE (F)   43        73      1998
 MINIMUM TEMPERATURE (F)   29         3      1977


SUNRISE AND SUNSET
DECEMBER  6 2016......SUNRISE   739 AM EST   SUNSET   506 PM EST
DECEMBER  7 2016......SUNRISE   740 AM EST   SUNSET   506 PM EST


-  INDICATES NEGATIVE NUMBERS.
R  INDICATES RECORD WAS SET OR TIED.
MM INDICATES DATA IS MISSING.
T  INDICATES TRACE AMOUNT.




$$
