000
CDUS41 KILN 260543
CLICMH


CLIMATE REPORT
NATIONAL WEATHER SERVICE WILMINGTON OH
143 AM EDT FRI MAY 26 2017


...................................

...THE COLUMBUS OH CLIMATE SUMMARY FOR MAY 25 2017...

CLIMATE NORMAL PERIOD 1981 TO 2010
CLIMATE RECORD PERIOD 1869 TO 2017


WEATHER ITEM   OBSERVED TIME   RECORD YEAR NORMAL DEPARTURE LAST
                VALUE   (LST)  VALUE       VALUE  FROM      YEAR
                                                  NORMAL
..................................................................
TEMPERATURE (F)
 YESTERDAY
  MAXIMUM         69    323 PM  93    1975  75     -6       80
  MINIMUM         58    803 AM  33    1925  55      3       53
  AVERAGE         64                        65     -1       67

PRECIPITATION (IN)
  YESTERDAY        0.36          1.72 1944   0.14   0.22      T
  MONTH TO DATE    4.72                      3.29   1.43     2.14
  SINCE MAR 1     12.70                      9.71   2.99     8.72
  SINCE JAN 1     18.16                     14.69   3.47    13.13

SNOWFALL (IN)
  YESTERDAY        0.0           0.0    MM   0.0    0.0      0.0
  MONTH TO DATE    0.0                       0.0    0.0      0.0
  SINCE MAR 1      1.7                       5.3   -3.6      2.6
  SINCE JUL 1      9.3                      26.7  -17.4     17.1
  SNOW DEPTH       0

DEGREE DAYS
 HEATING
  YESTERDAY        1                         3     -2        0
  MONTH TO DATE  135                       130      5      202
  SINCE MAR 1   1002                      1217   -215     1106
  SINCE JUL 1   4271                      5212   -941     4547

 COOLING
  YESTERDAY        0                         3     -3        2
  MONTH TO DATE   47                        47      0        5
  SINCE MAR 1     91                        59     32        6
  SINCE JAN 1     95                        59     36        6
..................................................................


WIND (MPH)
  RESULTANT WIND SPEED   5   RESULTANT WIND DIRECTION   S (200)
  HIGHEST WIND SPEED    21   HIGHEST WIND DIRECTION    NW (310)
  HIGHEST GUST SPEED    25   HIGHEST GUST DIRECTION    NW (320)
  AVERAGE WIND SPEED     9.6


SKY COVER
  POSSIBLE SUNSHINE  MM
  AVERAGE SKY COVER 1.0


WEATHER CONDITIONS
 THE FOLLOWING WEATHER WAS RECORDED YESTERDAY.
  HEAVY RAIN
  RAIN
  LIGHT RAIN
  FOG


RELATIVE HUMIDITY (PERCENT)
 HIGHEST   100           800 AM
 LOWEST     73           100 PM
 AVERAGE    87

..........................................................


THE COLUMBUS OH CLIMATE NORMALS FOR TODAY
                         NORMAL    RECORD    YEAR
 MAXIMUM TEMPERATURE (F)   76        94      1911
 MINIMUM TEMPERATURE (F)   55        37      1969


SUNRISE AND SUNSET
MAY 26 2017...........SUNRISE   608 AM EDT   SUNSET   850 PM EDT
MAY 27 2017...........SUNRISE   607 AM EDT   SUNSET   851 PM EDT


-  INDICATES NEGATIVE NUMBERS.
R  INDICATES RECORD WAS SET OR TIED.
MM INDICATES DATA IS MISSING.
T  INDICATES TRACE AMOUNT.




$$
