000
CDUS41 KILN 202058
CLICMH


CLIMATE REPORT
NATIONAL WEATHER SERVICE WILMINGTON OH
457 PM EDT WED SEP 20 2017


...................................

...THE COLUMBUS OH CLIMATE SUMMARY FOR SEPTEMBER 20 2017...
VALID TODAY AS OF 0400 PM LOCAL TIME.

CLIMATE NORMAL PERIOD 1981 TO 2010
CLIMATE RECORD PERIOD 1869 TO 2017


WEATHER ITEM   OBSERVED TIME   RECORD YEAR NORMAL DEPARTURE LAST
                VALUE   (LST)  VALUE       VALUE  FROM      YEAR
                                                  NORMAL
..................................................................
TEMPERATURE (F)
 TODAY
  MAXIMUM         86    205 PM  97    1895  75     11       88
  MINIMUM         69    654 AM  37    1956  55     14       59
  AVERAGE         78                        65     13       74

PRECIPITATION (IN)
  TODAY            T             0.92 2000   0.09  -0.09     0.00
  MONTH TO DATE    2.58                      1.93   0.65     2.11
  SINCE SEP 1      2.58                      1.93   0.65     2.11
  SINCE JAN 1     36.61                     29.62   6.99    29.37

SNOWFALL (IN)
  TODAY            0.0          MM      MM   0.0    0.0      0.0
  MONTH TO DATE    0.0                       0.0    0.0      0.0
  SINCE SEP 1      0.0                       0.0    0.0      0.0
  SINCE JUL 1      0.0                       0.0    0.0      0.0
  SNOW DEPTH       0

DEGREE DAYS
 HEATING
  TODAY            0                         3     -3        0
  MONTH TO DATE   42                        26     16        0
  SINCE SEP 1     42                        26     16        0
  SINCE JUL 1     42                        26     16        0

 COOLING
  TODAY           13                         3     10        9
  MONTH TO DATE   55                       100    -45      147
  SINCE SEP 1     55                       100    -45      147
  SINCE JAN 1    964                       989    -25     1240
..................................................................


WIND (MPH)
  HIGHEST WIND SPEED     7   HIGHEST WIND DIRECTION     W (270)
  HIGHEST GUST SPEED    14   HIGHEST GUST DIRECTION     W (290)
  AVERAGE WIND SPEED     1.4


SKY COVER
  POSSIBLE SUNSHINE  MM
  AVERAGE SKY COVER 0.7


WEATHER CONDITIONS
 THE FOLLOWING WEATHER WAS RECORDED TODAY.
  LIGHT RAIN
  FOG


RELATIVE HUMIDITY (PERCENT)
 HIGHEST    97           100 AM
 LOWEST     51           200 PM
 AVERAGE    74

..........................................................


THE COLUMBUS OH CLIMATE NORMALS FOR TOMORROW
                         NORMAL    RECORD    YEAR
 MAXIMUM TEMPERATURE (F)   75        96      1895
 MINIMUM TEMPERATURE (F)   54        31      1962


SUNRISE AND SUNSET
SEPTEMBER 20 2017.....SUNRISE   717 AM EDT   SUNSET   731 PM EDT
SEPTEMBER 21 2017.....SUNRISE   718 AM EDT   SUNSET   730 PM EDT


-  INDICATES NEGATIVE NUMBERS.
R  INDICATES RECORD WAS SET OR TIED.
MM INDICATES DATA IS MISSING.
T  INDICATES TRACE AMOUNT.




$$
