000
CDUS41 KILN 182051
CLICMH


CLIMATE REPORT
NATIONAL WEATHER SERVICE WILMINGTON OH
451 PM EDT THU SEP 18 2014


...................................

...THE COLUMBUS OH CLIMATE SUMMARY FOR SEPTEMBER 18 2014...
VALID TODAY AS OF 0400 PM LOCAL TIME.

CLIMATE NORMAL PERIOD 1981 TO 2010
CLIMATE RECORD PERIOD 1869 TO 2014


WEATHER ITEM   OBSERVED TIME   RECORD YEAR NORMAL DEPARTURE LAST
                VALUE   (LST)  VALUE       VALUE  FROM      YEAR
                                                  NORMAL
..................................................................
TEMPERATURE (F)
 TODAY
  MAXIMUM         75    305 PM  95    1955  76     -1       77
                                      1895
  MINIMUM         50    348 AM  34    1959  56     -6       59
  AVERAGE         63                        66     -3       68

PRECIPITATION (IN)
  TODAY            0.00          1.20 1975   0.09  -0.09     0.00
  MONTH TO DATE    0.61                      1.75  -1.14     0.96
  SINCE SEP 1      0.61                      1.75  -1.14     0.96
  SINCE JAN 1     31.12                     29.44   1.68    27.60

SNOWFALL (IN)
  TODAY            0.0          MM      MM   0.0    0.0      0.0
  MONTH TO DATE    0.0                       0.0    0.0      0.0
  SINCE SEP 1      0.0                       0.0    0.0      0.0
  SINCE JUL 1      0.0                       0.0    0.0      0.0
  SNOW DEPTH       0

DEGREE DAYS
 HEATING
  TODAY            2                         2      0        0
  MONTH TO DATE   29                        20      9       22
  SINCE SEP 1     29                        20      9       22
  SINCE JUL 1     29                        20      9       26

 COOLING
  TODAY            0                         3     -3        3
  MONTH TO DATE  107                        94     13      109
  SINCE SEP 1    107                        94     13      109
  SINCE JAN 1   1129                       983    146     1110
..................................................................


WIND (MPH)
  HIGHEST WIND SPEED    15   HIGHEST WIND DIRECTION    NE (50)
  HIGHEST GUST SPEED    20   HIGHEST GUST DIRECTION    NE (50)
  AVERAGE WIND SPEED     4.3


SKY COVER
  POSSIBLE SUNSHINE  MM
  AVERAGE SKY COVER 0.3


WEATHER CONDITIONS
 THE FOLLOWING WEATHER WAS RECORDED TODAY.
  FOG
  HAZE


RELATIVE HUMIDITY (PERCENT)
 HIGHEST    83          1200 AM
 LOWEST     33           200 PM
 AVERAGE    58

..........................................................


THE COLUMBUS OH CLIMATE NORMALS FOR TOMORROW
                         NORMAL    RECORD    YEAR
 MAXIMUM TEMPERATURE (F)   76        97      1895
 MINIMUM TEMPERATURE (F)   55        40      1929
                                             1916
                                             1901


SUNRISE AND SUNSET
SEPTEMBER 18 2014.....SUNRISE   715 AM EDT   SUNSET   735 PM EDT
SEPTEMBER 19 2014.....SUNRISE   716 AM EDT   SUNSET   734 PM EDT


-  INDICATES NEGATIVE NUMBERS.
R  INDICATES RECORD WAS SET OR TIED.
MM INDICATES DATA IS MISSING.
T  INDICATES TRACE AMOUNT.




$$
