000
CDUS41 KILN 020556
CLICMH


CLIMATE REPORT
NATIONAL WEATHER SERVICE WILMINGTON OH
1255 AM EST MON MAR 2 2015


...................................

...THE COLUMBUS OH CLIMATE SUMMARY FOR MARCH 1 2015...

CLIMATE NORMAL PERIOD 1981 TO 2010
CLIMATE RECORD PERIOD 1869 TO 2015


WEATHER ITEM   OBSERVED TIME   RECORD YEAR NORMAL DEPARTURE LAST
                VALUE   (LST)  VALUE       VALUE  FROM      YEAR
                                                  NORMAL
..................................................................
TEMPERATURE (F)
 YESTERDAY
  MAXIMUM         33    926 PM  65    1997  45    -12       49
                                      1972
  MINIMUM         22    210 AM  -2    1967  28     -6       26
  AVERAGE         28                        37     -9       38

PRECIPITATION (IN)
  YESTERDAY        0.32          1.10 2007   0.08   0.24     0.00
  MONTH TO DATE    0.32                      0.08   0.24     0.00
  SINCE MAR 1      0.32                      0.08   0.24     0.00
  SINCE JAN 1      4.89                      5.06  -0.17     4.79

SNOWFALL (IN)
  YESTERDAY        3.6 R         3.5  1954   0.2    3.4      0.0
  MONTH TO DATE    3.6                       0.2    3.4      0.0
  SINCE MAR 1      3.6                       0.2    3.4      0.0
  SINCE JUL 1     31.6                      21.6   10.0     51.0
  SNOW DEPTH       6

DEGREE DAYS
 HEATING
  YESTERDAY       37                        28      9       27
  MONTH TO DATE   37                        28      9       27
  SINCE MAR 1     37                        28      9       27
  SINCE JUL 1   4591                      4023    568     4411

 COOLING
  YESTERDAY        0                         0      0        0
  MONTH TO DATE    0                         0      0        0
  SINCE MAR 1      0                         0      0        0
  SINCE JAN 1      0                         0      0        0
..................................................................


WIND (MPH)
  RESULTANT WIND SPEED   1   RESULTANT WIND DIRECTION  SW (210)
  HIGHEST WIND SPEED    16   HIGHEST WIND DIRECTION    NW (300)
  HIGHEST GUST SPEED    20   HIGHEST GUST DIRECTION    NW (300)
  AVERAGE WIND SPEED     3.9


SKY COVER
  POSSIBLE SUNSHINE  MM
  AVERAGE SKY COVER 1.0


WEATHER CONDITIONS
 THE FOLLOWING WEATHER WAS RECORDED YESTERDAY.
  LIGHT RAIN
  LIGHT SNOW
  FOG


RELATIVE HUMIDITY (PERCENT)
 HIGHEST   100           900 PM
 LOWEST     84           800 AM
 AVERAGE    92

..........................................................


THE COLUMBUS OH CLIMATE NORMALS FOR TODAY
                         NORMAL    RECORD    YEAR
 MAXIMUM TEMPERATURE (F)   45        73      1992
 MINIMUM TEMPERATURE (F)   28         0      1980


SUNRISE AND SUNSET
MARCH  2 2015.........SUNRISE   704 AM EST   SUNSET   624 PM EST
MARCH  3 2015.........SUNRISE   702 AM EST   SUNSET   625 PM EST


-  INDICATES NEGATIVE NUMBERS.
R  INDICATES RECORD WAS SET OR TIED.
MM INDICATES DATA IS MISSING.
T  INDICATES TRACE AMOUNT.




$$
