000
CDUS41 KILN 260538
CLICMH


CLIMATE REPORT
NATIONAL WEATHER SERVICE WILMINGTON OH
138 AM EDT MON SEP 26 2016


...................................

...THE COLUMBUS OH CLIMATE SUMMARY FOR SEPTEMBER 25 2016...

CLIMATE NORMAL PERIOD 1981 TO 2010
CLIMATE RECORD PERIOD 1869 TO 2016


WEATHER ITEM   OBSERVED TIME   RECORD YEAR NORMAL DEPARTURE LAST
                VALUE   (LST)  VALUE       VALUE  FROM      YEAR
                                                  NORMAL
..................................................................
TEMPERATURE (F)
 YESTERDAY
  MAXIMUM         82    438 PM  93    1900  73      9       80
  MINIMUM         55    629 AM  33    1967  53      2       58
                                      1950
  AVERAGE         69                        63      6       69

PRECIPITATION (IN)
  YESTERDAY        0.00          0.91 1994   0.09  -0.09     0.00
  MONTH TO DATE    2.11                      2.40  -0.29     2.02
  SINCE SEP 1      2.11                      2.40  -0.29     2.02
  SINCE JAN 1     29.37                     30.09  -0.72    33.88

SNOWFALL (IN)
  YESTERDAY        0.0          MM      MM   0.0    0.0      0.0
  MONTH TO DATE    0.0                       0.0    0.0      0.0
  SINCE SEP 1      0.0                       0.0    0.0      0.0
  SINCE JUL 1      0.0                       0.0    0.0      0.0
  SNOW DEPTH       0

DEGREE DAYS
 HEATING
  YESTERDAY        0                         4     -4        0
  MONTH TO DATE    0                        44    -44       17
  SINCE SEP 1      0                        44    -44       17
  SINCE JUL 1      0                        44    -44       22

 COOLING
  YESTERDAY        4                         2      2        4
  MONTH TO DATE  188                       112     76      147
  SINCE SEP 1    188                       112     76      147
  SINCE JAN 1   1281                      1001    280     1003
..................................................................


WIND (MPH)
  RESULTANT WIND SPEED   4   RESULTANT WIND DIRECTION   E (80)
  HIGHEST WIND SPEED    10   HIGHEST WIND DIRECTION     E (110)
  HIGHEST GUST SPEED    14   HIGHEST GUST DIRECTION     N (20)
  AVERAGE WIND SPEED     4.0


SKY COVER
  POSSIBLE SUNSHINE  MM
  AVERAGE SKY COVER 0.0


WEATHER CONDITIONS
 THE FOLLOWING WEATHER WAS RECORDED YESTERDAY.
  NO SIGNIFICANT WEATHER WAS OBSERVED.


RELATIVE HUMIDITY (PERCENT)
 HIGHEST    86           300 AM
 LOWEST     30           400 PM
 AVERAGE    58

..........................................................


THE COLUMBUS OH CLIMATE NORMALS FOR TODAY
                         NORMAL    RECORD    YEAR
 MAXIMUM TEMPERATURE (F)   73        92      1998
 MINIMUM TEMPERATURE (F)   52        35      1950
                                             1928


SUNRISE AND SUNSET
SEPTEMBER 26 2016.....SUNRISE   723 AM EDT   SUNSET   721 PM EDT
SEPTEMBER 27 2016.....SUNRISE   724 AM EDT   SUNSET   720 PM EDT


-  INDICATES NEGATIVE NUMBERS.
R  INDICATES RECORD WAS SET OR TIED.
MM INDICATES DATA IS MISSING.
T  INDICATES TRACE AMOUNT.




$$
