944
CDUS41 KILN 260542
CLICMH


CLIMATE REPORT
NATIONAL WEATHER SERVICE WILMINGTON OH
142 AM EDT WED JUL 26 2017


...................................

...THE COLUMBUS OH CLIMATE SUMMARY FOR JULY 25 2017...

CLIMATE NORMAL PERIOD 1981 TO 2010
CLIMATE RECORD PERIOD 1869 TO 2017


WEATHER ITEM   OBSERVED TIME   RECORD YEAR NORMAL DEPARTURE LAST
                VALUE   (LST)  VALUE       VALUE  FROM      YEAR
                                                  NORMAL
..................................................................
TEMPERATURE (F)
 YESTERDAY
  MAXIMUM         79    420 PM 104    1934  85     -6       92
  MINIMUM         58    515 AM  52    1911  66     -8       76
  AVERAGE         69                        75     -6       84

PRECIPITATION (IN)
  YESTERDAY        0.00          1.61 1945   0.16  -0.16     0.00
  MONTH TO DATE    8.16                      3.94   4.22     2.33
  SINCE JUN 1     12.82                      7.95   4.87     7.55
  SINCE JAN 1     31.50                     23.52   7.98    21.28

SNOWFALL (IN)
  YESTERDAY        0.0           0.0    MM   0.0    0.0      0.0
  MONTH TO DATE    0.0                       0.0    0.0      0.0
  SINCE JUN 1      0.0                       0.0    0.0      0.0
  SINCE JUL 1      0.0                       0.0    0.0      0.0
  SNOW DEPTH       0

DEGREE DAYS
 HEATING
  YESTERDAY        0                         0      0        0
  MONTH TO DATE    0                         0      0        0
  SINCE JUN 1      7                        19    -12        4
  SINCE JUL 1      0                         0      0        0

 COOLING
  YESTERDAY        4                        10     -6       19
  MONTH TO DATE  272                       250     22      287
  SINCE JUN 1    502                       466     36      546
  SINCE JAN 1    627                       548     79      611
..................................................................


WIND (MPH)
  RESULTANT WIND SPEED   4   RESULTANT WIND DIRECTION   E (80)
  HIGHEST WIND SPEED    12   HIGHEST WIND DIRECTION     E (90)
  HIGHEST GUST SPEED    21   HIGHEST GUST DIRECTION     N (20)
  AVERAGE WIND SPEED     4.3


SKY COVER
  POSSIBLE SUNSHINE  MM
  AVERAGE SKY COVER 0.4


WEATHER CONDITIONS
 THE FOLLOWING WEATHER WAS RECORDED YESTERDAY.
  NO SIGNIFICANT WEATHER WAS OBSERVED.


RELATIVE HUMIDITY (PERCENT)
 HIGHEST   100           200 AM
 LOWEST     60           200 PM
 AVERAGE    80

..........................................................


THE COLUMBUS OH CLIMATE NORMALS FOR TODAY
                         NORMAL    RECORD    YEAR
 MAXIMUM TEMPERATURE (F)   85       102      1934
 MINIMUM TEMPERATURE (F)   66        52      1911


SUNRISE AND SUNSET
JULY 26 2017..........SUNRISE   625 AM EDT   SUNSET   851 PM EDT
JULY 27 2017..........SUNRISE   626 AM EDT   SUNSET   850 PM EDT


-  INDICATES NEGATIVE NUMBERS.
R  INDICATES RECORD WAS SET OR TIED.
MM INDICATES DATA IS MISSING.
T  INDICATES TRACE AMOUNT.




$$
