000
CDUS41 KILN 252059
CLICMH


CLIMATE REPORT
NATIONAL WEATHER SERVICE WILMINGTON OH
459 PM EDT MON JUL 25 2016


...................................

...THE COLUMBUS OH CLIMATE SUMMARY FOR JULY 25 2016...
VALID TODAY AS OF 0400 PM LOCAL TIME.

CLIMATE NORMAL PERIOD 1981 TO 2010
CLIMATE RECORD PERIOD 1869 TO 2016


WEATHER ITEM   OBSERVED TIME   RECORD YEAR NORMAL DEPARTURE LAST
                VALUE   (LST)  VALUE       VALUE  FROM      YEAR
                                                  NORMAL
..................................................................
TEMPERATURE (F)
 TODAY
  MAXIMUM         92    302 PM 104    1934  85      7       86
  MINIMUM         76    600 AM  52    1911  66     10       64
  AVERAGE         84                        75      9       75

PRECIPITATION (IN)
  TODAY            0.00          1.61 1945   0.16  -0.16     0.00
  MONTH TO DATE    2.33                      3.94  -1.61     5.25
  SINCE JUN 1      7.55                      7.95  -0.40    11.97
  SINCE JAN 1     21.28                     23.52  -2.24    28.11

SNOWFALL (IN)
  TODAY            0.0           0.0    MM   0.0    0.0      0.0
  MONTH TO DATE    0.0                       0.0    0.0      0.0
  SINCE JUN 1      0.0                       0.0    0.0      0.0
  SINCE JUL 1      0.0                       0.0    0.0      0.0
  SNOW DEPTH       0

DEGREE DAYS
 HEATING
  TODAY            0                         0      0        0
  MONTH TO DATE    0                         0      0        0
  SINCE JUN 1      4                        19    -15       20
  SINCE JUL 1      0                         0      0        0

 COOLING
  TODAY           19                        10      9       10
  MONTH TO DATE  287                       250     37      180
  SINCE JUN 1    546                       466     80      400
  SINCE JAN 1    611                       548     63      553
..................................................................


WIND (MPH)
  HIGHEST WIND SPEED    16   HIGHEST WIND DIRECTION    NW (300)
  HIGHEST GUST SPEED    22   HIGHEST GUST DIRECTION    NW (320)
  AVERAGE WIND SPEED     6.8


SKY COVER
  POSSIBLE SUNSHINE  MM
  AVERAGE SKY COVER 0.6


WEATHER CONDITIONS
 THE FOLLOWING WEATHER WAS RECORDED TODAY.
  FOG
  HAZE


RELATIVE HUMIDITY (PERCENT)
 HIGHEST    94           500 AM
 LOWEST     49           100 PM
 AVERAGE    72

..........................................................


THE COLUMBUS OH CLIMATE NORMALS FOR TOMORROW
                         NORMAL    RECORD    YEAR
 MAXIMUM TEMPERATURE (F)   85       102      1934
 MINIMUM TEMPERATURE (F)   66        52      1911


SUNRISE AND SUNSET
JULY 25 2016..........SUNRISE   624 AM EDT   SUNSET   852 PM EDT
JULY 26 2016..........SUNRISE   625 AM EDT   SUNSET   851 PM EDT


-  INDICATES NEGATIVE NUMBERS.
R  INDICATES RECORD WAS SET OR TIED.
MM INDICATES DATA IS MISSING.
T  INDICATES TRACE AMOUNT.




$$
