000
CDUS41 KILN 130534
CLICMH


CLIMATE REPORT
NATIONAL WEATHER SERVICE WILMINGTON OH
1234 AM EST SAT FEB 13 2016


...................................

...THE COLUMBUS OH CLIMATE SUMMARY FOR FEBRUARY 12 2016...

CLIMATE NORMAL PERIOD 1981 TO 2010
CLIMATE RECORD PERIOD 1869 TO 2016


WEATHER ITEM   OBSERVED TIME   RECORD YEAR NORMAL DEPARTURE LAST
                VALUE   (LST)  VALUE       VALUE  FROM      YEAR
                                                  NORMAL
..................................................................
TEMPERATURE (F)
 YESTERDAY
  MAXIMUM         24    600 PM  69    1984  40    -16       32
  MINIMUM          7    421 AM  -8    1917  24    -17        8
  AVERAGE         16                        32    -16       20

PRECIPITATION (IN)
  YESTERDAY        0.02          0.77 1930   0.08  -0.06     0.04
  MONTH TO DATE    1.30                      0.99   0.31     0.89
  SINCE DEC 1      7.30                      6.69   0.61     6.46
  SINCE JAN 1      2.42                      3.72  -1.30     3.76

SNOWFALL (IN)
  YESTERDAY        0.5           6.6  1979   0.2    0.3      0.6
  MONTH TO DATE    4.2                       2.7    1.5      3.6
  SINCE DEC 1      9.6                      16.9   -7.3     12.0
  SINCE JUL 1      9.6                      18.0   -8.4     16.1
  SNOW DEPTH       2

DEGREE DAYS
 HEATING
  YESTERDAY       49                        33     16       45
  MONTH TO DATE  404                       408     -4      427
  SINCE DEC 1   2154                      2486   -332     2523
  SINCE JUL 1   2959                      3500   -541     3708

 COOLING
  YESTERDAY        0                         0      0        0
  MONTH TO DATE    0                         0      0        0
  SINCE DEC 1      0                         0      0        0
  SINCE JAN 1      0                         0      0        0
..................................................................


WIND (MPH)
  RESULTANT WIND SPEED   4   RESULTANT WIND DIRECTION   W (260)
  HIGHEST WIND SPEED    25   HIGHEST WIND DIRECTION    NW (310)
  HIGHEST GUST SPEED    33   HIGHEST GUST DIRECTION    NW (310)
  AVERAGE WIND SPEED     8.8


SKY COVER
  POSSIBLE SUNSHINE  MM
  AVERAGE SKY COVER 0.8


WEATHER CONDITIONS
 THE FOLLOWING WEATHER WAS RECORDED YESTERDAY.
  HEAVY SNOW
  SNOW
  LIGHT SNOW
  FOG
  FOG W/VISIBILITY <= 1/4 MILE
  HAZE


RELATIVE HUMIDITY (PERCENT)
 HIGHEST    88           400 AM
 LOWEST     55           400 PM
 AVERAGE    72

..........................................................


THE COLUMBUS OH CLIMATE NORMALS FOR TODAY
                         NORMAL    RECORD    YEAR
 MAXIMUM TEMPERATURE (F)   40        68      1938
 MINIMUM TEMPERATURE (F)   25       -13      1899


SUNRISE AND SUNSET
FEBRUARY 13 2016......SUNRISE   727 AM EST   SUNSET   605 PM EST
FEBRUARY 14 2016......SUNRISE   726 AM EST   SUNSET   606 PM EST


-  INDICATES NEGATIVE NUMBERS.
R  INDICATES RECORD WAS SET OR TIED.
MM INDICATES DATA IS MISSING.
T  INDICATES TRACE AMOUNT.




$$
