000
CDUS43 KILX 240635
CLICMI


CLIMATE REPORT
NATIONAL WEATHER SERVICE LINCOLN IL
135 AM CDT MON APR 24 2017


...................................

...THE CHAMPAIGN IL AIRPORT CLIMATE SUMMARY FOR APRIL 23 2017...

CLIMATE NORMAL PERIOD 1981 TO 2010
CLIMATE RECORD PERIOD 9999 TO 9999


WEATHER ITEM   OBSERVED TIME   RECORD YEAR NORMAL DEPARTURE LAST
                VALUE   (LST)  VALUE       VALUE  FROM      YEAR
                                                  NORMAL
..................................................................
TEMPERATURE (F)
 YESTERDAY
  MAXIMUM         73    333 PM  MM      MM  67      6       69
  MINIMUM         37    504 AM  MM      MM  42     -5       40
  AVERAGE         55                        55      0       55

PRECIPITATION (IN)
  YESTERDAY        0.00         MM      MM   0.13  -0.13     0.00
  MONTH TO DATE    2.18                      2.77  -0.59     1.71
  SINCE MAR 1      4.33                      5.52  -1.19     4.76
  SINCE JAN 1      7.07                      9.59  -2.52     6.42

DEGREE DAYS
 HEATING
  YESTERDAY       10                        11     -1       10
  MONTH TO DATE  196                       342   -146      342
  SINCE MAR 1    864                      1098   -234      877
  SINCE JUL 1   4383                      5600  -1217     4564

 COOLING
  YESTERDAY        0                         0      0        0
  MONTH TO DATE   18                         0     18        7
  SINCE MAR 1     18                         1     17        7
  SINCE JAN 1     18                         1     17        7
..................................................................


WIND (MPH)
  HIGHEST WIND SPEED    18   HIGHEST WIND DIRECTION    NE (50)
  HIGHEST GUST SPEED    24   HIGHEST GUST DIRECTION    NE (50)
  AVERAGE WIND SPEED    10.7


SKY COVER
  POSSIBLE SUNSHINE  MM
  AVERAGE SKY COVER 0.0


WEATHER CONDITIONS
 THE FOLLOWING WEATHER WAS RECORDED YESTERDAY.
  NO SIGNIFICANT WEATHER WAS OBSERVED.


RELATIVE HUMIDITY (PERCENT)
 HIGHEST    64           500 AM
 LOWEST     19           300 PM
 AVERAGE    42

..........................................................


THE CHAMPAIGN IL AIRPORT CLIMATE NORMALS FOR TODAY
                         NORMAL    RECORD    YEAR
 MAXIMUM TEMPERATURE (F)   67        MM        MM
 MINIMUM TEMPERATURE (F)   43        MM        MM


SUNRISE AND SUNSET
APRIL 24 2017.........SUNRISE   602 AM CDT   SUNSET   741 PM CDT
APRIL 25 2017.........SUNRISE   601 AM CDT   SUNSET   742 PM CDT


-  INDICATES NEGATIVE NUMBERS.
R  INDICATES RECORD WAS SET OR TIED.
MM INDICATES DATA IS MISSING.
T  INDICATES TRACE AMOUNT.




$$
