000
CDUS43 KILX 212243
CLICMI


CLIMATE REPORT
NATIONAL WEATHER SERVICE LINCOLN IL
432 PM CST TUE NOV 21 2017


...................................

...THE CHAMPAIGN IL AIRPORT CLIMATE SUMMARY FOR NOVEMBER 21 2017...
VALID TODAY AS OF 0400 PM LOCAL TIME.

CLIMATE NORMAL PERIOD 1981 TO 2010
CLIMATE RECORD PERIOD 9999 TO 9999


WEATHER ITEM   OBSERVED TIME   RECORD YEAR NORMAL DEPARTURE LAST
                VALUE   (LST)  VALUE       VALUE  FROM      YEAR
                                                  NORMAL
..................................................................
TEMPERATURE (F)
 TODAY
  MAXIMUM         53   1233 PM  MM      MM  48      5       43
  MINIMUM         37    717 AM  MM      MM  30      7       22
  AVERAGE         45                        39      6       33

PRECIPITATION (IN)
  TODAY            T            MM      MM   0.12  -0.12     0.00
  MONTH TO DATE    2.30                      2.45  -0.15     1.16
  SINCE SEP 1      9.43                      8.87   0.56     9.42
  SINCE JAN 1     31.53                     36.15  -4.62    33.92

DEGREE DAYS
 HEATING
  TODAY           20                        26     -6       32
  MONTH TO DATE  455                       445     10      329
  SINCE SEP 1    743                       897   -154      521
  SINCE JUL 1    747                       906   -159      529

 COOLING
  TODAY            0                         0      0        0
  MONTH TO DATE    0                         0      0       11
  SINCE SEP 1    238                       117    121      263
  SINCE JAN 1   1126                       944    182     1284
..................................................................


WIND (MPH)
  HIGHEST WIND SPEED    25   HIGHEST WIND DIRECTION    SW (230)
  HIGHEST GUST SPEED    30   HIGHEST GUST DIRECTION     S (190)
  AVERAGE WIND SPEED    18.8


SKY COVER
  POSSIBLE SUNSHINE  MM
  AVERAGE SKY COVER 0.2


WEATHER CONDITIONS
 THE FOLLOWING WEATHER WAS RECORDED TODAY.
  LIGHT RAIN


RELATIVE HUMIDITY (PERCENT)
 HIGHEST    76           500 AM
 LOWEST     50           100 PM
 AVERAGE    63

..........................................................


THE CHAMPAIGN IL AIRPORT CLIMATE NORMALS FOR TOMORROW
                         NORMAL    RECORD    YEAR
 MAXIMUM TEMPERATURE (F)   48        MM        MM
 MINIMUM TEMPERATURE (F)   30        MM        MM


SUNRISE AND SUNSET
NOVEMBER 21 2017......SUNRISE   645 AM CST   SUNSET   432 PM CST
NOVEMBER 22 2017......SUNRISE   647 AM CST   SUNSET   432 PM CST


-  INDICATES NEGATIVE NUMBERS.
R  INDICATES RECORD WAS SET OR TIED.
MM INDICATES DATA IS MISSING.
T  INDICATES TRACE AMOUNT.




$$
