000
CDUS43 KILX 230641
CLICMI


CLIMATE REPORT
NATIONAL WEATHER SERVICE LINCOLN IL
140 AM CDT SAT JUL 23 2016


...................................

...THE CHAMPAIGN IL AIRPORT CLIMATE SUMMARY FOR JULY 22 2016...

CLIMATE NORMAL PERIOD 1981 TO 2010
CLIMATE RECORD PERIOD 9999 TO 9999


WEATHER ITEM   OBSERVED TIME   RECORD YEAR NORMAL DEPARTURE LAST
                VALUE   (LST)  VALUE       VALUE  FROM      YEAR
                                                  NORMAL
..................................................................
TEMPERATURE (F)
 YESTERDAY
  MAXIMUM         86    338 PM  MM      MM  84      2       82
  MINIMUM         71    617 AM  MM      MM  64      7       57
  AVERAGE         79                        74      5       70

PRECIPITATION (IN)
  YESTERDAY        0.46         MM      MM   0.16   0.30     0.00
  MONTH TO DATE    2.89                      3.20  -0.31     2.03
  SINCE JUN 1      8.08                      7.37   0.71    10.38
  SINCE JAN 1     18.59                     22.53  -3.94    21.79

DEGREE DAYS
 HEATING
  YESTERDAY        0                         0      0        0
  MONTH TO DATE    8                         0      8        1
  SINCE JUN 1     10                        17     -7        7
  SINCE JUL 1      8                         0      8        1

 COOLING
  YESTERDAY       14                         9      5        5
  MONTH TO DATE  207                       207      0      167
  SINCE JUN 1    497                       430     67      398
  SINCE JAN 1    597                       522     75      552
..................................................................


WIND (MPH)
  HIGHEST WIND SPEED    25   HIGHEST WIND DIRECTION     N (10)
  HIGHEST GUST SPEED    38   HIGHEST GUST DIRECTION     N (360)
  AVERAGE WIND SPEED     5.7


SKY COVER
  POSSIBLE SUNSHINE  MM
  AVERAGE SKY COVER 0.0


WEATHER CONDITIONS
 THE FOLLOWING WEATHER WAS RECORDED YESTERDAY.
  THUNDERSTORM
  HEAVY RAIN
  RAIN
  LIGHT RAIN
  FOG


RELATIVE HUMIDITY (PERCENT)
 HIGHEST    93           300 AM
 LOWEST     61          1200 PM
 AVERAGE    77

..........................................................


THE CHAMPAIGN IL AIRPORT CLIMATE NORMALS FOR TODAY
                         NORMAL    RECORD    YEAR
 MAXIMUM TEMPERATURE (F)   84        MM        MM
 MINIMUM TEMPERATURE (F)   64        MM        MM


SUNRISE AND SUNSET
JULY 23 2016..........SUNRISE   544 AM CDT   SUNSET   815 PM CDT
JULY 24 2016..........SUNRISE   545 AM CDT   SUNSET   814 PM CDT


-  INDICATES NEGATIVE NUMBERS.
R  INDICATES RECORD WAS SET OR TIED.
MM INDICATES DATA IS MISSING.
T  INDICATES TRACE AMOUNT.




$$
