000
CDUS43 KILX 300639
CLICMI


CLIMATE REPORT
NATIONAL WEATHER SERVICE LINCOLN IL
138 AM CDT MON MAR 30 2015


...................................

...THE CHAMPAIGN IL AIRPORT CLIMATE SUMMARY FOR MARCH 29 2015...

CLIMATE NORMAL PERIOD 1981 TO 2010
CLIMATE RECORD PERIOD 9999 TO 9999


WEATHER ITEM   OBSERVED TIME   RECORD YEAR NORMAL DEPARTURE LAST
                VALUE   (LST)  VALUE       VALUE  FROM      YEAR
                                                  NORMAL
..................................................................
TEMPERATURE (F)
 YESTERDAY
  MAXIMUM         50    502 PM  MM      MM  57     -7       41
  MINIMUM         24    159 AM  MM      MM  34    -10       29
  AVERAGE         37                        46     -9       35

PRECIPITATION (IN)
  YESTERDAY        0.07         MM      MM   0.11  -0.04     0.02
  MONTH TO DATE    1.10                      2.53  -1.43     1.39
  SINCE MAR 1      1.10                      2.53  -1.43     1.39
  SINCE JAN 1      2.77                      6.60  -3.83     4.14

DEGREE DAYS
 HEATING
  YESTERDAY       28                        20      8       30
  MONTH TO DATE  840                       718    122      887
  SINCE MAR 1    840                       718    122      887
  SINCE JUL 1   5716                      5220    496     5968

 COOLING
  YESTERDAY        0                         0      0        0
  MONTH TO DATE    0                         0      0        0
  SINCE MAR 1      0                         0      0        0
  SINCE JAN 1      0                         0      0        0
..................................................................


WIND (MPH)
  HIGHEST WIND SPEED    30   HIGHEST WIND DIRECTION     S (190)
  HIGHEST GUST SPEED    36   HIGHEST GUST DIRECTION     S (190)
  AVERAGE WIND SPEED    14.5


SKY COVER
  POSSIBLE SUNSHINE  MM
  AVERAGE SKY COVER 0.3


WEATHER CONDITIONS
 THE FOLLOWING WEATHER WAS RECORDED YESTERDAY.
  LIGHT RAIN


RELATIVE HUMIDITY (PERCENT)
 HIGHEST    92          1100 PM
 LOWEST     48          1000 AM
 AVERAGE    70

..........................................................


THE CHAMPAIGN IL AIRPORT CLIMATE NORMALS FOR TODAY
                         NORMAL    RECORD    YEAR
 MAXIMUM TEMPERATURE (F)   57        MM        MM
 MINIMUM TEMPERATURE (F)   34        MM        MM


SUNRISE AND SUNSET
MARCH 30 2015.........SUNRISE   641 AM CDT   SUNSET   715 PM CDT
MARCH 31 2015.........SUNRISE   639 AM CDT   SUNSET   716 PM CDT


-  INDICATES NEGATIVE NUMBERS.
R  INDICATES RECORD WAS SET OR TIED.
MM INDICATES DATA IS MISSING.
T  INDICATES TRACE AMOUNT.




$$
