000
CDUS43 KILX 020642
CLICMI


CLIMATE REPORT
NATIONAL WEATHER SERVICE LINCOLN IL
141 AM CDT MON MAY 2 2016


...................................

...THE CHAMPAIGN IL AIRPORT CLIMATE SUMMARY FOR MAY 1 2016...

CLIMATE NORMAL PERIOD 1981 TO 2010
CLIMATE RECORD PERIOD 9999 TO 9999


WEATHER ITEM   OBSERVED TIME   RECORD YEAR NORMAL DEPARTURE LAST
                VALUE   (LST)  VALUE       VALUE  FROM      YEAR
                                                  NORMAL
..................................................................
TEMPERATURE (F)
 YESTERDAY
  MAXIMUM         68    254 PM  MM      MM  70     -2       71
  MINIMUM         49    357 AM  MM      MM  46      3       35
  AVERAGE         59                        58      1       53

PRECIPITATION (IN)
  YESTERDAY        T            MM      MM   0.16  -0.16     0.00
  MONTH TO DATE    T                         0.16  -0.16     0.00
  SINCE MAR 1      6.32                      6.70  -0.38     4.15
  SINCE JAN 1      7.98                     10.77  -2.79     5.82

DEGREE DAYS
 HEATING
  YESTERDAY        6                         8     -2       12
  MONTH TO DATE    6                         8     -2       12
  SINCE MAR 1    925                      1170   -245     1213
  SINCE JUL 1   4612                      5672  -1060     6089

 COOLING
  YESTERDAY        0                         1     -1        0
  MONTH TO DATE    0                         1     -1        0
  SINCE MAR 1     14                        12      2        3
  SINCE JAN 1     14                        12      2        3
..................................................................


WIND (MPH)
  HIGHEST WIND SPEED    24   HIGHEST WIND DIRECTION    NW (300)
  HIGHEST GUST SPEED    32   HIGHEST GUST DIRECTION    NW (310)
  AVERAGE WIND SPEED     7.7


SKY COVER
  POSSIBLE SUNSHINE  MM
  AVERAGE SKY COVER 1.0


WEATHER CONDITIONS
 THE FOLLOWING WEATHER WAS RECORDED YESTERDAY.
  LIGHT RAIN
  FOG
  FOG W/VISIBILITY <= 1/4 MILE


RELATIVE HUMIDITY (PERCENT)
 HIGHEST   100          1200 AM
 LOWEST     76           300 PM
 AVERAGE    88

..........................................................


THE CHAMPAIGN IL AIRPORT CLIMATE NORMALS FOR TODAY
                         NORMAL    RECORD    YEAR
 MAXIMUM TEMPERATURE (F)   70        MM        MM
 MINIMUM TEMPERATURE (F)   46        MM        MM


SUNRISE AND SUNSET
MAY  2 2016...........SUNRISE   551 AM CDT   SUNSET   749 PM CDT
MAY  3 2016...........SUNRISE   550 AM CDT   SUNSET   750 PM CDT


-  INDICATES NEGATIVE NUMBERS.
R  INDICATES RECORD WAS SET OR TIED.
MM INDICATES DATA IS MISSING.
T  INDICATES TRACE AMOUNT.




$$
