000
CDUS43 KILX 310641
CLICMI


CLIMATE REPORT
NATIONAL WEATHER SERVICE LINCOLN IL
140 AM CDT FRI OCT 31 2014


...................................

...THE CHAMPAIGN IL AIRPORT CLIMATE SUMMARY FOR OCTOBER 30 2014...

CLIMATE NORMAL PERIOD 1981 TO 2010
CLIMATE RECORD PERIOD 9999 TO 9999


WEATHER ITEM   OBSERVED TIME   RECORD YEAR NORMAL DEPARTURE LAST
                VALUE   (LST)  VALUE       VALUE  FROM      YEAR
                                                  NORMAL
..................................................................
TEMPERATURE (F)
 YESTERDAY
  MAXIMUM         55   1223 PM  MM      MM  60     -5       67
  MINIMUM         30    633 AM  MM      MM  38     -8       51
  AVERAGE         43                        49     -6       59

PRECIPITATION (IN)
  YESTERDAY        0.06         MM      MM   0.09  -0.03     0.08
  MONTH TO DATE    3.42                      3.05   0.37     2.38
  SINCE SEP 1      6.60                      6.33   0.27     2.93
  SINCE JAN 1     35.17                     33.61   1.56    27.14

DEGREE DAYS
 HEATING
  YESTERDAY       22                        16      6        6
  MONTH TO DATE  325                       352    -27      340
  SINCE SEP 1    407                       435    -28      368
  SINCE JUL 1    416                       444    -28      383

 COOLING
  YESTERDAY        0                         0      0        0
  MONTH TO DATE   10                        14     -4       45
  SINCE SEP 1     92                       112    -20      214
  SINCE JAN 1    948                       939      9     1067
..................................................................


WIND (MPH)
  HIGHEST WIND SPEED    12   HIGHEST WIND DIRECTION     S (180)
  HIGHEST GUST SPEED    16   HIGHEST GUST DIRECTION     S (190)
  AVERAGE WIND SPEED     4.7


SKY COVER
  POSSIBLE SUNSHINE  MM
  AVERAGE SKY COVER 0.5


WEATHER CONDITIONS
 THE FOLLOWING WEATHER WAS RECORDED YESTERDAY.
  RAIN
  LIGHT RAIN
  FOG


RELATIVE HUMIDITY (PERCENT)
 HIGHEST    96          1000 PM
 LOWEST     50          1100 AM
 AVERAGE    73

..........................................................


THE CHAMPAIGN IL AIRPORT CLIMATE NORMALS FOR TODAY
                         NORMAL    RECORD    YEAR
 MAXIMUM TEMPERATURE (F)   59        MM        MM
 MINIMUM TEMPERATURE (F)   38        MM        MM


SUNRISE AND SUNSET
OCTOBER 31 2014.......SUNRISE   721 AM CDT   SUNSET   552 PM CDT
NOVEMBER  1 2014......SUNRISE   722 AM CDT   SUNSET   551 PM CDT


-  INDICATES NEGATIVE NUMBERS.
R  INDICATES RECORD WAS SET OR TIED.
MM INDICATES DATA IS MISSING.
T  INDICATES TRACE AMOUNT.




$$
